{"id":2809,"date":"2022-11-17T13:07:56","date_gmt":"2022-11-17T12:07:56","guid":{"rendered":"https:\/\/pans.krosno.pl\/zielarstwo\/?page_id=2809"},"modified":"2022-11-17T13:07:57","modified_gmt":"2022-11-17T12:07:57","slug":"zielarskie-ksiazki","status":"publish","type":"page","link":"https:\/\/pans.krosno.pl\/zielarstwo\/zielarskie-ksiazki\/","title":{"rendered":"Zielarskie ksi\u0105\u017cki"},"content":{"rendered":"\n<p><\/p>\n\n\n\n<ol class=\"wp-block-list\" type=\"1\"><li>Kaczmarczyk-Sedlak I., Cio\u0142kowski A., Zio\u0142a w medycynie. Choroby uk\u0142adu pokarmowego., Pa\u0144stwowy Zak\u0142ad Wydawnictw Lekarskich, Warszawa 2017<\/li><li>Kaczmarczyk-Sedlak I., Cio\u0142kowski A., Zio\u0142a w medycynie. Choroby uk\u0142adu oddechowego., Pa\u0144stwowy Zak\u0142ad Wydawnictw Lekarskich, Warszawa 2018<\/li><li>Kaczmarczyk-Sedlak I., Cio\u0142kowski A., Zio\u0142a w medycynie. Choroby uk\u0142adu kr\u0105\u017cenia., Pa\u0144stwowy Zak\u0142ad Wydawnictw Lekarskich, Warszawa 2019<\/li><li>Kaczmarczyk-Sedlak I., Cio\u0142kowski A., Zio\u0142a w medycynie. Choroby uk\u0142adu sk\u00f3ry, w\u0142os\u00f3w, paznokci. Tom 1 i 2., Pa\u0144stwowy Zak\u0142ad Wydawnictw Lekarskich, Warszawa 2020<\/li><li>Kaczmarczyk-Sedlak I., Cio\u0142kowski A., Zio\u0142a w medycynie. Choroby uk\u0142adu ruchu, Pa\u0144stwowy Zak\u0142ad Wydawnictw Lekarskich, Warszawa 2021<\/li><li>Kaczmarczyk-Sedlak I., Skotnicki Z., Leksykon naturalnych surowc\u00f3w leczniczych. Medycyna Zachodu. Tradycyjna medycyna chi\u0144ska. Ajurweda., Wydawnictwo Zielone, Krak\u00f3w 2018<\/li><li>&nbsp;Pisulewska E., Andrzejewska J., Krochmal- Marczak B. Ro\u015bliny prozdrowotne w uprawach ma\u0142oobszarowych. Wydawnictwo Uczelniane Uniwersytetu Technologiczno- Przyrodniczego w Bydgoszczy, 2020<\/li><li>Pisulewska E. Andrzejewska J. Adaptogeny a odporno\u015b\u0107 organizmu. Wyd. Szpalanka Lab, Krak\u00f3w, 2021<\/li><li>Pisulewska E. Andrzejewska J. Adaptogens. Wyd. Politechnika Bydgoska, 2022<\/li><li>Pisulewska E. Andrzejewska J. Zio\u0142a wspomagaj\u0105ce sprawno\u015b\u0107 seksualn\u0105. Wyd. Politechnika Bydgoska, 2022<\/li><li>I. Wawer, Rola suplement\u00f3w diety i substancji chemicznych wyst\u0119puj\u0105cych w ro\u015blinach o potencjalnym dzia\u0142aniu przeciwnowotworowym. Rozdzia\u0142 6 . Kuchnia i medycyna XXI wieku \u2013 \u017bywienie w chorobach nowotworowych, 2015, red. A. Jurczyszyn, AB Skotnicki.<\/li><\/ol>\n\n\n\n<ol class=\"wp-block-list\" type=\"1\" start=\"12\"><li>K. B\u0142echa, I. Wawer, Profilaktyka zdrowotna i fitoterapia, Bonimed, \u017bywiec, wyd. II rozszerzone, 2019<\/li><li>I. Wawer, P. Eggert, B. Ho\u0142ub, Aronia superowoc, Warszawa, III wydanie, 2019<\/li><li>Stefano Mancuso, Rewolucyjny geniusz ro\u015blin. Jak i dlaczego ro\u015bliny zamieni\u0105 nasz\u0105 przysz\u0142o\u015b\u0107, Wyd. Bukowy las, Wroc\u0142aw, 2018<\/li><li>\u0141ukasz \u0141uczaj, Dzika Kuchnia, Wyd. Nasza Ksi\u0119garnia, Warszawa 2013<\/li><li>Richard Mabey, Ro\u015blinny kabaret. Botanika i wyobra\u017ania, Wyd. Pr\u00f3szy\u0144ski i Sp\u00f3\u0142ka, Warszawa, 2018.<\/li><li>Daniel Coleman, Inteligencja ekologiczna, D.W Rebis, Pozna\u0144, 2009<\/li><li>Katarzyna Simonienko, Lasoterapia, wyd. Dragon, 2021<\/li><\/ol>\n","protected":false},"excerpt":{"rendered":"<p>Kaczmarczyk-Sedlak I., Cio\u0142kowski A., Zio\u0142a w medycynie. Choroby uk\u0142adu pokarmowego., Pa\u0144stwowy Zak\u0142ad Wydawnictw Lekarskich, Warszawa 2017 Kaczmarczyk-Sedlak I., Cio\u0142kowski A., Zio\u0142a w medycynie. Choroby uk\u0142adu oddechowego., Pa\u0144stwowy Zak\u0142ad Wydawnictw Lekarskich, Warszawa 2018 Kaczmarczyk-Sedlak I., Cio\u0142kowski A., Zio\u0142a w medycynie. Choroby uk\u0142adu kr\u0105\u017cenia., Pa\u0144stwowy Zak\u0142ad Wydawnictw Lekarskich, Warszawa 2019 Kaczmarczyk-Sedlak I., [\u2026] <\/p>\n<div class=\"clear\"><\/div>\n<p><a class=\"more_link clearfix\" href=\"https:\/\/pans.krosno.pl\/zielarstwo\/zielarskie-ksiazki\/\" rel=\"nofollow\">Read More<\/a><\/p>\n","protected":false},"author":27,"featured_media":0,"parent":0,"menu_order":0,"comment_status":"closed","ping_status":"closed","template":"","meta":{"ngg_post_thumbnail":0,"footnotes":""},"class_list":["post-2809","page","type-page","status-publish","hentry"],"yoast_head":"<!-- This site is optimized with the Yoast SEO Premium plugin v27.3 (Yoast SEO v27.3) - https:\/\/yoast.com\/product\/yoast-seo-premium-wordpress\/ -->\n<title>Zielarskie ksi\u0105\u017cki - Zielarstwo PANS w Kro\u015bnie<\/title>\n<meta name=\"robots\" content=\"index, follow, max-snippet:-1, max-image-preview:large, max-video-preview:-1\" \/>\n<link rel=\"canonical\" href=\"https:\/\/pans.krosno.pl\/zielarstwo\/zielarskie-ksiazki\/\" \/>\n<meta property=\"og:locale\" content=\"pl_PL\" \/>\n<meta property=\"og:type\" content=\"article\" \/>\n<meta property=\"og:title\" content=\"Zielarskie ksi\u0105\u017cki\" \/>\n<meta property=\"og:description\" content=\"Kaczmarczyk-Sedlak I., Cio\u0142kowski A., Zio\u0142a w medycynie. Choroby uk\u0142adu pokarmowego., Pa\u0144stwowy Zak\u0142ad Wydawnictw Lekarskich, Warszawa 2017 Kaczmarczyk-Sedlak I., Cio\u0142kowski A., Zio\u0142a w medycynie. Choroby uk\u0142adu oddechowego., Pa\u0144stwowy Zak\u0142ad Wydawnictw Lekarskich, Warszawa 2018 Kaczmarczyk-Sedlak I., Cio\u0142kowski A., Zio\u0142a w medycynie. Choroby uk\u0142adu kr\u0105\u017cenia., Pa\u0144stwowy Zak\u0142ad Wydawnictw Lekarskich, Warszawa 2019 Kaczmarczyk-Sedlak I., [\u2026] Read More\" \/>\n<meta property=\"og:url\" content=\"https:\/\/pans.krosno.pl\/zielarstwo\/zielarskie-ksiazki\/\" \/>\n<meta property=\"og:site_name\" content=\"Zielarstwo PANS w Kro\u015bnie\" \/>\n<meta property=\"article:modified_time\" content=\"2022-11-17T12:07:57+00:00\" \/>\n<meta name=\"twitter:card\" content=\"summary_large_image\" \/>\n<meta name=\"twitter:label1\" content=\"Szacowany czas czytania\" \/>\n\t<meta name=\"twitter:data1\" content=\"2 minuty\" \/>\n<script type=\"application\/ld+json\" class=\"yoast-schema-graph\">{\"@context\":\"https:\\\/\\\/schema.org\",\"@graph\":[{\"@type\":\"WebPage\",\"@id\":\"https:\\\/\\\/pans.krosno.pl\\\/zielarstwo\\\/zielarskie-ksiazki\\\/\",\"url\":\"https:\\\/\\\/pans.krosno.pl\\\/zielarstwo\\\/zielarskie-ksiazki\\\/\",\"name\":\"Zielarskie ksi\u0105\u017cki - Zielarstwo PANS w Kro\u015bnie\",\"isPartOf\":{\"@id\":\"https:\\\/\\\/pans.krosno.pl\\\/zielarstwo\\\/#website\"},\"datePublished\":\"2022-11-17T12:07:56+00:00\",\"dateModified\":\"2022-11-17T12:07:57+00:00\",\"breadcrumb\":{\"@id\":\"https:\\\/\\\/pans.krosno.pl\\\/zielarstwo\\\/zielarskie-ksiazki\\\/#breadcrumb\"},\"inLanguage\":\"pl-PL\",\"potentialAction\":[{\"@type\":\"ReadAction\",\"target\":[\"https:\\\/\\\/pans.krosno.pl\\\/zielarstwo\\\/zielarskie-ksiazki\\\/\"]}]},{\"@type\":\"BreadcrumbList\",\"@id\":\"https:\\\/\\\/pans.krosno.pl\\\/zielarstwo\\\/zielarskie-ksiazki\\\/#breadcrumb\",\"itemListElement\":[{\"@type\":\"ListItem\",\"position\":1,\"name\":\"Strona g\u0142\u00f3wna\",\"item\":\"https:\\\/\\\/pans.krosno.pl\\\/zielarstwo\\\/\"},{\"@type\":\"ListItem\",\"position\":2,\"name\":\"Zielarskie ksi\u0105\u017cki\"}]},{\"@type\":\"WebSite\",\"@id\":\"https:\\\/\\\/pans.krosno.pl\\\/zielarstwo\\\/#website\",\"url\":\"https:\\\/\\\/pans.krosno.pl\\\/zielarstwo\\\/\",\"name\":\"Zielarstwo PANS w Kro\u015bnie\",\"description\":\"Zielarstwo - Pa\u0144stwowa Akademia Nauk Stosowanych\",\"publisher\":{\"@id\":\"https:\\\/\\\/pans.krosno.pl\\\/zielarstwo\\\/#organization\"},\"potentialAction\":[{\"@type\":\"SearchAction\",\"target\":{\"@type\":\"EntryPoint\",\"urlTemplate\":\"https:\\\/\\\/pans.krosno.pl\\\/zielarstwo\\\/?s={search_term_string}\"},\"query-input\":{\"@type\":\"PropertyValueSpecification\",\"valueRequired\":true,\"valueName\":\"search_term_string\"}}],\"inLanguage\":\"pl-PL\"},{\"@type\":\"Organization\",\"@id\":\"https:\\\/\\\/pans.krosno.pl\\\/zielarstwo\\\/#organization\",\"name\":\"Zielarstwo PANS w Kro\u015bnie\",\"url\":\"https:\\\/\\\/pans.krosno.pl\\\/zielarstwo\\\/\",\"logo\":{\"@type\":\"ImageObject\",\"inLanguage\":\"pl-PL\",\"@id\":\"https:\\\/\\\/pans.krosno.pl\\\/zielarstwo\\\/#\\\/schema\\\/logo\\\/image\\\/\",\"url\":\"https:\\\/\\\/pans.krosno.pl\\\/zielarstwo\\\/wp-content\\\/uploads\\\/sites\\\/36\\\/2023\\\/01\\\/Logo-PANS-2022-pelne.png\",\"contentUrl\":\"https:\\\/\\\/pans.krosno.pl\\\/zielarstwo\\\/wp-content\\\/uploads\\\/sites\\\/36\\\/2023\\\/01\\\/Logo-PANS-2022-pelne.png\",\"width\":3096,\"height\":696,\"caption\":\"Zielarstwo PANS w Kro\u015bnie\"},\"image\":{\"@id\":\"https:\\\/\\\/pans.krosno.pl\\\/zielarstwo\\\/#\\\/schema\\\/logo\\\/image\\\/\"}}]}<\/script>\n<!-- \/ Yoast SEO Premium plugin. -->","yoast_head_json":{"title":"Zielarskie ksi\u0105\u017cki - Zielarstwo PANS w Kro\u015bnie","robots":{"index":"index","follow":"follow","max-snippet":"max-snippet:-1","max-image-preview":"max-image-preview:large","max-video-preview":"max-video-preview:-1"},"canonical":"https:\/\/pans.krosno.pl\/zielarstwo\/zielarskie-ksiazki\/","og_locale":"pl_PL","og_type":"article","og_title":"Zielarskie ksi\u0105\u017cki","og_description":"Kaczmarczyk-Sedlak I., Cio\u0142kowski A., Zio\u0142a w medycynie. Choroby uk\u0142adu pokarmowego., Pa\u0144stwowy Zak\u0142ad Wydawnictw Lekarskich, Warszawa 2017 Kaczmarczyk-Sedlak I., Cio\u0142kowski A., Zio\u0142a w medycynie. Choroby uk\u0142adu oddechowego., Pa\u0144stwowy Zak\u0142ad Wydawnictw Lekarskich, Warszawa 2018 Kaczmarczyk-Sedlak I., Cio\u0142kowski A., Zio\u0142a w medycynie. Choroby uk\u0142adu kr\u0105\u017cenia., Pa\u0144stwowy Zak\u0142ad Wydawnictw Lekarskich, Warszawa 2019 Kaczmarczyk-Sedlak I., [\u2026] Read More","og_url":"https:\/\/pans.krosno.pl\/zielarstwo\/zielarskie-ksiazki\/","og_site_name":"Zielarstwo PANS w Kro\u015bnie","article_modified_time":"2022-11-17T12:07:57+00:00","twitter_card":"summary_large_image","twitter_misc":{"Szacowany czas czytania":"2 minuty"},"schema":{"@context":"https:\/\/schema.org","@graph":[{"@type":"WebPage","@id":"https:\/\/pans.krosno.pl\/zielarstwo\/zielarskie-ksiazki\/","url":"https:\/\/pans.krosno.pl\/zielarstwo\/zielarskie-ksiazki\/","name":"Zielarskie ksi\u0105\u017cki - Zielarstwo PANS w Kro\u015bnie","isPartOf":{"@id":"https:\/\/pans.krosno.pl\/zielarstwo\/#website"},"datePublished":"2022-11-17T12:07:56+00:00","dateModified":"2022-11-17T12:07:57+00:00","breadcrumb":{"@id":"https:\/\/pans.krosno.pl\/zielarstwo\/zielarskie-ksiazki\/#breadcrumb"},"inLanguage":"pl-PL","potentialAction":[{"@type":"ReadAction","target":["https:\/\/pans.krosno.pl\/zielarstwo\/zielarskie-ksiazki\/"]}]},{"@type":"BreadcrumbList","@id":"https:\/\/pans.krosno.pl\/zielarstwo\/zielarskie-ksiazki\/#breadcrumb","itemListElement":[{"@type":"ListItem","position":1,"name":"Strona g\u0142\u00f3wna","item":"https:\/\/pans.krosno.pl\/zielarstwo\/"},{"@type":"ListItem","position":2,"name":"Zielarskie ksi\u0105\u017cki"}]},{"@type":"WebSite","@id":"https:\/\/pans.krosno.pl\/zielarstwo\/#website","url":"https:\/\/pans.krosno.pl\/zielarstwo\/","name":"Zielarstwo PANS w Kro\u015bnie","description":"Zielarstwo - Pa\u0144stwowa Akademia Nauk Stosowanych","publisher":{"@id":"https:\/\/pans.krosno.pl\/zielarstwo\/#organization"},"potentialAction":[{"@type":"SearchAction","target":{"@type":"EntryPoint","urlTemplate":"https:\/\/pans.krosno.pl\/zielarstwo\/?s={search_term_string}"},"query-input":{"@type":"PropertyValueSpecification","valueRequired":true,"valueName":"search_term_string"}}],"inLanguage":"pl-PL"},{"@type":"Organization","@id":"https:\/\/pans.krosno.pl\/zielarstwo\/#organization","name":"Zielarstwo PANS w Kro\u015bnie","url":"https:\/\/pans.krosno.pl\/zielarstwo\/","logo":{"@type":"ImageObject","inLanguage":"pl-PL","@id":"https:\/\/pans.krosno.pl\/zielarstwo\/#\/schema\/logo\/image\/","url":"https:\/\/pans.krosno.pl\/zielarstwo\/wp-content\/uploads\/sites\/36\/2023\/01\/Logo-PANS-2022-pelne.png","contentUrl":"https:\/\/pans.krosno.pl\/zielarstwo\/wp-content\/uploads\/sites\/36\/2023\/01\/Logo-PANS-2022-pelne.png","width":3096,"height":696,"caption":"Zielarstwo PANS w Kro\u015bnie"},"image":{"@id":"https:\/\/pans.krosno.pl\/zielarstwo\/#\/schema\/logo\/image\/"}}]}},"_links":{"self":[{"href":"https:\/\/pans.krosno.pl\/zielarstwo\/wp-json\/wp\/v2\/pages\/2809","targetHints":{"allow":["GET"]}}],"collection":[{"href":"https:\/\/pans.krosno.pl\/zielarstwo\/wp-json\/wp\/v2\/pages"}],"about":[{"href":"https:\/\/pans.krosno.pl\/zielarstwo\/wp-json\/wp\/v2\/types\/page"}],"author":[{"embeddable":true,"href":"https:\/\/pans.krosno.pl\/zielarstwo\/wp-json\/wp\/v2\/users\/27"}],"replies":[{"embeddable":true,"href":"https:\/\/pans.krosno.pl\/zielarstwo\/wp-json\/wp\/v2\/comments?post=2809"}],"version-history":[{"count":1,"href":"https:\/\/pans.krosno.pl\/zielarstwo\/wp-json\/wp\/v2\/pages\/2809\/revisions"}],"predecessor-version":[{"id":2810,"href":"https:\/\/pans.krosno.pl\/zielarstwo\/wp-json\/wp\/v2\/pages\/2809\/revisions\/2810"}],"wp:attachment":[{"href":"https:\/\/pans.krosno.pl\/zielarstwo\/wp-json\/wp\/v2\/media?parent=2809"}],"curies":[{"name":"wp","href":"https:\/\/api.w.org\/{rel}","templated":true}]}}