{"id":79,"date":"2022-06-27T14:16:21","date_gmt":"2022-06-27T12:16:21","guid":{"rendered":"https:\/\/pans.krosno.pl\/strona-testowa\/?page_id=79"},"modified":"2026-01-14T13:59:36","modified_gmt":"2026-01-14T12:59:36","slug":"wytyczne-do-publikacji","status":"publish","type":"page","link":"https:\/\/pans.krosno.pl\/wydawnictwo-naukowe-pigonianum\/wytyczne-do-publikacji\/","title":{"rendered":"Wytyczne do publikacji"},"content":{"rendered":"\n<p><strong>Wytyczne do manuskryptu<\/strong><\/p>\n\n\n\n<p style=\"font-size:11px\"><strong>Za\u0142\u0105cznik nr 2<br>do Procedury wydawniczej monografii<br>naukowych, monografii pod redakcj\u0105 naukow\u0105<br>i recenzowanych materia\u0142\u00f3w z konferencji mi\u0119dzynarodowych obowi\u0105zuj\u0105cej<br>w Wydawnictwie Naukowym PIGONIANUM Pa\u0144stwowej Akademii Nauk Stosowanych w Kro\u015bnie<br><br><\/strong><\/p>\n\n\n\n<p style=\"font-size:16px\">Warunkiem zakwalifikowania materia\u0142u do druku jest spe\u0142nienie poni\u017cszych wymog\u00f3w dotycz\u0105cych warsztatu naukowego publikacji:<br>\u00b7 plik tekstowy w formacie *doc (Word 97 lub wy\u017cszy + fonty specjalne, wprowadzone przez Autora);<br>\u00b7 czcionka 12 punkt\u00f3w Times New Roman;<br>\u00b7 w pracach zbiorowych artyku\u0142y o ujednoliconym zapisie tytu\u0142\u00f3w, przypis\u00f3w, bibliografii, cytat\u00f3w;<br>\u00b7 interlinia 1,5 wiersza;<br>\u00b7 lewy margines 2,5 cm, pozosta\u0142e ok. 2,5 cm;<br>\u00b7 przypisy tekstowe i bibliograficzne \u2013 czcionka 10 punkt\u00f3w z odno\u015bnikami w indeksie g\u00f3rnym lub nawiasie kwadratowym &#8211;&nbsp; ustala autor lub redaktor publikacji;<br>\u00b7 ujednolicona i ci\u0105g\u0142a numeracja stron (paginacja);<br>\u00b7 ryciny przeznaczone do publikacji musz\u0105 mie\u0107 dobr\u0105 jako\u015b\u0107, ujednolicon\u0105 form\u0119 i opisy, dotyczy to szczeg\u00f3lnie wielostronicowych wklejek o bardzo r\u00f3\u017cnorodnym materiale ilustracyjnym, do kt\u00f3rego wgl\u0105d\u00f3wki s\u0105 podstaw\u0105 redakcji technicznej i przyspieszaj\u0105 prace nad ksi\u0105\u017ck\u0105;<br>\u00b7 ka\u017cda ilustracja powinna by\u0107 dostarczona w postaci odr\u0119bnego pliku z podaniem jego nazwy (wszystkie pliki zebrane w jednym folderze);<br>\u00b7 fotografie \u2013 pliki *tif o rozdzielczo\u015bci nie mniejszej ni\u017c 300 dpi przy wymaganych wymiarach reprodukcji lub orygina\u0142y dobrej jako\u015bci, umo\u017cliwiaj\u0105cej wykonanie skanu;<br>\u00b7 wykresy \u2013 wykonane w Corel Draw lub Microsoft Excel (je\u015bli musz\u0105 by\u0107 w trakcie prac poddawane edycji);<br>\u00b7 opisy bibliograficzne nale\u017cy podawa\u0107 w jednolitej formie i stosowa\u0107 konsekwentnie wybrany spos\u00f3b zapisu.<\/p>\n","protected":false},"excerpt":{"rendered":"<p>Wytyczne do manuskryptu Za\u0142\u0105cznik nr 2do Procedury wydawniczej monografiinaukowych, monografii pod redakcj\u0105 naukow\u0105i recenzowanych materia\u0142\u00f3w z konferencji mi\u0119dzynarodowych obowi\u0105zuj\u0105cejw Wydawnictwie Naukowym PIGONIANUM Pa\u0144stwowej Akademii Nauk Stosowanych w Kro\u015bnie Warunkiem zakwalifikowania materia\u0142u do druku jest spe\u0142nienie poni\u017cszych wymog\u00f3w dotycz\u0105cych warsztatu naukowego publikacji:\u00b7 plik tekstowy w formacie *doc (Word 97 lub wy\u017cszy [\u2026] <\/p>\n<div class=\"clear\"><\/div>\n<p><a class=\"more_link clearfix\" href=\"https:\/\/pans.krosno.pl\/wydawnictwo-naukowe-pigonianum\/wytyczne-do-publikacji\/\" rel=\"nofollow\">Read More<\/a><\/p>\n","protected":false},"author":27,"featured_media":0,"parent":0,"menu_order":0,"comment_status":"closed","ping_status":"closed","template":"page-templates\/template-full-width.php","meta":{"ngg_post_thumbnail":0,"footnotes":""},"class_list":["post-79","page","type-page","status-publish","hentry"],"yoast_head":"<!-- This site is optimized with the Yoast SEO Premium plugin v27.4 (Yoast SEO v27.4) - https:\/\/yoast.com\/product\/yoast-seo-premium-wordpress\/ -->\n<title>Wytyczne do publikacji - Wydawnictwo naukowe Pigonianum PANS w Kro\u015bnie<\/title>\n<meta name=\"robots\" content=\"noindex, follow, max-snippet:-1, max-image-preview:large, max-video-preview:-1\" \/>\n<meta property=\"og:locale\" content=\"pl_PL\" \/>\n<meta property=\"og:type\" content=\"article\" \/>\n<meta property=\"og:title\" content=\"Wytyczne do publikacji\" \/>\n<meta property=\"og:description\" content=\"Wytyczne do manuskryptu Za\u0142\u0105cznik nr 2do Procedury wydawniczej monografiinaukowych, monografii pod redakcj\u0105 naukow\u0105i recenzowanych materia\u0142\u00f3w z konferencji mi\u0119dzynarodowych obowi\u0105zuj\u0105cejw Wydawnictwie Naukowym PIGONIANUM Pa\u0144stwowej Akademii Nauk Stosowanych w Kro\u015bnie Warunkiem zakwalifikowania materia\u0142u do druku jest spe\u0142nienie poni\u017cszych wymog\u00f3w dotycz\u0105cych warsztatu naukowego publikacji:\u00b7 plik tekstowy w formacie *doc (Word 97 lub wy\u017cszy [\u2026] Read More\" \/>\n<meta property=\"og:url\" content=\"https:\/\/pans.krosno.pl\/wydawnictwo-naukowe-pigonianum\/wytyczne-do-publikacji\/\" \/>\n<meta property=\"og:site_name\" content=\"Wydawnictwo naukowe Pigonianum PANS w Kro\u015bnie\" \/>\n<meta property=\"article:publisher\" content=\"https:\/\/www.facebook.com\/StudiaKrosno\/\" \/>\n<meta property=\"article:modified_time\" content=\"2026-01-14T12:59:36+00:00\" \/>\n<meta name=\"twitter:card\" content=\"summary_large_image\" \/>\n<meta name=\"twitter:label1\" content=\"Szacowany czas czytania\" \/>\n\t<meta name=\"twitter:data1\" content=\"2 minuty\" \/>\n<script type=\"application\/ld+json\" class=\"yoast-schema-graph\">{\"@context\":\"https:\\\/\\\/schema.org\",\"@graph\":[{\"@type\":\"WebPage\",\"@id\":\"https:\\\/\\\/pans.krosno.pl\\\/wydawnictwo-naukowe-pigonianum\\\/wytyczne-do-publikacji\\\/\",\"url\":\"https:\\\/\\\/pans.krosno.pl\\\/wydawnictwo-naukowe-pigonianum\\\/wytyczne-do-publikacji\\\/\",\"name\":\"Wytyczne do publikacji - Wydawnictwo naukowe Pigonianum PANS w Kro\u015bnie\",\"isPartOf\":{\"@id\":\"https:\\\/\\\/pans.krosno.pl\\\/wydawnictwo-naukowe-pigonianum\\\/#website\"},\"datePublished\":\"2022-06-27T12:16:21+00:00\",\"dateModified\":\"2026-01-14T12:59:36+00:00\",\"breadcrumb\":{\"@id\":\"https:\\\/\\\/pans.krosno.pl\\\/wydawnictwo-naukowe-pigonianum\\\/wytyczne-do-publikacji\\\/#breadcrumb\"},\"inLanguage\":\"pl-PL\",\"potentialAction\":[{\"@type\":\"ReadAction\",\"target\":[\"https:\\\/\\\/pans.krosno.pl\\\/wydawnictwo-naukowe-pigonianum\\\/wytyczne-do-publikacji\\\/\"]}]},{\"@type\":\"BreadcrumbList\",\"@id\":\"https:\\\/\\\/pans.krosno.pl\\\/wydawnictwo-naukowe-pigonianum\\\/wytyczne-do-publikacji\\\/#breadcrumb\",\"itemListElement\":[{\"@type\":\"ListItem\",\"position\":1,\"name\":\"Strona g\u0142\u00f3wna\",\"item\":\"https:\\\/\\\/pans.krosno.pl\\\/wydawnictwo-naukowe-pigonianum\\\/\"},{\"@type\":\"ListItem\",\"position\":2,\"name\":\"Wytyczne do publikacji\"}]},{\"@type\":\"WebSite\",\"@id\":\"https:\\\/\\\/pans.krosno.pl\\\/wydawnictwo-naukowe-pigonianum\\\/#website\",\"url\":\"https:\\\/\\\/pans.krosno.pl\\\/wydawnictwo-naukowe-pigonianum\\\/\",\"name\":\"KPU w Kro\u015bnie\",\"description\":\"Wydawnictwo naukowe Pigonianum - Pa\u0144stwowa Akademia Nauk Stosowanych\",\"publisher\":{\"@id\":\"https:\\\/\\\/pans.krosno.pl\\\/wydawnictwo-naukowe-pigonianum\\\/#organization\"},\"potentialAction\":[{\"@type\":\"SearchAction\",\"target\":{\"@type\":\"EntryPoint\",\"urlTemplate\":\"https:\\\/\\\/pans.krosno.pl\\\/wydawnictwo-naukowe-pigonianum\\\/?s={search_term_string}\"},\"query-input\":{\"@type\":\"PropertyValueSpecification\",\"valueRequired\":true,\"valueName\":\"search_term_string\"}}],\"inLanguage\":\"pl-PL\"},{\"@type\":\"Organization\",\"@id\":\"https:\\\/\\\/pans.krosno.pl\\\/wydawnictwo-naukowe-pigonianum\\\/#organization\",\"name\":\"Karpacka Pa\u0144stwowa Uczelnia w Kro\u015bnie\",\"url\":\"https:\\\/\\\/pans.krosno.pl\\\/wydawnictwo-naukowe-pigonianum\\\/\",\"logo\":{\"@type\":\"ImageObject\",\"inLanguage\":\"pl-PL\",\"@id\":\"https:\\\/\\\/pans.krosno.pl\\\/wydawnictwo-naukowe-pigonianum\\\/#\\\/schema\\\/logo\\\/image\\\/\",\"url\":\"https:\\\/\\\/pans.krosno.pl\\\/wp-content\\\/uploads\\\/2020\\\/04\\\/unnamed-1.png\",\"contentUrl\":\"https:\\\/\\\/pans.krosno.pl\\\/wp-content\\\/uploads\\\/2020\\\/04\\\/unnamed-1.png\",\"width\":2238,\"height\":372,\"caption\":\"Karpacka Pa\u0144stwowa Uczelnia w Kro\u015bnie\"},\"image\":{\"@id\":\"https:\\\/\\\/pans.krosno.pl\\\/wydawnictwo-naukowe-pigonianum\\\/#\\\/schema\\\/logo\\\/image\\\/\"},\"sameAs\":[\"https:\\\/\\\/www.facebook.com\\\/StudiaKrosno\\\/\",\"https:\\\/\\\/www.instagram.com\\\/studia.krosno\",\"https:\\\/\\\/pl.linkedin.com\\\/company\\\/pwsz-krosno\",\"https:\\\/\\\/www.youtube.com\\\/user\\\/pwszkrosno\\\/\",\"https:\\\/\\\/pl.wikipedia.org\\\/wiki\\\/Pa\u0144stwowa_Wy\u017csza_Szko\u0142a_Zawodowa_im._Stanis\u0142awa_Pigonia_w_Kro\u015bnie\"]}]}<\/script>\n<!-- \/ Yoast SEO Premium plugin. -->","yoast_head_json":{"title":"Wytyczne do publikacji - Wydawnictwo naukowe Pigonianum PANS w Kro\u015bnie","robots":{"index":"noindex","follow":"follow","max-snippet":"max-snippet:-1","max-image-preview":"max-image-preview:large","max-video-preview":"max-video-preview:-1"},"og_locale":"pl_PL","og_type":"article","og_title":"Wytyczne do publikacji","og_description":"Wytyczne do manuskryptu Za\u0142\u0105cznik nr 2do Procedury wydawniczej monografiinaukowych, monografii pod redakcj\u0105 naukow\u0105i recenzowanych materia\u0142\u00f3w z konferencji mi\u0119dzynarodowych obowi\u0105zuj\u0105cejw Wydawnictwie Naukowym PIGONIANUM Pa\u0144stwowej Akademii Nauk Stosowanych w Kro\u015bnie Warunkiem zakwalifikowania materia\u0142u do druku jest spe\u0142nienie poni\u017cszych wymog\u00f3w dotycz\u0105cych warsztatu naukowego publikacji:\u00b7 plik tekstowy w formacie *doc (Word 97 lub wy\u017cszy [\u2026] Read More","og_url":"https:\/\/pans.krosno.pl\/wydawnictwo-naukowe-pigonianum\/wytyczne-do-publikacji\/","og_site_name":"Wydawnictwo naukowe Pigonianum PANS w Kro\u015bnie","article_publisher":"https:\/\/www.facebook.com\/StudiaKrosno\/","article_modified_time":"2026-01-14T12:59:36+00:00","twitter_card":"summary_large_image","twitter_misc":{"Szacowany czas czytania":"2 minuty"},"schema":{"@context":"https:\/\/schema.org","@graph":[{"@type":"WebPage","@id":"https:\/\/pans.krosno.pl\/wydawnictwo-naukowe-pigonianum\/wytyczne-do-publikacji\/","url":"https:\/\/pans.krosno.pl\/wydawnictwo-naukowe-pigonianum\/wytyczne-do-publikacji\/","name":"Wytyczne do publikacji - Wydawnictwo naukowe Pigonianum PANS w Kro\u015bnie","isPartOf":{"@id":"https:\/\/pans.krosno.pl\/wydawnictwo-naukowe-pigonianum\/#website"},"datePublished":"2022-06-27T12:16:21+00:00","dateModified":"2026-01-14T12:59:36+00:00","breadcrumb":{"@id":"https:\/\/pans.krosno.pl\/wydawnictwo-naukowe-pigonianum\/wytyczne-do-publikacji\/#breadcrumb"},"inLanguage":"pl-PL","potentialAction":[{"@type":"ReadAction","target":["https:\/\/pans.krosno.pl\/wydawnictwo-naukowe-pigonianum\/wytyczne-do-publikacji\/"]}]},{"@type":"BreadcrumbList","@id":"https:\/\/pans.krosno.pl\/wydawnictwo-naukowe-pigonianum\/wytyczne-do-publikacji\/#breadcrumb","itemListElement":[{"@type":"ListItem","position":1,"name":"Strona g\u0142\u00f3wna","item":"https:\/\/pans.krosno.pl\/wydawnictwo-naukowe-pigonianum\/"},{"@type":"ListItem","position":2,"name":"Wytyczne do publikacji"}]},{"@type":"WebSite","@id":"https:\/\/pans.krosno.pl\/wydawnictwo-naukowe-pigonianum\/#website","url":"https:\/\/pans.krosno.pl\/wydawnictwo-naukowe-pigonianum\/","name":"KPU w Kro\u015bnie","description":"Wydawnictwo naukowe Pigonianum - Pa\u0144stwowa Akademia Nauk Stosowanych","publisher":{"@id":"https:\/\/pans.krosno.pl\/wydawnictwo-naukowe-pigonianum\/#organization"},"potentialAction":[{"@type":"SearchAction","target":{"@type":"EntryPoint","urlTemplate":"https:\/\/pans.krosno.pl\/wydawnictwo-naukowe-pigonianum\/?s={search_term_string}"},"query-input":{"@type":"PropertyValueSpecification","valueRequired":true,"valueName":"search_term_string"}}],"inLanguage":"pl-PL"},{"@type":"Organization","@id":"https:\/\/pans.krosno.pl\/wydawnictwo-naukowe-pigonianum\/#organization","name":"Karpacka Pa\u0144stwowa Uczelnia w Kro\u015bnie","url":"https:\/\/pans.krosno.pl\/wydawnictwo-naukowe-pigonianum\/","logo":{"@type":"ImageObject","inLanguage":"pl-PL","@id":"https:\/\/pans.krosno.pl\/wydawnictwo-naukowe-pigonianum\/#\/schema\/logo\/image\/","url":"https:\/\/pans.krosno.pl\/wp-content\/uploads\/2020\/04\/unnamed-1.png","contentUrl":"https:\/\/pans.krosno.pl\/wp-content\/uploads\/2020\/04\/unnamed-1.png","width":2238,"height":372,"caption":"Karpacka Pa\u0144stwowa Uczelnia w Kro\u015bnie"},"image":{"@id":"https:\/\/pans.krosno.pl\/wydawnictwo-naukowe-pigonianum\/#\/schema\/logo\/image\/"},"sameAs":["https:\/\/www.facebook.com\/StudiaKrosno\/","https:\/\/www.instagram.com\/studia.krosno","https:\/\/pl.linkedin.com\/company\/pwsz-krosno","https:\/\/www.youtube.com\/user\/pwszkrosno\/","https:\/\/pl.wikipedia.org\/wiki\/Pa\u0144stwowa_Wy\u017csza_Szko\u0142a_Zawodowa_im._Stanis\u0142awa_Pigonia_w_Kro\u015bnie"]}]}},"_links":{"self":[{"href":"https:\/\/pans.krosno.pl\/wydawnictwo-naukowe-pigonianum\/wp-json\/wp\/v2\/pages\/79","targetHints":{"allow":["GET"]}}],"collection":[{"href":"https:\/\/pans.krosno.pl\/wydawnictwo-naukowe-pigonianum\/wp-json\/wp\/v2\/pages"}],"about":[{"href":"https:\/\/pans.krosno.pl\/wydawnictwo-naukowe-pigonianum\/wp-json\/wp\/v2\/types\/page"}],"author":[{"embeddable":true,"href":"https:\/\/pans.krosno.pl\/wydawnictwo-naukowe-pigonianum\/wp-json\/wp\/v2\/users\/27"}],"replies":[{"embeddable":true,"href":"https:\/\/pans.krosno.pl\/wydawnictwo-naukowe-pigonianum\/wp-json\/wp\/v2\/comments?post=79"}],"version-history":[{"count":7,"href":"https:\/\/pans.krosno.pl\/wydawnictwo-naukowe-pigonianum\/wp-json\/wp\/v2\/pages\/79\/revisions"}],"predecessor-version":[{"id":645,"href":"https:\/\/pans.krosno.pl\/wydawnictwo-naukowe-pigonianum\/wp-json\/wp\/v2\/pages\/79\/revisions\/645"}],"wp:attachment":[{"href":"https:\/\/pans.krosno.pl\/wydawnictwo-naukowe-pigonianum\/wp-json\/wp\/v2\/media?parent=79"}],"curies":[{"name":"wp","href":"https:\/\/api.w.org\/{rel}","templated":true}]}}