{"id":2542,"date":"2025-06-03T13:17:33","date_gmt":"2025-06-03T11:17:33","guid":{"rendered":"https:\/\/pans.krosno.pl\/sjo\/?page_id=2542"},"modified":"2025-11-23T22:46:13","modified_gmt":"2025-11-23T21:46:13","slug":"jezyki-specjalistyczne","status":"publish","type":"page","link":"https:\/\/pans.krosno.pl\/sjo\/jezyki-specjalistyczne\/","title":{"rendered":"J\u0119zyki specjalistyczne"},"content":{"rendered":"\n<p><strong>Business English <\/strong><\/p>\n\n\n\n<p>Skrypt Test your Business English , J. Krochmal, E. Pawlik  <a href=\"https:\/\/sklep.krosnopans.pl\/pl\/p\/Zeszyt-81-Test-Your-Business-English\/185\">Link do zakupu<\/a><\/p>\n\n\n\n<figure class=\"wp-block-image size-large is-resized\"><img loading=\"lazy\" decoding=\"async\" width=\"670\" height=\"1024\" src=\"https:\/\/pans.krosno.pl\/sjo\/wp-content\/uploads\/sites\/25\/2025\/10\/Zeszyt-81-okladka-768x1174-1-670x1024.jpg\" alt=\"\" class=\"wp-image-2642\" style=\"width:164px;height:auto\" srcset=\"https:\/\/pans.krosno.pl\/sjo\/wp-content\/uploads\/sites\/25\/2025\/10\/Zeszyt-81-okladka-768x1174-1-670x1024.jpg 670w, https:\/\/pans.krosno.pl\/sjo\/wp-content\/uploads\/sites\/25\/2025\/10\/Zeszyt-81-okladka-768x1174-1-196x300.jpg 196w, https:\/\/pans.krosno.pl\/sjo\/wp-content\/uploads\/sites\/25\/2025\/10\/Zeszyt-81-okladka-768x1174-1-580x887.jpg 580w, https:\/\/pans.krosno.pl\/sjo\/wp-content\/uploads\/sites\/25\/2025\/10\/Zeszyt-81-okladka-768x1174-1.jpg 768w\" sizes=\"auto, (max-width: 670px) 100vw, 670px\" \/><\/figure>\n\n\n\n<p><a href=\"https:\/\/pans.krosno.pl\/sjo\/wp-content\/uploads\/sites\/25\/2025\/10\/Test-2-Vocabulary-Part-One.pdf\"><mark style=\"background-color:#ffffff\" class=\"has-inline-color has-black-color\">Test 2          Vocabulary list-1<\/mark><\/a><\/p>\n\n\n\n<p><a href=\"https:\/\/quizlet.com\/pl\/963922339\/business-english-test-2-part-one-flash-cards\/?i=5ik11b&amp;x=1qqt\"><mark style=\"background-color:#ffffff\" class=\"has-inline-color has-luminous-vivid-orange-color\">Fiszki do samodzielnej nauki <\/mark><\/a><a href=\"https:\/\/pans.krosno.pl\/sjo\/wp-content\/uploads\/sites\/25\/2025\/10\/Test-2-Vocabulary-Part-One.pdf\"><mark style=\"background-color:#ffffff\" class=\"has-inline-color has-luminous-vivid-orange-color\">Test 2 Vocabulary list Part 1<\/mark><\/a><\/p>\n\n\n\n<p><a href=\"https:\/\/pans.krosno.pl\/sjo\/wp-content\/uploads\/sites\/25\/2025\/10\/Vocabulary-Test-2-Part-2.pdf\"><mark style=\"background-color:#ffffff\" class=\"has-inline-color has-black-color\">Test 2          Vocabulary list-2<\/mark><\/a><\/p>\n\n\n\n<p><a href=\"https:\/\/quizlet.com\/pl\/963926890\/business-english-test-2-part-two-flash-cards\/?i=5ik11b&amp;x=1jqt\"><mark style=\"background-color:#ffffff\" class=\"has-inline-color has-luminous-vivid-orange-color\">Fiszki do samodzielnej nauki Test 2 Vocabulary list- Part 2<\/mark><\/a><\/p>\n\n\n\n<p><a href=\"https:\/\/pans.krosno.pl\/sjo\/wp-content\/uploads\/sites\/25\/2025\/10\/TEST-2-Slowotworstwo.pdf\"><mark style=\"background-color:#ffffff\" class=\"has-inline-color has-black-color\">Test 2 &#8211;       S\u0142owotw\u00f3rstwo <\/mark><\/a><\/p>\n\n\n\n<p><a href=\"https:\/\/quizlet.com\/pl\/963933843\/test-2-slowotworstwo-flash-cards\/?i=5ik11b&amp;x=1jqt\"><mark style=\"background-color:#ffffff\" class=\"has-inline-color has-luminous-vivid-orange-color\">Fiszki do samodzielnej nauki Test 2 &#8211; S\u0142owotw\u00f3rstwo <\/mark><\/a><\/p>\n\n\n\n<p><a href=\"https:\/\/pans.krosno.pl\/sjo\/wp-content\/uploads\/sites\/25\/2025\/10\/TEST-4-Vocabulary-1.pdf\"><mark style=\"background-color:#ffffff\" class=\"has-inline-color has-black-color\">Test 4          Vocabulary list <\/mark><\/a><\/p>\n\n\n\n<p><a href=\"https:\/\/quizlet.com\/pl\/984850510\/business-english-test-4-part-one-flash-cards\/?i=5ik11b&amp;x=1jqt\"><mark style=\"background-color:#ffffff\" class=\"has-inline-color has-luminous-vivid-orange-color\">Fiszki do samodzielnej nauki Test 4 Vocabulary list Part 1<\/mark><\/a><mark style=\"background-color:#ffffff\" class=\"has-inline-color has-luminous-vivid-orange-color\"><a href=\"https:\/\/quizlet.com\/pl\/984850510\/business-english-test-4-part-one-flash-cards\/?i=5ik11b&amp;x=1jqt\"> <\/a> <\/mark><\/p>\n\n\n\n<p><a href=\"https:\/\/quizlet.com\/pl\/984851908\/business-english-test-4-part-two-flash-cards\/?i=5ik11b&amp;x=1jqt\"><mark style=\"background-color:#ffffff\" class=\"has-inline-color has-luminous-vivid-orange-color\">Fiszki do samodzielnej nauki Test 4 Vocabulary list Part 2<\/mark><\/a><\/p>\n\n\n\n<p><a href=\"https:\/\/pans.krosno.pl\/sjo\/wp-content\/uploads\/sites\/25\/2025\/10\/Unit-6-Vocabulary-list.pdf\"><mark style=\"background-color:#ffffff\" class=\"has-inline-color has-black-color\">Test 6         Vocabulary list<\/mark><\/a><\/p>\n\n\n\n<p><a href=\"https:\/\/quizlet.com\/pl\/887663565\/test-your-business-english-test-6-flash-cards\/?i=5ik11b&amp;x=1jqt\"><mark style=\"background-color:#ffffff\" class=\"has-inline-color has-luminous-vivid-orange-color\">Fiszki do samodzielnej nauki Test 6 Vocabulary list <\/mark><\/a><\/p>\n\n\n\n<p><a href=\"https:\/\/pans.krosno.pl\/sjo\/wp-content\/uploads\/sites\/25\/2025\/10\/Unit-8-Vocabulary-5.pdf\"><mark style=\"background-color:#ffffff\" class=\"has-inline-color has-black-color\">Test 8             Vocabulary list <\/mark><\/a><\/p>\n\n\n\n<p><a href=\"https:\/\/quizlet.com\/pl\/1043821258\/business-english-unit-8-part-two-flash-cards\/?i=5ik11b&amp;x=1jqt\"><mark style=\"background-color:#ffffff\" class=\"has-inline-color has-luminous-vivid-orange-color\">Fiszki do samodzielnej nauki Test 8 Vocabulary list  Part 1<\/mark><\/a><\/p>\n\n\n\n<p><a href=\"https:\/\/quizlet.com\/pl\/1043820626\/business-english-test-8-part-one-flash-cards\/?i=5ik11b&amp;x=1qqt\"> <mark style=\"background-color:#ffffff\" class=\"has-inline-color has-luminous-vivid-orange-color\">Fiszki do samodzielnej nauki Test 8 Vocabulary list  Part 2<\/mark><\/a><\/p>\n\n\n\n<p><a href=\"https:\/\/pans.krosno.pl\/sjo\/wp-content\/uploads\/sites\/25\/2025\/10\/UNIT-10-vocabulary-short-4.pdf\"><mark style=\"background-color:#ffffff\" class=\"has-inline-color has-black-color\">TEST 10        Vocabulary list<\/mark><\/a><\/p>\n\n\n\n\n\n<p><\/p>\n","protected":false},"excerpt":{"rendered":"<p>Business English Skrypt Test your Business English , J. Krochmal, E. Pawlik Link do zakupu Test 2 Vocabulary list-1 Fiszki do samodzielnej nauki Test 2 Vocabulary list Part 1 Test 2 Vocabulary list-2 Fiszki do samodzielnej nauki Test 2 Vocabulary list- Part 2 Test 2 &#8211; S\u0142owotw\u00f3rstwo Fiszki do samodzielnej [\u2026] <\/p>\n<div class=\"clear\"><\/div>\n<p><a class=\"more_link clearfix\" href=\"https:\/\/pans.krosno.pl\/sjo\/jezyki-specjalistyczne\/\" rel=\"nofollow\">Read More<\/a><\/p>\n","protected":false},"author":27,"featured_media":0,"parent":0,"menu_order":0,"comment_status":"closed","ping_status":"closed","template":"","meta":{"ngg_post_thumbnail":0,"footnotes":""},"class_list":["post-2542","page","type-page","status-publish","hentry"],"yoast_head":"<!-- This site is optimized with the Yoast SEO Premium plugin v27.4 (Yoast SEO v27.4) - https:\/\/yoast.com\/product\/yoast-seo-premium-wordpress\/ -->\n<title>J\u0119zyki specjalistyczne - Studium J\u0119zyk\u00f3w Obcych PANS w Kro\u015bnie<\/title>\n<meta name=\"robots\" content=\"index, follow, max-snippet:-1, max-image-preview:large, max-video-preview:-1\" \/>\n<link rel=\"canonical\" href=\"https:\/\/pans.krosno.pl\/sjo\/jezyki-specjalistyczne\/\" \/>\n<meta property=\"og:locale\" content=\"pl_PL\" \/>\n<meta property=\"og:type\" content=\"article\" \/>\n<meta property=\"og:title\" content=\"J\u0119zyki specjalistyczne\" \/>\n<meta property=\"og:description\" content=\"Business English Skrypt Test your Business English , J. Krochmal, E. Pawlik Link do zakupu Test 2 Vocabulary list-1 Fiszki do samodzielnej nauki Test 2 Vocabulary list Part 1 Test 2 Vocabulary list-2 Fiszki do samodzielnej nauki Test 2 Vocabulary list- Part 2 Test 2 &#8211; S\u0142owotw\u00f3rstwo Fiszki do samodzielnej [\u2026] Read More\" \/>\n<meta property=\"og:url\" content=\"https:\/\/pans.krosno.pl\/sjo\/jezyki-specjalistyczne\/\" \/>\n<meta property=\"og:site_name\" content=\"Studium J\u0119zyk\u00f3w Obcych PANS w Kro\u015bnie\" \/>\n<meta property=\"article:modified_time\" content=\"2025-11-23T21:46:13+00:00\" \/>\n<meta property=\"og:image\" content=\"https:\/\/pans.krosno.pl\/sjo\/wp-content\/uploads\/sites\/25\/2025\/10\/Zeszyt-81-okladka-768x1174-1.jpg\" \/>\n\t<meta property=\"og:image:width\" content=\"768\" \/>\n\t<meta property=\"og:image:height\" content=\"1174\" \/>\n\t<meta property=\"og:image:type\" content=\"image\/jpeg\" \/>\n<meta name=\"twitter:card\" content=\"summary_large_image\" \/>\n<meta name=\"twitter:label1\" content=\"Szacowany czas czytania\" \/>\n\t<meta name=\"twitter:data1\" content=\"1 minuta\" \/>\n<script type=\"application\/ld+json\" class=\"yoast-schema-graph\">{\"@context\":\"https:\\\/\\\/schema.org\",\"@graph\":[{\"@type\":\"WebPage\",\"@id\":\"https:\\\/\\\/pans.krosno.pl\\\/sjo\\\/jezyki-specjalistyczne\\\/\",\"url\":\"https:\\\/\\\/pans.krosno.pl\\\/sjo\\\/jezyki-specjalistyczne\\\/\",\"name\":\"J\u0119zyki specjalistyczne - Studium J\u0119zyk\u00f3w Obcych PANS w Kro\u015bnie\",\"isPartOf\":{\"@id\":\"https:\\\/\\\/pans.krosno.pl\\\/sjo\\\/#website\"},\"primaryImageOfPage\":{\"@id\":\"https:\\\/\\\/pans.krosno.pl\\\/sjo\\\/jezyki-specjalistyczne\\\/#primaryimage\"},\"image\":{\"@id\":\"https:\\\/\\\/pans.krosno.pl\\\/sjo\\\/jezyki-specjalistyczne\\\/#primaryimage\"},\"thumbnailUrl\":\"https:\\\/\\\/pans.krosno.pl\\\/sjo\\\/wp-content\\\/uploads\\\/sites\\\/25\\\/2025\\\/10\\\/Zeszyt-81-okladka-768x1174-1-670x1024.jpg\",\"datePublished\":\"2025-06-03T11:17:33+00:00\",\"dateModified\":\"2025-11-23T21:46:13+00:00\",\"breadcrumb\":{\"@id\":\"https:\\\/\\\/pans.krosno.pl\\\/sjo\\\/jezyki-specjalistyczne\\\/#breadcrumb\"},\"inLanguage\":\"pl-PL\",\"potentialAction\":[{\"@type\":\"ReadAction\",\"target\":[\"https:\\\/\\\/pans.krosno.pl\\\/sjo\\\/jezyki-specjalistyczne\\\/\"]}]},{\"@type\":\"ImageObject\",\"inLanguage\":\"pl-PL\",\"@id\":\"https:\\\/\\\/pans.krosno.pl\\\/sjo\\\/jezyki-specjalistyczne\\\/#primaryimage\",\"url\":\"https:\\\/\\\/pans.krosno.pl\\\/sjo\\\/wp-content\\\/uploads\\\/sites\\\/25\\\/2025\\\/10\\\/Zeszyt-81-okladka-768x1174-1.jpg\",\"contentUrl\":\"https:\\\/\\\/pans.krosno.pl\\\/sjo\\\/wp-content\\\/uploads\\\/sites\\\/25\\\/2025\\\/10\\\/Zeszyt-81-okladka-768x1174-1.jpg\",\"width\":768,\"height\":1174},{\"@type\":\"BreadcrumbList\",\"@id\":\"https:\\\/\\\/pans.krosno.pl\\\/sjo\\\/jezyki-specjalistyczne\\\/#breadcrumb\",\"itemListElement\":[{\"@type\":\"ListItem\",\"position\":1,\"name\":\"Strona g\u0142\u00f3wna\",\"item\":\"https:\\\/\\\/pans.krosno.pl\\\/sjo\\\/\"},{\"@type\":\"ListItem\",\"position\":2,\"name\":\"J\u0119zyki specjalistyczne\"}]},{\"@type\":\"WebSite\",\"@id\":\"https:\\\/\\\/pans.krosno.pl\\\/sjo\\\/#website\",\"url\":\"https:\\\/\\\/pans.krosno.pl\\\/sjo\\\/\",\"name\":\"Studium J\u0119zyk\u00f3w Obcych PANS w Kro\u015bnie\",\"description\":\"Studium J\u0119zyk\u00f3w Obcych  - Pa\u0144stwowa Akademia Nauk Stosowanych\",\"publisher\":{\"@id\":\"https:\\\/\\\/pans.krosno.pl\\\/sjo\\\/#organization\"},\"potentialAction\":[{\"@type\":\"SearchAction\",\"target\":{\"@type\":\"EntryPoint\",\"urlTemplate\":\"https:\\\/\\\/pans.krosno.pl\\\/sjo\\\/?s={search_term_string}\"},\"query-input\":{\"@type\":\"PropertyValueSpecification\",\"valueRequired\":true,\"valueName\":\"search_term_string\"}}],\"inLanguage\":\"pl-PL\"},{\"@type\":\"Organization\",\"@id\":\"https:\\\/\\\/pans.krosno.pl\\\/sjo\\\/#organization\",\"name\":\"Studium J\u0119zyk\u00f3w Obcych PANS w Kro\u015bnie\",\"url\":\"https:\\\/\\\/pans.krosno.pl\\\/sjo\\\/\",\"logo\":{\"@type\":\"ImageObject\",\"inLanguage\":\"pl-PL\",\"@id\":\"https:\\\/\\\/pans.krosno.pl\\\/sjo\\\/#\\\/schema\\\/logo\\\/image\\\/\",\"url\":\"https:\\\/\\\/pans.krosno.pl\\\/sjo\\\/wp-content\\\/uploads\\\/sites\\\/25\\\/2023\\\/01\\\/Logo-PANS-2022-pelne.png\",\"contentUrl\":\"https:\\\/\\\/pans.krosno.pl\\\/sjo\\\/wp-content\\\/uploads\\\/sites\\\/25\\\/2023\\\/01\\\/Logo-PANS-2022-pelne.png\",\"width\":3096,\"height\":696,\"caption\":\"Studium J\u0119zyk\u00f3w Obcych PANS w Kro\u015bnie\"},\"image\":{\"@id\":\"https:\\\/\\\/pans.krosno.pl\\\/sjo\\\/#\\\/schema\\\/logo\\\/image\\\/\"}}]}<\/script>\n<!-- \/ Yoast SEO Premium plugin. -->","yoast_head_json":{"title":"J\u0119zyki specjalistyczne - Studium J\u0119zyk\u00f3w Obcych PANS w Kro\u015bnie","robots":{"index":"index","follow":"follow","max-snippet":"max-snippet:-1","max-image-preview":"max-image-preview:large","max-video-preview":"max-video-preview:-1"},"canonical":"https:\/\/pans.krosno.pl\/sjo\/jezyki-specjalistyczne\/","og_locale":"pl_PL","og_type":"article","og_title":"J\u0119zyki specjalistyczne","og_description":"Business English Skrypt Test your Business English , J. Krochmal, E. Pawlik Link do zakupu Test 2 Vocabulary list-1 Fiszki do samodzielnej nauki Test 2 Vocabulary list Part 1 Test 2 Vocabulary list-2 Fiszki do samodzielnej nauki Test 2 Vocabulary list- Part 2 Test 2 &#8211; S\u0142owotw\u00f3rstwo Fiszki do samodzielnej [\u2026] Read More","og_url":"https:\/\/pans.krosno.pl\/sjo\/jezyki-specjalistyczne\/","og_site_name":"Studium J\u0119zyk\u00f3w Obcych PANS w Kro\u015bnie","article_modified_time":"2025-11-23T21:46:13+00:00","og_image":[{"width":768,"height":1174,"url":"https:\/\/pans.krosno.pl\/sjo\/wp-content\/uploads\/sites\/25\/2025\/10\/Zeszyt-81-okladka-768x1174-1.jpg","type":"image\/jpeg"}],"twitter_card":"summary_large_image","twitter_misc":{"Szacowany czas czytania":"1 minuta"},"schema":{"@context":"https:\/\/schema.org","@graph":[{"@type":"WebPage","@id":"https:\/\/pans.krosno.pl\/sjo\/jezyki-specjalistyczne\/","url":"https:\/\/pans.krosno.pl\/sjo\/jezyki-specjalistyczne\/","name":"J\u0119zyki specjalistyczne - Studium J\u0119zyk\u00f3w Obcych PANS w Kro\u015bnie","isPartOf":{"@id":"https:\/\/pans.krosno.pl\/sjo\/#website"},"primaryImageOfPage":{"@id":"https:\/\/pans.krosno.pl\/sjo\/jezyki-specjalistyczne\/#primaryimage"},"image":{"@id":"https:\/\/pans.krosno.pl\/sjo\/jezyki-specjalistyczne\/#primaryimage"},"thumbnailUrl":"https:\/\/pans.krosno.pl\/sjo\/wp-content\/uploads\/sites\/25\/2025\/10\/Zeszyt-81-okladka-768x1174-1-670x1024.jpg","datePublished":"2025-06-03T11:17:33+00:00","dateModified":"2025-11-23T21:46:13+00:00","breadcrumb":{"@id":"https:\/\/pans.krosno.pl\/sjo\/jezyki-specjalistyczne\/#breadcrumb"},"inLanguage":"pl-PL","potentialAction":[{"@type":"ReadAction","target":["https:\/\/pans.krosno.pl\/sjo\/jezyki-specjalistyczne\/"]}]},{"@type":"ImageObject","inLanguage":"pl-PL","@id":"https:\/\/pans.krosno.pl\/sjo\/jezyki-specjalistyczne\/#primaryimage","url":"https:\/\/pans.krosno.pl\/sjo\/wp-content\/uploads\/sites\/25\/2025\/10\/Zeszyt-81-okladka-768x1174-1.jpg","contentUrl":"https:\/\/pans.krosno.pl\/sjo\/wp-content\/uploads\/sites\/25\/2025\/10\/Zeszyt-81-okladka-768x1174-1.jpg","width":768,"height":1174},{"@type":"BreadcrumbList","@id":"https:\/\/pans.krosno.pl\/sjo\/jezyki-specjalistyczne\/#breadcrumb","itemListElement":[{"@type":"ListItem","position":1,"name":"Strona g\u0142\u00f3wna","item":"https:\/\/pans.krosno.pl\/sjo\/"},{"@type":"ListItem","position":2,"name":"J\u0119zyki specjalistyczne"}]},{"@type":"WebSite","@id":"https:\/\/pans.krosno.pl\/sjo\/#website","url":"https:\/\/pans.krosno.pl\/sjo\/","name":"Studium J\u0119zyk\u00f3w Obcych PANS w Kro\u015bnie","description":"Studium J\u0119zyk\u00f3w Obcych  - Pa\u0144stwowa Akademia Nauk Stosowanych","publisher":{"@id":"https:\/\/pans.krosno.pl\/sjo\/#organization"},"potentialAction":[{"@type":"SearchAction","target":{"@type":"EntryPoint","urlTemplate":"https:\/\/pans.krosno.pl\/sjo\/?s={search_term_string}"},"query-input":{"@type":"PropertyValueSpecification","valueRequired":true,"valueName":"search_term_string"}}],"inLanguage":"pl-PL"},{"@type":"Organization","@id":"https:\/\/pans.krosno.pl\/sjo\/#organization","name":"Studium J\u0119zyk\u00f3w Obcych PANS w Kro\u015bnie","url":"https:\/\/pans.krosno.pl\/sjo\/","logo":{"@type":"ImageObject","inLanguage":"pl-PL","@id":"https:\/\/pans.krosno.pl\/sjo\/#\/schema\/logo\/image\/","url":"https:\/\/pans.krosno.pl\/sjo\/wp-content\/uploads\/sites\/25\/2023\/01\/Logo-PANS-2022-pelne.png","contentUrl":"https:\/\/pans.krosno.pl\/sjo\/wp-content\/uploads\/sites\/25\/2023\/01\/Logo-PANS-2022-pelne.png","width":3096,"height":696,"caption":"Studium J\u0119zyk\u00f3w Obcych PANS w Kro\u015bnie"},"image":{"@id":"https:\/\/pans.krosno.pl\/sjo\/#\/schema\/logo\/image\/"}}]}},"_links":{"self":[{"href":"https:\/\/pans.krosno.pl\/sjo\/wp-json\/wp\/v2\/pages\/2542","targetHints":{"allow":["GET"]}}],"collection":[{"href":"https:\/\/pans.krosno.pl\/sjo\/wp-json\/wp\/v2\/pages"}],"about":[{"href":"https:\/\/pans.krosno.pl\/sjo\/wp-json\/wp\/v2\/types\/page"}],"author":[{"embeddable":true,"href":"https:\/\/pans.krosno.pl\/sjo\/wp-json\/wp\/v2\/users\/27"}],"replies":[{"embeddable":true,"href":"https:\/\/pans.krosno.pl\/sjo\/wp-json\/wp\/v2\/comments?post=2542"}],"version-history":[{"count":17,"href":"https:\/\/pans.krosno.pl\/sjo\/wp-json\/wp\/v2\/pages\/2542\/revisions"}],"predecessor-version":[{"id":2735,"href":"https:\/\/pans.krosno.pl\/sjo\/wp-json\/wp\/v2\/pages\/2542\/revisions\/2735"}],"wp:attachment":[{"href":"https:\/\/pans.krosno.pl\/sjo\/wp-json\/wp\/v2\/media?parent=2542"}],"curies":[{"name":"wp","href":"https:\/\/api.w.org\/{rel}","templated":true}]}}