{"id":986,"date":"2020-04-01T13:43:34","date_gmt":"2020-04-01T11:43:34","guid":{"rendered":"https:\/\/pans.krosno.pl\/pracownicy\/?page_id=986"},"modified":"2025-05-20T13:22:27","modified_gmt":"2025-05-20T11:22:27","slug":"wojciech-radwanski-najwazniejsze-publikacje","status":"publish","type":"page","link":"https:\/\/pans.krosno.pl\/pracownicy\/wojciech-radwanski\/wojciech-radwanski-najwazniejsze-publikacje\/","title":{"rendered":"dr in\u017c. Wojciech Radwa\u0144ski &#8211; Najwa\u017cniejsze publikacje"},"content":{"rendered":"<hr>\n<p><strong>Artyku\u0142y w czasopismach<\/strong><\/p>\n<ol>\n<li>Skrzypczak I., Kokoszka W., Pytlowany T., Radwa\u0144ski W. Landslides and the risk of damage to road infrastructure on the example of transport node Konferencja: 16th Scientific and Technical Conference Transport Systems Theory &amp;Practice , 2019.09.2016 r &#8211; 2019.09.2018, Katowice, Polska, 16.09.2019 r.<\/li>\n<li>Skrzypczak I., Kokoszka W., Pytlowany T. , Radwa\u0144ski W. Control charts to monitoring for quality concrete pavements Konferencja: 16th Scientific and Technical Conference Transport Systems Theory &amp; Practice , 2019.09.2016 r. &#8211; 19-20.09.2018 r., Katowice, Polska, 17.09.2019 r.<\/li>\n<li>Skrzypczak I., Kokoszka W., Pytlowany T. , Radwa\u0144ski W. Resistance probabilistic analysis of RCC pavement Konferencja: 16th Scientific and Technical Conference Transport Systems Theory &amp;Practice , 2019.09.16-2019.09.2018 r., Katowice, Polska, 16.09.2019 r.<\/li>\n<li>Skrzypczak I., Kokoszka W., Pytlowany T. , Radwa\u0144ski W. AHP as a method supporting the decision-making proces in the choice of rad building technology Konferencja: 16th Scientific and Technical Conference Transport Systems Theory &amp;Practice , 16.09.2019 r. &#8211; 18.09.2019 r., Katowice, Polska, 18.09.2019 r.<\/li>\n<li>Skrzypczak I., Radwa\u0144ski W., Pytlowany T. Durability vs technical &#8211; the usage properties of road pavements 2018, E3S Web of Conferences, t.45, s.1-8 ISBN\/ISSN: 2267-1242, Konferencja: VI International Conference of Science and Technology INFRAEKO 2018 \u201cModern Cities. Infrastructure and Environment\u201d.<\/li>\n<li>Skrzypczak I., Radwa\u0144ski W., Pytlowany T. Choice of road building technology &#8211; statistic analyses with the use of the Hellwig method 2018, E3S Web of Conferences, t.45, s.1-8 ISBN\/ISSN: 2267-1242, Konferencja: VI International Conference of Science and Technology INFRAEKO 2018 \u201cModern Cities. Infrastructure and Environment\u201d.<\/li>\n<li>Radwa\u0144ski W., Pytlowany T., Skrzypczak I. Drogi z betonu wa\u0142owanego alternatyw\u0105 dla dr\u00f3g asfaltowych 2018, MAGAZYN AUTOSTRADY, z.8-9, s.44-46 ISBN\/ISSN: 1730-0703.<\/li>\n<li>Radwa\u0144ski W., Pytlowany T., Skrzypczak I. The analysis of road building technology with a data normalization method 2018, CZASOPISMO IN\u017bYNIERII L\u0104DOWEJ, \u015aRODOWISKA I ARCHITEKTURY. JOURNAL OF CIVIL ENGINEERING, ENVIRONMENT AND ARCHITECTURE, t.XXXV, z.65 ((1\/18), s.89-98 ISBN\/ISSN: 2300-5130.<\/li>\n<li>Skrzypczak I., Radwa\u0144ski W., Pytlowany T. Durability vs technicality &#8211; the properties of road pavement usage Konferencja: VI International Conference of Science and Technology INFRAEKO 2018 \u201cModern Cities. Infrastructure and Environment\u201d, 2018.06.07-2018.06.08, Krak\u00f3w, Polska, 08.06.2018 r.<\/li>\n<\/ol>\n<hr>\n<p>&nbsp;<\/p>\n","protected":false},"excerpt":{"rendered":"<p>Artyku\u0142y w czasopismach Skrzypczak I., Kokoszka W., Pytlowany T., Radwa\u0144ski W. Landslides and the risk of damage to road infrastructure on the example of transport node Konferencja: 16th Scientific and Technical Conference Transport Systems Theory &amp;Practice , 2019.09.2016 r &#8211; 2019.09.2018, Katowice, Polska, 16.09.2019 r. Skrzypczak I., Kokoszka W., Pytlowany [\u2026] <\/p>\n<div class=\"clear\"><\/div>\n<p><a class=\"more_link clearfix\" href=\"https:\/\/pans.krosno.pl\/pracownicy\/wojciech-radwanski\/wojciech-radwanski-najwazniejsze-publikacje\/\" rel=\"nofollow\">Read More<\/a><\/p>\n","protected":false},"author":36,"featured_media":0,"parent":977,"menu_order":0,"comment_status":"closed","ping_status":"closed","template":"","meta":{"ngg_post_thumbnail":0,"footnotes":""},"class_list":["post-986","page","type-page","status-publish","hentry"],"yoast_head":"<!-- This site is optimized with the Yoast SEO Premium plugin v27.3 (Yoast SEO v27.3) - https:\/\/yoast.com\/product\/yoast-seo-premium-wordpress\/ -->\n<title>dr in\u017c. Wojciech Radwa\u0144ski - Najwa\u017cniejsze publikacje - Pracownicy PANS w Kro\u015bnie<\/title>\n<meta name=\"robots\" content=\"index, follow, max-snippet:-1, max-image-preview:large, max-video-preview:-1\" \/>\n<link rel=\"canonical\" href=\"https:\/\/pans.krosno.pl\/pracownicy\/wojciech-radwanski\/wojciech-radwanski-najwazniejsze-publikacje\/\" \/>\n<meta property=\"og:locale\" content=\"pl_PL\" \/>\n<meta property=\"og:type\" content=\"article\" \/>\n<meta property=\"og:title\" content=\"dr in\u017c. Wojciech Radwa\u0144ski - Najwa\u017cniejsze publikacje\" \/>\n<meta property=\"og:description\" content=\"Artyku\u0142y w czasopismach Skrzypczak I., Kokoszka W., Pytlowany T., Radwa\u0144ski W. Landslides and the risk of damage to road infrastructure on the example of transport node Konferencja: 16th Scientific and Technical Conference Transport Systems Theory &amp;Practice , 2019.09.2016 r &#8211; 2019.09.2018, Katowice, Polska, 16.09.2019 r. Skrzypczak I., Kokoszka W., Pytlowany [\u2026] Read More\" \/>\n<meta property=\"og:url\" content=\"https:\/\/pans.krosno.pl\/pracownicy\/wojciech-radwanski\/wojciech-radwanski-najwazniejsze-publikacje\/\" \/>\n<meta property=\"og:site_name\" content=\"Pracownicy PANS w Kro\u015bnie\" \/>\n<meta property=\"article:modified_time\" content=\"2025-05-20T11:22:27+00:00\" \/>\n<meta name=\"twitter:card\" content=\"summary_large_image\" \/>\n<meta name=\"twitter:label1\" content=\"Szacowany czas czytania\" \/>\n\t<meta name=\"twitter:data1\" content=\"2 minuty\" \/>\n<script type=\"application\/ld+json\" class=\"yoast-schema-graph\">{\"@context\":\"https:\\\/\\\/schema.org\",\"@graph\":[{\"@type\":\"WebPage\",\"@id\":\"https:\\\/\\\/pans.krosno.pl\\\/pracownicy\\\/wojciech-radwanski\\\/wojciech-radwanski-najwazniejsze-publikacje\\\/\",\"url\":\"https:\\\/\\\/pans.krosno.pl\\\/pracownicy\\\/wojciech-radwanski\\\/wojciech-radwanski-najwazniejsze-publikacje\\\/\",\"name\":\"dr in\u017c. Wojciech Radwa\u0144ski - Najwa\u017cniejsze publikacje - Pracownicy PANS w Kro\u015bnie\",\"isPartOf\":{\"@id\":\"https:\\\/\\\/pans.krosno.pl\\\/pracownicy\\\/#website\"},\"datePublished\":\"2020-04-01T11:43:34+00:00\",\"dateModified\":\"2025-05-20T11:22:27+00:00\",\"breadcrumb\":{\"@id\":\"https:\\\/\\\/pans.krosno.pl\\\/pracownicy\\\/wojciech-radwanski\\\/wojciech-radwanski-najwazniejsze-publikacje\\\/#breadcrumb\"},\"inLanguage\":\"pl-PL\",\"potentialAction\":[{\"@type\":\"ReadAction\",\"target\":[\"https:\\\/\\\/pans.krosno.pl\\\/pracownicy\\\/wojciech-radwanski\\\/wojciech-radwanski-najwazniejsze-publikacje\\\/\"]}]},{\"@type\":\"BreadcrumbList\",\"@id\":\"https:\\\/\\\/pans.krosno.pl\\\/pracownicy\\\/wojciech-radwanski\\\/wojciech-radwanski-najwazniejsze-publikacje\\\/#breadcrumb\",\"itemListElement\":[{\"@type\":\"ListItem\",\"position\":1,\"name\":\"Strona g\u0142\u00f3wna\",\"item\":\"https:\\\/\\\/pans.krosno.pl\\\/pracownicy\\\/\"},{\"@type\":\"ListItem\",\"position\":2,\"name\":\"dr in\u017c. Wojciech Radwa\u0144ski\",\"item\":\"https:\\\/\\\/pans.krosno.pl\\\/pracownicy\\\/wojciech-radwanski\\\/\"},{\"@type\":\"ListItem\",\"position\":3,\"name\":\"dr in\u017c. Wojciech Radwa\u0144ski &#8211; Najwa\u017cniejsze publikacje\"}]},{\"@type\":\"WebSite\",\"@id\":\"https:\\\/\\\/pans.krosno.pl\\\/pracownicy\\\/#website\",\"url\":\"https:\\\/\\\/pans.krosno.pl\\\/pracownicy\\\/\",\"name\":\"Pracownicy PANS w Kro\u015bnie\",\"description\":\"Pracownicy - Pa\u0144stwowa Akademia Nauk Stosowanych\",\"publisher\":{\"@id\":\"https:\\\/\\\/pans.krosno.pl\\\/pracownicy\\\/#organization\"},\"potentialAction\":[{\"@type\":\"SearchAction\",\"target\":{\"@type\":\"EntryPoint\",\"urlTemplate\":\"https:\\\/\\\/pans.krosno.pl\\\/pracownicy\\\/?s={search_term_string}\"},\"query-input\":{\"@type\":\"PropertyValueSpecification\",\"valueRequired\":true,\"valueName\":\"search_term_string\"}}],\"inLanguage\":\"pl-PL\"},{\"@type\":\"Organization\",\"@id\":\"https:\\\/\\\/pans.krosno.pl\\\/pracownicy\\\/#organization\",\"name\":\"Pracownicy PANS w Kro\u015bnie\",\"url\":\"https:\\\/\\\/pans.krosno.pl\\\/pracownicy\\\/\",\"logo\":{\"@type\":\"ImageObject\",\"inLanguage\":\"pl-PL\",\"@id\":\"https:\\\/\\\/pans.krosno.pl\\\/pracownicy\\\/#\\\/schema\\\/logo\\\/image\\\/\",\"url\":\"https:\\\/\\\/pans.krosno.pl\\\/pracownicy\\\/wp-content\\\/uploads\\\/sites\\\/41\\\/2023\\\/01\\\/Logo-PANS-2022-pelne.png\",\"contentUrl\":\"https:\\\/\\\/pans.krosno.pl\\\/pracownicy\\\/wp-content\\\/uploads\\\/sites\\\/41\\\/2023\\\/01\\\/Logo-PANS-2022-pelne.png\",\"width\":3096,\"height\":696,\"caption\":\"Pracownicy PANS w Kro\u015bnie\"},\"image\":{\"@id\":\"https:\\\/\\\/pans.krosno.pl\\\/pracownicy\\\/#\\\/schema\\\/logo\\\/image\\\/\"}}]}<\/script>\n<!-- \/ Yoast SEO Premium plugin. -->","yoast_head_json":{"title":"dr in\u017c. Wojciech Radwa\u0144ski - Najwa\u017cniejsze publikacje - Pracownicy PANS w Kro\u015bnie","robots":{"index":"index","follow":"follow","max-snippet":"max-snippet:-1","max-image-preview":"max-image-preview:large","max-video-preview":"max-video-preview:-1"},"canonical":"https:\/\/pans.krosno.pl\/pracownicy\/wojciech-radwanski\/wojciech-radwanski-najwazniejsze-publikacje\/","og_locale":"pl_PL","og_type":"article","og_title":"dr in\u017c. Wojciech Radwa\u0144ski - Najwa\u017cniejsze publikacje","og_description":"Artyku\u0142y w czasopismach Skrzypczak I., Kokoszka W., Pytlowany T., Radwa\u0144ski W. Landslides and the risk of damage to road infrastructure on the example of transport node Konferencja: 16th Scientific and Technical Conference Transport Systems Theory &amp;Practice , 2019.09.2016 r &#8211; 2019.09.2018, Katowice, Polska, 16.09.2019 r. Skrzypczak I., Kokoszka W., Pytlowany [\u2026] Read More","og_url":"https:\/\/pans.krosno.pl\/pracownicy\/wojciech-radwanski\/wojciech-radwanski-najwazniejsze-publikacje\/","og_site_name":"Pracownicy PANS w Kro\u015bnie","article_modified_time":"2025-05-20T11:22:27+00:00","twitter_card":"summary_large_image","twitter_misc":{"Szacowany czas czytania":"2 minuty"},"schema":{"@context":"https:\/\/schema.org","@graph":[{"@type":"WebPage","@id":"https:\/\/pans.krosno.pl\/pracownicy\/wojciech-radwanski\/wojciech-radwanski-najwazniejsze-publikacje\/","url":"https:\/\/pans.krosno.pl\/pracownicy\/wojciech-radwanski\/wojciech-radwanski-najwazniejsze-publikacje\/","name":"dr in\u017c. Wojciech Radwa\u0144ski - Najwa\u017cniejsze publikacje - Pracownicy PANS w Kro\u015bnie","isPartOf":{"@id":"https:\/\/pans.krosno.pl\/pracownicy\/#website"},"datePublished":"2020-04-01T11:43:34+00:00","dateModified":"2025-05-20T11:22:27+00:00","breadcrumb":{"@id":"https:\/\/pans.krosno.pl\/pracownicy\/wojciech-radwanski\/wojciech-radwanski-najwazniejsze-publikacje\/#breadcrumb"},"inLanguage":"pl-PL","potentialAction":[{"@type":"ReadAction","target":["https:\/\/pans.krosno.pl\/pracownicy\/wojciech-radwanski\/wojciech-radwanski-najwazniejsze-publikacje\/"]}]},{"@type":"BreadcrumbList","@id":"https:\/\/pans.krosno.pl\/pracownicy\/wojciech-radwanski\/wojciech-radwanski-najwazniejsze-publikacje\/#breadcrumb","itemListElement":[{"@type":"ListItem","position":1,"name":"Strona g\u0142\u00f3wna","item":"https:\/\/pans.krosno.pl\/pracownicy\/"},{"@type":"ListItem","position":2,"name":"dr in\u017c. Wojciech Radwa\u0144ski","item":"https:\/\/pans.krosno.pl\/pracownicy\/wojciech-radwanski\/"},{"@type":"ListItem","position":3,"name":"dr in\u017c. Wojciech Radwa\u0144ski &#8211; Najwa\u017cniejsze publikacje"}]},{"@type":"WebSite","@id":"https:\/\/pans.krosno.pl\/pracownicy\/#website","url":"https:\/\/pans.krosno.pl\/pracownicy\/","name":"Pracownicy PANS w Kro\u015bnie","description":"Pracownicy - Pa\u0144stwowa Akademia Nauk Stosowanych","publisher":{"@id":"https:\/\/pans.krosno.pl\/pracownicy\/#organization"},"potentialAction":[{"@type":"SearchAction","target":{"@type":"EntryPoint","urlTemplate":"https:\/\/pans.krosno.pl\/pracownicy\/?s={search_term_string}"},"query-input":{"@type":"PropertyValueSpecification","valueRequired":true,"valueName":"search_term_string"}}],"inLanguage":"pl-PL"},{"@type":"Organization","@id":"https:\/\/pans.krosno.pl\/pracownicy\/#organization","name":"Pracownicy PANS w Kro\u015bnie","url":"https:\/\/pans.krosno.pl\/pracownicy\/","logo":{"@type":"ImageObject","inLanguage":"pl-PL","@id":"https:\/\/pans.krosno.pl\/pracownicy\/#\/schema\/logo\/image\/","url":"https:\/\/pans.krosno.pl\/pracownicy\/wp-content\/uploads\/sites\/41\/2023\/01\/Logo-PANS-2022-pelne.png","contentUrl":"https:\/\/pans.krosno.pl\/pracownicy\/wp-content\/uploads\/sites\/41\/2023\/01\/Logo-PANS-2022-pelne.png","width":3096,"height":696,"caption":"Pracownicy PANS w Kro\u015bnie"},"image":{"@id":"https:\/\/pans.krosno.pl\/pracownicy\/#\/schema\/logo\/image\/"}}]}},"_links":{"self":[{"href":"https:\/\/pans.krosno.pl\/pracownicy\/wp-json\/wp\/v2\/pages\/986","targetHints":{"allow":["GET"]}}],"collection":[{"href":"https:\/\/pans.krosno.pl\/pracownicy\/wp-json\/wp\/v2\/pages"}],"about":[{"href":"https:\/\/pans.krosno.pl\/pracownicy\/wp-json\/wp\/v2\/types\/page"}],"author":[{"embeddable":true,"href":"https:\/\/pans.krosno.pl\/pracownicy\/wp-json\/wp\/v2\/users\/36"}],"replies":[{"embeddable":true,"href":"https:\/\/pans.krosno.pl\/pracownicy\/wp-json\/wp\/v2\/comments?post=986"}],"version-history":[{"count":6,"href":"https:\/\/pans.krosno.pl\/pracownicy\/wp-json\/wp\/v2\/pages\/986\/revisions"}],"predecessor-version":[{"id":10915,"href":"https:\/\/pans.krosno.pl\/pracownicy\/wp-json\/wp\/v2\/pages\/986\/revisions\/10915"}],"up":[{"embeddable":true,"href":"https:\/\/pans.krosno.pl\/pracownicy\/wp-json\/wp\/v2\/pages\/977"}],"wp:attachment":[{"href":"https:\/\/pans.krosno.pl\/pracownicy\/wp-json\/wp\/v2\/media?parent=986"}],"curies":[{"name":"wp","href":"https:\/\/api.w.org\/{rel}","templated":true}]}}