{"id":9728,"date":"2023-02-01T13:55:08","date_gmt":"2023-02-01T12:55:08","guid":{"rendered":"https:\/\/pans.krosno.pl\/pracownicy\/?page_id=9728"},"modified":"2023-02-01T13:58:51","modified_gmt":"2023-02-01T12:58:51","slug":"tadeusz-lopatkiewicz-doswiadczenia-pozauczelniane","status":"publish","type":"page","link":"https:\/\/pans.krosno.pl\/pracownicy\/tadeusz-lopatkiewicz\/tadeusz-lopatkiewicz-doswiadczenia-pozauczelniane\/","title":{"rendered":"dr Tadeusz \u0141opatkiewicz \u2013 Do\u015bwiadczenia pozauczelniane"},"content":{"rendered":"\n<p>od 1974 \u2013 cz\u0142onek Stowarzyszenia Mi\u0142o\u015bnik\u00f3w Ziemi Kro\u015bnie\u0144skiej (od 1993 \u2013 cz\u0142onek Zarz\u0105du G\u0142\u00f3wnego, 2011\u20132017 \u2013 I Wiceprezes ZG, od 2017 \u2013 Prezes ZG).<\/p>\n\n\n\n<p>1981-1998 \u2013 praca zawodowa w s\u0142u\u017cbie konserwatorskiej wojew\u00f3dztwa kro\u015bnie\u0144skiego (Biuro Bada\u0144 i Dokumentacji Zabytk\u00f3w w Kro\u015bnie oraz Pa\u0144stwowa S\u0142u\u017cba Ochrony Zabytk\u00f3w Oddzia\u0142 Wojew\u00f3dzki w Kro\u015bnie \u2013 zast\u0119pca Wojew\u00f3dzkiego Konserwatora Zabytk\u00f3w)<\/p>\n\n\n\n<p>1984 \u2013 cz\u0142onek Kro\u015bnie\u0144skiego Towarzystwa Fotograficznego (Wiceprezes 1985\u20131993).<\/p>\n\n\n\n<p>1992-1997 \u2013 komputeryzacja Wydzia\u0142u Ksi\u0105g Wieczystych w S\u0105dzie Rejonowym w Kro\u015bnie<\/p>\n\n\n\n<p>1998-2014 \u2013 administrator system\u00f3w komputerowych w Rafinerii Nafty JEDLICZE S.A.<\/p>\n\n\n\n<p>2001-2005 \u2013 cz\u0142onek kolegi\u00f3w redakcyjnych miesi\u0119cznik\u00f3w \u201eWindows Security Magazine\u201d oraz \u201eIT-FAQ\u201d.<\/p>\n\n\n\n<p>2007 \u2013 cz\u0142onek Stowarzyszenia Historyk\u00f3w Sztuki (Oddzia\u0142 rzeszowski).<\/p>\n\n\n\n<p>2008 \u2013 cz\u0142onek Rady Programowej rocznika \u201eAlmanach Muszyny\u201d.<\/p>\n\n\n\n<p>2010 \u2013 cz\u0142onek kolegium redakcyjnego i sekretarz redakcji serii \u201eKrosno. Studia z dziej\u00f3w miasta i regionu\u201d.<\/p>\n\n\n\n<p>2018 \u2013 redaktor naukowy serii \u201eKrosno. Studia z dziej\u00f3w miasta i regionu\u201d.<\/p>\n","protected":false},"excerpt":{"rendered":"<p>od 1974 \u2013 cz\u0142onek Stowarzyszenia Mi\u0142o\u015bnik\u00f3w Ziemi Kro\u015bnie\u0144skiej (od 1993 \u2013 cz\u0142onek Zarz\u0105du G\u0142\u00f3wnego, 2011\u20132017 \u2013 I Wiceprezes ZG, od 2017 \u2013 Prezes ZG). 1981-1998 \u2013 praca zawodowa w s\u0142u\u017cbie konserwatorskiej wojew\u00f3dztwa kro\u015bnie\u0144skiego (Biuro Bada\u0144 i Dokumentacji Zabytk\u00f3w w Kro\u015bnie oraz Pa\u0144stwowa S\u0142u\u017cba Ochrony Zabytk\u00f3w Oddzia\u0142 Wojew\u00f3dzki w Kro\u015bnie \u2013 [\u2026] <\/p>\n<div class=\"clear\"><\/div>\n<p><a class=\"more_link clearfix\" href=\"https:\/\/pans.krosno.pl\/pracownicy\/tadeusz-lopatkiewicz\/tadeusz-lopatkiewicz-doswiadczenia-pozauczelniane\/\" rel=\"nofollow\">Read More<\/a><\/p>\n","protected":false},"author":27,"featured_media":0,"parent":9721,"menu_order":0,"comment_status":"closed","ping_status":"closed","template":"","meta":{"ngg_post_thumbnail":0,"footnotes":""},"class_list":["post-9728","page","type-page","status-publish","hentry"],"yoast_head":"<!-- This site is optimized with the Yoast SEO Premium plugin v27.4 (Yoast SEO v27.4) - https:\/\/yoast.com\/product\/yoast-seo-premium-wordpress\/ -->\n<title>dr Tadeusz \u0141opatkiewicz \u2013 Do\u015bwiadczenia pozauczelniane - Pracownicy PANS w Kro\u015bnie<\/title>\n<meta name=\"robots\" content=\"index, follow, max-snippet:-1, max-image-preview:large, max-video-preview:-1\" \/>\n<link rel=\"canonical\" href=\"https:\/\/pans.krosno.pl\/pracownicy\/tadeusz-lopatkiewicz\/tadeusz-lopatkiewicz-doswiadczenia-pozauczelniane\/\" \/>\n<meta property=\"og:locale\" content=\"pl_PL\" \/>\n<meta property=\"og:type\" content=\"article\" \/>\n<meta property=\"og:title\" content=\"dr Tadeusz \u0141opatkiewicz \u2013 Do\u015bwiadczenia pozauczelniane\" \/>\n<meta property=\"og:description\" content=\"od 1974 \u2013 cz\u0142onek Stowarzyszenia Mi\u0142o\u015bnik\u00f3w Ziemi Kro\u015bnie\u0144skiej (od 1993 \u2013 cz\u0142onek Zarz\u0105du G\u0142\u00f3wnego, 2011\u20132017 \u2013 I Wiceprezes ZG, od 2017 \u2013 Prezes ZG). 1981-1998 \u2013 praca zawodowa w s\u0142u\u017cbie konserwatorskiej wojew\u00f3dztwa kro\u015bnie\u0144skiego (Biuro Bada\u0144 i Dokumentacji Zabytk\u00f3w w Kro\u015bnie oraz Pa\u0144stwowa S\u0142u\u017cba Ochrony Zabytk\u00f3w Oddzia\u0142 Wojew\u00f3dzki w Kro\u015bnie \u2013 [\u2026] Read More\" \/>\n<meta property=\"og:url\" content=\"https:\/\/pans.krosno.pl\/pracownicy\/tadeusz-lopatkiewicz\/tadeusz-lopatkiewicz-doswiadczenia-pozauczelniane\/\" \/>\n<meta property=\"og:site_name\" content=\"Pracownicy PANS w Kro\u015bnie\" \/>\n<meta property=\"article:modified_time\" content=\"2023-02-01T12:58:51+00:00\" \/>\n<meta name=\"twitter:card\" content=\"summary_large_image\" \/>\n<meta name=\"twitter:label1\" content=\"Szacowany czas czytania\" \/>\n\t<meta name=\"twitter:data1\" content=\"1 minuta\" \/>\n<script type=\"application\/ld+json\" class=\"yoast-schema-graph\">{\"@context\":\"https:\\\/\\\/schema.org\",\"@graph\":[{\"@type\":\"WebPage\",\"@id\":\"https:\\\/\\\/pans.krosno.pl\\\/pracownicy\\\/tadeusz-lopatkiewicz\\\/tadeusz-lopatkiewicz-doswiadczenia-pozauczelniane\\\/\",\"url\":\"https:\\\/\\\/pans.krosno.pl\\\/pracownicy\\\/tadeusz-lopatkiewicz\\\/tadeusz-lopatkiewicz-doswiadczenia-pozauczelniane\\\/\",\"name\":\"dr Tadeusz \u0141opatkiewicz \u2013 Do\u015bwiadczenia pozauczelniane - Pracownicy PANS w Kro\u015bnie\",\"isPartOf\":{\"@id\":\"https:\\\/\\\/pans.krosno.pl\\\/pracownicy\\\/#website\"},\"datePublished\":\"2023-02-01T12:55:08+00:00\",\"dateModified\":\"2023-02-01T12:58:51+00:00\",\"breadcrumb\":{\"@id\":\"https:\\\/\\\/pans.krosno.pl\\\/pracownicy\\\/tadeusz-lopatkiewicz\\\/tadeusz-lopatkiewicz-doswiadczenia-pozauczelniane\\\/#breadcrumb\"},\"inLanguage\":\"pl-PL\",\"potentialAction\":[{\"@type\":\"ReadAction\",\"target\":[\"https:\\\/\\\/pans.krosno.pl\\\/pracownicy\\\/tadeusz-lopatkiewicz\\\/tadeusz-lopatkiewicz-doswiadczenia-pozauczelniane\\\/\"]}]},{\"@type\":\"BreadcrumbList\",\"@id\":\"https:\\\/\\\/pans.krosno.pl\\\/pracownicy\\\/tadeusz-lopatkiewicz\\\/tadeusz-lopatkiewicz-doswiadczenia-pozauczelniane\\\/#breadcrumb\",\"itemListElement\":[{\"@type\":\"ListItem\",\"position\":1,\"name\":\"Strona g\u0142\u00f3wna\",\"item\":\"https:\\\/\\\/pans.krosno.pl\\\/pracownicy\\\/\"},{\"@type\":\"ListItem\",\"position\":2,\"name\":\"dr Tadeusz \u0141opatkiewicz\",\"item\":\"https:\\\/\\\/pans.krosno.pl\\\/pracownicy\\\/tadeusz-lopatkiewicz\\\/\"},{\"@type\":\"ListItem\",\"position\":3,\"name\":\"dr Tadeusz \u0141opatkiewicz \u2013 Do\u015bwiadczenia pozauczelniane\"}]},{\"@type\":\"WebSite\",\"@id\":\"https:\\\/\\\/pans.krosno.pl\\\/pracownicy\\\/#website\",\"url\":\"https:\\\/\\\/pans.krosno.pl\\\/pracownicy\\\/\",\"name\":\"Pracownicy PANS w Kro\u015bnie\",\"description\":\"Pracownicy - Pa\u0144stwowa Akademia Nauk Stosowanych\",\"publisher\":{\"@id\":\"https:\\\/\\\/pans.krosno.pl\\\/pracownicy\\\/#organization\"},\"potentialAction\":[{\"@type\":\"SearchAction\",\"target\":{\"@type\":\"EntryPoint\",\"urlTemplate\":\"https:\\\/\\\/pans.krosno.pl\\\/pracownicy\\\/?s={search_term_string}\"},\"query-input\":{\"@type\":\"PropertyValueSpecification\",\"valueRequired\":true,\"valueName\":\"search_term_string\"}}],\"inLanguage\":\"pl-PL\"},{\"@type\":\"Organization\",\"@id\":\"https:\\\/\\\/pans.krosno.pl\\\/pracownicy\\\/#organization\",\"name\":\"Pracownicy PANS w Kro\u015bnie\",\"url\":\"https:\\\/\\\/pans.krosno.pl\\\/pracownicy\\\/\",\"logo\":{\"@type\":\"ImageObject\",\"inLanguage\":\"pl-PL\",\"@id\":\"https:\\\/\\\/pans.krosno.pl\\\/pracownicy\\\/#\\\/schema\\\/logo\\\/image\\\/\",\"url\":\"https:\\\/\\\/pans.krosno.pl\\\/pracownicy\\\/wp-content\\\/uploads\\\/sites\\\/41\\\/2023\\\/01\\\/Logo-PANS-2022-pelne.png\",\"contentUrl\":\"https:\\\/\\\/pans.krosno.pl\\\/pracownicy\\\/wp-content\\\/uploads\\\/sites\\\/41\\\/2023\\\/01\\\/Logo-PANS-2022-pelne.png\",\"width\":3096,\"height\":696,\"caption\":\"Pracownicy PANS w Kro\u015bnie\"},\"image\":{\"@id\":\"https:\\\/\\\/pans.krosno.pl\\\/pracownicy\\\/#\\\/schema\\\/logo\\\/image\\\/\"}}]}<\/script>\n<!-- \/ Yoast SEO Premium plugin. -->","yoast_head_json":{"title":"dr Tadeusz \u0141opatkiewicz \u2013 Do\u015bwiadczenia pozauczelniane - Pracownicy PANS w Kro\u015bnie","robots":{"index":"index","follow":"follow","max-snippet":"max-snippet:-1","max-image-preview":"max-image-preview:large","max-video-preview":"max-video-preview:-1"},"canonical":"https:\/\/pans.krosno.pl\/pracownicy\/tadeusz-lopatkiewicz\/tadeusz-lopatkiewicz-doswiadczenia-pozauczelniane\/","og_locale":"pl_PL","og_type":"article","og_title":"dr Tadeusz \u0141opatkiewicz \u2013 Do\u015bwiadczenia pozauczelniane","og_description":"od 1974 \u2013 cz\u0142onek Stowarzyszenia Mi\u0142o\u015bnik\u00f3w Ziemi Kro\u015bnie\u0144skiej (od 1993 \u2013 cz\u0142onek Zarz\u0105du G\u0142\u00f3wnego, 2011\u20132017 \u2013 I Wiceprezes ZG, od 2017 \u2013 Prezes ZG). 1981-1998 \u2013 praca zawodowa w s\u0142u\u017cbie konserwatorskiej wojew\u00f3dztwa kro\u015bnie\u0144skiego (Biuro Bada\u0144 i Dokumentacji Zabytk\u00f3w w Kro\u015bnie oraz Pa\u0144stwowa S\u0142u\u017cba Ochrony Zabytk\u00f3w Oddzia\u0142 Wojew\u00f3dzki w Kro\u015bnie \u2013 [\u2026] Read More","og_url":"https:\/\/pans.krosno.pl\/pracownicy\/tadeusz-lopatkiewicz\/tadeusz-lopatkiewicz-doswiadczenia-pozauczelniane\/","og_site_name":"Pracownicy PANS w Kro\u015bnie","article_modified_time":"2023-02-01T12:58:51+00:00","twitter_card":"summary_large_image","twitter_misc":{"Szacowany czas czytania":"1 minuta"},"schema":{"@context":"https:\/\/schema.org","@graph":[{"@type":"WebPage","@id":"https:\/\/pans.krosno.pl\/pracownicy\/tadeusz-lopatkiewicz\/tadeusz-lopatkiewicz-doswiadczenia-pozauczelniane\/","url":"https:\/\/pans.krosno.pl\/pracownicy\/tadeusz-lopatkiewicz\/tadeusz-lopatkiewicz-doswiadczenia-pozauczelniane\/","name":"dr Tadeusz \u0141opatkiewicz \u2013 Do\u015bwiadczenia pozauczelniane - Pracownicy PANS w Kro\u015bnie","isPartOf":{"@id":"https:\/\/pans.krosno.pl\/pracownicy\/#website"},"datePublished":"2023-02-01T12:55:08+00:00","dateModified":"2023-02-01T12:58:51+00:00","breadcrumb":{"@id":"https:\/\/pans.krosno.pl\/pracownicy\/tadeusz-lopatkiewicz\/tadeusz-lopatkiewicz-doswiadczenia-pozauczelniane\/#breadcrumb"},"inLanguage":"pl-PL","potentialAction":[{"@type":"ReadAction","target":["https:\/\/pans.krosno.pl\/pracownicy\/tadeusz-lopatkiewicz\/tadeusz-lopatkiewicz-doswiadczenia-pozauczelniane\/"]}]},{"@type":"BreadcrumbList","@id":"https:\/\/pans.krosno.pl\/pracownicy\/tadeusz-lopatkiewicz\/tadeusz-lopatkiewicz-doswiadczenia-pozauczelniane\/#breadcrumb","itemListElement":[{"@type":"ListItem","position":1,"name":"Strona g\u0142\u00f3wna","item":"https:\/\/pans.krosno.pl\/pracownicy\/"},{"@type":"ListItem","position":2,"name":"dr Tadeusz \u0141opatkiewicz","item":"https:\/\/pans.krosno.pl\/pracownicy\/tadeusz-lopatkiewicz\/"},{"@type":"ListItem","position":3,"name":"dr Tadeusz \u0141opatkiewicz \u2013 Do\u015bwiadczenia pozauczelniane"}]},{"@type":"WebSite","@id":"https:\/\/pans.krosno.pl\/pracownicy\/#website","url":"https:\/\/pans.krosno.pl\/pracownicy\/","name":"Pracownicy PANS w Kro\u015bnie","description":"Pracownicy - Pa\u0144stwowa Akademia Nauk Stosowanych","publisher":{"@id":"https:\/\/pans.krosno.pl\/pracownicy\/#organization"},"potentialAction":[{"@type":"SearchAction","target":{"@type":"EntryPoint","urlTemplate":"https:\/\/pans.krosno.pl\/pracownicy\/?s={search_term_string}"},"query-input":{"@type":"PropertyValueSpecification","valueRequired":true,"valueName":"search_term_string"}}],"inLanguage":"pl-PL"},{"@type":"Organization","@id":"https:\/\/pans.krosno.pl\/pracownicy\/#organization","name":"Pracownicy PANS w Kro\u015bnie","url":"https:\/\/pans.krosno.pl\/pracownicy\/","logo":{"@type":"ImageObject","inLanguage":"pl-PL","@id":"https:\/\/pans.krosno.pl\/pracownicy\/#\/schema\/logo\/image\/","url":"https:\/\/pans.krosno.pl\/pracownicy\/wp-content\/uploads\/sites\/41\/2023\/01\/Logo-PANS-2022-pelne.png","contentUrl":"https:\/\/pans.krosno.pl\/pracownicy\/wp-content\/uploads\/sites\/41\/2023\/01\/Logo-PANS-2022-pelne.png","width":3096,"height":696,"caption":"Pracownicy PANS w Kro\u015bnie"},"image":{"@id":"https:\/\/pans.krosno.pl\/pracownicy\/#\/schema\/logo\/image\/"}}]}},"_links":{"self":[{"href":"https:\/\/pans.krosno.pl\/pracownicy\/wp-json\/wp\/v2\/pages\/9728","targetHints":{"allow":["GET"]}}],"collection":[{"href":"https:\/\/pans.krosno.pl\/pracownicy\/wp-json\/wp\/v2\/pages"}],"about":[{"href":"https:\/\/pans.krosno.pl\/pracownicy\/wp-json\/wp\/v2\/types\/page"}],"author":[{"embeddable":true,"href":"https:\/\/pans.krosno.pl\/pracownicy\/wp-json\/wp\/v2\/users\/27"}],"replies":[{"embeddable":true,"href":"https:\/\/pans.krosno.pl\/pracownicy\/wp-json\/wp\/v2\/comments?post=9728"}],"version-history":[{"count":1,"href":"https:\/\/pans.krosno.pl\/pracownicy\/wp-json\/wp\/v2\/pages\/9728\/revisions"}],"predecessor-version":[{"id":9729,"href":"https:\/\/pans.krosno.pl\/pracownicy\/wp-json\/wp\/v2\/pages\/9728\/revisions\/9729"}],"up":[{"embeddable":true,"href":"https:\/\/pans.krosno.pl\/pracownicy\/wp-json\/wp\/v2\/pages\/9721"}],"wp:attachment":[{"href":"https:\/\/pans.krosno.pl\/pracownicy\/wp-json\/wp\/v2\/media?parent=9728"}],"curies":[{"name":"wp","href":"https:\/\/api.w.org\/{rel}","templated":true}]}}