{"id":9599,"date":"2023-01-16T16:22:49","date_gmt":"2023-01-16T15:22:49","guid":{"rendered":"https:\/\/pans.krosno.pl\/pracownicy\/?page_id=9599"},"modified":"2025-05-15T13:01:59","modified_gmt":"2025-05-15T11:01:59","slug":"anna-ksiazkiewicz-doswiadczenie-pozauczelniane","status":"publish","type":"page","link":"https:\/\/pans.krosno.pl\/pracownicy\/anna-ksiazkiewicz\/anna-ksiazkiewicz-doswiadczenie-pozauczelniane\/","title":{"rendered":"mgr Anna Ksi\u0105\u017ckiewicz &#8211; Do\u015bwiadczenie pozauczelniane"},"content":{"rendered":"\n<p>&#8211; Do\u015bwiadczenie zawodowe zdobywane na stanowisku piel\u0119gniarki w Oddziale Pediatrycznym&nbsp; oraz Poradni Alergologicznej dla Dzieci w Wojew\u00f3dzkim Szpitalu Podkarpackim w Kro\u015bnie.<\/p>\n\n\n\n<p>&#8211; W Szpitalnym Oddziale Dzieci\u0119cym Koordynator promocji zdrowia.<\/p>\n\n\n\n<p>&#8211; Rozpocz\u0119ta specjalizacja w dziedzinie piel\u0119gniarstwa pediatrycznego oraz internistycznego.<\/p>\n\n\n\n<p>&#8211; Zainteresowania zawodowe dotycz\u0105 pediatrii i alergologii.<\/p>\n","protected":false},"excerpt":{"rendered":"<p>&#8211; Do\u015bwiadczenie zawodowe zdobywane na stanowisku piel\u0119gniarki w Oddziale Pediatrycznym&nbsp; oraz Poradni Alergologicznej dla Dzieci w Wojew\u00f3dzkim Szpitalu Podkarpackim w Kro\u015bnie. &#8211; W Szpitalnym Oddziale Dzieci\u0119cym Koordynator promocji zdrowia. &#8211; Rozpocz\u0119ta specjalizacja w dziedzinie piel\u0119gniarstwa pediatrycznego oraz internistycznego. &#8211; Zainteresowania zawodowe dotycz\u0105 pediatrii i alergologii.<\/p>\n","protected":false},"author":27,"featured_media":0,"parent":9589,"menu_order":0,"comment_status":"closed","ping_status":"closed","template":"","meta":{"ngg_post_thumbnail":0,"footnotes":""},"class_list":["post-9599","page","type-page","status-publish","hentry"],"yoast_head":"<!-- This site is optimized with the Yoast SEO Premium plugin v27.3 (Yoast SEO v27.3) - https:\/\/yoast.com\/product\/yoast-seo-premium-wordpress\/ -->\n<title>mgr Anna Ksi\u0105\u017ckiewicz - Do\u015bwiadczenie pozauczelniane - Pracownicy PANS w Kro\u015bnie<\/title>\n<meta name=\"robots\" content=\"index, follow, max-snippet:-1, max-image-preview:large, max-video-preview:-1\" \/>\n<link rel=\"canonical\" href=\"https:\/\/pans.krosno.pl\/pracownicy\/anna-ksiazkiewicz\/anna-ksiazkiewicz-doswiadczenie-pozauczelniane\/\" \/>\n<meta property=\"og:locale\" content=\"pl_PL\" \/>\n<meta property=\"og:type\" content=\"article\" \/>\n<meta property=\"og:title\" content=\"mgr Anna Ksi\u0105\u017ckiewicz - Do\u015bwiadczenie pozauczelniane\" \/>\n<meta property=\"og:description\" content=\"&#8211; Do\u015bwiadczenie zawodowe zdobywane na stanowisku piel\u0119gniarki w Oddziale Pediatrycznym&nbsp; oraz Poradni Alergologicznej dla Dzieci w Wojew\u00f3dzkim Szpitalu Podkarpackim w Kro\u015bnie. &#8211; W Szpitalnym Oddziale Dzieci\u0119cym Koordynator promocji zdrowia. &#8211; Rozpocz\u0119ta specjalizacja w dziedzinie piel\u0119gniarstwa pediatrycznego oraz internistycznego. &#8211; Zainteresowania zawodowe dotycz\u0105 pediatrii i alergologii.\" \/>\n<meta property=\"og:url\" content=\"https:\/\/pans.krosno.pl\/pracownicy\/anna-ksiazkiewicz\/anna-ksiazkiewicz-doswiadczenie-pozauczelniane\/\" \/>\n<meta property=\"og:site_name\" content=\"Pracownicy PANS w Kro\u015bnie\" \/>\n<meta property=\"article:modified_time\" content=\"2025-05-15T11:01:59+00:00\" \/>\n<meta name=\"twitter:card\" content=\"summary_large_image\" \/>\n<meta name=\"twitter:label1\" content=\"Szacowany czas czytania\" \/>\n\t<meta name=\"twitter:data1\" content=\"1 minuta\" \/>\n<script type=\"application\/ld+json\" class=\"yoast-schema-graph\">{\"@context\":\"https:\\\/\\\/schema.org\",\"@graph\":[{\"@type\":\"WebPage\",\"@id\":\"https:\\\/\\\/pans.krosno.pl\\\/pracownicy\\\/anna-ksiazkiewicz\\\/anna-ksiazkiewicz-doswiadczenie-pozauczelniane\\\/\",\"url\":\"https:\\\/\\\/pans.krosno.pl\\\/pracownicy\\\/anna-ksiazkiewicz\\\/anna-ksiazkiewicz-doswiadczenie-pozauczelniane\\\/\",\"name\":\"mgr Anna Ksi\u0105\u017ckiewicz - Do\u015bwiadczenie pozauczelniane - Pracownicy PANS w Kro\u015bnie\",\"isPartOf\":{\"@id\":\"https:\\\/\\\/pans.krosno.pl\\\/pracownicy\\\/#website\"},\"datePublished\":\"2023-01-16T15:22:49+00:00\",\"dateModified\":\"2025-05-15T11:01:59+00:00\",\"breadcrumb\":{\"@id\":\"https:\\\/\\\/pans.krosno.pl\\\/pracownicy\\\/anna-ksiazkiewicz\\\/anna-ksiazkiewicz-doswiadczenie-pozauczelniane\\\/#breadcrumb\"},\"inLanguage\":\"pl-PL\",\"potentialAction\":[{\"@type\":\"ReadAction\",\"target\":[\"https:\\\/\\\/pans.krosno.pl\\\/pracownicy\\\/anna-ksiazkiewicz\\\/anna-ksiazkiewicz-doswiadczenie-pozauczelniane\\\/\"]}]},{\"@type\":\"BreadcrumbList\",\"@id\":\"https:\\\/\\\/pans.krosno.pl\\\/pracownicy\\\/anna-ksiazkiewicz\\\/anna-ksiazkiewicz-doswiadczenie-pozauczelniane\\\/#breadcrumb\",\"itemListElement\":[{\"@type\":\"ListItem\",\"position\":1,\"name\":\"Strona g\u0142\u00f3wna\",\"item\":\"https:\\\/\\\/pans.krosno.pl\\\/pracownicy\\\/\"},{\"@type\":\"ListItem\",\"position\":2,\"name\":\"mgr Anna Ksi\u0105\u017ckiewicz\",\"item\":\"https:\\\/\\\/pans.krosno.pl\\\/pracownicy\\\/anna-ksiazkiewicz\\\/\"},{\"@type\":\"ListItem\",\"position\":3,\"name\":\"mgr Anna Ksi\u0105\u017ckiewicz &#8211; Do\u015bwiadczenie pozauczelniane\"}]},{\"@type\":\"WebSite\",\"@id\":\"https:\\\/\\\/pans.krosno.pl\\\/pracownicy\\\/#website\",\"url\":\"https:\\\/\\\/pans.krosno.pl\\\/pracownicy\\\/\",\"name\":\"Pracownicy PANS w Kro\u015bnie\",\"description\":\"Pracownicy - Pa\u0144stwowa Akademia Nauk Stosowanych\",\"publisher\":{\"@id\":\"https:\\\/\\\/pans.krosno.pl\\\/pracownicy\\\/#organization\"},\"potentialAction\":[{\"@type\":\"SearchAction\",\"target\":{\"@type\":\"EntryPoint\",\"urlTemplate\":\"https:\\\/\\\/pans.krosno.pl\\\/pracownicy\\\/?s={search_term_string}\"},\"query-input\":{\"@type\":\"PropertyValueSpecification\",\"valueRequired\":true,\"valueName\":\"search_term_string\"}}],\"inLanguage\":\"pl-PL\"},{\"@type\":\"Organization\",\"@id\":\"https:\\\/\\\/pans.krosno.pl\\\/pracownicy\\\/#organization\",\"name\":\"Pracownicy PANS w Kro\u015bnie\",\"url\":\"https:\\\/\\\/pans.krosno.pl\\\/pracownicy\\\/\",\"logo\":{\"@type\":\"ImageObject\",\"inLanguage\":\"pl-PL\",\"@id\":\"https:\\\/\\\/pans.krosno.pl\\\/pracownicy\\\/#\\\/schema\\\/logo\\\/image\\\/\",\"url\":\"https:\\\/\\\/pans.krosno.pl\\\/pracownicy\\\/wp-content\\\/uploads\\\/sites\\\/41\\\/2023\\\/01\\\/Logo-PANS-2022-pelne.png\",\"contentUrl\":\"https:\\\/\\\/pans.krosno.pl\\\/pracownicy\\\/wp-content\\\/uploads\\\/sites\\\/41\\\/2023\\\/01\\\/Logo-PANS-2022-pelne.png\",\"width\":3096,\"height\":696,\"caption\":\"Pracownicy PANS w Kro\u015bnie\"},\"image\":{\"@id\":\"https:\\\/\\\/pans.krosno.pl\\\/pracownicy\\\/#\\\/schema\\\/logo\\\/image\\\/\"}}]}<\/script>\n<!-- \/ Yoast SEO Premium plugin. -->","yoast_head_json":{"title":"mgr Anna Ksi\u0105\u017ckiewicz - Do\u015bwiadczenie pozauczelniane - Pracownicy PANS w Kro\u015bnie","robots":{"index":"index","follow":"follow","max-snippet":"max-snippet:-1","max-image-preview":"max-image-preview:large","max-video-preview":"max-video-preview:-1"},"canonical":"https:\/\/pans.krosno.pl\/pracownicy\/anna-ksiazkiewicz\/anna-ksiazkiewicz-doswiadczenie-pozauczelniane\/","og_locale":"pl_PL","og_type":"article","og_title":"mgr Anna Ksi\u0105\u017ckiewicz - Do\u015bwiadczenie pozauczelniane","og_description":"&#8211; Do\u015bwiadczenie zawodowe zdobywane na stanowisku piel\u0119gniarki w Oddziale Pediatrycznym&nbsp; oraz Poradni Alergologicznej dla Dzieci w Wojew\u00f3dzkim Szpitalu Podkarpackim w Kro\u015bnie. &#8211; W Szpitalnym Oddziale Dzieci\u0119cym Koordynator promocji zdrowia. &#8211; Rozpocz\u0119ta specjalizacja w dziedzinie piel\u0119gniarstwa pediatrycznego oraz internistycznego. &#8211; Zainteresowania zawodowe dotycz\u0105 pediatrii i alergologii.","og_url":"https:\/\/pans.krosno.pl\/pracownicy\/anna-ksiazkiewicz\/anna-ksiazkiewicz-doswiadczenie-pozauczelniane\/","og_site_name":"Pracownicy PANS w Kro\u015bnie","article_modified_time":"2025-05-15T11:01:59+00:00","twitter_card":"summary_large_image","twitter_misc":{"Szacowany czas czytania":"1 minuta"},"schema":{"@context":"https:\/\/schema.org","@graph":[{"@type":"WebPage","@id":"https:\/\/pans.krosno.pl\/pracownicy\/anna-ksiazkiewicz\/anna-ksiazkiewicz-doswiadczenie-pozauczelniane\/","url":"https:\/\/pans.krosno.pl\/pracownicy\/anna-ksiazkiewicz\/anna-ksiazkiewicz-doswiadczenie-pozauczelniane\/","name":"mgr Anna Ksi\u0105\u017ckiewicz - Do\u015bwiadczenie pozauczelniane - Pracownicy PANS w Kro\u015bnie","isPartOf":{"@id":"https:\/\/pans.krosno.pl\/pracownicy\/#website"},"datePublished":"2023-01-16T15:22:49+00:00","dateModified":"2025-05-15T11:01:59+00:00","breadcrumb":{"@id":"https:\/\/pans.krosno.pl\/pracownicy\/anna-ksiazkiewicz\/anna-ksiazkiewicz-doswiadczenie-pozauczelniane\/#breadcrumb"},"inLanguage":"pl-PL","potentialAction":[{"@type":"ReadAction","target":["https:\/\/pans.krosno.pl\/pracownicy\/anna-ksiazkiewicz\/anna-ksiazkiewicz-doswiadczenie-pozauczelniane\/"]}]},{"@type":"BreadcrumbList","@id":"https:\/\/pans.krosno.pl\/pracownicy\/anna-ksiazkiewicz\/anna-ksiazkiewicz-doswiadczenie-pozauczelniane\/#breadcrumb","itemListElement":[{"@type":"ListItem","position":1,"name":"Strona g\u0142\u00f3wna","item":"https:\/\/pans.krosno.pl\/pracownicy\/"},{"@type":"ListItem","position":2,"name":"mgr Anna Ksi\u0105\u017ckiewicz","item":"https:\/\/pans.krosno.pl\/pracownicy\/anna-ksiazkiewicz\/"},{"@type":"ListItem","position":3,"name":"mgr Anna Ksi\u0105\u017ckiewicz &#8211; Do\u015bwiadczenie pozauczelniane"}]},{"@type":"WebSite","@id":"https:\/\/pans.krosno.pl\/pracownicy\/#website","url":"https:\/\/pans.krosno.pl\/pracownicy\/","name":"Pracownicy PANS w Kro\u015bnie","description":"Pracownicy - Pa\u0144stwowa Akademia Nauk Stosowanych","publisher":{"@id":"https:\/\/pans.krosno.pl\/pracownicy\/#organization"},"potentialAction":[{"@type":"SearchAction","target":{"@type":"EntryPoint","urlTemplate":"https:\/\/pans.krosno.pl\/pracownicy\/?s={search_term_string}"},"query-input":{"@type":"PropertyValueSpecification","valueRequired":true,"valueName":"search_term_string"}}],"inLanguage":"pl-PL"},{"@type":"Organization","@id":"https:\/\/pans.krosno.pl\/pracownicy\/#organization","name":"Pracownicy PANS w Kro\u015bnie","url":"https:\/\/pans.krosno.pl\/pracownicy\/","logo":{"@type":"ImageObject","inLanguage":"pl-PL","@id":"https:\/\/pans.krosno.pl\/pracownicy\/#\/schema\/logo\/image\/","url":"https:\/\/pans.krosno.pl\/pracownicy\/wp-content\/uploads\/sites\/41\/2023\/01\/Logo-PANS-2022-pelne.png","contentUrl":"https:\/\/pans.krosno.pl\/pracownicy\/wp-content\/uploads\/sites\/41\/2023\/01\/Logo-PANS-2022-pelne.png","width":3096,"height":696,"caption":"Pracownicy PANS w Kro\u015bnie"},"image":{"@id":"https:\/\/pans.krosno.pl\/pracownicy\/#\/schema\/logo\/image\/"}}]}},"_links":{"self":[{"href":"https:\/\/pans.krosno.pl\/pracownicy\/wp-json\/wp\/v2\/pages\/9599","targetHints":{"allow":["GET"]}}],"collection":[{"href":"https:\/\/pans.krosno.pl\/pracownicy\/wp-json\/wp\/v2\/pages"}],"about":[{"href":"https:\/\/pans.krosno.pl\/pracownicy\/wp-json\/wp\/v2\/types\/page"}],"author":[{"embeddable":true,"href":"https:\/\/pans.krosno.pl\/pracownicy\/wp-json\/wp\/v2\/users\/27"}],"replies":[{"embeddable":true,"href":"https:\/\/pans.krosno.pl\/pracownicy\/wp-json\/wp\/v2\/comments?post=9599"}],"version-history":[{"count":1,"href":"https:\/\/pans.krosno.pl\/pracownicy\/wp-json\/wp\/v2\/pages\/9599\/revisions"}],"predecessor-version":[{"id":9600,"href":"https:\/\/pans.krosno.pl\/pracownicy\/wp-json\/wp\/v2\/pages\/9599\/revisions\/9600"}],"up":[{"embeddable":true,"href":"https:\/\/pans.krosno.pl\/pracownicy\/wp-json\/wp\/v2\/pages\/9589"}],"wp:attachment":[{"href":"https:\/\/pans.krosno.pl\/pracownicy\/wp-json\/wp\/v2\/media?parent=9599"}],"curies":[{"name":"wp","href":"https:\/\/api.w.org\/{rel}","templated":true}]}}