{"id":9049,"date":"2021-04-06T13:07:01","date_gmt":"2021-04-06T11:07:01","guid":{"rendered":"https:\/\/pans.krosno.pl\/pracownicy\/?page_id=9049"},"modified":"2021-04-06T13:16:31","modified_gmt":"2021-04-06T11:16:31","slug":"zyciorys-naukowy","status":"publish","type":"page","link":"https:\/\/pans.krosno.pl\/pracownicy\/anna-ksykiewicz-dorota\/zyciorys-naukowy\/","title":{"rendered":"\u017byciorys naukowy"},"content":{"rendered":"\n<p><strong>\u017byciorys naukowy:<\/strong> Prodziekan Wydzia\u0142u Nauk o Zdrowiu Uniwersytetu Medycznego w Lublinie (2012-2020). Kierownik Katedry i Zak\u0142adu Zarz\u0105dzania WNoZ UM (1990-2020).Pracownik naukowo-dydaktyczny od 1977. Absolwentka lubelskiego Wydzia\u0142u Piel\u0119gniarskiego Akademii Medycznej w Lublinie (1977). Doktorat (1987) oraz stopie\u0144 doktora habilitowanego nauk medycznych (1999) \u2013 Wydzia\u0142 Lekarski AM w Lublinie. Od 2002 \u2013 2020 zatrudnienie na stanowisku profesora nadzwyczajnego UM.<\/p>\n\n\n\n<p><strong><em>Specjalizacje:<\/em><\/strong><em> <\/em>I<sup>o<\/sup> medycyna &nbsp;spo\u0142eczna; zdrowie publiczne.<\/p>\n\n\n\n<p><strong><em>Podyplomowe Studia Ekonomiczne<\/em><\/strong><em>: <\/em>kierunek menad\u017cerski dla kadry kierowniczej zak\u0142ad\u00f3w opieki zdrowotnej.<\/p>\n\n\n\n<p><strong><em>Granty:<\/em><\/strong> &nbsp;2009 \u2013 2011 &#8211; cz\u0142onek Mi\u0119dzynarodowego Zespo\u0142u Badawczego: Nurse Forecasting: Human Resources Planning in Nursing (RN4CAST) \u2013 Health \u2013 2007-3.2.4 Health Care Human Resources Planning in Nursing. Proposal EU-FRAME WORK.<\/p>\n\n\n\n<p>2017 \u2013 2020 we wsp\u00f3\u0142pracy Deutsche Gesetzliche Unfallversicherung e.V. DGUV \u2013 ekspert ds. opracowania modelu kszta\u0142cenia specjalisty Zarz\u0105dzania Rehabilitacj\u0105.<\/p>\n\n\n\n<p>Udzia\u0142 w grancie UE: Medfuture \u2013 medyczne zawody przysz\u0142o\u015bci (2011 \u2013 2013). &nbsp;&nbsp;&nbsp;<\/p>\n\n\n\n<p><strong><em>Dorobek naukowy<\/em><\/strong><strong>:<\/strong> Artyku\u0142y w czasopismach naukowych, monografie oraz doniesienia na konferencjach mi\u0119dzynarodowych i krajowych, wg Biblioteki G\u0142\u00f3wnej UM w Lublinie na 30.09.2020 r. opublikowano: <strong><em>421 prac o \u0142\u0105cznej punktacji 18,121 IF; 1192,00 PK.<\/em> <\/strong><strong><em>Zagraniczne sta\u017ce:<\/em><\/strong><em> <\/em>Projekt UE Health and Europen Enlargement: enhancement of accession preparatory activities in Poland (Holandia, Leiden, Centrum Zdrowia Publicznego). Szkolenie finansowane z Banku \u015awiatowego: Nowe trendy w opiece nad pacjentem (Francja, Centrum Onkologii im. Marii i Piotra Curie w Pary\u017cu).<\/p>\n\n\n\n<p><strong><em>Rozw\u00f3j kadry naukowej<\/em><\/strong><em>:<\/em> Promotor 20 obronionych prac doktorskich; oraz ponad 100 magisterskich, Recenzent 10 prac doktorskich, 5 prac habilitacyjnych.<\/p>\n","protected":false},"excerpt":{"rendered":"<p>\u017byciorys naukowy: Prodziekan Wydzia\u0142u Nauk o Zdrowiu Uniwersytetu Medycznego w Lublinie (2012-2020). Kierownik Katedry i Zak\u0142adu Zarz\u0105dzania WNoZ UM (1990-2020).Pracownik naukowo-dydaktyczny od 1977. Absolwentka lubelskiego Wydzia\u0142u Piel\u0119gniarskiego Akademii Medycznej w Lublinie (1977). Doktorat (1987) oraz stopie\u0144 doktora habilitowanego nauk medycznych (1999) \u2013 Wydzia\u0142 Lekarski AM w Lublinie. Od 2002 \u2013 [\u2026] <\/p>\n<div class=\"clear\"><\/div>\n<p><a class=\"more_link clearfix\" href=\"https:\/\/pans.krosno.pl\/pracownicy\/anna-ksykiewicz-dorota\/zyciorys-naukowy\/\" rel=\"nofollow\">Read More<\/a><\/p>\n","protected":false},"author":27,"featured_media":0,"parent":9048,"menu_order":0,"comment_status":"closed","ping_status":"closed","template":"","meta":{"ngg_post_thumbnail":0,"footnotes":""},"class_list":["post-9049","page","type-page","status-publish","hentry"],"yoast_head":"<!-- This site is optimized with the Yoast SEO Premium plugin v27.3 (Yoast SEO v27.3) - https:\/\/yoast.com\/product\/yoast-seo-premium-wordpress\/ -->\n<title>\u017byciorys naukowy - Pracownicy PANS w Kro\u015bnie<\/title>\n<meta name=\"robots\" content=\"index, follow, max-snippet:-1, max-image-preview:large, max-video-preview:-1\" \/>\n<link rel=\"canonical\" href=\"https:\/\/pans.krosno.pl\/pracownicy\/anna-ksykiewicz-dorota\/zyciorys-naukowy\/\" \/>\n<meta property=\"og:locale\" content=\"pl_PL\" \/>\n<meta property=\"og:type\" content=\"article\" \/>\n<meta property=\"og:title\" content=\"\u017byciorys naukowy\" \/>\n<meta property=\"og:description\" content=\"\u017byciorys naukowy: Prodziekan Wydzia\u0142u Nauk o Zdrowiu Uniwersytetu Medycznego w Lublinie (2012-2020). Kierownik Katedry i Zak\u0142adu Zarz\u0105dzania WNoZ UM (1990-2020).Pracownik naukowo-dydaktyczny od 1977. Absolwentka lubelskiego Wydzia\u0142u Piel\u0119gniarskiego Akademii Medycznej w Lublinie (1977). Doktorat (1987) oraz stopie\u0144 doktora habilitowanego nauk medycznych (1999) \u2013 Wydzia\u0142 Lekarski AM w Lublinie. Od 2002 \u2013 [\u2026] Read More\" \/>\n<meta property=\"og:url\" content=\"https:\/\/pans.krosno.pl\/pracownicy\/anna-ksykiewicz-dorota\/zyciorys-naukowy\/\" \/>\n<meta property=\"og:site_name\" content=\"Pracownicy PANS w Kro\u015bnie\" \/>\n<meta property=\"article:modified_time\" content=\"2021-04-06T11:16:31+00:00\" \/>\n<meta name=\"twitter:card\" content=\"summary_large_image\" \/>\n<meta name=\"twitter:label1\" content=\"Szacowany czas czytania\" \/>\n\t<meta name=\"twitter:data1\" content=\"1 minuta\" \/>\n<script type=\"application\/ld+json\" class=\"yoast-schema-graph\">{\"@context\":\"https:\\\/\\\/schema.org\",\"@graph\":[{\"@type\":\"WebPage\",\"@id\":\"https:\\\/\\\/pans.krosno.pl\\\/pracownicy\\\/anna-ksykiewicz-dorota\\\/zyciorys-naukowy\\\/\",\"url\":\"https:\\\/\\\/pans.krosno.pl\\\/pracownicy\\\/anna-ksykiewicz-dorota\\\/zyciorys-naukowy\\\/\",\"name\":\"\u017byciorys naukowy - Pracownicy PANS w Kro\u015bnie\",\"isPartOf\":{\"@id\":\"https:\\\/\\\/pans.krosno.pl\\\/pracownicy\\\/#website\"},\"datePublished\":\"2021-04-06T11:07:01+00:00\",\"dateModified\":\"2021-04-06T11:16:31+00:00\",\"breadcrumb\":{\"@id\":\"https:\\\/\\\/pans.krosno.pl\\\/pracownicy\\\/anna-ksykiewicz-dorota\\\/zyciorys-naukowy\\\/#breadcrumb\"},\"inLanguage\":\"pl-PL\",\"potentialAction\":[{\"@type\":\"ReadAction\",\"target\":[\"https:\\\/\\\/pans.krosno.pl\\\/pracownicy\\\/anna-ksykiewicz-dorota\\\/zyciorys-naukowy\\\/\"]}]},{\"@type\":\"BreadcrumbList\",\"@id\":\"https:\\\/\\\/pans.krosno.pl\\\/pracownicy\\\/anna-ksykiewicz-dorota\\\/zyciorys-naukowy\\\/#breadcrumb\",\"itemListElement\":[{\"@type\":\"ListItem\",\"position\":1,\"name\":\"Strona g\u0142\u00f3wna\",\"item\":\"https:\\\/\\\/pans.krosno.pl\\\/pracownicy\\\/\"},{\"@type\":\"ListItem\",\"position\":2,\"name\":\"Ksykiewicz-Dorota Anna\",\"item\":\"https:\\\/\\\/pans.krosno.pl\\\/pracownicy\\\/anna-ksykiewicz-dorota\\\/\"},{\"@type\":\"ListItem\",\"position\":3,\"name\":\"\u017byciorys naukowy\"}]},{\"@type\":\"WebSite\",\"@id\":\"https:\\\/\\\/pans.krosno.pl\\\/pracownicy\\\/#website\",\"url\":\"https:\\\/\\\/pans.krosno.pl\\\/pracownicy\\\/\",\"name\":\"Pracownicy PANS w Kro\u015bnie\",\"description\":\"Pracownicy - Pa\u0144stwowa Akademia Nauk Stosowanych\",\"publisher\":{\"@id\":\"https:\\\/\\\/pans.krosno.pl\\\/pracownicy\\\/#organization\"},\"potentialAction\":[{\"@type\":\"SearchAction\",\"target\":{\"@type\":\"EntryPoint\",\"urlTemplate\":\"https:\\\/\\\/pans.krosno.pl\\\/pracownicy\\\/?s={search_term_string}\"},\"query-input\":{\"@type\":\"PropertyValueSpecification\",\"valueRequired\":true,\"valueName\":\"search_term_string\"}}],\"inLanguage\":\"pl-PL\"},{\"@type\":\"Organization\",\"@id\":\"https:\\\/\\\/pans.krosno.pl\\\/pracownicy\\\/#organization\",\"name\":\"Pracownicy PANS w Kro\u015bnie\",\"url\":\"https:\\\/\\\/pans.krosno.pl\\\/pracownicy\\\/\",\"logo\":{\"@type\":\"ImageObject\",\"inLanguage\":\"pl-PL\",\"@id\":\"https:\\\/\\\/pans.krosno.pl\\\/pracownicy\\\/#\\\/schema\\\/logo\\\/image\\\/\",\"url\":\"https:\\\/\\\/pans.krosno.pl\\\/pracownicy\\\/wp-content\\\/uploads\\\/sites\\\/41\\\/2023\\\/01\\\/Logo-PANS-2022-pelne.png\",\"contentUrl\":\"https:\\\/\\\/pans.krosno.pl\\\/pracownicy\\\/wp-content\\\/uploads\\\/sites\\\/41\\\/2023\\\/01\\\/Logo-PANS-2022-pelne.png\",\"width\":3096,\"height\":696,\"caption\":\"Pracownicy PANS w Kro\u015bnie\"},\"image\":{\"@id\":\"https:\\\/\\\/pans.krosno.pl\\\/pracownicy\\\/#\\\/schema\\\/logo\\\/image\\\/\"}}]}<\/script>\n<!-- \/ Yoast SEO Premium plugin. -->","yoast_head_json":{"title":"\u017byciorys naukowy - Pracownicy PANS w Kro\u015bnie","robots":{"index":"index","follow":"follow","max-snippet":"max-snippet:-1","max-image-preview":"max-image-preview:large","max-video-preview":"max-video-preview:-1"},"canonical":"https:\/\/pans.krosno.pl\/pracownicy\/anna-ksykiewicz-dorota\/zyciorys-naukowy\/","og_locale":"pl_PL","og_type":"article","og_title":"\u017byciorys naukowy","og_description":"\u017byciorys naukowy: Prodziekan Wydzia\u0142u Nauk o Zdrowiu Uniwersytetu Medycznego w Lublinie (2012-2020). Kierownik Katedry i Zak\u0142adu Zarz\u0105dzania WNoZ UM (1990-2020).Pracownik naukowo-dydaktyczny od 1977. Absolwentka lubelskiego Wydzia\u0142u Piel\u0119gniarskiego Akademii Medycznej w Lublinie (1977). Doktorat (1987) oraz stopie\u0144 doktora habilitowanego nauk medycznych (1999) \u2013 Wydzia\u0142 Lekarski AM w Lublinie. Od 2002 \u2013 [\u2026] Read More","og_url":"https:\/\/pans.krosno.pl\/pracownicy\/anna-ksykiewicz-dorota\/zyciorys-naukowy\/","og_site_name":"Pracownicy PANS w Kro\u015bnie","article_modified_time":"2021-04-06T11:16:31+00:00","twitter_card":"summary_large_image","twitter_misc":{"Szacowany czas czytania":"1 minuta"},"schema":{"@context":"https:\/\/schema.org","@graph":[{"@type":"WebPage","@id":"https:\/\/pans.krosno.pl\/pracownicy\/anna-ksykiewicz-dorota\/zyciorys-naukowy\/","url":"https:\/\/pans.krosno.pl\/pracownicy\/anna-ksykiewicz-dorota\/zyciorys-naukowy\/","name":"\u017byciorys naukowy - Pracownicy PANS w Kro\u015bnie","isPartOf":{"@id":"https:\/\/pans.krosno.pl\/pracownicy\/#website"},"datePublished":"2021-04-06T11:07:01+00:00","dateModified":"2021-04-06T11:16:31+00:00","breadcrumb":{"@id":"https:\/\/pans.krosno.pl\/pracownicy\/anna-ksykiewicz-dorota\/zyciorys-naukowy\/#breadcrumb"},"inLanguage":"pl-PL","potentialAction":[{"@type":"ReadAction","target":["https:\/\/pans.krosno.pl\/pracownicy\/anna-ksykiewicz-dorota\/zyciorys-naukowy\/"]}]},{"@type":"BreadcrumbList","@id":"https:\/\/pans.krosno.pl\/pracownicy\/anna-ksykiewicz-dorota\/zyciorys-naukowy\/#breadcrumb","itemListElement":[{"@type":"ListItem","position":1,"name":"Strona g\u0142\u00f3wna","item":"https:\/\/pans.krosno.pl\/pracownicy\/"},{"@type":"ListItem","position":2,"name":"Ksykiewicz-Dorota Anna","item":"https:\/\/pans.krosno.pl\/pracownicy\/anna-ksykiewicz-dorota\/"},{"@type":"ListItem","position":3,"name":"\u017byciorys naukowy"}]},{"@type":"WebSite","@id":"https:\/\/pans.krosno.pl\/pracownicy\/#website","url":"https:\/\/pans.krosno.pl\/pracownicy\/","name":"Pracownicy PANS w Kro\u015bnie","description":"Pracownicy - Pa\u0144stwowa Akademia Nauk Stosowanych","publisher":{"@id":"https:\/\/pans.krosno.pl\/pracownicy\/#organization"},"potentialAction":[{"@type":"SearchAction","target":{"@type":"EntryPoint","urlTemplate":"https:\/\/pans.krosno.pl\/pracownicy\/?s={search_term_string}"},"query-input":{"@type":"PropertyValueSpecification","valueRequired":true,"valueName":"search_term_string"}}],"inLanguage":"pl-PL"},{"@type":"Organization","@id":"https:\/\/pans.krosno.pl\/pracownicy\/#organization","name":"Pracownicy PANS w Kro\u015bnie","url":"https:\/\/pans.krosno.pl\/pracownicy\/","logo":{"@type":"ImageObject","inLanguage":"pl-PL","@id":"https:\/\/pans.krosno.pl\/pracownicy\/#\/schema\/logo\/image\/","url":"https:\/\/pans.krosno.pl\/pracownicy\/wp-content\/uploads\/sites\/41\/2023\/01\/Logo-PANS-2022-pelne.png","contentUrl":"https:\/\/pans.krosno.pl\/pracownicy\/wp-content\/uploads\/sites\/41\/2023\/01\/Logo-PANS-2022-pelne.png","width":3096,"height":696,"caption":"Pracownicy PANS w Kro\u015bnie"},"image":{"@id":"https:\/\/pans.krosno.pl\/pracownicy\/#\/schema\/logo\/image\/"}}]}},"_links":{"self":[{"href":"https:\/\/pans.krosno.pl\/pracownicy\/wp-json\/wp\/v2\/pages\/9049","targetHints":{"allow":["GET"]}}],"collection":[{"href":"https:\/\/pans.krosno.pl\/pracownicy\/wp-json\/wp\/v2\/pages"}],"about":[{"href":"https:\/\/pans.krosno.pl\/pracownicy\/wp-json\/wp\/v2\/types\/page"}],"author":[{"embeddable":true,"href":"https:\/\/pans.krosno.pl\/pracownicy\/wp-json\/wp\/v2\/users\/27"}],"replies":[{"embeddable":true,"href":"https:\/\/pans.krosno.pl\/pracownicy\/wp-json\/wp\/v2\/comments?post=9049"}],"version-history":[{"count":1,"href":"https:\/\/pans.krosno.pl\/pracownicy\/wp-json\/wp\/v2\/pages\/9049\/revisions"}],"predecessor-version":[{"id":9050,"href":"https:\/\/pans.krosno.pl\/pracownicy\/wp-json\/wp\/v2\/pages\/9049\/revisions\/9050"}],"up":[{"embeddable":true,"href":"https:\/\/pans.krosno.pl\/pracownicy\/wp-json\/wp\/v2\/pages\/9048"}],"wp:attachment":[{"href":"https:\/\/pans.krosno.pl\/pracownicy\/wp-json\/wp\/v2\/media?parent=9049"}],"curies":[{"name":"wp","href":"https:\/\/api.w.org\/{rel}","templated":true}]}}