{"id":669,"date":"2020-03-30T15:59:50","date_gmt":"2020-03-30T13:59:50","guid":{"rendered":"https:\/\/pans.krosno.pl\/pracownicy\/?page_id=669"},"modified":"2025-05-20T13:47:27","modified_gmt":"2025-05-20T11:47:27","slug":"lucyna-szajna-najwazniejsze-publikacje","status":"publish","type":"page","link":"https:\/\/pans.krosno.pl\/pracownicy\/lucyna-szajna\/lucyna-szajna-najwazniejsze-publikacje\/","title":{"rendered":"mgr Lucyna Szajna &#8211; Najwa\u017cniejsze publikacje"},"content":{"rendered":"<hr>\n<p><strong>Jest autorem i wsp\u00f3\u0142autorem: monografii, oraz artyku\u0142\u00f3w naukowych z zakresu kultury fizycznej<\/strong><\/p>\n<ul>\n<li>Szajna G., Szajna L., Sylwetki sportowc\u00f3w Podkarpacia medalist\u00f3w igrzysk olimpijskich w sportach walki w latach 1948-1988,&nbsp; PWSZ Krosno.<\/li>\n<li>Szajna G, Szajna L.&nbsp; Podr\u0119cznik \u0107wicze\u0144 z partnerem, Zeszyt nr 69, Prace&nbsp; Naukowo- Dydaktyczne PWSZ&nbsp; Krosno.<\/li>\n<li>Szajna L., Szajna G. Zarys szermierki&nbsp; sportowej w regionie wschodniej S\u0142owacji w XIX-XX wieku, Sport i Turystyka, \u015arodkowoeuropejskie Czasopismo Naukowe,&nbsp; Uniwersytet&nbsp; Humanistyczno-Przyrodniczy&nbsp; w Cz\u0119stochowie, t 1, nr 1, s. 29-41.zyrodniczy&nbsp; w Cz\u0119stochowie, t 1, nr 1, s. 29-41.<\/li>\n<\/ul>\n<hr>\n<p>&nbsp;<\/p>\n","protected":false},"excerpt":{"rendered":"<p>Jest autorem i wsp\u00f3\u0142autorem: monografii, oraz artyku\u0142\u00f3w naukowych z zakresu kultury fizycznej Szajna G., Szajna L., Sylwetki sportowc\u00f3w Podkarpacia medalist\u00f3w igrzysk olimpijskich w sportach walki w latach 1948-1988,&nbsp; PWSZ Krosno. Szajna G, Szajna L.&nbsp; Podr\u0119cznik \u0107wicze\u0144 z partnerem, Zeszyt nr 69, Prace&nbsp; Naukowo- Dydaktyczne PWSZ&nbsp; Krosno. Szajna L., Szajna G. [\u2026] <\/p>\n<div class=\"clear\"><\/div>\n<p><a class=\"more_link clearfix\" href=\"https:\/\/pans.krosno.pl\/pracownicy\/lucyna-szajna\/lucyna-szajna-najwazniejsze-publikacje\/\" rel=\"nofollow\">Read More<\/a><\/p>\n","protected":false},"author":36,"featured_media":0,"parent":662,"menu_order":0,"comment_status":"closed","ping_status":"closed","template":"","meta":{"ngg_post_thumbnail":0,"footnotes":""},"class_list":["post-669","page","type-page","status-publish","hentry"],"yoast_head":"<!-- This site is optimized with the Yoast SEO Premium plugin v27.3 (Yoast SEO v27.3) - https:\/\/yoast.com\/product\/yoast-seo-premium-wordpress\/ -->\n<title>mgr Lucyna Szajna - Najwa\u017cniejsze publikacje - Pracownicy PANS w Kro\u015bnie<\/title>\n<meta name=\"robots\" content=\"index, follow, max-snippet:-1, max-image-preview:large, max-video-preview:-1\" \/>\n<link rel=\"canonical\" href=\"https:\/\/pans.krosno.pl\/pracownicy\/lucyna-szajna\/lucyna-szajna-najwazniejsze-publikacje\/\" \/>\n<meta property=\"og:locale\" content=\"pl_PL\" \/>\n<meta property=\"og:type\" content=\"article\" \/>\n<meta property=\"og:title\" content=\"mgr Lucyna Szajna - Najwa\u017cniejsze publikacje\" \/>\n<meta property=\"og:description\" content=\"Jest autorem i wsp\u00f3\u0142autorem: monografii, oraz artyku\u0142\u00f3w naukowych z zakresu kultury fizycznej Szajna G., Szajna L., Sylwetki sportowc\u00f3w Podkarpacia medalist\u00f3w igrzysk olimpijskich w sportach walki w latach 1948-1988,&nbsp; PWSZ Krosno. Szajna G, Szajna L.&nbsp; Podr\u0119cznik \u0107wicze\u0144 z partnerem, Zeszyt nr 69, Prace&nbsp; Naukowo- Dydaktyczne PWSZ&nbsp; Krosno. Szajna L., Szajna G. [\u2026] Read More\" \/>\n<meta property=\"og:url\" content=\"https:\/\/pans.krosno.pl\/pracownicy\/lucyna-szajna\/lucyna-szajna-najwazniejsze-publikacje\/\" \/>\n<meta property=\"og:site_name\" content=\"Pracownicy PANS w Kro\u015bnie\" \/>\n<meta property=\"article:modified_time\" content=\"2025-05-20T11:47:27+00:00\" \/>\n<meta name=\"twitter:card\" content=\"summary_large_image\" \/>\n<meta name=\"twitter:label1\" content=\"Szacowany czas czytania\" \/>\n\t<meta name=\"twitter:data1\" content=\"1 minuta\" \/>\n<script type=\"application\/ld+json\" class=\"yoast-schema-graph\">{\"@context\":\"https:\\\/\\\/schema.org\",\"@graph\":[{\"@type\":\"WebPage\",\"@id\":\"https:\\\/\\\/pans.krosno.pl\\\/pracownicy\\\/lucyna-szajna\\\/lucyna-szajna-najwazniejsze-publikacje\\\/\",\"url\":\"https:\\\/\\\/pans.krosno.pl\\\/pracownicy\\\/lucyna-szajna\\\/lucyna-szajna-najwazniejsze-publikacje\\\/\",\"name\":\"mgr Lucyna Szajna - Najwa\u017cniejsze publikacje - Pracownicy PANS w Kro\u015bnie\",\"isPartOf\":{\"@id\":\"https:\\\/\\\/pans.krosno.pl\\\/pracownicy\\\/#website\"},\"datePublished\":\"2020-03-30T13:59:50+00:00\",\"dateModified\":\"2025-05-20T11:47:27+00:00\",\"breadcrumb\":{\"@id\":\"https:\\\/\\\/pans.krosno.pl\\\/pracownicy\\\/lucyna-szajna\\\/lucyna-szajna-najwazniejsze-publikacje\\\/#breadcrumb\"},\"inLanguage\":\"pl-PL\",\"potentialAction\":[{\"@type\":\"ReadAction\",\"target\":[\"https:\\\/\\\/pans.krosno.pl\\\/pracownicy\\\/lucyna-szajna\\\/lucyna-szajna-najwazniejsze-publikacje\\\/\"]}]},{\"@type\":\"BreadcrumbList\",\"@id\":\"https:\\\/\\\/pans.krosno.pl\\\/pracownicy\\\/lucyna-szajna\\\/lucyna-szajna-najwazniejsze-publikacje\\\/#breadcrumb\",\"itemListElement\":[{\"@type\":\"ListItem\",\"position\":1,\"name\":\"Strona g\u0142\u00f3wna\",\"item\":\"https:\\\/\\\/pans.krosno.pl\\\/pracownicy\\\/\"},{\"@type\":\"ListItem\",\"position\":2,\"name\":\"mgr Lucyna Szajna\",\"item\":\"https:\\\/\\\/pans.krosno.pl\\\/pracownicy\\\/lucyna-szajna\\\/\"},{\"@type\":\"ListItem\",\"position\":3,\"name\":\"mgr Lucyna Szajna &#8211; Najwa\u017cniejsze publikacje\"}]},{\"@type\":\"WebSite\",\"@id\":\"https:\\\/\\\/pans.krosno.pl\\\/pracownicy\\\/#website\",\"url\":\"https:\\\/\\\/pans.krosno.pl\\\/pracownicy\\\/\",\"name\":\"Pracownicy PANS w Kro\u015bnie\",\"description\":\"Pracownicy - Pa\u0144stwowa Akademia Nauk Stosowanych\",\"publisher\":{\"@id\":\"https:\\\/\\\/pans.krosno.pl\\\/pracownicy\\\/#organization\"},\"potentialAction\":[{\"@type\":\"SearchAction\",\"target\":{\"@type\":\"EntryPoint\",\"urlTemplate\":\"https:\\\/\\\/pans.krosno.pl\\\/pracownicy\\\/?s={search_term_string}\"},\"query-input\":{\"@type\":\"PropertyValueSpecification\",\"valueRequired\":true,\"valueName\":\"search_term_string\"}}],\"inLanguage\":\"pl-PL\"},{\"@type\":\"Organization\",\"@id\":\"https:\\\/\\\/pans.krosno.pl\\\/pracownicy\\\/#organization\",\"name\":\"Pracownicy PANS w Kro\u015bnie\",\"url\":\"https:\\\/\\\/pans.krosno.pl\\\/pracownicy\\\/\",\"logo\":{\"@type\":\"ImageObject\",\"inLanguage\":\"pl-PL\",\"@id\":\"https:\\\/\\\/pans.krosno.pl\\\/pracownicy\\\/#\\\/schema\\\/logo\\\/image\\\/\",\"url\":\"https:\\\/\\\/pans.krosno.pl\\\/pracownicy\\\/wp-content\\\/uploads\\\/sites\\\/41\\\/2023\\\/01\\\/Logo-PANS-2022-pelne.png\",\"contentUrl\":\"https:\\\/\\\/pans.krosno.pl\\\/pracownicy\\\/wp-content\\\/uploads\\\/sites\\\/41\\\/2023\\\/01\\\/Logo-PANS-2022-pelne.png\",\"width\":3096,\"height\":696,\"caption\":\"Pracownicy PANS w Kro\u015bnie\"},\"image\":{\"@id\":\"https:\\\/\\\/pans.krosno.pl\\\/pracownicy\\\/#\\\/schema\\\/logo\\\/image\\\/\"}}]}<\/script>\n<!-- \/ Yoast SEO Premium plugin. -->","yoast_head_json":{"title":"mgr Lucyna Szajna - Najwa\u017cniejsze publikacje - Pracownicy PANS w Kro\u015bnie","robots":{"index":"index","follow":"follow","max-snippet":"max-snippet:-1","max-image-preview":"max-image-preview:large","max-video-preview":"max-video-preview:-1"},"canonical":"https:\/\/pans.krosno.pl\/pracownicy\/lucyna-szajna\/lucyna-szajna-najwazniejsze-publikacje\/","og_locale":"pl_PL","og_type":"article","og_title":"mgr Lucyna Szajna - Najwa\u017cniejsze publikacje","og_description":"Jest autorem i wsp\u00f3\u0142autorem: monografii, oraz artyku\u0142\u00f3w naukowych z zakresu kultury fizycznej Szajna G., Szajna L., Sylwetki sportowc\u00f3w Podkarpacia medalist\u00f3w igrzysk olimpijskich w sportach walki w latach 1948-1988,&nbsp; PWSZ Krosno. Szajna G, Szajna L.&nbsp; Podr\u0119cznik \u0107wicze\u0144 z partnerem, Zeszyt nr 69, Prace&nbsp; Naukowo- Dydaktyczne PWSZ&nbsp; Krosno. Szajna L., Szajna G. [\u2026] Read More","og_url":"https:\/\/pans.krosno.pl\/pracownicy\/lucyna-szajna\/lucyna-szajna-najwazniejsze-publikacje\/","og_site_name":"Pracownicy PANS w Kro\u015bnie","article_modified_time":"2025-05-20T11:47:27+00:00","twitter_card":"summary_large_image","twitter_misc":{"Szacowany czas czytania":"1 minuta"},"schema":{"@context":"https:\/\/schema.org","@graph":[{"@type":"WebPage","@id":"https:\/\/pans.krosno.pl\/pracownicy\/lucyna-szajna\/lucyna-szajna-najwazniejsze-publikacje\/","url":"https:\/\/pans.krosno.pl\/pracownicy\/lucyna-szajna\/lucyna-szajna-najwazniejsze-publikacje\/","name":"mgr Lucyna Szajna - Najwa\u017cniejsze publikacje - Pracownicy PANS w Kro\u015bnie","isPartOf":{"@id":"https:\/\/pans.krosno.pl\/pracownicy\/#website"},"datePublished":"2020-03-30T13:59:50+00:00","dateModified":"2025-05-20T11:47:27+00:00","breadcrumb":{"@id":"https:\/\/pans.krosno.pl\/pracownicy\/lucyna-szajna\/lucyna-szajna-najwazniejsze-publikacje\/#breadcrumb"},"inLanguage":"pl-PL","potentialAction":[{"@type":"ReadAction","target":["https:\/\/pans.krosno.pl\/pracownicy\/lucyna-szajna\/lucyna-szajna-najwazniejsze-publikacje\/"]}]},{"@type":"BreadcrumbList","@id":"https:\/\/pans.krosno.pl\/pracownicy\/lucyna-szajna\/lucyna-szajna-najwazniejsze-publikacje\/#breadcrumb","itemListElement":[{"@type":"ListItem","position":1,"name":"Strona g\u0142\u00f3wna","item":"https:\/\/pans.krosno.pl\/pracownicy\/"},{"@type":"ListItem","position":2,"name":"mgr Lucyna Szajna","item":"https:\/\/pans.krosno.pl\/pracownicy\/lucyna-szajna\/"},{"@type":"ListItem","position":3,"name":"mgr Lucyna Szajna &#8211; Najwa\u017cniejsze publikacje"}]},{"@type":"WebSite","@id":"https:\/\/pans.krosno.pl\/pracownicy\/#website","url":"https:\/\/pans.krosno.pl\/pracownicy\/","name":"Pracownicy PANS w Kro\u015bnie","description":"Pracownicy - Pa\u0144stwowa Akademia Nauk Stosowanych","publisher":{"@id":"https:\/\/pans.krosno.pl\/pracownicy\/#organization"},"potentialAction":[{"@type":"SearchAction","target":{"@type":"EntryPoint","urlTemplate":"https:\/\/pans.krosno.pl\/pracownicy\/?s={search_term_string}"},"query-input":{"@type":"PropertyValueSpecification","valueRequired":true,"valueName":"search_term_string"}}],"inLanguage":"pl-PL"},{"@type":"Organization","@id":"https:\/\/pans.krosno.pl\/pracownicy\/#organization","name":"Pracownicy PANS w Kro\u015bnie","url":"https:\/\/pans.krosno.pl\/pracownicy\/","logo":{"@type":"ImageObject","inLanguage":"pl-PL","@id":"https:\/\/pans.krosno.pl\/pracownicy\/#\/schema\/logo\/image\/","url":"https:\/\/pans.krosno.pl\/pracownicy\/wp-content\/uploads\/sites\/41\/2023\/01\/Logo-PANS-2022-pelne.png","contentUrl":"https:\/\/pans.krosno.pl\/pracownicy\/wp-content\/uploads\/sites\/41\/2023\/01\/Logo-PANS-2022-pelne.png","width":3096,"height":696,"caption":"Pracownicy PANS w Kro\u015bnie"},"image":{"@id":"https:\/\/pans.krosno.pl\/pracownicy\/#\/schema\/logo\/image\/"}}]}},"_links":{"self":[{"href":"https:\/\/pans.krosno.pl\/pracownicy\/wp-json\/wp\/v2\/pages\/669","targetHints":{"allow":["GET"]}}],"collection":[{"href":"https:\/\/pans.krosno.pl\/pracownicy\/wp-json\/wp\/v2\/pages"}],"about":[{"href":"https:\/\/pans.krosno.pl\/pracownicy\/wp-json\/wp\/v2\/types\/page"}],"author":[{"embeddable":true,"href":"https:\/\/pans.krosno.pl\/pracownicy\/wp-json\/wp\/v2\/users\/36"}],"replies":[{"embeddable":true,"href":"https:\/\/pans.krosno.pl\/pracownicy\/wp-json\/wp\/v2\/comments?post=669"}],"version-history":[{"count":5,"href":"https:\/\/pans.krosno.pl\/pracownicy\/wp-json\/wp\/v2\/pages\/669\/revisions"}],"predecessor-version":[{"id":11010,"href":"https:\/\/pans.krosno.pl\/pracownicy\/wp-json\/wp\/v2\/pages\/669\/revisions\/11010"}],"up":[{"embeddable":true,"href":"https:\/\/pans.krosno.pl\/pracownicy\/wp-json\/wp\/v2\/pages\/662"}],"wp:attachment":[{"href":"https:\/\/pans.krosno.pl\/pracownicy\/wp-json\/wp\/v2\/media?parent=669"}],"curies":[{"name":"wp","href":"https:\/\/api.w.org\/{rel}","templated":true}]}}