{"id":657,"date":"2020-03-30T15:48:44","date_gmt":"2020-03-30T13:48:44","guid":{"rendered":"https:\/\/pans.krosno.pl\/pracownicy\/?page_id=657"},"modified":"2024-01-03T14:04:23","modified_gmt":"2024-01-03T13:04:23","slug":"edyta-niziol-babiarz-najwazniejsze-publikacje","status":"publish","type":"page","link":"https:\/\/pans.krosno.pl\/pracownicy\/edyta-niziol-babiarz\/edyta-niziol-babiarz-najwazniejsze-publikacje\/","title":{"rendered":"dr Edyta Nizio\u0142-Babiarz &#8211; Najwa\u017cniejsze publikacje"},"content":{"rendered":"<hr>\n<ul>\n<li>Jest autork\u0105 i wsp\u00f3\u0142autork\u0105:&nbsp; 1 skryptu i 20 artyku\u0142\u00f3w naukowych.<\/li>\n<\/ul>\n<p><strong>Artyku\u0142y naukowe w wydawnictwach krajowych i zagranicznych, w tym m.in.:<\/strong><\/p>\n<ol>\n<li>Nizio\u0142 E., Zadarko E., Barabasz Z., Pacholarz P.; Sprawno\u015b\u0107 fizyczna dzieci w wieku 10-12 lat trenuj\u0105cych p\u0142ywanie w Warcho\u0142 K.\/red\/; Wychowanie fizyczne w szkole w okresie reformy programowej systemu edukacji. PWSZ Krosno, 2011r, s.291-305, ISBN 978-83-89295-73-3 (35%).<\/li>\n<li>Zadarko E., Barabasz Z., Shyyan O., Nizio\u0142-Babiarz E., Slyvka Y., Zadarko-Domaradzka M., Turchyk \u0406., Barabasz M., Fr\u0105czek K. Wybrane aspekty szkolnej edukacji zdrowotnej na przyk\u0142adzie stylu \u017cycia m\u0142odzie\u017cy polsko ukrai\u0144skiej, skrypt dla wyk\u0142adowc\u00f3w, nauczycieli i student\u00f3w, Wyd. Lwowski Regionalny Instytut Doskonalenia Nauczycieli we Lwowie, Lw\u00f3w 2014.<\/li>\n<li>Zadarko E., Barabasz Z.(2014), Nizio\u0142-Babiarz E., Zadarko Domaradzka M.,&nbsp; et al. Leisure time physical activity of young women from the Carpathian Euroregion in relation to the Body Mass Index, Ann Agric Environ Med. 4;21(3); s.622-626 (IF 3,0).<\/li>\n<li>Barabasz Z., Zadarko-Domaradzka M., Penar-Zadarko B, Nizio\u0142-Babiarz E., Zadarko E.: The relation between subjective health-assessment and cardiorespiratory fitness in adolescents, Progress In Health Sciences, 2015, Vol.5, no.1, s. 150-155.<\/li>\n<li>Barabasz Z., Huzarski M., Zadarko-Domaradzka M., Nizio\u0142-Babiarz E. Huzarska A., Zadarko E. (2017), Selected motor skills of footballers with regard to the playing level and the playing position, Slovak Journal of Sport Science, 2 (2), 2017, p.70-75.<\/li>\n<li>Zadarko-Domaradzka M., Nizio\u0142-Babiarz E., Gli\u0144ska-Wla\u017a J., Sibiga K., Zadarko E. (2017), Comparison of dietary habits of women studying at the departments related to the healthcare sector, Scientific Review of Physical Culture, vol. 7 (3).159-167, e-ISSN 2083-8581.<\/li>\n<li>Szybisty A., Momola I.,Mat\u0142osz P., Zadarko-Domaradzka M., Sibiga K., Nizio\u0142 Babiarz E., Zadarko E.: Dimorphic differentation of selected somatic features in school-age children Scientific Review of Physical Culture, volume 8, issue 1. p. 29-36. Rzesz\u00f3w 2018.<\/li>\n<li>Zadarko-Domaradzka M., Barabasz Z., Sobolewski M., Nizio\u0142-Babiarz E., Penar-Zadarko B., Szybisty A., Zadarko E. (2018) Alcohol Consumption and Risky Drinking Patterns among College Students from Selected Countries of the Carpathian Euroregion, \u201cBioMed Research International\u201d, vol. 2018, Article ID 6084541, 9 pages, 2018&nbsp; (IF=2,583).<\/li>\n<li>Przednowek K., Barabasz Z., Zadarko-Domaradzka M., Przednowek K.H., Nizio\u0142-Babiarz E., Huzarski M., Sibiga K., Dziadek B., Zadarko E (2018) Predictive Modeling of VO2max Based on 20 m Shuttle Run Test for Young Healthy People, \u201eApplied Sciences-Basel\u201d, 2018, Vol. 8, iss. 11, Art. nr 2213, DOI: 10.3390\/app8112213 (IF=1,689).<\/li>\n<li>Potocka N., Penar-Zadarko B., Skrzypa M., Braun M., Zadarko-Domaradzka M., Ozimek M., Nizio\u0142-Babiarz E., Barabasz Z., Zawlik I., Zadarko E. (2019) Association of ACTN3 polymorphism with body somatotype and cardiorespiratory fitness in young healthy adults, Int. J. Environ. Res. Public Health, 16(9), 1489; ( IF=2,468).<\/li>\n<\/ol>\n<hr>\n<p>&nbsp;<\/p>\n","protected":false},"excerpt":{"rendered":"<p>Jest autork\u0105 i wsp\u00f3\u0142autork\u0105:&nbsp; 1 skryptu i 20 artyku\u0142\u00f3w naukowych. Artyku\u0142y naukowe w wydawnictwach krajowych i zagranicznych, w tym m.in.: Nizio\u0142 E., Zadarko E., Barabasz Z., Pacholarz P.; Sprawno\u015b\u0107 fizyczna dzieci w wieku 10-12 lat trenuj\u0105cych p\u0142ywanie w Warcho\u0142 K.\/red\/; Wychowanie fizyczne w szkole w okresie reformy programowej systemu edukacji. [\u2026] <\/p>\n<div class=\"clear\"><\/div>\n<p><a class=\"more_link clearfix\" href=\"https:\/\/pans.krosno.pl\/pracownicy\/edyta-niziol-babiarz\/edyta-niziol-babiarz-najwazniejsze-publikacje\/\" rel=\"nofollow\">Read More<\/a><\/p>\n","protected":false},"author":36,"featured_media":0,"parent":649,"menu_order":0,"comment_status":"closed","ping_status":"closed","template":"","meta":{"ngg_post_thumbnail":0,"footnotes":""},"class_list":["post-657","page","type-page","status-publish","hentry"],"yoast_head":"<!-- This site is optimized with the Yoast SEO Premium plugin v27.3 (Yoast SEO v27.3) - https:\/\/yoast.com\/product\/yoast-seo-premium-wordpress\/ -->\n<title>dr Edyta Nizio\u0142-Babiarz - Najwa\u017cniejsze publikacje - Pracownicy PANS w Kro\u015bnie<\/title>\n<meta name=\"robots\" content=\"index, follow, max-snippet:-1, max-image-preview:large, max-video-preview:-1\" \/>\n<link rel=\"canonical\" href=\"https:\/\/pans.krosno.pl\/pracownicy\/edyta-niziol-babiarz\/edyta-niziol-babiarz-najwazniejsze-publikacje\/\" \/>\n<meta property=\"og:locale\" content=\"pl_PL\" \/>\n<meta property=\"og:type\" content=\"article\" \/>\n<meta property=\"og:title\" content=\"dr Edyta Nizio\u0142-Babiarz - Najwa\u017cniejsze publikacje\" \/>\n<meta property=\"og:description\" content=\"Jest autork\u0105 i wsp\u00f3\u0142autork\u0105:&nbsp; 1 skryptu i 20 artyku\u0142\u00f3w naukowych. Artyku\u0142y naukowe w wydawnictwach krajowych i zagranicznych, w tym m.in.: Nizio\u0142 E., Zadarko E., Barabasz Z., Pacholarz P.; Sprawno\u015b\u0107 fizyczna dzieci w wieku 10-12 lat trenuj\u0105cych p\u0142ywanie w Warcho\u0142 K.\/red\/; Wychowanie fizyczne w szkole w okresie reformy programowej systemu edukacji. [\u2026] Read More\" \/>\n<meta property=\"og:url\" content=\"https:\/\/pans.krosno.pl\/pracownicy\/edyta-niziol-babiarz\/edyta-niziol-babiarz-najwazniejsze-publikacje\/\" \/>\n<meta property=\"og:site_name\" content=\"Pracownicy PANS w Kro\u015bnie\" \/>\n<meta property=\"article:modified_time\" content=\"2024-01-03T13:04:23+00:00\" \/>\n<meta name=\"twitter:card\" content=\"summary_large_image\" \/>\n<meta name=\"twitter:label1\" content=\"Szacowany czas czytania\" \/>\n\t<meta name=\"twitter:data1\" content=\"3 minuty\" \/>\n<script type=\"application\/ld+json\" class=\"yoast-schema-graph\">{\"@context\":\"https:\\\/\\\/schema.org\",\"@graph\":[{\"@type\":\"WebPage\",\"@id\":\"https:\\\/\\\/pans.krosno.pl\\\/pracownicy\\\/edyta-niziol-babiarz\\\/edyta-niziol-babiarz-najwazniejsze-publikacje\\\/\",\"url\":\"https:\\\/\\\/pans.krosno.pl\\\/pracownicy\\\/edyta-niziol-babiarz\\\/edyta-niziol-babiarz-najwazniejsze-publikacje\\\/\",\"name\":\"dr Edyta Nizio\u0142-Babiarz - Najwa\u017cniejsze publikacje - Pracownicy PANS w Kro\u015bnie\",\"isPartOf\":{\"@id\":\"https:\\\/\\\/pans.krosno.pl\\\/pracownicy\\\/#website\"},\"datePublished\":\"2020-03-30T13:48:44+00:00\",\"dateModified\":\"2024-01-03T13:04:23+00:00\",\"breadcrumb\":{\"@id\":\"https:\\\/\\\/pans.krosno.pl\\\/pracownicy\\\/edyta-niziol-babiarz\\\/edyta-niziol-babiarz-najwazniejsze-publikacje\\\/#breadcrumb\"},\"inLanguage\":\"pl-PL\",\"potentialAction\":[{\"@type\":\"ReadAction\",\"target\":[\"https:\\\/\\\/pans.krosno.pl\\\/pracownicy\\\/edyta-niziol-babiarz\\\/edyta-niziol-babiarz-najwazniejsze-publikacje\\\/\"]}]},{\"@type\":\"BreadcrumbList\",\"@id\":\"https:\\\/\\\/pans.krosno.pl\\\/pracownicy\\\/edyta-niziol-babiarz\\\/edyta-niziol-babiarz-najwazniejsze-publikacje\\\/#breadcrumb\",\"itemListElement\":[{\"@type\":\"ListItem\",\"position\":1,\"name\":\"Strona g\u0142\u00f3wna\",\"item\":\"https:\\\/\\\/pans.krosno.pl\\\/pracownicy\\\/\"},{\"@type\":\"ListItem\",\"position\":2,\"name\":\"dr Edyta Nizio\u0142-Babiarz\",\"item\":\"https:\\\/\\\/pans.krosno.pl\\\/pracownicy\\\/edyta-niziol-babiarz\\\/\"},{\"@type\":\"ListItem\",\"position\":3,\"name\":\"dr Edyta Nizio\u0142-Babiarz &#8211; Najwa\u017cniejsze publikacje\"}]},{\"@type\":\"WebSite\",\"@id\":\"https:\\\/\\\/pans.krosno.pl\\\/pracownicy\\\/#website\",\"url\":\"https:\\\/\\\/pans.krosno.pl\\\/pracownicy\\\/\",\"name\":\"Pracownicy PANS w Kro\u015bnie\",\"description\":\"Pracownicy - Pa\u0144stwowa Akademia Nauk Stosowanych\",\"publisher\":{\"@id\":\"https:\\\/\\\/pans.krosno.pl\\\/pracownicy\\\/#organization\"},\"potentialAction\":[{\"@type\":\"SearchAction\",\"target\":{\"@type\":\"EntryPoint\",\"urlTemplate\":\"https:\\\/\\\/pans.krosno.pl\\\/pracownicy\\\/?s={search_term_string}\"},\"query-input\":{\"@type\":\"PropertyValueSpecification\",\"valueRequired\":true,\"valueName\":\"search_term_string\"}}],\"inLanguage\":\"pl-PL\"},{\"@type\":\"Organization\",\"@id\":\"https:\\\/\\\/pans.krosno.pl\\\/pracownicy\\\/#organization\",\"name\":\"Pracownicy PANS w Kro\u015bnie\",\"url\":\"https:\\\/\\\/pans.krosno.pl\\\/pracownicy\\\/\",\"logo\":{\"@type\":\"ImageObject\",\"inLanguage\":\"pl-PL\",\"@id\":\"https:\\\/\\\/pans.krosno.pl\\\/pracownicy\\\/#\\\/schema\\\/logo\\\/image\\\/\",\"url\":\"https:\\\/\\\/pans.krosno.pl\\\/pracownicy\\\/wp-content\\\/uploads\\\/sites\\\/41\\\/2023\\\/01\\\/Logo-PANS-2022-pelne.png\",\"contentUrl\":\"https:\\\/\\\/pans.krosno.pl\\\/pracownicy\\\/wp-content\\\/uploads\\\/sites\\\/41\\\/2023\\\/01\\\/Logo-PANS-2022-pelne.png\",\"width\":3096,\"height\":696,\"caption\":\"Pracownicy PANS w Kro\u015bnie\"},\"image\":{\"@id\":\"https:\\\/\\\/pans.krosno.pl\\\/pracownicy\\\/#\\\/schema\\\/logo\\\/image\\\/\"}}]}<\/script>\n<!-- \/ Yoast SEO Premium plugin. -->","yoast_head_json":{"title":"dr Edyta Nizio\u0142-Babiarz - Najwa\u017cniejsze publikacje - Pracownicy PANS w Kro\u015bnie","robots":{"index":"index","follow":"follow","max-snippet":"max-snippet:-1","max-image-preview":"max-image-preview:large","max-video-preview":"max-video-preview:-1"},"canonical":"https:\/\/pans.krosno.pl\/pracownicy\/edyta-niziol-babiarz\/edyta-niziol-babiarz-najwazniejsze-publikacje\/","og_locale":"pl_PL","og_type":"article","og_title":"dr Edyta Nizio\u0142-Babiarz - Najwa\u017cniejsze publikacje","og_description":"Jest autork\u0105 i wsp\u00f3\u0142autork\u0105:&nbsp; 1 skryptu i 20 artyku\u0142\u00f3w naukowych. Artyku\u0142y naukowe w wydawnictwach krajowych i zagranicznych, w tym m.in.: Nizio\u0142 E., Zadarko E., Barabasz Z., Pacholarz P.; Sprawno\u015b\u0107 fizyczna dzieci w wieku 10-12 lat trenuj\u0105cych p\u0142ywanie w Warcho\u0142 K.\/red\/; Wychowanie fizyczne w szkole w okresie reformy programowej systemu edukacji. [\u2026] Read More","og_url":"https:\/\/pans.krosno.pl\/pracownicy\/edyta-niziol-babiarz\/edyta-niziol-babiarz-najwazniejsze-publikacje\/","og_site_name":"Pracownicy PANS w Kro\u015bnie","article_modified_time":"2024-01-03T13:04:23+00:00","twitter_card":"summary_large_image","twitter_misc":{"Szacowany czas czytania":"3 minuty"},"schema":{"@context":"https:\/\/schema.org","@graph":[{"@type":"WebPage","@id":"https:\/\/pans.krosno.pl\/pracownicy\/edyta-niziol-babiarz\/edyta-niziol-babiarz-najwazniejsze-publikacje\/","url":"https:\/\/pans.krosno.pl\/pracownicy\/edyta-niziol-babiarz\/edyta-niziol-babiarz-najwazniejsze-publikacje\/","name":"dr Edyta Nizio\u0142-Babiarz - Najwa\u017cniejsze publikacje - Pracownicy PANS w Kro\u015bnie","isPartOf":{"@id":"https:\/\/pans.krosno.pl\/pracownicy\/#website"},"datePublished":"2020-03-30T13:48:44+00:00","dateModified":"2024-01-03T13:04:23+00:00","breadcrumb":{"@id":"https:\/\/pans.krosno.pl\/pracownicy\/edyta-niziol-babiarz\/edyta-niziol-babiarz-najwazniejsze-publikacje\/#breadcrumb"},"inLanguage":"pl-PL","potentialAction":[{"@type":"ReadAction","target":["https:\/\/pans.krosno.pl\/pracownicy\/edyta-niziol-babiarz\/edyta-niziol-babiarz-najwazniejsze-publikacje\/"]}]},{"@type":"BreadcrumbList","@id":"https:\/\/pans.krosno.pl\/pracownicy\/edyta-niziol-babiarz\/edyta-niziol-babiarz-najwazniejsze-publikacje\/#breadcrumb","itemListElement":[{"@type":"ListItem","position":1,"name":"Strona g\u0142\u00f3wna","item":"https:\/\/pans.krosno.pl\/pracownicy\/"},{"@type":"ListItem","position":2,"name":"dr Edyta Nizio\u0142-Babiarz","item":"https:\/\/pans.krosno.pl\/pracownicy\/edyta-niziol-babiarz\/"},{"@type":"ListItem","position":3,"name":"dr Edyta Nizio\u0142-Babiarz &#8211; Najwa\u017cniejsze publikacje"}]},{"@type":"WebSite","@id":"https:\/\/pans.krosno.pl\/pracownicy\/#website","url":"https:\/\/pans.krosno.pl\/pracownicy\/","name":"Pracownicy PANS w Kro\u015bnie","description":"Pracownicy - Pa\u0144stwowa Akademia Nauk Stosowanych","publisher":{"@id":"https:\/\/pans.krosno.pl\/pracownicy\/#organization"},"potentialAction":[{"@type":"SearchAction","target":{"@type":"EntryPoint","urlTemplate":"https:\/\/pans.krosno.pl\/pracownicy\/?s={search_term_string}"},"query-input":{"@type":"PropertyValueSpecification","valueRequired":true,"valueName":"search_term_string"}}],"inLanguage":"pl-PL"},{"@type":"Organization","@id":"https:\/\/pans.krosno.pl\/pracownicy\/#organization","name":"Pracownicy PANS w Kro\u015bnie","url":"https:\/\/pans.krosno.pl\/pracownicy\/","logo":{"@type":"ImageObject","inLanguage":"pl-PL","@id":"https:\/\/pans.krosno.pl\/pracownicy\/#\/schema\/logo\/image\/","url":"https:\/\/pans.krosno.pl\/pracownicy\/wp-content\/uploads\/sites\/41\/2023\/01\/Logo-PANS-2022-pelne.png","contentUrl":"https:\/\/pans.krosno.pl\/pracownicy\/wp-content\/uploads\/sites\/41\/2023\/01\/Logo-PANS-2022-pelne.png","width":3096,"height":696,"caption":"Pracownicy PANS w Kro\u015bnie"},"image":{"@id":"https:\/\/pans.krosno.pl\/pracownicy\/#\/schema\/logo\/image\/"}}]}},"_links":{"self":[{"href":"https:\/\/pans.krosno.pl\/pracownicy\/wp-json\/wp\/v2\/pages\/657","targetHints":{"allow":["GET"]}}],"collection":[{"href":"https:\/\/pans.krosno.pl\/pracownicy\/wp-json\/wp\/v2\/pages"}],"about":[{"href":"https:\/\/pans.krosno.pl\/pracownicy\/wp-json\/wp\/v2\/types\/page"}],"author":[{"embeddable":true,"href":"https:\/\/pans.krosno.pl\/pracownicy\/wp-json\/wp\/v2\/users\/36"}],"replies":[{"embeddable":true,"href":"https:\/\/pans.krosno.pl\/pracownicy\/wp-json\/wp\/v2\/comments?post=657"}],"version-history":[{"count":5,"href":"https:\/\/pans.krosno.pl\/pracownicy\/wp-json\/wp\/v2\/pages\/657\/revisions"}],"predecessor-version":[{"id":10041,"href":"https:\/\/pans.krosno.pl\/pracownicy\/wp-json\/wp\/v2\/pages\/657\/revisions\/10041"}],"up":[{"embeddable":true,"href":"https:\/\/pans.krosno.pl\/pracownicy\/wp-json\/wp\/v2\/pages\/649"}],"wp:attachment":[{"href":"https:\/\/pans.krosno.pl\/pracownicy\/wp-json\/wp\/v2\/media?parent=657"}],"curies":[{"name":"wp","href":"https:\/\/api.w.org\/{rel}","templated":true}]}}