{"id":6021,"date":"2020-05-14T10:10:13","date_gmt":"2020-05-14T08:10:13","guid":{"rendered":"https:\/\/pans.krosno.pl\/pracownicy\/?page_id=6021"},"modified":"2025-05-15T12:42:05","modified_gmt":"2025-05-15T10:42:05","slug":"barbara-krzysztofik-najwazniejsze-publikacje","status":"publish","type":"page","link":"https:\/\/pans.krosno.pl\/pracownicy\/barbara-krzysztofik\/barbara-krzysztofik-najwazniejsze-publikacje\/","title":{"rendered":"dr hab. Barbara Krzysztofik, prof. PANS &#8211; Najwa\u017cniejsze publikacje"},"content":{"rendered":"<hr>\n<p>Jest autork\u0105 i wsp\u00f3\u0142autork\u0105: 11 monografii w tym 1 skrypt, ponad 150 publikacji naukowych, redaktorem naukowym 5 monografii.<\/p>\n<p><strong>Wybrane monografie<\/strong><\/p>\n<ol>\n<li>Krzysztofik B. (2009) Wy\u017csza Szko\u0142a Turystyki i Ekologii, Sucha Beskidzka. Monografia pod red. Marka \u0141abaja: \u201eZr\u00f3wnowa\u017cona turystyka na obszarze Podbabiog\u00f3rza\u201d. V rozdzia\u0142: Produkt turystyczny \u2013 zwyczaje i obrz\u0119dy ludowe rejonu Podbabiog\u00f3rza., s. 63-92.<\/li>\n<li>Krzysztofik B, Wrona P. (2014). W\u0142a\u015bciwo\u015bci fizyczne i technologiczne materia\u0142\u00f3w ro\u015blinnych. AGROFIZYKA &#8211; procesy, w\u0142a\u015bciwo\u015bci, metody &#8211; Redakcja: Jan Gli\u0144ski, J\u00f3zef Horabik, Jerzy Lipiec, Cezary S\u0142awi\u0144ski.<\/li>\n<li>Krzysztofik B, Wrona P . (2014). Wp\u0142yw fizycznych w\u0142a\u015bciwo\u015bci materia\u0142\u00f3w ro\u015blinnych na ograniczanie ich strat ilo\u015bciowych i jako\u015bciowych. AGROFIZYKA &#8211; procesy, w\u0142a\u015bciwo\u015bci, metody &#8211; Redakcja: Jan Gli\u0144ski, J\u00f3zef Horabik, Jerzy Lipiec, Cezary S\u0142awi\u0144ski.<\/li>\n<li>Witrowa-Rajchert D. Krzysztofik B, Wrona P. (2014). Fizyczne metody oceny jako\u015bci surowc\u00f3w ro\u015blinnych i produkt\u00f3w \u017cywno\u015bciowych. AGROFIZYKA &#8211; procesy, w\u0142a\u015bciwo\u015bci, metody &#8211; Redakcja: Jan Gli\u0144ski, J\u00f3zef Horabik, Jerzy Lipiec, Cezary S\u0142awi\u0144ski.<\/li>\n<li>Krzysztofik B., Dr\u00f3\u017cd\u017c T., Sobol Z., Nawara P., Wrona P. (2015).Metody zabezpieczania i utrwalania surowc\u00f3w oraz produkt\u00f3w \u017cywno\u015bciowych \u2013 studium przypadku. Monografia Krak\u00f3w POLSKIE TOWARZYSTWO IN\u017bYNIERII ROLNICZEJ. ISBN 978-83-64377-14-3.<\/li>\n<li>Krzysztofik B. (2016). Bezpiecze\u0144stwo \u017cywno\u015bci i systemy kontroli jako\u015bci. Skrypt dla student\u00f3w. Wyd. KWSPZ.<\/li>\n<li>Krzysztofik B. (2016). Opakowanie jako \u017ar\u00f3d\u0142o informacji o produkcie spo\u017cywczym, monografia.<\/li>\n<li>Krzysztofik B. i in. \u0421\u0438\u0441\u0442\u0435\u043c\u0430 \u0431\u0435\u0437\u043e\u043f\u0430\u0441\u043d\u043e\u0441\u0442\u0438 \u043f\u0438\u0449\u0435\u0432\u043e\u0439 \u043f\u0440\u043e\u0434\u0443\u043a\u0446\u0438\u0438 \u043d\u0430 \u043e\u0441\u043d\u043e\u0432\u0435 \u043f\u0440\u0438\u043d\u0446\u0438\u043f\u043e\u0432 \u041d\u0410\u0421\u0421\u0420. \u0427\u0430\u0441\u0442\u044c I. \u0421\u0438\u0441\u0442\u0435\u043c\u0430 \u0431\u0435\u0437\u043e\u043f\u0430\u0441\u043d\u043e\u0441\u0442\u0438 \u043f\u0440\u043e\u0434\u0443\u043a\u0442\u043e\u0432 \u0436\u0438\u0432\u043e\u0442\u043d\u043e\u0432\u043e\u0434\u0441\u0442\u0432\u0430 \u043d\u0430 \u043e\u0441\u043d\u043e\u0432\u0435 \u043f\u0440\u0438\u043d\u0446\u0438\u043f\u043e\u0432 \u041d\u0410\u0421\u0421\u0420. Monografia ISBN 978-83-64377-01-3, ss. 224.<\/li>\n<\/ol>\n<p><strong>Wybrane publikacje<\/strong><\/p>\n<ol>\n<li>Krzysztofik B., \u0141apczy\u0144ska-Kordon B.: Analiza energoch\u0142onno\u015bci wybranych produkt\u00f3w piekarskich. In\u017cynieria Rolnicza, Nr 1 (99), s. 209-215, Wyd. Polskie Towarzystwo In\u017cynierii Rolniczej, Krak\u00f3w 2008.<\/li>\n<li>\u0141apczy\u0144ska-Kordon B., Krzysztofik B.: Wp\u0142yw metod i parametr\u00f3w suszenia na zmiany barwy suszy owocowo-warzywnych. In\u017cynieria Rolnicza, Nr 1 (99), s. 251-257, Wyd. Polskie Towarzystwo In\u017cynierii Rolniczej, Krak\u00f3w 2008.<\/li>\n<li>Krzysztofik B., \u0141apczy\u0144ska-Kordon B.: Wp\u0142yw sposob\u00f3w i czasu przechowywania na cechy sensoryczne jab\u0142ek. In\u017cynieria Rolnicza, Nr 2 (100), s. 121-128, Wyd. Polskie Towarzystwo In\u017cynierii Rolniczej, Krak\u00f3w 2008.<\/li>\n<li>\u0141apczy\u0144ska-Kordon B., Krzysztofik B.: Wp\u0142yw sposob\u00f3w i czasu przechowywania na wybrane w\u0142a\u015bciwo\u015bci fizyczne jab\u0142ek. In\u017cynieria Rolnicza, Nr 2 (100), s. 179-185, Wyd. Polskie Towarzystwo In\u017cynierii Rolniczej, Krak\u00f3w 2008.<\/li>\n<li>Krzysztofik B. Acta Technologica Agriculturae. Storage capacity of edible varieties of potato sets. Nitra 2011, vol. 13, nr 3, s. 15-19.<\/li>\n<li>Krzysztofik B. 2009. Analiza zgodno\u015bci z dyrektywami UE wymaga\u0144 stawianych gospodarstwom produkuj\u0105cym mleko. In\u017cynieria Rolnicza 5\/114.<\/li>\n<li>Krzysztofik B. Zr\u00f3wnowa\u017cona turystyka na obszarze Podbabiog\u00f3rza. V rozdzia\u0142: Produkt turystyczny \u2013 zwyczaje i obrz\u0119dy ludowe rejonu Podbabiog\u00f3rza. Wy\u017csza Szko\u0142a Turystyki i Ekologii, Sucha Beskidzka. Monografia pod red. Marka \u0141abaja: 2009, s. 63-92.<\/li>\n<li>Krzysztofik B. Jako\u015b\u0107 i bezpiecze\u0144stwo \u017cywno\u015bci, systemy zarz\u0105dzania i kontroli, rozdz. w monografii. In\u017cynieria rolnicza w dobie innowacyjnej gospodarki, Krak\u00f3w 2012.<\/li>\n<li>Wrona P. Krzysztofik B. Przydatno\u015b\u0107 technologiczna m\u0105k. Piekarstwo nr 3\/2012.<\/li>\n<li>Wrona P. Krzysztofik B. Warto\u015b\u0107 przemia\u0142owa i technologiczna pszenicy. Piekarstwo nr 2\/2012.<\/li>\n<li>Krzysztofik B. (2012). Parametry jako\u015bciowe ziemniaka oferowanego do przetw\u00f3rstwa spo\u017cywczego \u2013 biuletyn IHAR, nr 266.<\/li>\n<li>Krzysztofik B., Su\u0142kowski K. 2013. Zmiany sk\u0142adu chemicznego bulw ziemniaka podczas przechowywania i ich wp\u0142yw na wybrane w\u0142a\u015bciwo\u015bci chips\u00f3w. Z. 4(147) T.1 S. 161-169.<\/li>\n<li>Krzysztofik B. i in. (2017). Solutions to pollution problems of oil. Agricultural Engineering, Vol 21 No. 2. ISBN 2083-1587, e-ISSN 2449-5999;<\/li>\n<li>Krzysztofik B. i in.(2017). O\u0431\u043e\u0441\u043d\u043e\u0432\u0430\u043d\u0438\u0435 \u0442\u0440\u0435\u0431\u043e\u0432\u0430\u043d\u0438\u0438 \u043a \u043b\u0430\u0440\u0430\u043c\u0435\u0442\u0440\u0430\u043c \u0440\u0430\u0434\u0438\u043e\u043c\u0435\u0442\u0440\u0438\u0447\u0435\u0441\u043a\u0438\u0445 \u043f\u0440\u0438\u0435\u043c\u043d\u0438\u043a\u043e\u0432 \u0434\u043b\u0430 \u0434\u0438\u0441\u0442\u0430\u043d\u0446\u0438\u043e\u043d\u043d\u043e\u0439 \u0434\u0438\u0430\u0433\u043d\u043e\u0441\u0442\u0438\u043a\u0438 \u0441\u043e\u0441\u0442\u0430\u044f\u043d\u0438\u044f \u0436\u0438\u0432\u043e\u0442\u043d\u044b\u0445. ISBN 978-617-692-435-7. Zbirnik naukowych prac, Ukraina.<\/li>\n<li>Krzysztofik B. (2018). Oddzia\u0142ywanie wysokich ci\u015bnie\u0144 na jako\u015b\u0107 i trwa\u0142o\u015b\u0107 da\u0144 gotowych i produkt\u00f3w mi\u0119snych.<\/li>\n<li>\u0141apczy\u0144ska-Kordon B., Krzysztofik B. (2018). Quality of dried cauliflower according to the methods and drying parameters. BIO Web of Conferences.<\/li>\n<li>Krzysztofik b. (2018).Ocena wiedzy konsument\u00f3w na temat \u017cywno\u015bci genetycznie modyfikowanej i jej znakowania \u2013 problemy Higieny i Epidemiologii.<\/li>\n<li>Krzysztofik B., Krochmal-Marczak B. (2019). Kasza jako warto\u015bciowy produkt \u017cywieniowy \u2013 Przemys\u0142 Spo\u017cywczy.<\/li>\n<\/ol>\n<hr>\n<p>&nbsp;<\/p>\n","protected":false},"excerpt":{"rendered":"<p>Jest autork\u0105 i wsp\u00f3\u0142autork\u0105: 11 monografii w tym 1 skrypt, ponad 150 publikacji naukowych, redaktorem naukowym 5 monografii. Wybrane monografie Krzysztofik B. (2009) Wy\u017csza Szko\u0142a Turystyki i Ekologii, Sucha Beskidzka. Monografia pod red. Marka \u0141abaja: \u201eZr\u00f3wnowa\u017cona turystyka na obszarze Podbabiog\u00f3rza\u201d. V rozdzia\u0142: Produkt turystyczny \u2013 zwyczaje i obrz\u0119dy ludowe rejonu [\u2026] <\/p>\n<div class=\"clear\"><\/div>\n<p><a class=\"more_link clearfix\" href=\"https:\/\/pans.krosno.pl\/pracownicy\/barbara-krzysztofik\/barbara-krzysztofik-najwazniejsze-publikacje\/\" rel=\"nofollow\">Read More<\/a><\/p>\n","protected":false},"author":34,"featured_media":0,"parent":6013,"menu_order":0,"comment_status":"closed","ping_status":"closed","template":"","meta":{"ngg_post_thumbnail":0,"footnotes":""},"class_list":["post-6021","page","type-page","status-publish","hentry"],"yoast_head":"<!-- This site is optimized with the Yoast SEO Premium plugin v27.3 (Yoast SEO v27.3) - https:\/\/yoast.com\/product\/yoast-seo-premium-wordpress\/ -->\n<title>dr hab. Barbara Krzysztofik, prof. PANS - Najwa\u017cniejsze publikacje - Pracownicy PANS w Kro\u015bnie<\/title>\n<meta name=\"robots\" content=\"index, follow, max-snippet:-1, max-image-preview:large, max-video-preview:-1\" \/>\n<link rel=\"canonical\" href=\"https:\/\/pans.krosno.pl\/pracownicy\/barbara-krzysztofik\/barbara-krzysztofik-najwazniejsze-publikacje\/\" \/>\n<meta property=\"og:locale\" content=\"pl_PL\" \/>\n<meta property=\"og:type\" content=\"article\" \/>\n<meta property=\"og:title\" content=\"dr hab. Barbara Krzysztofik, prof. PANS - Najwa\u017cniejsze publikacje\" \/>\n<meta property=\"og:description\" content=\"Jest autork\u0105 i wsp\u00f3\u0142autork\u0105: 11 monografii w tym 1 skrypt, ponad 150 publikacji naukowych, redaktorem naukowym 5 monografii. Wybrane monografie Krzysztofik B. (2009) Wy\u017csza Szko\u0142a Turystyki i Ekologii, Sucha Beskidzka. Monografia pod red. Marka \u0141abaja: \u201eZr\u00f3wnowa\u017cona turystyka na obszarze Podbabiog\u00f3rza\u201d. V rozdzia\u0142: Produkt turystyczny \u2013 zwyczaje i obrz\u0119dy ludowe rejonu [\u2026] Read More\" \/>\n<meta property=\"og:url\" content=\"https:\/\/pans.krosno.pl\/pracownicy\/barbara-krzysztofik\/barbara-krzysztofik-najwazniejsze-publikacje\/\" \/>\n<meta property=\"og:site_name\" content=\"Pracownicy PANS w Kro\u015bnie\" \/>\n<meta property=\"article:modified_time\" content=\"2025-05-15T10:42:05+00:00\" \/>\n<meta name=\"twitter:card\" content=\"summary_large_image\" \/>\n<meta name=\"twitter:label1\" content=\"Szacowany czas czytania\" \/>\n\t<meta name=\"twitter:data1\" content=\"4 minuty\" \/>\n<script type=\"application\/ld+json\" class=\"yoast-schema-graph\">{\"@context\":\"https:\\\/\\\/schema.org\",\"@graph\":[{\"@type\":\"WebPage\",\"@id\":\"https:\\\/\\\/pans.krosno.pl\\\/pracownicy\\\/barbara-krzysztofik\\\/barbara-krzysztofik-najwazniejsze-publikacje\\\/\",\"url\":\"https:\\\/\\\/pans.krosno.pl\\\/pracownicy\\\/barbara-krzysztofik\\\/barbara-krzysztofik-najwazniejsze-publikacje\\\/\",\"name\":\"dr hab. Barbara Krzysztofik, prof. PANS - Najwa\u017cniejsze publikacje - Pracownicy PANS w Kro\u015bnie\",\"isPartOf\":{\"@id\":\"https:\\\/\\\/pans.krosno.pl\\\/pracownicy\\\/#website\"},\"datePublished\":\"2020-05-14T08:10:13+00:00\",\"dateModified\":\"2025-05-15T10:42:05+00:00\",\"breadcrumb\":{\"@id\":\"https:\\\/\\\/pans.krosno.pl\\\/pracownicy\\\/barbara-krzysztofik\\\/barbara-krzysztofik-najwazniejsze-publikacje\\\/#breadcrumb\"},\"inLanguage\":\"pl-PL\",\"potentialAction\":[{\"@type\":\"ReadAction\",\"target\":[\"https:\\\/\\\/pans.krosno.pl\\\/pracownicy\\\/barbara-krzysztofik\\\/barbara-krzysztofik-najwazniejsze-publikacje\\\/\"]}]},{\"@type\":\"BreadcrumbList\",\"@id\":\"https:\\\/\\\/pans.krosno.pl\\\/pracownicy\\\/barbara-krzysztofik\\\/barbara-krzysztofik-najwazniejsze-publikacje\\\/#breadcrumb\",\"itemListElement\":[{\"@type\":\"ListItem\",\"position\":1,\"name\":\"Strona g\u0142\u00f3wna\",\"item\":\"https:\\\/\\\/pans.krosno.pl\\\/pracownicy\\\/\"},{\"@type\":\"ListItem\",\"position\":2,\"name\":\"dr hab. Barbara Krzysztofik, prof. PANS\",\"item\":\"https:\\\/\\\/pans.krosno.pl\\\/pracownicy\\\/barbara-krzysztofik\\\/\"},{\"@type\":\"ListItem\",\"position\":3,\"name\":\"dr hab. Barbara Krzysztofik, prof. PANS &#8211; Najwa\u017cniejsze publikacje\"}]},{\"@type\":\"WebSite\",\"@id\":\"https:\\\/\\\/pans.krosno.pl\\\/pracownicy\\\/#website\",\"url\":\"https:\\\/\\\/pans.krosno.pl\\\/pracownicy\\\/\",\"name\":\"Pracownicy PANS w Kro\u015bnie\",\"description\":\"Pracownicy - Pa\u0144stwowa Akademia Nauk Stosowanych\",\"publisher\":{\"@id\":\"https:\\\/\\\/pans.krosno.pl\\\/pracownicy\\\/#organization\"},\"potentialAction\":[{\"@type\":\"SearchAction\",\"target\":{\"@type\":\"EntryPoint\",\"urlTemplate\":\"https:\\\/\\\/pans.krosno.pl\\\/pracownicy\\\/?s={search_term_string}\"},\"query-input\":{\"@type\":\"PropertyValueSpecification\",\"valueRequired\":true,\"valueName\":\"search_term_string\"}}],\"inLanguage\":\"pl-PL\"},{\"@type\":\"Organization\",\"@id\":\"https:\\\/\\\/pans.krosno.pl\\\/pracownicy\\\/#organization\",\"name\":\"Pracownicy PANS w Kro\u015bnie\",\"url\":\"https:\\\/\\\/pans.krosno.pl\\\/pracownicy\\\/\",\"logo\":{\"@type\":\"ImageObject\",\"inLanguage\":\"pl-PL\",\"@id\":\"https:\\\/\\\/pans.krosno.pl\\\/pracownicy\\\/#\\\/schema\\\/logo\\\/image\\\/\",\"url\":\"https:\\\/\\\/pans.krosno.pl\\\/pracownicy\\\/wp-content\\\/uploads\\\/sites\\\/41\\\/2023\\\/01\\\/Logo-PANS-2022-pelne.png\",\"contentUrl\":\"https:\\\/\\\/pans.krosno.pl\\\/pracownicy\\\/wp-content\\\/uploads\\\/sites\\\/41\\\/2023\\\/01\\\/Logo-PANS-2022-pelne.png\",\"width\":3096,\"height\":696,\"caption\":\"Pracownicy PANS w Kro\u015bnie\"},\"image\":{\"@id\":\"https:\\\/\\\/pans.krosno.pl\\\/pracownicy\\\/#\\\/schema\\\/logo\\\/image\\\/\"}}]}<\/script>\n<!-- \/ Yoast SEO Premium plugin. -->","yoast_head_json":{"title":"dr hab. Barbara Krzysztofik, prof. PANS - Najwa\u017cniejsze publikacje - Pracownicy PANS w Kro\u015bnie","robots":{"index":"index","follow":"follow","max-snippet":"max-snippet:-1","max-image-preview":"max-image-preview:large","max-video-preview":"max-video-preview:-1"},"canonical":"https:\/\/pans.krosno.pl\/pracownicy\/barbara-krzysztofik\/barbara-krzysztofik-najwazniejsze-publikacje\/","og_locale":"pl_PL","og_type":"article","og_title":"dr hab. Barbara Krzysztofik, prof. PANS - Najwa\u017cniejsze publikacje","og_description":"Jest autork\u0105 i wsp\u00f3\u0142autork\u0105: 11 monografii w tym 1 skrypt, ponad 150 publikacji naukowych, redaktorem naukowym 5 monografii. Wybrane monografie Krzysztofik B. (2009) Wy\u017csza Szko\u0142a Turystyki i Ekologii, Sucha Beskidzka. Monografia pod red. Marka \u0141abaja: \u201eZr\u00f3wnowa\u017cona turystyka na obszarze Podbabiog\u00f3rza\u201d. V rozdzia\u0142: Produkt turystyczny \u2013 zwyczaje i obrz\u0119dy ludowe rejonu [\u2026] Read More","og_url":"https:\/\/pans.krosno.pl\/pracownicy\/barbara-krzysztofik\/barbara-krzysztofik-najwazniejsze-publikacje\/","og_site_name":"Pracownicy PANS w Kro\u015bnie","article_modified_time":"2025-05-15T10:42:05+00:00","twitter_card":"summary_large_image","twitter_misc":{"Szacowany czas czytania":"4 minuty"},"schema":{"@context":"https:\/\/schema.org","@graph":[{"@type":"WebPage","@id":"https:\/\/pans.krosno.pl\/pracownicy\/barbara-krzysztofik\/barbara-krzysztofik-najwazniejsze-publikacje\/","url":"https:\/\/pans.krosno.pl\/pracownicy\/barbara-krzysztofik\/barbara-krzysztofik-najwazniejsze-publikacje\/","name":"dr hab. Barbara Krzysztofik, prof. PANS - Najwa\u017cniejsze publikacje - Pracownicy PANS w Kro\u015bnie","isPartOf":{"@id":"https:\/\/pans.krosno.pl\/pracownicy\/#website"},"datePublished":"2020-05-14T08:10:13+00:00","dateModified":"2025-05-15T10:42:05+00:00","breadcrumb":{"@id":"https:\/\/pans.krosno.pl\/pracownicy\/barbara-krzysztofik\/barbara-krzysztofik-najwazniejsze-publikacje\/#breadcrumb"},"inLanguage":"pl-PL","potentialAction":[{"@type":"ReadAction","target":["https:\/\/pans.krosno.pl\/pracownicy\/barbara-krzysztofik\/barbara-krzysztofik-najwazniejsze-publikacje\/"]}]},{"@type":"BreadcrumbList","@id":"https:\/\/pans.krosno.pl\/pracownicy\/barbara-krzysztofik\/barbara-krzysztofik-najwazniejsze-publikacje\/#breadcrumb","itemListElement":[{"@type":"ListItem","position":1,"name":"Strona g\u0142\u00f3wna","item":"https:\/\/pans.krosno.pl\/pracownicy\/"},{"@type":"ListItem","position":2,"name":"dr hab. Barbara Krzysztofik, prof. PANS","item":"https:\/\/pans.krosno.pl\/pracownicy\/barbara-krzysztofik\/"},{"@type":"ListItem","position":3,"name":"dr hab. Barbara Krzysztofik, prof. PANS &#8211; Najwa\u017cniejsze publikacje"}]},{"@type":"WebSite","@id":"https:\/\/pans.krosno.pl\/pracownicy\/#website","url":"https:\/\/pans.krosno.pl\/pracownicy\/","name":"Pracownicy PANS w Kro\u015bnie","description":"Pracownicy - Pa\u0144stwowa Akademia Nauk Stosowanych","publisher":{"@id":"https:\/\/pans.krosno.pl\/pracownicy\/#organization"},"potentialAction":[{"@type":"SearchAction","target":{"@type":"EntryPoint","urlTemplate":"https:\/\/pans.krosno.pl\/pracownicy\/?s={search_term_string}"},"query-input":{"@type":"PropertyValueSpecification","valueRequired":true,"valueName":"search_term_string"}}],"inLanguage":"pl-PL"},{"@type":"Organization","@id":"https:\/\/pans.krosno.pl\/pracownicy\/#organization","name":"Pracownicy PANS w Kro\u015bnie","url":"https:\/\/pans.krosno.pl\/pracownicy\/","logo":{"@type":"ImageObject","inLanguage":"pl-PL","@id":"https:\/\/pans.krosno.pl\/pracownicy\/#\/schema\/logo\/image\/","url":"https:\/\/pans.krosno.pl\/pracownicy\/wp-content\/uploads\/sites\/41\/2023\/01\/Logo-PANS-2022-pelne.png","contentUrl":"https:\/\/pans.krosno.pl\/pracownicy\/wp-content\/uploads\/sites\/41\/2023\/01\/Logo-PANS-2022-pelne.png","width":3096,"height":696,"caption":"Pracownicy PANS w Kro\u015bnie"},"image":{"@id":"https:\/\/pans.krosno.pl\/pracownicy\/#\/schema\/logo\/image\/"}}]}},"_links":{"self":[{"href":"https:\/\/pans.krosno.pl\/pracownicy\/wp-json\/wp\/v2\/pages\/6021","targetHints":{"allow":["GET"]}}],"collection":[{"href":"https:\/\/pans.krosno.pl\/pracownicy\/wp-json\/wp\/v2\/pages"}],"about":[{"href":"https:\/\/pans.krosno.pl\/pracownicy\/wp-json\/wp\/v2\/types\/page"}],"author":[{"embeddable":true,"href":"https:\/\/pans.krosno.pl\/pracownicy\/wp-json\/wp\/v2\/users\/34"}],"replies":[{"embeddable":true,"href":"https:\/\/pans.krosno.pl\/pracownicy\/wp-json\/wp\/v2\/comments?post=6021"}],"version-history":[{"count":6,"href":"https:\/\/pans.krosno.pl\/pracownicy\/wp-json\/wp\/v2\/pages\/6021\/revisions"}],"predecessor-version":[{"id":9418,"href":"https:\/\/pans.krosno.pl\/pracownicy\/wp-json\/wp\/v2\/pages\/6021\/revisions\/9418"}],"up":[{"embeddable":true,"href":"https:\/\/pans.krosno.pl\/pracownicy\/wp-json\/wp\/v2\/pages\/6013"}],"wp:attachment":[{"href":"https:\/\/pans.krosno.pl\/pracownicy\/wp-json\/wp\/v2\/media?parent=6021"}],"curies":[{"name":"wp","href":"https:\/\/api.w.org\/{rel}","templated":true}]}}