{"id":6008,"date":"2020-05-14T08:12:31","date_gmt":"2020-05-14T06:12:31","guid":{"rendered":"https:\/\/pans.krosno.pl\/pracownicy\/?page_id=6008"},"modified":"2025-05-20T13:39:46","modified_gmt":"2025-05-20T11:39:46","slug":"olga-slowik-matys-najwazniejsze-publikacje","status":"publish","type":"page","link":"https:\/\/pans.krosno.pl\/pracownicy\/olga-slowik-matys\/olga-slowik-matys-najwazniejsze-publikacje\/","title":{"rendered":"mgr Olga S\u0142owik-Matys &#8211; Najwa\u017cniejsze publikacje"},"content":{"rendered":"<hr>\n<p><strong>Opublikowane t\u0142umaczenia<\/strong><\/p>\n<ul>\n<li>\u017beglce naszych Przodk\u00f3w. Wojenne Zawieruchy; [red. i t\u0142um.] Olga S\u0142owik-Matys. Stowarzyszenie Rozwoju Wsi \u017beglce &#8222;\u017be Chc\u0119&#8221;, 2019. PL\u2192EN.<\/li>\n<li>\u017beglce naszych Przodk\u00f3w. Podr\u00f3\u017c w g\u0142ab historii lokalnej; [red. i t\u0142um.] Olga S\u0142owik-Matys. Stowarzyszenie Rozwoju Wsi \u017beglce &#8222;\u017be Chc\u0119&#8221;, 2018. PL\u2192EN.<\/li>\n<li>Materia\u0142y do wystawy i powie\u015b\u0107 graficzna Thaddeus Kosciuszko<br \/>\n(1746-1817): The Price of Freedom; Piotr Hapanowicz.<br \/>\nKomitet Kopca Ko\u015bciuszki, 2017. PL\u2192EN.<\/li>\n<li>Krajobraz Krakowa z Kopcem Ko\u015bciuszki; Mieczys\u0142aw Rokosz. Komitet Kopca Ko\u015bciuszki, 2015. PL\u2192EN<br \/>\n1000 j\u0119zyk\u00f3w; Peter K. Austin. BoSz, 2009. EN\u2192PL.<\/li>\n<li>Jak Rysowa\u0107; I. Sidaway, A. Gair, J. Horton, P.Monahan, A.Wiseman. Publicat, 2009. EN\u2192PL.<\/li>\n<li>\u015awiat. Najwi\u0119ksze wyzwania ekologiczne; Carolyn Fry. Elipsa &#8211; Grupa Wydawnicza Publicat, 2008. EN\u2192PL.<\/li>\n<li>1001 budynk\u00f3w kt\u00f3re musisz zobaczy\u0107; Mark Irving. Elipsa &#8211; Grupa Wydawnicza Publicat, 2008. EN\u2192PL.<\/li>\n<li>Pogoda; Buckley, B., Hopkins, E.J., Whitaker, R. Carta Blanca \u2013 Grupa Wydawnicza PWN, 2007. EN\u2192PL.<\/li>\n<\/ul>\n<hr>\n<p>&nbsp;<\/p>\n","protected":false},"excerpt":{"rendered":"<p>Opublikowane t\u0142umaczenia \u017beglce naszych Przodk\u00f3w. Wojenne Zawieruchy; [red. i t\u0142um.] Olga S\u0142owik-Matys. Stowarzyszenie Rozwoju Wsi \u017beglce &#8222;\u017be Chc\u0119&#8221;, 2019. PL\u2192EN. \u017beglce naszych Przodk\u00f3w. Podr\u00f3\u017c w g\u0142ab historii lokalnej; [red. i t\u0142um.] Olga S\u0142owik-Matys. Stowarzyszenie Rozwoju Wsi \u017beglce &#8222;\u017be Chc\u0119&#8221;, 2018. PL\u2192EN. Materia\u0142y do wystawy i powie\u015b\u0107 graficzna Thaddeus Kosciuszko (1746-1817): [\u2026] <\/p>\n<div class=\"clear\"><\/div>\n<p><a class=\"more_link clearfix\" href=\"https:\/\/pans.krosno.pl\/pracownicy\/olga-slowik-matys\/olga-slowik-matys-najwazniejsze-publikacje\/\" rel=\"nofollow\">Read More<\/a><\/p>\n","protected":false},"author":34,"featured_media":0,"parent":6001,"menu_order":0,"comment_status":"closed","ping_status":"closed","template":"","meta":{"ngg_post_thumbnail":0,"footnotes":""},"class_list":["post-6008","page","type-page","status-publish","hentry"],"yoast_head":"<!-- This site is optimized with the Yoast SEO Premium plugin v27.3 (Yoast SEO v27.3) - https:\/\/yoast.com\/product\/yoast-seo-premium-wordpress\/ -->\n<title>mgr Olga S\u0142owik-Matys - Najwa\u017cniejsze publikacje - Pracownicy PANS w Kro\u015bnie<\/title>\n<meta name=\"robots\" content=\"index, follow, max-snippet:-1, max-image-preview:large, max-video-preview:-1\" \/>\n<link rel=\"canonical\" href=\"https:\/\/pans.krosno.pl\/pracownicy\/olga-slowik-matys\/olga-slowik-matys-najwazniejsze-publikacje\/\" \/>\n<meta property=\"og:locale\" content=\"pl_PL\" \/>\n<meta property=\"og:type\" content=\"article\" \/>\n<meta property=\"og:title\" content=\"mgr Olga S\u0142owik-Matys - Najwa\u017cniejsze publikacje\" \/>\n<meta property=\"og:description\" content=\"Opublikowane t\u0142umaczenia \u017beglce naszych Przodk\u00f3w. Wojenne Zawieruchy; [red. i t\u0142um.] Olga S\u0142owik-Matys. Stowarzyszenie Rozwoju Wsi \u017beglce &#8222;\u017be Chc\u0119&#8221;, 2019. PL\u2192EN. \u017beglce naszych Przodk\u00f3w. Podr\u00f3\u017c w g\u0142ab historii lokalnej; [red. i t\u0142um.] Olga S\u0142owik-Matys. Stowarzyszenie Rozwoju Wsi \u017beglce &#8222;\u017be Chc\u0119&#8221;, 2018. PL\u2192EN. Materia\u0142y do wystawy i powie\u015b\u0107 graficzna Thaddeus Kosciuszko (1746-1817): [\u2026] Read More\" \/>\n<meta property=\"og:url\" content=\"https:\/\/pans.krosno.pl\/pracownicy\/olga-slowik-matys\/olga-slowik-matys-najwazniejsze-publikacje\/\" \/>\n<meta property=\"og:site_name\" content=\"Pracownicy PANS w Kro\u015bnie\" \/>\n<meta property=\"article:modified_time\" content=\"2025-05-20T11:39:46+00:00\" \/>\n<meta name=\"twitter:card\" content=\"summary_large_image\" \/>\n<meta name=\"twitter:label1\" content=\"Szacowany czas czytania\" \/>\n\t<meta name=\"twitter:data1\" content=\"1 minuta\" \/>\n<script type=\"application\/ld+json\" class=\"yoast-schema-graph\">{\"@context\":\"https:\\\/\\\/schema.org\",\"@graph\":[{\"@type\":\"WebPage\",\"@id\":\"https:\\\/\\\/pans.krosno.pl\\\/pracownicy\\\/olga-slowik-matys\\\/olga-slowik-matys-najwazniejsze-publikacje\\\/\",\"url\":\"https:\\\/\\\/pans.krosno.pl\\\/pracownicy\\\/olga-slowik-matys\\\/olga-slowik-matys-najwazniejsze-publikacje\\\/\",\"name\":\"mgr Olga S\u0142owik-Matys - Najwa\u017cniejsze publikacje - Pracownicy PANS w Kro\u015bnie\",\"isPartOf\":{\"@id\":\"https:\\\/\\\/pans.krosno.pl\\\/pracownicy\\\/#website\"},\"datePublished\":\"2020-05-14T06:12:31+00:00\",\"dateModified\":\"2025-05-20T11:39:46+00:00\",\"breadcrumb\":{\"@id\":\"https:\\\/\\\/pans.krosno.pl\\\/pracownicy\\\/olga-slowik-matys\\\/olga-slowik-matys-najwazniejsze-publikacje\\\/#breadcrumb\"},\"inLanguage\":\"pl-PL\",\"potentialAction\":[{\"@type\":\"ReadAction\",\"target\":[\"https:\\\/\\\/pans.krosno.pl\\\/pracownicy\\\/olga-slowik-matys\\\/olga-slowik-matys-najwazniejsze-publikacje\\\/\"]}]},{\"@type\":\"BreadcrumbList\",\"@id\":\"https:\\\/\\\/pans.krosno.pl\\\/pracownicy\\\/olga-slowik-matys\\\/olga-slowik-matys-najwazniejsze-publikacje\\\/#breadcrumb\",\"itemListElement\":[{\"@type\":\"ListItem\",\"position\":1,\"name\":\"Strona g\u0142\u00f3wna\",\"item\":\"https:\\\/\\\/pans.krosno.pl\\\/pracownicy\\\/\"},{\"@type\":\"ListItem\",\"position\":2,\"name\":\"mgr Olga S\u0142owik-Matys\",\"item\":\"https:\\\/\\\/pans.krosno.pl\\\/pracownicy\\\/olga-slowik-matys\\\/\"},{\"@type\":\"ListItem\",\"position\":3,\"name\":\"mgr Olga S\u0142owik-Matys &#8211; Najwa\u017cniejsze publikacje\"}]},{\"@type\":\"WebSite\",\"@id\":\"https:\\\/\\\/pans.krosno.pl\\\/pracownicy\\\/#website\",\"url\":\"https:\\\/\\\/pans.krosno.pl\\\/pracownicy\\\/\",\"name\":\"Pracownicy PANS w Kro\u015bnie\",\"description\":\"Pracownicy - Pa\u0144stwowa Akademia Nauk Stosowanych\",\"publisher\":{\"@id\":\"https:\\\/\\\/pans.krosno.pl\\\/pracownicy\\\/#organization\"},\"potentialAction\":[{\"@type\":\"SearchAction\",\"target\":{\"@type\":\"EntryPoint\",\"urlTemplate\":\"https:\\\/\\\/pans.krosno.pl\\\/pracownicy\\\/?s={search_term_string}\"},\"query-input\":{\"@type\":\"PropertyValueSpecification\",\"valueRequired\":true,\"valueName\":\"search_term_string\"}}],\"inLanguage\":\"pl-PL\"},{\"@type\":\"Organization\",\"@id\":\"https:\\\/\\\/pans.krosno.pl\\\/pracownicy\\\/#organization\",\"name\":\"Pracownicy PANS w Kro\u015bnie\",\"url\":\"https:\\\/\\\/pans.krosno.pl\\\/pracownicy\\\/\",\"logo\":{\"@type\":\"ImageObject\",\"inLanguage\":\"pl-PL\",\"@id\":\"https:\\\/\\\/pans.krosno.pl\\\/pracownicy\\\/#\\\/schema\\\/logo\\\/image\\\/\",\"url\":\"https:\\\/\\\/pans.krosno.pl\\\/pracownicy\\\/wp-content\\\/uploads\\\/sites\\\/41\\\/2023\\\/01\\\/Logo-PANS-2022-pelne.png\",\"contentUrl\":\"https:\\\/\\\/pans.krosno.pl\\\/pracownicy\\\/wp-content\\\/uploads\\\/sites\\\/41\\\/2023\\\/01\\\/Logo-PANS-2022-pelne.png\",\"width\":3096,\"height\":696,\"caption\":\"Pracownicy PANS w Kro\u015bnie\"},\"image\":{\"@id\":\"https:\\\/\\\/pans.krosno.pl\\\/pracownicy\\\/#\\\/schema\\\/logo\\\/image\\\/\"}}]}<\/script>\n<!-- \/ Yoast SEO Premium plugin. -->","yoast_head_json":{"title":"mgr Olga S\u0142owik-Matys - Najwa\u017cniejsze publikacje - Pracownicy PANS w Kro\u015bnie","robots":{"index":"index","follow":"follow","max-snippet":"max-snippet:-1","max-image-preview":"max-image-preview:large","max-video-preview":"max-video-preview:-1"},"canonical":"https:\/\/pans.krosno.pl\/pracownicy\/olga-slowik-matys\/olga-slowik-matys-najwazniejsze-publikacje\/","og_locale":"pl_PL","og_type":"article","og_title":"mgr Olga S\u0142owik-Matys - Najwa\u017cniejsze publikacje","og_description":"Opublikowane t\u0142umaczenia \u017beglce naszych Przodk\u00f3w. Wojenne Zawieruchy; [red. i t\u0142um.] Olga S\u0142owik-Matys. Stowarzyszenie Rozwoju Wsi \u017beglce &#8222;\u017be Chc\u0119&#8221;, 2019. PL\u2192EN. \u017beglce naszych Przodk\u00f3w. Podr\u00f3\u017c w g\u0142ab historii lokalnej; [red. i t\u0142um.] Olga S\u0142owik-Matys. Stowarzyszenie Rozwoju Wsi \u017beglce &#8222;\u017be Chc\u0119&#8221;, 2018. PL\u2192EN. Materia\u0142y do wystawy i powie\u015b\u0107 graficzna Thaddeus Kosciuszko (1746-1817): [\u2026] Read More","og_url":"https:\/\/pans.krosno.pl\/pracownicy\/olga-slowik-matys\/olga-slowik-matys-najwazniejsze-publikacje\/","og_site_name":"Pracownicy PANS w Kro\u015bnie","article_modified_time":"2025-05-20T11:39:46+00:00","twitter_card":"summary_large_image","twitter_misc":{"Szacowany czas czytania":"1 minuta"},"schema":{"@context":"https:\/\/schema.org","@graph":[{"@type":"WebPage","@id":"https:\/\/pans.krosno.pl\/pracownicy\/olga-slowik-matys\/olga-slowik-matys-najwazniejsze-publikacje\/","url":"https:\/\/pans.krosno.pl\/pracownicy\/olga-slowik-matys\/olga-slowik-matys-najwazniejsze-publikacje\/","name":"mgr Olga S\u0142owik-Matys - Najwa\u017cniejsze publikacje - Pracownicy PANS w Kro\u015bnie","isPartOf":{"@id":"https:\/\/pans.krosno.pl\/pracownicy\/#website"},"datePublished":"2020-05-14T06:12:31+00:00","dateModified":"2025-05-20T11:39:46+00:00","breadcrumb":{"@id":"https:\/\/pans.krosno.pl\/pracownicy\/olga-slowik-matys\/olga-slowik-matys-najwazniejsze-publikacje\/#breadcrumb"},"inLanguage":"pl-PL","potentialAction":[{"@type":"ReadAction","target":["https:\/\/pans.krosno.pl\/pracownicy\/olga-slowik-matys\/olga-slowik-matys-najwazniejsze-publikacje\/"]}]},{"@type":"BreadcrumbList","@id":"https:\/\/pans.krosno.pl\/pracownicy\/olga-slowik-matys\/olga-slowik-matys-najwazniejsze-publikacje\/#breadcrumb","itemListElement":[{"@type":"ListItem","position":1,"name":"Strona g\u0142\u00f3wna","item":"https:\/\/pans.krosno.pl\/pracownicy\/"},{"@type":"ListItem","position":2,"name":"mgr Olga S\u0142owik-Matys","item":"https:\/\/pans.krosno.pl\/pracownicy\/olga-slowik-matys\/"},{"@type":"ListItem","position":3,"name":"mgr Olga S\u0142owik-Matys &#8211; Najwa\u017cniejsze publikacje"}]},{"@type":"WebSite","@id":"https:\/\/pans.krosno.pl\/pracownicy\/#website","url":"https:\/\/pans.krosno.pl\/pracownicy\/","name":"Pracownicy PANS w Kro\u015bnie","description":"Pracownicy - Pa\u0144stwowa Akademia Nauk Stosowanych","publisher":{"@id":"https:\/\/pans.krosno.pl\/pracownicy\/#organization"},"potentialAction":[{"@type":"SearchAction","target":{"@type":"EntryPoint","urlTemplate":"https:\/\/pans.krosno.pl\/pracownicy\/?s={search_term_string}"},"query-input":{"@type":"PropertyValueSpecification","valueRequired":true,"valueName":"search_term_string"}}],"inLanguage":"pl-PL"},{"@type":"Organization","@id":"https:\/\/pans.krosno.pl\/pracownicy\/#organization","name":"Pracownicy PANS w Kro\u015bnie","url":"https:\/\/pans.krosno.pl\/pracownicy\/","logo":{"@type":"ImageObject","inLanguage":"pl-PL","@id":"https:\/\/pans.krosno.pl\/pracownicy\/#\/schema\/logo\/image\/","url":"https:\/\/pans.krosno.pl\/pracownicy\/wp-content\/uploads\/sites\/41\/2023\/01\/Logo-PANS-2022-pelne.png","contentUrl":"https:\/\/pans.krosno.pl\/pracownicy\/wp-content\/uploads\/sites\/41\/2023\/01\/Logo-PANS-2022-pelne.png","width":3096,"height":696,"caption":"Pracownicy PANS w Kro\u015bnie"},"image":{"@id":"https:\/\/pans.krosno.pl\/pracownicy\/#\/schema\/logo\/image\/"}}]}},"_links":{"self":[{"href":"https:\/\/pans.krosno.pl\/pracownicy\/wp-json\/wp\/v2\/pages\/6008","targetHints":{"allow":["GET"]}}],"collection":[{"href":"https:\/\/pans.krosno.pl\/pracownicy\/wp-json\/wp\/v2\/pages"}],"about":[{"href":"https:\/\/pans.krosno.pl\/pracownicy\/wp-json\/wp\/v2\/types\/page"}],"author":[{"embeddable":true,"href":"https:\/\/pans.krosno.pl\/pracownicy\/wp-json\/wp\/v2\/users\/34"}],"replies":[{"embeddable":true,"href":"https:\/\/pans.krosno.pl\/pracownicy\/wp-json\/wp\/v2\/comments?post=6008"}],"version-history":[{"count":6,"href":"https:\/\/pans.krosno.pl\/pracownicy\/wp-json\/wp\/v2\/pages\/6008\/revisions"}],"predecessor-version":[{"id":10984,"href":"https:\/\/pans.krosno.pl\/pracownicy\/wp-json\/wp\/v2\/pages\/6008\/revisions\/10984"}],"up":[{"embeddable":true,"href":"https:\/\/pans.krosno.pl\/pracownicy\/wp-json\/wp\/v2\/pages\/6001"}],"wp:attachment":[{"href":"https:\/\/pans.krosno.pl\/pracownicy\/wp-json\/wp\/v2\/media?parent=6008"}],"curies":[{"name":"wp","href":"https:\/\/api.w.org\/{rel}","templated":true}]}}