{"id":432,"date":"2020-03-27T18:30:21","date_gmt":"2020-03-27T17:30:21","guid":{"rendered":"https:\/\/pans.krosno.pl\/pracownicy\/?page_id=432"},"modified":"2025-05-20T14:06:58","modified_gmt":"2025-05-20T12:06:58","slug":"malgorzata-zrodlo-loda-najwazniejsze-publikacje","status":"publish","type":"page","link":"https:\/\/pans.krosno.pl\/pracownicy\/malgorzata-zrodlo-loda\/malgorzata-zrodlo-loda-najwazniejsze-publikacje\/","title":{"rendered":"dr in\u017c. Ma\u0142gorzata \u0179r\u00f3d\u0142o-Loda &#8211; Najwa\u017cniejsze publikacje"},"content":{"rendered":"<hr>\n<p><strong>Wybrane publikacje<\/strong><\/p>\n<ol>\n<li>Baran J., \u0179r\u00f3d\u0142o-Loda M., G\u00f3rka M. 2019: Pr\u00f3ba zastosowania innowacyjnych dodatk\u00f3w smakowych w produkcji twarog\u00f3w z mleka koziego [w] Innowacje&nbsp; w kszta\u0142towaniu jako\u015bci produkt\u00f3w \u017cywno\u015bciowych. Towaroznawstwo w badaniach i praktyce, red. M. Mi\u015bniakiewicz, Sie\u0107 Badawcza \u0141ukasiewicz \u2013 Instytut Technologii Eksploatacji, Radom, s.16-26.<\/li>\n<li>\u0179r\u00f3d\u0142o-Loda M., Baran J. 2019: System wczesnego ostrzegania o niebezpiecznej \u017cywno\u015bci&nbsp; i paszach w zapewnieniu bezpiecze\u0144stwa mi\u0119sa i produkt\u00f3w mi\u0119snych w Unii Europejskiej [w]Konsument na rynku \u017cywno\u015bci&nbsp; &#8211; preferencje, opinie, trendy. Towaroznawstwo w badaniach i praktyce, red. M. Chalagarda, Sie\u0107 Badawcza \u0141ukasiewicz \u2013 Instytut Technologii Eksploatacji, Radom, s.161-172.<\/li>\n<li>\u0179r\u00f3d\u0142o-Loda M., Baran J., Bienia B. 2019: The role of rapid alert system for food and feed in&nbsp; ensuring food safety in the European Union, \u041c\u0430\u0442\u0435\u0440\u0456\u0430\u043b\u0438 V \u0412\u0441\u0435\u0443\u043a\u0440\u0430\u0457\u043d\u0441\u044c\u043a\u043e\u0457 \u043d\u0430\u0443\u043a\u043e\u0432\u043e-\u043f\u0440\u0430\u043a\u0442\u0438\u0447\u043d\u043e\u0457 \u043a\u043e\u043d\u0444\u0435\u0440\u0435\u043d\u0446\u0456\u0457 \u201e\u0424\u043e\u0440\u043c\u0443\u0432\u0430\u043d\u043d\u044f \u0441\u0442\u0440\u0430\u0442\u0435\u0433\u0456\u0457 \u0441\u043e\u0446\u0456\u0430\u043b\u044c\u043d\u043e-\u0435\u043a\u043e\u043d\u043e\u043c\u0456\u0447\u043d\u043e\u0433\u043e&nbsp; \u0440\u043e\u0437\u0432\u0438\u0442\u043a\u0443 \u043f\u0456\u0434\u043f\u0440\u0438\u0454\u043c\u043d\u0438\u0446\u044c\u043a\u0438\u0445 \u0441\u0442\u0440\u0443\u043a\u0442\u0443\u0440 \u0432 \u0443\u043a\u0440\u0430\u0457\u043d\u0456\u201d, \u041b\u044c\u0432\u0456\u0432, 27\u201330 \u043b\u0438\u0441\u0442\u043e\u043f\u0430\u0434\u0430, s. 18-22.<\/li>\n<li>\u0179r\u00f3d\u0142o-Loda M, Baran J. 2017: System identyfikowalno\u015bci w zapewnieniu bezpiecze\u0144stwa \u017cywno\u015bci. [w:] P\u0119kasa A. \u017bywno\u015b\u0107 dla przysz\u0142o\u015bci, Wydawnictwo Uniwersytetu Przyrodniczego we Wroc\u0142awiu, Wroc\u0142aw.<\/li>\n<li>\u0179r\u00f3d\u0142o-Loda M., Bragiel E. 2017. Spo\u0142eczna odpowiedzialno\u015b\u0107 biznesu \u2013 wybrane aspekty teoretyczne [w:] Prace Naukowo-Dydaktyczne PWSZ im. S. Pigonia w Kro\u015bnie, Krosno, Z. 72. s. 339-357.<\/li>\n<li>\u0179r\u00f3d\u0142o-Loda M., G\u00f3rka M., Br\u0105giel E. 2016. Klastry i ich rola w rozwoju Podkarpacia [w:] Prace Naukowo-Dydaktyczne PWSZ im. S. Pigonia w Kro\u015bnie, Krosno, Z. 70. s. 457-476.<\/li>\n<li>Baran J., \u0179r\u00f3d\u0142o-Loda M. 2016. Wykorzystanie innowacji w kreowaniu nowych produkt\u00f3w w przemy\u015ble mleczarskim. [w:] Bazylak G., R\u00f3\u017ca\u0144ski H. (red.) Ro\u015bliny zielarskie, kosmetyki naturalne i \u017cywno\u015b\u0107 funkcjonalna. Bezpiecze\u0144stwo \u017cywno\u015bci i pasz. PWSZ im. Stanis\u0142awa Pigonia w Kro\u015bnie, Krosno-Wroc\u0142aw, s. 138-152.<\/li>\n<li>\u0179r\u00f3d\u0142o-Loda M., Betlej I. 2016: The meat industry in Poland, Double-blind peer reviewed proceedings of the international scientific conference Hradec Economic Days 2016, University of Hradec Kr\u00e1lov\u00e9, Hradec Kr\u00e1lov\u00e9, s. 1226-1231.<\/li>\n<li>\u0179r\u00f3d\u0142o-Loda M., 2015: Outsourcing w zarz\u0105dzaniu organizacj\u0105 [w:] Prace Naukowo-Dydaktyczne PWSZ im. S. Pigonia w Kro\u015bnie, Z. 68, Krosno, s. 393-411.<\/li>\n<li>\u0179r\u00f3d\u0142o-Loda M., 2015. Podej\u015bcie procesowe w wybranych koncepcjach zarz\u0105dzania [w:] Metody podej\u015bcia procesowego w organizacjach. Teoria i praktyka, red. A. Bitkowska, E. Weiss, Vizja Press &amp; IT, Warszawa, s. 149-162.<\/li>\n<li>\u0179r\u00f3d\u0142o-Loda M., Baran J., Pisarek M.: System bezpiecze\u0144stwa \u017cywno\u015bci. Materia\u0142y Naukowe z II Mi\u0119dzynarodowej Konferencji \u201eRo\u015bliny zielarskie, kosmetyki naturalne i \u017cywno\u015b\u0107 funkcjonalna\u201d. Krosno, 2015, 6-7 maja, s. 536-549.<\/li>\n<li>Br\u0105giel M, G\u00f3rka M., \u0179r\u00f3d\u0142o-Loda M., Pisarek M. 2015: Analiza MMSP w aspekcie rozwoju spo\u0142eczno-gospodarczego wojew\u00f3dztwa podkarpackiego na tle Polski w latach 2009-2013 [w:] Biznestrans. Wyzwania polityki regionalnej w aspekcie rozwoju spo\u0142eczno-gospodarczego obszar\u00f3w transgranicznych, Tom 2, red. K. \u015awierczewska, M. Pyra, Pa\u0144stwowa Szko\u0142a Wy\u017csza im. Jana Paw\u0142a II w Bia\u0142ej Podlaskiej, Bia\u0142a Podlaska, s. 114-126.<\/li>\n<li>\u0179r\u00f3d\u0142o-Loda M., Baran J., 2014. Wo\u0142owina kulinarna \u2013 perspektywy rozwoju [w:] Wsp\u00f3\u0142czesne dylematy polskiego rolnictwa III. Tom II. red. K. Zarzecka, S. Kondracki., Pa\u0144stwowa Szko\u0142a Wy\u017csza im. Jana Paw\u0142a II w Bia\u0142ej Podlaskiej. s. 428 \u2013 437.<\/li>\n<li>\u0179r\u00f3d\u0142o-Loda M. 2013: SYSTEMS AND STANDARDS OF QUALITY MANAGEMENT USING IN THE FOOD INDUSTRY, The International Conference Hradec Economic Days 2013 Economic Development and Management of Regions, Peer-Reviewed Conference Proceedings, Part III, Hradec Kralove 2013. s. 533-538.<\/li>\n<\/ol>\n<hr>\n<p>&nbsp;<\/p>\n","protected":false},"excerpt":{"rendered":"<p>Wybrane publikacje Baran J., \u0179r\u00f3d\u0142o-Loda M., G\u00f3rka M. 2019: Pr\u00f3ba zastosowania innowacyjnych dodatk\u00f3w smakowych w produkcji twarog\u00f3w z mleka koziego [w] Innowacje&nbsp; w kszta\u0142towaniu jako\u015bci produkt\u00f3w \u017cywno\u015bciowych. Towaroznawstwo w badaniach i praktyce, red. M. Mi\u015bniakiewicz, Sie\u0107 Badawcza \u0141ukasiewicz \u2013 Instytut Technologii Eksploatacji, Radom, s.16-26. \u0179r\u00f3d\u0142o-Loda M., Baran J. 2019: System [\u2026] <\/p>\n<div class=\"clear\"><\/div>\n<p><a class=\"more_link clearfix\" href=\"https:\/\/pans.krosno.pl\/pracownicy\/malgorzata-zrodlo-loda\/malgorzata-zrodlo-loda-najwazniejsze-publikacje\/\" rel=\"nofollow\">Read More<\/a><\/p>\n","protected":false},"author":36,"featured_media":0,"parent":419,"menu_order":0,"comment_status":"closed","ping_status":"closed","template":"","meta":{"ngg_post_thumbnail":0,"footnotes":""},"class_list":["post-432","page","type-page","status-publish","hentry"],"yoast_head":"<!-- This site is optimized with the Yoast SEO Premium plugin v27.4 (Yoast SEO v27.4) - https:\/\/yoast.com\/product\/yoast-seo-premium-wordpress\/ -->\n<title>dr in\u017c. Ma\u0142gorzata \u0179r\u00f3d\u0142o-Loda - Najwa\u017cniejsze publikacje - Pracownicy PANS w Kro\u015bnie<\/title>\n<meta name=\"robots\" content=\"index, follow, max-snippet:-1, max-image-preview:large, max-video-preview:-1\" \/>\n<link rel=\"canonical\" href=\"https:\/\/pans.krosno.pl\/pracownicy\/malgorzata-zrodlo-loda\/malgorzata-zrodlo-loda-najwazniejsze-publikacje\/\" \/>\n<meta property=\"og:locale\" content=\"pl_PL\" \/>\n<meta property=\"og:type\" content=\"article\" \/>\n<meta property=\"og:title\" content=\"dr in\u017c. Ma\u0142gorzata \u0179r\u00f3d\u0142o-Loda - Najwa\u017cniejsze publikacje\" \/>\n<meta property=\"og:description\" content=\"Wybrane publikacje Baran J., \u0179r\u00f3d\u0142o-Loda M., G\u00f3rka M. 2019: Pr\u00f3ba zastosowania innowacyjnych dodatk\u00f3w smakowych w produkcji twarog\u00f3w z mleka koziego [w] Innowacje&nbsp; w kszta\u0142towaniu jako\u015bci produkt\u00f3w \u017cywno\u015bciowych. Towaroznawstwo w badaniach i praktyce, red. M. Mi\u015bniakiewicz, Sie\u0107 Badawcza \u0141ukasiewicz \u2013 Instytut Technologii Eksploatacji, Radom, s.16-26. \u0179r\u00f3d\u0142o-Loda M., Baran J. 2019: System [\u2026] Read More\" \/>\n<meta property=\"og:url\" content=\"https:\/\/pans.krosno.pl\/pracownicy\/malgorzata-zrodlo-loda\/malgorzata-zrodlo-loda-najwazniejsze-publikacje\/\" \/>\n<meta property=\"og:site_name\" content=\"Pracownicy PANS w Kro\u015bnie\" \/>\n<meta property=\"article:modified_time\" content=\"2025-05-20T12:06:58+00:00\" \/>\n<meta name=\"twitter:card\" content=\"summary_large_image\" \/>\n<meta name=\"twitter:label1\" content=\"Szacowany czas czytania\" \/>\n\t<meta name=\"twitter:data1\" content=\"3 minuty\" \/>\n<script type=\"application\/ld+json\" class=\"yoast-schema-graph\">{\"@context\":\"https:\\\/\\\/schema.org\",\"@graph\":[{\"@type\":\"WebPage\",\"@id\":\"https:\\\/\\\/pans.krosno.pl\\\/pracownicy\\\/malgorzata-zrodlo-loda\\\/malgorzata-zrodlo-loda-najwazniejsze-publikacje\\\/\",\"url\":\"https:\\\/\\\/pans.krosno.pl\\\/pracownicy\\\/malgorzata-zrodlo-loda\\\/malgorzata-zrodlo-loda-najwazniejsze-publikacje\\\/\",\"name\":\"dr in\u017c. Ma\u0142gorzata \u0179r\u00f3d\u0142o-Loda - Najwa\u017cniejsze publikacje - Pracownicy PANS w Kro\u015bnie\",\"isPartOf\":{\"@id\":\"https:\\\/\\\/pans.krosno.pl\\\/pracownicy\\\/#website\"},\"datePublished\":\"2020-03-27T17:30:21+00:00\",\"dateModified\":\"2025-05-20T12:06:58+00:00\",\"breadcrumb\":{\"@id\":\"https:\\\/\\\/pans.krosno.pl\\\/pracownicy\\\/malgorzata-zrodlo-loda\\\/malgorzata-zrodlo-loda-najwazniejsze-publikacje\\\/#breadcrumb\"},\"inLanguage\":\"pl-PL\",\"potentialAction\":[{\"@type\":\"ReadAction\",\"target\":[\"https:\\\/\\\/pans.krosno.pl\\\/pracownicy\\\/malgorzata-zrodlo-loda\\\/malgorzata-zrodlo-loda-najwazniejsze-publikacje\\\/\"]}]},{\"@type\":\"BreadcrumbList\",\"@id\":\"https:\\\/\\\/pans.krosno.pl\\\/pracownicy\\\/malgorzata-zrodlo-loda\\\/malgorzata-zrodlo-loda-najwazniejsze-publikacje\\\/#breadcrumb\",\"itemListElement\":[{\"@type\":\"ListItem\",\"position\":1,\"name\":\"Strona g\u0142\u00f3wna\",\"item\":\"https:\\\/\\\/pans.krosno.pl\\\/pracownicy\\\/\"},{\"@type\":\"ListItem\",\"position\":2,\"name\":\"dr in\u017c. Ma\u0142gorzata \u0179r\u00f3d\u0142o-Loda\",\"item\":\"https:\\\/\\\/pans.krosno.pl\\\/pracownicy\\\/malgorzata-zrodlo-loda\\\/\"},{\"@type\":\"ListItem\",\"position\":3,\"name\":\"dr in\u017c. Ma\u0142gorzata \u0179r\u00f3d\u0142o-Loda &#8211; Najwa\u017cniejsze publikacje\"}]},{\"@type\":\"WebSite\",\"@id\":\"https:\\\/\\\/pans.krosno.pl\\\/pracownicy\\\/#website\",\"url\":\"https:\\\/\\\/pans.krosno.pl\\\/pracownicy\\\/\",\"name\":\"Pracownicy PANS w Kro\u015bnie\",\"description\":\"Pracownicy - Pa\u0144stwowa Akademia Nauk Stosowanych\",\"publisher\":{\"@id\":\"https:\\\/\\\/pans.krosno.pl\\\/pracownicy\\\/#organization\"},\"potentialAction\":[{\"@type\":\"SearchAction\",\"target\":{\"@type\":\"EntryPoint\",\"urlTemplate\":\"https:\\\/\\\/pans.krosno.pl\\\/pracownicy\\\/?s={search_term_string}\"},\"query-input\":{\"@type\":\"PropertyValueSpecification\",\"valueRequired\":true,\"valueName\":\"search_term_string\"}}],\"inLanguage\":\"pl-PL\"},{\"@type\":\"Organization\",\"@id\":\"https:\\\/\\\/pans.krosno.pl\\\/pracownicy\\\/#organization\",\"name\":\"Pracownicy PANS w Kro\u015bnie\",\"url\":\"https:\\\/\\\/pans.krosno.pl\\\/pracownicy\\\/\",\"logo\":{\"@type\":\"ImageObject\",\"inLanguage\":\"pl-PL\",\"@id\":\"https:\\\/\\\/pans.krosno.pl\\\/pracownicy\\\/#\\\/schema\\\/logo\\\/image\\\/\",\"url\":\"https:\\\/\\\/pans.krosno.pl\\\/pracownicy\\\/wp-content\\\/uploads\\\/sites\\\/41\\\/2023\\\/01\\\/Logo-PANS-2022-pelne.png\",\"contentUrl\":\"https:\\\/\\\/pans.krosno.pl\\\/pracownicy\\\/wp-content\\\/uploads\\\/sites\\\/41\\\/2023\\\/01\\\/Logo-PANS-2022-pelne.png\",\"width\":3096,\"height\":696,\"caption\":\"Pracownicy PANS w Kro\u015bnie\"},\"image\":{\"@id\":\"https:\\\/\\\/pans.krosno.pl\\\/pracownicy\\\/#\\\/schema\\\/logo\\\/image\\\/\"}}]}<\/script>\n<!-- \/ Yoast SEO Premium plugin. -->","yoast_head_json":{"title":"dr in\u017c. Ma\u0142gorzata \u0179r\u00f3d\u0142o-Loda - Najwa\u017cniejsze publikacje - Pracownicy PANS w Kro\u015bnie","robots":{"index":"index","follow":"follow","max-snippet":"max-snippet:-1","max-image-preview":"max-image-preview:large","max-video-preview":"max-video-preview:-1"},"canonical":"https:\/\/pans.krosno.pl\/pracownicy\/malgorzata-zrodlo-loda\/malgorzata-zrodlo-loda-najwazniejsze-publikacje\/","og_locale":"pl_PL","og_type":"article","og_title":"dr in\u017c. Ma\u0142gorzata \u0179r\u00f3d\u0142o-Loda - Najwa\u017cniejsze publikacje","og_description":"Wybrane publikacje Baran J., \u0179r\u00f3d\u0142o-Loda M., G\u00f3rka M. 2019: Pr\u00f3ba zastosowania innowacyjnych dodatk\u00f3w smakowych w produkcji twarog\u00f3w z mleka koziego [w] Innowacje&nbsp; w kszta\u0142towaniu jako\u015bci produkt\u00f3w \u017cywno\u015bciowych. Towaroznawstwo w badaniach i praktyce, red. M. Mi\u015bniakiewicz, Sie\u0107 Badawcza \u0141ukasiewicz \u2013 Instytut Technologii Eksploatacji, Radom, s.16-26. \u0179r\u00f3d\u0142o-Loda M., Baran J. 2019: System [\u2026] Read More","og_url":"https:\/\/pans.krosno.pl\/pracownicy\/malgorzata-zrodlo-loda\/malgorzata-zrodlo-loda-najwazniejsze-publikacje\/","og_site_name":"Pracownicy PANS w Kro\u015bnie","article_modified_time":"2025-05-20T12:06:58+00:00","twitter_card":"summary_large_image","twitter_misc":{"Szacowany czas czytania":"3 minuty"},"schema":{"@context":"https:\/\/schema.org","@graph":[{"@type":"WebPage","@id":"https:\/\/pans.krosno.pl\/pracownicy\/malgorzata-zrodlo-loda\/malgorzata-zrodlo-loda-najwazniejsze-publikacje\/","url":"https:\/\/pans.krosno.pl\/pracownicy\/malgorzata-zrodlo-loda\/malgorzata-zrodlo-loda-najwazniejsze-publikacje\/","name":"dr in\u017c. Ma\u0142gorzata \u0179r\u00f3d\u0142o-Loda - Najwa\u017cniejsze publikacje - Pracownicy PANS w Kro\u015bnie","isPartOf":{"@id":"https:\/\/pans.krosno.pl\/pracownicy\/#website"},"datePublished":"2020-03-27T17:30:21+00:00","dateModified":"2025-05-20T12:06:58+00:00","breadcrumb":{"@id":"https:\/\/pans.krosno.pl\/pracownicy\/malgorzata-zrodlo-loda\/malgorzata-zrodlo-loda-najwazniejsze-publikacje\/#breadcrumb"},"inLanguage":"pl-PL","potentialAction":[{"@type":"ReadAction","target":["https:\/\/pans.krosno.pl\/pracownicy\/malgorzata-zrodlo-loda\/malgorzata-zrodlo-loda-najwazniejsze-publikacje\/"]}]},{"@type":"BreadcrumbList","@id":"https:\/\/pans.krosno.pl\/pracownicy\/malgorzata-zrodlo-loda\/malgorzata-zrodlo-loda-najwazniejsze-publikacje\/#breadcrumb","itemListElement":[{"@type":"ListItem","position":1,"name":"Strona g\u0142\u00f3wna","item":"https:\/\/pans.krosno.pl\/pracownicy\/"},{"@type":"ListItem","position":2,"name":"dr in\u017c. Ma\u0142gorzata \u0179r\u00f3d\u0142o-Loda","item":"https:\/\/pans.krosno.pl\/pracownicy\/malgorzata-zrodlo-loda\/"},{"@type":"ListItem","position":3,"name":"dr in\u017c. Ma\u0142gorzata \u0179r\u00f3d\u0142o-Loda &#8211; Najwa\u017cniejsze publikacje"}]},{"@type":"WebSite","@id":"https:\/\/pans.krosno.pl\/pracownicy\/#website","url":"https:\/\/pans.krosno.pl\/pracownicy\/","name":"Pracownicy PANS w Kro\u015bnie","description":"Pracownicy - Pa\u0144stwowa Akademia Nauk Stosowanych","publisher":{"@id":"https:\/\/pans.krosno.pl\/pracownicy\/#organization"},"potentialAction":[{"@type":"SearchAction","target":{"@type":"EntryPoint","urlTemplate":"https:\/\/pans.krosno.pl\/pracownicy\/?s={search_term_string}"},"query-input":{"@type":"PropertyValueSpecification","valueRequired":true,"valueName":"search_term_string"}}],"inLanguage":"pl-PL"},{"@type":"Organization","@id":"https:\/\/pans.krosno.pl\/pracownicy\/#organization","name":"Pracownicy PANS w Kro\u015bnie","url":"https:\/\/pans.krosno.pl\/pracownicy\/","logo":{"@type":"ImageObject","inLanguage":"pl-PL","@id":"https:\/\/pans.krosno.pl\/pracownicy\/#\/schema\/logo\/image\/","url":"https:\/\/pans.krosno.pl\/pracownicy\/wp-content\/uploads\/sites\/41\/2023\/01\/Logo-PANS-2022-pelne.png","contentUrl":"https:\/\/pans.krosno.pl\/pracownicy\/wp-content\/uploads\/sites\/41\/2023\/01\/Logo-PANS-2022-pelne.png","width":3096,"height":696,"caption":"Pracownicy PANS w Kro\u015bnie"},"image":{"@id":"https:\/\/pans.krosno.pl\/pracownicy\/#\/schema\/logo\/image\/"}}]}},"_links":{"self":[{"href":"https:\/\/pans.krosno.pl\/pracownicy\/wp-json\/wp\/v2\/pages\/432","targetHints":{"allow":["GET"]}}],"collection":[{"href":"https:\/\/pans.krosno.pl\/pracownicy\/wp-json\/wp\/v2\/pages"}],"about":[{"href":"https:\/\/pans.krosno.pl\/pracownicy\/wp-json\/wp\/v2\/types\/page"}],"author":[{"embeddable":true,"href":"https:\/\/pans.krosno.pl\/pracownicy\/wp-json\/wp\/v2\/users\/36"}],"replies":[{"embeddable":true,"href":"https:\/\/pans.krosno.pl\/pracownicy\/wp-json\/wp\/v2\/comments?post=432"}],"version-history":[{"count":6,"href":"https:\/\/pans.krosno.pl\/pracownicy\/wp-json\/wp\/v2\/pages\/432\/revisions"}],"predecessor-version":[{"id":11096,"href":"https:\/\/pans.krosno.pl\/pracownicy\/wp-json\/wp\/v2\/pages\/432\/revisions\/11096"}],"up":[{"embeddable":true,"href":"https:\/\/pans.krosno.pl\/pracownicy\/wp-json\/wp\/v2\/pages\/419"}],"wp:attachment":[{"href":"https:\/\/pans.krosno.pl\/pracownicy\/wp-json\/wp\/v2\/media?parent=432"}],"curies":[{"name":"wp","href":"https:\/\/api.w.org\/{rel}","templated":true}]}}