{"id":3486,"date":"2020-04-21T13:12:09","date_gmt":"2020-04-21T11:12:09","guid":{"rendered":"https:\/\/pans.krosno.pl\/pracownicy\/?page_id=3486"},"modified":"2025-05-16T10:56:09","modified_gmt":"2025-05-16T08:56:09","slug":"krzysztof-ochalek-zyciorys-naukowy","status":"publish","type":"page","link":"https:\/\/pans.krosno.pl\/pracownicy\/krzysztof-ochalek\/krzysztof-ochalek-zyciorys-naukowy\/","title":{"rendered":"mgr in\u017c. Krzysztof Ocha\u0142ek &#8211; \u017byciorys naukowy"},"content":{"rendered":"<hr>\n<p>Mechanik, konstruktor, technolog. Zajmuje si\u0119 szeroko rozumian\u0105 mechanik\u0105 pocz\u0105wszy od projektowania w \u015brodowisku wirtualnym CAD poprzez etapy oblicze\u0144 in\u017cynierskich, tworzenia technologii obr\u00f3bkowych CAM, obs\u0142ugi maszyn sterowanych numerycznie a\u017c po kontrol\u0119 jako\u015bci wyrob\u00f3w. Zainteresowania naukowe skupiaj\u0105 si\u0119 wok\u00f3\u0142 alternatywnych metod spajania materia\u0142\u00f3w m.in. zgrzewania tarciowego z przemieszaniem.<\/p>\n<hr>\n<p>&nbsp;<\/p>\n","protected":false},"excerpt":{"rendered":"<p>Mechanik, konstruktor, technolog. Zajmuje si\u0119 szeroko rozumian\u0105 mechanik\u0105 pocz\u0105wszy od projektowania w \u015brodowisku wirtualnym CAD poprzez etapy oblicze\u0144 in\u017cynierskich, tworzenia technologii obr\u00f3bkowych CAM, obs\u0142ugi maszyn sterowanych numerycznie a\u017c po kontrol\u0119 jako\u015bci wyrob\u00f3w. Zainteresowania naukowe skupiaj\u0105 si\u0119 wok\u00f3\u0142 alternatywnych metod spajania materia\u0142\u00f3w m.in. zgrzewania tarciowego z przemieszaniem. &nbsp;<\/p>\n","protected":false},"author":34,"featured_media":0,"parent":3478,"menu_order":0,"comment_status":"closed","ping_status":"closed","template":"","meta":{"ngg_post_thumbnail":0,"footnotes":""},"class_list":["post-3486","page","type-page","status-publish","hentry"],"yoast_head":"<!-- This site is optimized with the Yoast SEO Premium plugin v27.4 (Yoast SEO v27.4) - https:\/\/yoast.com\/product\/yoast-seo-premium-wordpress\/ -->\n<title>mgr in\u017c. Krzysztof Ocha\u0142ek - \u017byciorys naukowy - Pracownicy PANS w Kro\u015bnie<\/title>\n<meta name=\"robots\" content=\"index, follow, max-snippet:-1, max-image-preview:large, max-video-preview:-1\" \/>\n<link rel=\"canonical\" href=\"https:\/\/pans.krosno.pl\/pracownicy\/krzysztof-ochalek\/krzysztof-ochalek-zyciorys-naukowy\/\" \/>\n<meta property=\"og:locale\" content=\"pl_PL\" \/>\n<meta property=\"og:type\" content=\"article\" \/>\n<meta property=\"og:title\" content=\"mgr in\u017c. Krzysztof Ocha\u0142ek - \u017byciorys naukowy\" \/>\n<meta property=\"og:description\" content=\"Mechanik, konstruktor, technolog. Zajmuje si\u0119 szeroko rozumian\u0105 mechanik\u0105 pocz\u0105wszy od projektowania w \u015brodowisku wirtualnym CAD poprzez etapy oblicze\u0144 in\u017cynierskich, tworzenia technologii obr\u00f3bkowych CAM, obs\u0142ugi maszyn sterowanych numerycznie a\u017c po kontrol\u0119 jako\u015bci wyrob\u00f3w. Zainteresowania naukowe skupiaj\u0105 si\u0119 wok\u00f3\u0142 alternatywnych metod spajania materia\u0142\u00f3w m.in. zgrzewania tarciowego z przemieszaniem. &nbsp;\" \/>\n<meta property=\"og:url\" content=\"https:\/\/pans.krosno.pl\/pracownicy\/krzysztof-ochalek\/krzysztof-ochalek-zyciorys-naukowy\/\" \/>\n<meta property=\"og:site_name\" content=\"Pracownicy PANS w Kro\u015bnie\" \/>\n<meta property=\"article:modified_time\" content=\"2025-05-16T08:56:09+00:00\" \/>\n<meta name=\"twitter:card\" content=\"summary_large_image\" \/>\n<meta name=\"twitter:label1\" content=\"Szacowany czas czytania\" \/>\n\t<meta name=\"twitter:data1\" content=\"1 minuta\" \/>\n<script type=\"application\/ld+json\" class=\"yoast-schema-graph\">{\"@context\":\"https:\\\/\\\/schema.org\",\"@graph\":[{\"@type\":\"WebPage\",\"@id\":\"https:\\\/\\\/pans.krosno.pl\\\/pracownicy\\\/krzysztof-ochalek\\\/krzysztof-ochalek-zyciorys-naukowy\\\/\",\"url\":\"https:\\\/\\\/pans.krosno.pl\\\/pracownicy\\\/krzysztof-ochalek\\\/krzysztof-ochalek-zyciorys-naukowy\\\/\",\"name\":\"mgr in\u017c. Krzysztof Ocha\u0142ek - \u017byciorys naukowy - Pracownicy PANS w Kro\u015bnie\",\"isPartOf\":{\"@id\":\"https:\\\/\\\/pans.krosno.pl\\\/pracownicy\\\/#website\"},\"datePublished\":\"2020-04-21T11:12:09+00:00\",\"dateModified\":\"2025-05-16T08:56:09+00:00\",\"breadcrumb\":{\"@id\":\"https:\\\/\\\/pans.krosno.pl\\\/pracownicy\\\/krzysztof-ochalek\\\/krzysztof-ochalek-zyciorys-naukowy\\\/#breadcrumb\"},\"inLanguage\":\"pl-PL\",\"potentialAction\":[{\"@type\":\"ReadAction\",\"target\":[\"https:\\\/\\\/pans.krosno.pl\\\/pracownicy\\\/krzysztof-ochalek\\\/krzysztof-ochalek-zyciorys-naukowy\\\/\"]}]},{\"@type\":\"BreadcrumbList\",\"@id\":\"https:\\\/\\\/pans.krosno.pl\\\/pracownicy\\\/krzysztof-ochalek\\\/krzysztof-ochalek-zyciorys-naukowy\\\/#breadcrumb\",\"itemListElement\":[{\"@type\":\"ListItem\",\"position\":1,\"name\":\"Strona g\u0142\u00f3wna\",\"item\":\"https:\\\/\\\/pans.krosno.pl\\\/pracownicy\\\/\"},{\"@type\":\"ListItem\",\"position\":2,\"name\":\"mgr in\u017c. Krzysztof Ocha\u0142ek\",\"item\":\"https:\\\/\\\/pans.krosno.pl\\\/pracownicy\\\/krzysztof-ochalek\\\/\"},{\"@type\":\"ListItem\",\"position\":3,\"name\":\"mgr in\u017c. Krzysztof Ocha\u0142ek &#8211; \u017byciorys naukowy\"}]},{\"@type\":\"WebSite\",\"@id\":\"https:\\\/\\\/pans.krosno.pl\\\/pracownicy\\\/#website\",\"url\":\"https:\\\/\\\/pans.krosno.pl\\\/pracownicy\\\/\",\"name\":\"Pracownicy PANS w Kro\u015bnie\",\"description\":\"Pracownicy - Pa\u0144stwowa Akademia Nauk Stosowanych\",\"publisher\":{\"@id\":\"https:\\\/\\\/pans.krosno.pl\\\/pracownicy\\\/#organization\"},\"potentialAction\":[{\"@type\":\"SearchAction\",\"target\":{\"@type\":\"EntryPoint\",\"urlTemplate\":\"https:\\\/\\\/pans.krosno.pl\\\/pracownicy\\\/?s={search_term_string}\"},\"query-input\":{\"@type\":\"PropertyValueSpecification\",\"valueRequired\":true,\"valueName\":\"search_term_string\"}}],\"inLanguage\":\"pl-PL\"},{\"@type\":\"Organization\",\"@id\":\"https:\\\/\\\/pans.krosno.pl\\\/pracownicy\\\/#organization\",\"name\":\"Pracownicy PANS w Kro\u015bnie\",\"url\":\"https:\\\/\\\/pans.krosno.pl\\\/pracownicy\\\/\",\"logo\":{\"@type\":\"ImageObject\",\"inLanguage\":\"pl-PL\",\"@id\":\"https:\\\/\\\/pans.krosno.pl\\\/pracownicy\\\/#\\\/schema\\\/logo\\\/image\\\/\",\"url\":\"https:\\\/\\\/pans.krosno.pl\\\/pracownicy\\\/wp-content\\\/uploads\\\/sites\\\/41\\\/2023\\\/01\\\/Logo-PANS-2022-pelne.png\",\"contentUrl\":\"https:\\\/\\\/pans.krosno.pl\\\/pracownicy\\\/wp-content\\\/uploads\\\/sites\\\/41\\\/2023\\\/01\\\/Logo-PANS-2022-pelne.png\",\"width\":3096,\"height\":696,\"caption\":\"Pracownicy PANS w Kro\u015bnie\"},\"image\":{\"@id\":\"https:\\\/\\\/pans.krosno.pl\\\/pracownicy\\\/#\\\/schema\\\/logo\\\/image\\\/\"}}]}<\/script>\n<!-- \/ Yoast SEO Premium plugin. -->","yoast_head_json":{"title":"mgr in\u017c. Krzysztof Ocha\u0142ek - \u017byciorys naukowy - Pracownicy PANS w Kro\u015bnie","robots":{"index":"index","follow":"follow","max-snippet":"max-snippet:-1","max-image-preview":"max-image-preview:large","max-video-preview":"max-video-preview:-1"},"canonical":"https:\/\/pans.krosno.pl\/pracownicy\/krzysztof-ochalek\/krzysztof-ochalek-zyciorys-naukowy\/","og_locale":"pl_PL","og_type":"article","og_title":"mgr in\u017c. Krzysztof Ocha\u0142ek - \u017byciorys naukowy","og_description":"Mechanik, konstruktor, technolog. Zajmuje si\u0119 szeroko rozumian\u0105 mechanik\u0105 pocz\u0105wszy od projektowania w \u015brodowisku wirtualnym CAD poprzez etapy oblicze\u0144 in\u017cynierskich, tworzenia technologii obr\u00f3bkowych CAM, obs\u0142ugi maszyn sterowanych numerycznie a\u017c po kontrol\u0119 jako\u015bci wyrob\u00f3w. Zainteresowania naukowe skupiaj\u0105 si\u0119 wok\u00f3\u0142 alternatywnych metod spajania materia\u0142\u00f3w m.in. zgrzewania tarciowego z przemieszaniem. &nbsp;","og_url":"https:\/\/pans.krosno.pl\/pracownicy\/krzysztof-ochalek\/krzysztof-ochalek-zyciorys-naukowy\/","og_site_name":"Pracownicy PANS w Kro\u015bnie","article_modified_time":"2025-05-16T08:56:09+00:00","twitter_card":"summary_large_image","twitter_misc":{"Szacowany czas czytania":"1 minuta"},"schema":{"@context":"https:\/\/schema.org","@graph":[{"@type":"WebPage","@id":"https:\/\/pans.krosno.pl\/pracownicy\/krzysztof-ochalek\/krzysztof-ochalek-zyciorys-naukowy\/","url":"https:\/\/pans.krosno.pl\/pracownicy\/krzysztof-ochalek\/krzysztof-ochalek-zyciorys-naukowy\/","name":"mgr in\u017c. Krzysztof Ocha\u0142ek - \u017byciorys naukowy - Pracownicy PANS w Kro\u015bnie","isPartOf":{"@id":"https:\/\/pans.krosno.pl\/pracownicy\/#website"},"datePublished":"2020-04-21T11:12:09+00:00","dateModified":"2025-05-16T08:56:09+00:00","breadcrumb":{"@id":"https:\/\/pans.krosno.pl\/pracownicy\/krzysztof-ochalek\/krzysztof-ochalek-zyciorys-naukowy\/#breadcrumb"},"inLanguage":"pl-PL","potentialAction":[{"@type":"ReadAction","target":["https:\/\/pans.krosno.pl\/pracownicy\/krzysztof-ochalek\/krzysztof-ochalek-zyciorys-naukowy\/"]}]},{"@type":"BreadcrumbList","@id":"https:\/\/pans.krosno.pl\/pracownicy\/krzysztof-ochalek\/krzysztof-ochalek-zyciorys-naukowy\/#breadcrumb","itemListElement":[{"@type":"ListItem","position":1,"name":"Strona g\u0142\u00f3wna","item":"https:\/\/pans.krosno.pl\/pracownicy\/"},{"@type":"ListItem","position":2,"name":"mgr in\u017c. Krzysztof Ocha\u0142ek","item":"https:\/\/pans.krosno.pl\/pracownicy\/krzysztof-ochalek\/"},{"@type":"ListItem","position":3,"name":"mgr in\u017c. Krzysztof Ocha\u0142ek &#8211; \u017byciorys naukowy"}]},{"@type":"WebSite","@id":"https:\/\/pans.krosno.pl\/pracownicy\/#website","url":"https:\/\/pans.krosno.pl\/pracownicy\/","name":"Pracownicy PANS w Kro\u015bnie","description":"Pracownicy - Pa\u0144stwowa Akademia Nauk Stosowanych","publisher":{"@id":"https:\/\/pans.krosno.pl\/pracownicy\/#organization"},"potentialAction":[{"@type":"SearchAction","target":{"@type":"EntryPoint","urlTemplate":"https:\/\/pans.krosno.pl\/pracownicy\/?s={search_term_string}"},"query-input":{"@type":"PropertyValueSpecification","valueRequired":true,"valueName":"search_term_string"}}],"inLanguage":"pl-PL"},{"@type":"Organization","@id":"https:\/\/pans.krosno.pl\/pracownicy\/#organization","name":"Pracownicy PANS w Kro\u015bnie","url":"https:\/\/pans.krosno.pl\/pracownicy\/","logo":{"@type":"ImageObject","inLanguage":"pl-PL","@id":"https:\/\/pans.krosno.pl\/pracownicy\/#\/schema\/logo\/image\/","url":"https:\/\/pans.krosno.pl\/pracownicy\/wp-content\/uploads\/sites\/41\/2023\/01\/Logo-PANS-2022-pelne.png","contentUrl":"https:\/\/pans.krosno.pl\/pracownicy\/wp-content\/uploads\/sites\/41\/2023\/01\/Logo-PANS-2022-pelne.png","width":3096,"height":696,"caption":"Pracownicy PANS w Kro\u015bnie"},"image":{"@id":"https:\/\/pans.krosno.pl\/pracownicy\/#\/schema\/logo\/image\/"}}]}},"_links":{"self":[{"href":"https:\/\/pans.krosno.pl\/pracownicy\/wp-json\/wp\/v2\/pages\/3486","targetHints":{"allow":["GET"]}}],"collection":[{"href":"https:\/\/pans.krosno.pl\/pracownicy\/wp-json\/wp\/v2\/pages"}],"about":[{"href":"https:\/\/pans.krosno.pl\/pracownicy\/wp-json\/wp\/v2\/types\/page"}],"author":[{"embeddable":true,"href":"https:\/\/pans.krosno.pl\/pracownicy\/wp-json\/wp\/v2\/users\/34"}],"replies":[{"embeddable":true,"href":"https:\/\/pans.krosno.pl\/pracownicy\/wp-json\/wp\/v2\/comments?post=3486"}],"version-history":[{"count":2,"href":"https:\/\/pans.krosno.pl\/pracownicy\/wp-json\/wp\/v2\/pages\/3486\/revisions"}],"predecessor-version":[{"id":6981,"href":"https:\/\/pans.krosno.pl\/pracownicy\/wp-json\/wp\/v2\/pages\/3486\/revisions\/6981"}],"up":[{"embeddable":true,"href":"https:\/\/pans.krosno.pl\/pracownicy\/wp-json\/wp\/v2\/pages\/3478"}],"wp:attachment":[{"href":"https:\/\/pans.krosno.pl\/pracownicy\/wp-json\/wp\/v2\/media?parent=3486"}],"curies":[{"name":"wp","href":"https:\/\/api.w.org\/{rel}","templated":true}]}}