{"id":3147,"date":"2020-04-20T14:37:28","date_gmt":"2020-04-20T12:37:28","guid":{"rendered":"https:\/\/pans.krosno.pl\/pracownicy\/?page_id=3147"},"modified":"2025-09-29T11:21:31","modified_gmt":"2025-09-29T09:21:31","slug":"andrzej-swiatoniowski-doswiadczenie-pozauczelniane","status":"publish","type":"page","link":"https:\/\/pans.krosno.pl\/pracownicy\/andrzej-swiatoniowski\/andrzej-swiatoniowski-doswiadczenie-pozauczelniane\/","title":{"rendered":"prof. dr hab. in\u017c. Andrzej \u015awi\u0105toniowski &#8211; Do\u015bwiadczenie pozauczelniane"},"content":{"rendered":"<hr>\n<ul>\n<li>W 1979 r. odby\u0142 sta\u017c naukowy w Uniwersytecie Przemys\u0142u Ci\u0119\u017ckiego w Miskolcu (W\u0119gry),<\/li>\n<li>W okresie od 1985 r. do 1986 r. przebywa\u0142 na kontrakcie indywidualnym w USA pracuj\u0105c dla firmy Illiana Steel Inc. w Hammond (Indiana),<\/li>\n<li>W okresie od 1990 r. do 1991 r. &#8211; Przebywa\u0142 na kontrakcie nash University (Clayton, Victoria, Australia) kieruj\u0105c projektem badawczym realizowanym w Department of Materials Engineering,<\/li>\n<li>Kierowa\u0142 lub uczestniczy\u0142 w realizacji 12 projekt\u00f3w badawczych finansowanych z \u015brodk\u00f3w Komitet Bada\u0144 Naukowych i Narodowe Centrum Bada\u0144 i Rozwoju,<\/li>\n<li>Jest cz\u0142onkiem Sekcji Teorii Proces\u00f3w Przer\u00f3bki Plastycznej Komitetu Metalurgii PAN, a od 2007 r. cz\u0142onkiem Komisji Mechaniki Stosowanej Oddzia\u0142u PAN w Krakowie,<\/li>\n<li>Jest cz\u0142onkiem New York Academy of Science (od 1997 r.) oraz AAAS (American Association for the Advancement of Science \u2013 od 2000 r.),<\/li>\n<li>Cz\u0142onek Stowarzyszenia NOT \u2013 SITPH \u2013 rzeczoznawca (nr 908) w zakresie maszyn, urz\u0105dze\u0144 hutniczych oraz dynamiki maszyn do plastycznej przer\u00f3bki metali.<\/li>\n<\/ul>\n<hr>\n<p>&nbsp;<\/p>\n","protected":false},"excerpt":{"rendered":"<p>W 1979 r. odby\u0142 sta\u017c naukowy w Uniwersytecie Przemys\u0142u Ci\u0119\u017ckiego w Miskolcu (W\u0119gry), W okresie od 1985 r. do 1986 r. przebywa\u0142 na kontrakcie indywidualnym w USA pracuj\u0105c dla firmy Illiana Steel Inc. w Hammond (Indiana), W okresie od 1990 r. do 1991 r. &#8211; Przebywa\u0142 na kontrakcie nash University [\u2026] <\/p>\n<div class=\"clear\"><\/div>\n<p><a class=\"more_link clearfix\" href=\"https:\/\/pans.krosno.pl\/pracownicy\/andrzej-swiatoniowski\/andrzej-swiatoniowski-doswiadczenie-pozauczelniane\/\" rel=\"nofollow\">Read More<\/a><\/p>\n","protected":false},"author":34,"featured_media":0,"parent":3141,"menu_order":0,"comment_status":"closed","ping_status":"closed","template":"","meta":{"ngg_post_thumbnail":0,"footnotes":""},"class_list":["post-3147","page","type-page","status-publish","hentry"],"yoast_head":"<!-- This site is optimized with the Yoast SEO Premium plugin v27.3 (Yoast SEO v27.3) - https:\/\/yoast.com\/product\/yoast-seo-premium-wordpress\/ -->\n<title>prof. dr hab. in\u017c. Andrzej \u015awi\u0105toniowski - Do\u015bwiadczenie pozauczelniane - Pracownicy PANS w Kro\u015bnie<\/title>\n<meta name=\"robots\" content=\"index, follow, max-snippet:-1, max-image-preview:large, max-video-preview:-1\" \/>\n<link rel=\"canonical\" href=\"https:\/\/pans.krosno.pl\/pracownicy\/andrzej-swiatoniowski\/andrzej-swiatoniowski-doswiadczenie-pozauczelniane\/\" \/>\n<meta property=\"og:locale\" content=\"pl_PL\" \/>\n<meta property=\"og:type\" content=\"article\" \/>\n<meta property=\"og:title\" content=\"prof. dr hab. in\u017c. Andrzej \u015awi\u0105toniowski - Do\u015bwiadczenie pozauczelniane\" \/>\n<meta property=\"og:description\" content=\"W 1979 r. odby\u0142 sta\u017c naukowy w Uniwersytecie Przemys\u0142u Ci\u0119\u017ckiego w Miskolcu (W\u0119gry), W okresie od 1985 r. do 1986 r. przebywa\u0142 na kontrakcie indywidualnym w USA pracuj\u0105c dla firmy Illiana Steel Inc. w Hammond (Indiana), W okresie od 1990 r. do 1991 r. &#8211; Przebywa\u0142 na kontrakcie nash University [\u2026] Read More\" \/>\n<meta property=\"og:url\" content=\"https:\/\/pans.krosno.pl\/pracownicy\/andrzej-swiatoniowski\/andrzej-swiatoniowski-doswiadczenie-pozauczelniane\/\" \/>\n<meta property=\"og:site_name\" content=\"Pracownicy PANS w Kro\u015bnie\" \/>\n<meta property=\"article:modified_time\" content=\"2025-09-29T09:21:31+00:00\" \/>\n<meta name=\"twitter:card\" content=\"summary_large_image\" \/>\n<meta name=\"twitter:label1\" content=\"Szacowany czas czytania\" \/>\n\t<meta name=\"twitter:data1\" content=\"1 minuta\" \/>\n<script type=\"application\/ld+json\" class=\"yoast-schema-graph\">{\"@context\":\"https:\\\/\\\/schema.org\",\"@graph\":[{\"@type\":\"WebPage\",\"@id\":\"https:\\\/\\\/pans.krosno.pl\\\/pracownicy\\\/andrzej-swiatoniowski\\\/andrzej-swiatoniowski-doswiadczenie-pozauczelniane\\\/\",\"url\":\"https:\\\/\\\/pans.krosno.pl\\\/pracownicy\\\/andrzej-swiatoniowski\\\/andrzej-swiatoniowski-doswiadczenie-pozauczelniane\\\/\",\"name\":\"prof. dr hab. in\u017c. Andrzej \u015awi\u0105toniowski - Do\u015bwiadczenie pozauczelniane - Pracownicy PANS w Kro\u015bnie\",\"isPartOf\":{\"@id\":\"https:\\\/\\\/pans.krosno.pl\\\/pracownicy\\\/#website\"},\"datePublished\":\"2020-04-20T12:37:28+00:00\",\"dateModified\":\"2025-09-29T09:21:31+00:00\",\"breadcrumb\":{\"@id\":\"https:\\\/\\\/pans.krosno.pl\\\/pracownicy\\\/andrzej-swiatoniowski\\\/andrzej-swiatoniowski-doswiadczenie-pozauczelniane\\\/#breadcrumb\"},\"inLanguage\":\"pl-PL\",\"potentialAction\":[{\"@type\":\"ReadAction\",\"target\":[\"https:\\\/\\\/pans.krosno.pl\\\/pracownicy\\\/andrzej-swiatoniowski\\\/andrzej-swiatoniowski-doswiadczenie-pozauczelniane\\\/\"]}]},{\"@type\":\"BreadcrumbList\",\"@id\":\"https:\\\/\\\/pans.krosno.pl\\\/pracownicy\\\/andrzej-swiatoniowski\\\/andrzej-swiatoniowski-doswiadczenie-pozauczelniane\\\/#breadcrumb\",\"itemListElement\":[{\"@type\":\"ListItem\",\"position\":1,\"name\":\"Strona g\u0142\u00f3wna\",\"item\":\"https:\\\/\\\/pans.krosno.pl\\\/pracownicy\\\/\"},{\"@type\":\"ListItem\",\"position\":2,\"name\":\"prof. dr hab. in\u017c. Andrzej \u015awi\u0105toniowski\",\"item\":\"https:\\\/\\\/pans.krosno.pl\\\/pracownicy\\\/andrzej-swiatoniowski\\\/\"},{\"@type\":\"ListItem\",\"position\":3,\"name\":\"prof. dr hab. in\u017c. Andrzej \u015awi\u0105toniowski &#8211; Do\u015bwiadczenie pozauczelniane\"}]},{\"@type\":\"WebSite\",\"@id\":\"https:\\\/\\\/pans.krosno.pl\\\/pracownicy\\\/#website\",\"url\":\"https:\\\/\\\/pans.krosno.pl\\\/pracownicy\\\/\",\"name\":\"Pracownicy PANS w Kro\u015bnie\",\"description\":\"Pracownicy - Pa\u0144stwowa Akademia Nauk Stosowanych\",\"publisher\":{\"@id\":\"https:\\\/\\\/pans.krosno.pl\\\/pracownicy\\\/#organization\"},\"potentialAction\":[{\"@type\":\"SearchAction\",\"target\":{\"@type\":\"EntryPoint\",\"urlTemplate\":\"https:\\\/\\\/pans.krosno.pl\\\/pracownicy\\\/?s={search_term_string}\"},\"query-input\":{\"@type\":\"PropertyValueSpecification\",\"valueRequired\":true,\"valueName\":\"search_term_string\"}}],\"inLanguage\":\"pl-PL\"},{\"@type\":\"Organization\",\"@id\":\"https:\\\/\\\/pans.krosno.pl\\\/pracownicy\\\/#organization\",\"name\":\"Pracownicy PANS w Kro\u015bnie\",\"url\":\"https:\\\/\\\/pans.krosno.pl\\\/pracownicy\\\/\",\"logo\":{\"@type\":\"ImageObject\",\"inLanguage\":\"pl-PL\",\"@id\":\"https:\\\/\\\/pans.krosno.pl\\\/pracownicy\\\/#\\\/schema\\\/logo\\\/image\\\/\",\"url\":\"https:\\\/\\\/pans.krosno.pl\\\/pracownicy\\\/wp-content\\\/uploads\\\/sites\\\/41\\\/2023\\\/01\\\/Logo-PANS-2022-pelne.png\",\"contentUrl\":\"https:\\\/\\\/pans.krosno.pl\\\/pracownicy\\\/wp-content\\\/uploads\\\/sites\\\/41\\\/2023\\\/01\\\/Logo-PANS-2022-pelne.png\",\"width\":3096,\"height\":696,\"caption\":\"Pracownicy PANS w Kro\u015bnie\"},\"image\":{\"@id\":\"https:\\\/\\\/pans.krosno.pl\\\/pracownicy\\\/#\\\/schema\\\/logo\\\/image\\\/\"}}]}<\/script>\n<!-- \/ Yoast SEO Premium plugin. -->","yoast_head_json":{"title":"prof. dr hab. in\u017c. Andrzej \u015awi\u0105toniowski - Do\u015bwiadczenie pozauczelniane - Pracownicy PANS w Kro\u015bnie","robots":{"index":"index","follow":"follow","max-snippet":"max-snippet:-1","max-image-preview":"max-image-preview:large","max-video-preview":"max-video-preview:-1"},"canonical":"https:\/\/pans.krosno.pl\/pracownicy\/andrzej-swiatoniowski\/andrzej-swiatoniowski-doswiadczenie-pozauczelniane\/","og_locale":"pl_PL","og_type":"article","og_title":"prof. dr hab. in\u017c. Andrzej \u015awi\u0105toniowski - Do\u015bwiadczenie pozauczelniane","og_description":"W 1979 r. odby\u0142 sta\u017c naukowy w Uniwersytecie Przemys\u0142u Ci\u0119\u017ckiego w Miskolcu (W\u0119gry), W okresie od 1985 r. do 1986 r. przebywa\u0142 na kontrakcie indywidualnym w USA pracuj\u0105c dla firmy Illiana Steel Inc. w Hammond (Indiana), W okresie od 1990 r. do 1991 r. &#8211; Przebywa\u0142 na kontrakcie nash University [\u2026] Read More","og_url":"https:\/\/pans.krosno.pl\/pracownicy\/andrzej-swiatoniowski\/andrzej-swiatoniowski-doswiadczenie-pozauczelniane\/","og_site_name":"Pracownicy PANS w Kro\u015bnie","article_modified_time":"2025-09-29T09:21:31+00:00","twitter_card":"summary_large_image","twitter_misc":{"Szacowany czas czytania":"1 minuta"},"schema":{"@context":"https:\/\/schema.org","@graph":[{"@type":"WebPage","@id":"https:\/\/pans.krosno.pl\/pracownicy\/andrzej-swiatoniowski\/andrzej-swiatoniowski-doswiadczenie-pozauczelniane\/","url":"https:\/\/pans.krosno.pl\/pracownicy\/andrzej-swiatoniowski\/andrzej-swiatoniowski-doswiadczenie-pozauczelniane\/","name":"prof. dr hab. in\u017c. Andrzej \u015awi\u0105toniowski - Do\u015bwiadczenie pozauczelniane - Pracownicy PANS w Kro\u015bnie","isPartOf":{"@id":"https:\/\/pans.krosno.pl\/pracownicy\/#website"},"datePublished":"2020-04-20T12:37:28+00:00","dateModified":"2025-09-29T09:21:31+00:00","breadcrumb":{"@id":"https:\/\/pans.krosno.pl\/pracownicy\/andrzej-swiatoniowski\/andrzej-swiatoniowski-doswiadczenie-pozauczelniane\/#breadcrumb"},"inLanguage":"pl-PL","potentialAction":[{"@type":"ReadAction","target":["https:\/\/pans.krosno.pl\/pracownicy\/andrzej-swiatoniowski\/andrzej-swiatoniowski-doswiadczenie-pozauczelniane\/"]}]},{"@type":"BreadcrumbList","@id":"https:\/\/pans.krosno.pl\/pracownicy\/andrzej-swiatoniowski\/andrzej-swiatoniowski-doswiadczenie-pozauczelniane\/#breadcrumb","itemListElement":[{"@type":"ListItem","position":1,"name":"Strona g\u0142\u00f3wna","item":"https:\/\/pans.krosno.pl\/pracownicy\/"},{"@type":"ListItem","position":2,"name":"prof. dr hab. in\u017c. Andrzej \u015awi\u0105toniowski","item":"https:\/\/pans.krosno.pl\/pracownicy\/andrzej-swiatoniowski\/"},{"@type":"ListItem","position":3,"name":"prof. dr hab. in\u017c. Andrzej \u015awi\u0105toniowski &#8211; Do\u015bwiadczenie pozauczelniane"}]},{"@type":"WebSite","@id":"https:\/\/pans.krosno.pl\/pracownicy\/#website","url":"https:\/\/pans.krosno.pl\/pracownicy\/","name":"Pracownicy PANS w Kro\u015bnie","description":"Pracownicy - Pa\u0144stwowa Akademia Nauk Stosowanych","publisher":{"@id":"https:\/\/pans.krosno.pl\/pracownicy\/#organization"},"potentialAction":[{"@type":"SearchAction","target":{"@type":"EntryPoint","urlTemplate":"https:\/\/pans.krosno.pl\/pracownicy\/?s={search_term_string}"},"query-input":{"@type":"PropertyValueSpecification","valueRequired":true,"valueName":"search_term_string"}}],"inLanguage":"pl-PL"},{"@type":"Organization","@id":"https:\/\/pans.krosno.pl\/pracownicy\/#organization","name":"Pracownicy PANS w Kro\u015bnie","url":"https:\/\/pans.krosno.pl\/pracownicy\/","logo":{"@type":"ImageObject","inLanguage":"pl-PL","@id":"https:\/\/pans.krosno.pl\/pracownicy\/#\/schema\/logo\/image\/","url":"https:\/\/pans.krosno.pl\/pracownicy\/wp-content\/uploads\/sites\/41\/2023\/01\/Logo-PANS-2022-pelne.png","contentUrl":"https:\/\/pans.krosno.pl\/pracownicy\/wp-content\/uploads\/sites\/41\/2023\/01\/Logo-PANS-2022-pelne.png","width":3096,"height":696,"caption":"Pracownicy PANS w Kro\u015bnie"},"image":{"@id":"https:\/\/pans.krosno.pl\/pracownicy\/#\/schema\/logo\/image\/"}}]}},"_links":{"self":[{"href":"https:\/\/pans.krosno.pl\/pracownicy\/wp-json\/wp\/v2\/pages\/3147","targetHints":{"allow":["GET"]}}],"collection":[{"href":"https:\/\/pans.krosno.pl\/pracownicy\/wp-json\/wp\/v2\/pages"}],"about":[{"href":"https:\/\/pans.krosno.pl\/pracownicy\/wp-json\/wp\/v2\/types\/page"}],"author":[{"embeddable":true,"href":"https:\/\/pans.krosno.pl\/pracownicy\/wp-json\/wp\/v2\/users\/34"}],"replies":[{"embeddable":true,"href":"https:\/\/pans.krosno.pl\/pracownicy\/wp-json\/wp\/v2\/comments?post=3147"}],"version-history":[{"count":10,"href":"https:\/\/pans.krosno.pl\/pracownicy\/wp-json\/wp\/v2\/pages\/3147\/revisions"}],"predecessor-version":[{"id":11423,"href":"https:\/\/pans.krosno.pl\/pracownicy\/wp-json\/wp\/v2\/pages\/3147\/revisions\/11423"}],"up":[{"embeddable":true,"href":"https:\/\/pans.krosno.pl\/pracownicy\/wp-json\/wp\/v2\/pages\/3141"}],"wp:attachment":[{"href":"https:\/\/pans.krosno.pl\/pracownicy\/wp-json\/wp\/v2\/media?parent=3147"}],"curies":[{"name":"wp","href":"https:\/\/api.w.org\/{rel}","templated":true}]}}