{"id":2990,"date":"2020-04-17T12:26:07","date_gmt":"2020-04-17T10:26:07","guid":{"rendered":"https:\/\/pans.krosno.pl\/pracownicy\/?page_id=2990"},"modified":"2025-05-20T13:55:05","modified_gmt":"2025-05-20T11:55:05","slug":"iwona-wawer-zyciorys-naukowy","status":"publish","type":"page","link":"https:\/\/pans.krosno.pl\/pracownicy\/iwona-wawer\/iwona-wawer-zyciorys-naukowy\/","title":{"rendered":"prof. dr hab. Iwona Wawer &#8211; \u017byciorys naukowy"},"content":{"rendered":"<hr>\n<ul>\n<li>w okresie od 1970 r. do 1995 r. &#8211; Pracownik Wydzia\u0142u Chemii Uniwersytetu Warszawskiego, Doktorat w 1977 r., habilitacja w 1994 r.,<\/li>\n<li>od 1995 r. &#8211; Kierownik Zak\u0142adu Chemii Fizycznej, Wydzia\u0142 Farmaceutyczny, Warszawski Uniwersytet Medyczny, profesor nadzwyczajny, a od 2010 r. profesor zwyczajny \/belwederski\/,<\/li>\n<li>Promotor 14 doktorat\u00f3w,<\/li>\n<li>Od 2017 r. na emeryturze.<\/li>\n<\/ul>\n<p><strong>Praca zagranic\u0105<\/strong><\/p>\n<ul>\n<li>w okresie od 1979 r. do 1981 r. &#8211; Politechnika w Karlsruhe,<\/li>\n<li>w okresie od 1993 r. do 1995 r. &#8211; Wolny Uniwersytet w Berlinie,<\/li>\n<li>Stypendystka DAAD.<\/li>\n<\/ul>\n<hr>\n<p>&nbsp;<\/p>\n","protected":false},"excerpt":{"rendered":"<p>w okresie od 1970 r. do 1995 r. &#8211; Pracownik Wydzia\u0142u Chemii Uniwersytetu Warszawskiego, Doktorat w 1977 r., habilitacja w 1994 r., od 1995 r. &#8211; Kierownik Zak\u0142adu Chemii Fizycznej, Wydzia\u0142 Farmaceutyczny, Warszawski Uniwersytet Medyczny, profesor nadzwyczajny, a od 2010 r. profesor zwyczajny \/belwederski\/, Promotor 14 doktorat\u00f3w, Od 2017 r. [\u2026] <\/p>\n<div class=\"clear\"><\/div>\n<p><a class=\"more_link clearfix\" href=\"https:\/\/pans.krosno.pl\/pracownicy\/iwona-wawer\/iwona-wawer-zyciorys-naukowy\/\" rel=\"nofollow\">Read More<\/a><\/p>\n","protected":false},"author":36,"featured_media":0,"parent":2984,"menu_order":0,"comment_status":"closed","ping_status":"closed","template":"","meta":{"ngg_post_thumbnail":0,"footnotes":""},"class_list":["post-2990","page","type-page","status-publish","hentry"],"yoast_head":"<!-- This site is optimized with the Yoast SEO Premium plugin v27.3 (Yoast SEO v27.3) - https:\/\/yoast.com\/product\/yoast-seo-premium-wordpress\/ -->\n<title>prof. dr hab. Iwona Wawer - \u017byciorys naukowy - Pracownicy PANS w Kro\u015bnie<\/title>\n<meta name=\"robots\" content=\"index, follow, max-snippet:-1, max-image-preview:large, max-video-preview:-1\" \/>\n<link rel=\"canonical\" href=\"https:\/\/pans.krosno.pl\/pracownicy\/iwona-wawer\/iwona-wawer-zyciorys-naukowy\/\" \/>\n<meta property=\"og:locale\" content=\"pl_PL\" \/>\n<meta property=\"og:type\" content=\"article\" \/>\n<meta property=\"og:title\" content=\"prof. dr hab. Iwona Wawer - \u017byciorys naukowy\" \/>\n<meta property=\"og:description\" content=\"w okresie od 1970 r. do 1995 r. &#8211; Pracownik Wydzia\u0142u Chemii Uniwersytetu Warszawskiego, Doktorat w 1977 r., habilitacja w 1994 r., od 1995 r. &#8211; Kierownik Zak\u0142adu Chemii Fizycznej, Wydzia\u0142 Farmaceutyczny, Warszawski Uniwersytet Medyczny, profesor nadzwyczajny, a od 2010 r. profesor zwyczajny \/belwederski\/, Promotor 14 doktorat\u00f3w, Od 2017 r. [\u2026] Read More\" \/>\n<meta property=\"og:url\" content=\"https:\/\/pans.krosno.pl\/pracownicy\/iwona-wawer\/iwona-wawer-zyciorys-naukowy\/\" \/>\n<meta property=\"og:site_name\" content=\"Pracownicy PANS w Kro\u015bnie\" \/>\n<meta property=\"article:modified_time\" content=\"2025-05-20T11:55:05+00:00\" \/>\n<meta name=\"twitter:card\" content=\"summary_large_image\" \/>\n<meta name=\"twitter:label1\" content=\"Szacowany czas czytania\" \/>\n\t<meta name=\"twitter:data1\" content=\"1 minuta\" \/>\n<script type=\"application\/ld+json\" class=\"yoast-schema-graph\">{\"@context\":\"https:\\\/\\\/schema.org\",\"@graph\":[{\"@type\":\"WebPage\",\"@id\":\"https:\\\/\\\/pans.krosno.pl\\\/pracownicy\\\/iwona-wawer\\\/iwona-wawer-zyciorys-naukowy\\\/\",\"url\":\"https:\\\/\\\/pans.krosno.pl\\\/pracownicy\\\/iwona-wawer\\\/iwona-wawer-zyciorys-naukowy\\\/\",\"name\":\"prof. dr hab. Iwona Wawer - \u017byciorys naukowy - Pracownicy PANS w Kro\u015bnie\",\"isPartOf\":{\"@id\":\"https:\\\/\\\/pans.krosno.pl\\\/pracownicy\\\/#website\"},\"datePublished\":\"2020-04-17T10:26:07+00:00\",\"dateModified\":\"2025-05-20T11:55:05+00:00\",\"breadcrumb\":{\"@id\":\"https:\\\/\\\/pans.krosno.pl\\\/pracownicy\\\/iwona-wawer\\\/iwona-wawer-zyciorys-naukowy\\\/#breadcrumb\"},\"inLanguage\":\"pl-PL\",\"potentialAction\":[{\"@type\":\"ReadAction\",\"target\":[\"https:\\\/\\\/pans.krosno.pl\\\/pracownicy\\\/iwona-wawer\\\/iwona-wawer-zyciorys-naukowy\\\/\"]}]},{\"@type\":\"BreadcrumbList\",\"@id\":\"https:\\\/\\\/pans.krosno.pl\\\/pracownicy\\\/iwona-wawer\\\/iwona-wawer-zyciorys-naukowy\\\/#breadcrumb\",\"itemListElement\":[{\"@type\":\"ListItem\",\"position\":1,\"name\":\"Strona g\u0142\u00f3wna\",\"item\":\"https:\\\/\\\/pans.krosno.pl\\\/pracownicy\\\/\"},{\"@type\":\"ListItem\",\"position\":2,\"name\":\"prof. dr hab. Iwona Wawer\",\"item\":\"https:\\\/\\\/pans.krosno.pl\\\/pracownicy\\\/iwona-wawer\\\/\"},{\"@type\":\"ListItem\",\"position\":3,\"name\":\"prof. dr hab. Iwona Wawer &#8211; \u017byciorys naukowy\"}]},{\"@type\":\"WebSite\",\"@id\":\"https:\\\/\\\/pans.krosno.pl\\\/pracownicy\\\/#website\",\"url\":\"https:\\\/\\\/pans.krosno.pl\\\/pracownicy\\\/\",\"name\":\"Pracownicy PANS w Kro\u015bnie\",\"description\":\"Pracownicy - Pa\u0144stwowa Akademia Nauk Stosowanych\",\"publisher\":{\"@id\":\"https:\\\/\\\/pans.krosno.pl\\\/pracownicy\\\/#organization\"},\"potentialAction\":[{\"@type\":\"SearchAction\",\"target\":{\"@type\":\"EntryPoint\",\"urlTemplate\":\"https:\\\/\\\/pans.krosno.pl\\\/pracownicy\\\/?s={search_term_string}\"},\"query-input\":{\"@type\":\"PropertyValueSpecification\",\"valueRequired\":true,\"valueName\":\"search_term_string\"}}],\"inLanguage\":\"pl-PL\"},{\"@type\":\"Organization\",\"@id\":\"https:\\\/\\\/pans.krosno.pl\\\/pracownicy\\\/#organization\",\"name\":\"Pracownicy PANS w Kro\u015bnie\",\"url\":\"https:\\\/\\\/pans.krosno.pl\\\/pracownicy\\\/\",\"logo\":{\"@type\":\"ImageObject\",\"inLanguage\":\"pl-PL\",\"@id\":\"https:\\\/\\\/pans.krosno.pl\\\/pracownicy\\\/#\\\/schema\\\/logo\\\/image\\\/\",\"url\":\"https:\\\/\\\/pans.krosno.pl\\\/pracownicy\\\/wp-content\\\/uploads\\\/sites\\\/41\\\/2023\\\/01\\\/Logo-PANS-2022-pelne.png\",\"contentUrl\":\"https:\\\/\\\/pans.krosno.pl\\\/pracownicy\\\/wp-content\\\/uploads\\\/sites\\\/41\\\/2023\\\/01\\\/Logo-PANS-2022-pelne.png\",\"width\":3096,\"height\":696,\"caption\":\"Pracownicy PANS w Kro\u015bnie\"},\"image\":{\"@id\":\"https:\\\/\\\/pans.krosno.pl\\\/pracownicy\\\/#\\\/schema\\\/logo\\\/image\\\/\"}}]}<\/script>\n<!-- \/ Yoast SEO Premium plugin. -->","yoast_head_json":{"title":"prof. dr hab. Iwona Wawer - \u017byciorys naukowy - Pracownicy PANS w Kro\u015bnie","robots":{"index":"index","follow":"follow","max-snippet":"max-snippet:-1","max-image-preview":"max-image-preview:large","max-video-preview":"max-video-preview:-1"},"canonical":"https:\/\/pans.krosno.pl\/pracownicy\/iwona-wawer\/iwona-wawer-zyciorys-naukowy\/","og_locale":"pl_PL","og_type":"article","og_title":"prof. dr hab. Iwona Wawer - \u017byciorys naukowy","og_description":"w okresie od 1970 r. do 1995 r. &#8211; Pracownik Wydzia\u0142u Chemii Uniwersytetu Warszawskiego, Doktorat w 1977 r., habilitacja w 1994 r., od 1995 r. &#8211; Kierownik Zak\u0142adu Chemii Fizycznej, Wydzia\u0142 Farmaceutyczny, Warszawski Uniwersytet Medyczny, profesor nadzwyczajny, a od 2010 r. profesor zwyczajny \/belwederski\/, Promotor 14 doktorat\u00f3w, Od 2017 r. [\u2026] Read More","og_url":"https:\/\/pans.krosno.pl\/pracownicy\/iwona-wawer\/iwona-wawer-zyciorys-naukowy\/","og_site_name":"Pracownicy PANS w Kro\u015bnie","article_modified_time":"2025-05-20T11:55:05+00:00","twitter_card":"summary_large_image","twitter_misc":{"Szacowany czas czytania":"1 minuta"},"schema":{"@context":"https:\/\/schema.org","@graph":[{"@type":"WebPage","@id":"https:\/\/pans.krosno.pl\/pracownicy\/iwona-wawer\/iwona-wawer-zyciorys-naukowy\/","url":"https:\/\/pans.krosno.pl\/pracownicy\/iwona-wawer\/iwona-wawer-zyciorys-naukowy\/","name":"prof. dr hab. Iwona Wawer - \u017byciorys naukowy - Pracownicy PANS w Kro\u015bnie","isPartOf":{"@id":"https:\/\/pans.krosno.pl\/pracownicy\/#website"},"datePublished":"2020-04-17T10:26:07+00:00","dateModified":"2025-05-20T11:55:05+00:00","breadcrumb":{"@id":"https:\/\/pans.krosno.pl\/pracownicy\/iwona-wawer\/iwona-wawer-zyciorys-naukowy\/#breadcrumb"},"inLanguage":"pl-PL","potentialAction":[{"@type":"ReadAction","target":["https:\/\/pans.krosno.pl\/pracownicy\/iwona-wawer\/iwona-wawer-zyciorys-naukowy\/"]}]},{"@type":"BreadcrumbList","@id":"https:\/\/pans.krosno.pl\/pracownicy\/iwona-wawer\/iwona-wawer-zyciorys-naukowy\/#breadcrumb","itemListElement":[{"@type":"ListItem","position":1,"name":"Strona g\u0142\u00f3wna","item":"https:\/\/pans.krosno.pl\/pracownicy\/"},{"@type":"ListItem","position":2,"name":"prof. dr hab. Iwona Wawer","item":"https:\/\/pans.krosno.pl\/pracownicy\/iwona-wawer\/"},{"@type":"ListItem","position":3,"name":"prof. dr hab. Iwona Wawer &#8211; \u017byciorys naukowy"}]},{"@type":"WebSite","@id":"https:\/\/pans.krosno.pl\/pracownicy\/#website","url":"https:\/\/pans.krosno.pl\/pracownicy\/","name":"Pracownicy PANS w Kro\u015bnie","description":"Pracownicy - Pa\u0144stwowa Akademia Nauk Stosowanych","publisher":{"@id":"https:\/\/pans.krosno.pl\/pracownicy\/#organization"},"potentialAction":[{"@type":"SearchAction","target":{"@type":"EntryPoint","urlTemplate":"https:\/\/pans.krosno.pl\/pracownicy\/?s={search_term_string}"},"query-input":{"@type":"PropertyValueSpecification","valueRequired":true,"valueName":"search_term_string"}}],"inLanguage":"pl-PL"},{"@type":"Organization","@id":"https:\/\/pans.krosno.pl\/pracownicy\/#organization","name":"Pracownicy PANS w Kro\u015bnie","url":"https:\/\/pans.krosno.pl\/pracownicy\/","logo":{"@type":"ImageObject","inLanguage":"pl-PL","@id":"https:\/\/pans.krosno.pl\/pracownicy\/#\/schema\/logo\/image\/","url":"https:\/\/pans.krosno.pl\/pracownicy\/wp-content\/uploads\/sites\/41\/2023\/01\/Logo-PANS-2022-pelne.png","contentUrl":"https:\/\/pans.krosno.pl\/pracownicy\/wp-content\/uploads\/sites\/41\/2023\/01\/Logo-PANS-2022-pelne.png","width":3096,"height":696,"caption":"Pracownicy PANS w Kro\u015bnie"},"image":{"@id":"https:\/\/pans.krosno.pl\/pracownicy\/#\/schema\/logo\/image\/"}}]}},"_links":{"self":[{"href":"https:\/\/pans.krosno.pl\/pracownicy\/wp-json\/wp\/v2\/pages\/2990","targetHints":{"allow":["GET"]}}],"collection":[{"href":"https:\/\/pans.krosno.pl\/pracownicy\/wp-json\/wp\/v2\/pages"}],"about":[{"href":"https:\/\/pans.krosno.pl\/pracownicy\/wp-json\/wp\/v2\/types\/page"}],"author":[{"embeddable":true,"href":"https:\/\/pans.krosno.pl\/pracownicy\/wp-json\/wp\/v2\/users\/36"}],"replies":[{"embeddable":true,"href":"https:\/\/pans.krosno.pl\/pracownicy\/wp-json\/wp\/v2\/comments?post=2990"}],"version-history":[{"count":10,"href":"https:\/\/pans.krosno.pl\/pracownicy\/wp-json\/wp\/v2\/pages\/2990\/revisions"}],"predecessor-version":[{"id":11032,"href":"https:\/\/pans.krosno.pl\/pracownicy\/wp-json\/wp\/v2\/pages\/2990\/revisions\/11032"}],"up":[{"embeddable":true,"href":"https:\/\/pans.krosno.pl\/pracownicy\/wp-json\/wp\/v2\/pages\/2984"}],"wp:attachment":[{"href":"https:\/\/pans.krosno.pl\/pracownicy\/wp-json\/wp\/v2\/media?parent=2990"}],"curies":[{"name":"wp","href":"https:\/\/api.w.org\/{rel}","templated":true}]}}