{"id":2930,"date":"2020-04-16T13:43:36","date_gmt":"2020-04-16T11:43:36","guid":{"rendered":"https:\/\/pans.krosno.pl\/pracownicy\/?page_id=2930"},"modified":"2025-05-19T10:21:16","modified_gmt":"2025-05-19T08:21:16","slug":"lucyna-jankiewicz-sompel-najwazniejsze-publikacje","status":"publish","type":"page","link":"https:\/\/pans.krosno.pl\/pracownicy\/lucyna-jankiewicz-sompel\/lucyna-jankiewicz-sompel-najwazniejsze-publikacje\/","title":{"rendered":"mgr Lucyna Jankiewicz-Sompel &#8211; Najwa\u017cniejsze publikacje"},"content":{"rendered":"<hr>\n<p><strong>Wybrane publikacje<\/strong><\/p>\n<ul>\n<li>w 2001 r. \u2013 \u201eRozwijanie aktywno\u015bci tw\u00f3rczej w edukacji wczesnoszkolnej\u201d &#8211; Ergo \u2026 Pismo nauczycieli Podkarpacia nr 2\/19\/ 2001 r.<\/li>\n<li>w 2001 r. \u2013 \u201eZnoszenie odmowy\u201d &#8211; Ergo \u2026 Pismo nauczycieli Podkarpacia nr 2\/19\/2001 r.<\/li>\n<li>w 2001 r. \u2013 \u201eWychowanie prorodzinne \u2013 przyk\u0142adowe scenariusze zaj\u0119\u0107 wok\u00f3\u0142 has\u0142a programowego \u201eRodzina\u201d &#8211; Ergo \u2026 Pismo nauczycieli Podkarpacia nr 1\/18\/2001 r.<\/li>\n<li>w 2009 r. \u2013 \u201eProblemy nauczania \u015brodowiska spo\u0142eczno \u2013 przyrodniczego w edukacji wczesnoszkolnej\u201d \u2013 \u201eNauczyciel wobec wyzwa\u0144 edukacji zintegrowanej\u201d red. K. Polak \u2013 Krosno, 2009 \u2013 zeszyt 39 Prace Naukowo \u2013 Dydaktyczne PWSZ w Kro\u015bnie<\/li>\n<\/ul>\n<p><strong>Inne osi\u0105gni\u0119cia<\/strong><\/p>\n<ul>\n<li>w 2012 r. \u2013 Organizacja i udzia\u0142 w Mi\u0119dzynarodowej Konferencji Naukowej \u201eRodzina \u2013 Szko\u0142a \u2013 Region \u2013 Kultura\u201d, referat: \u201eSposoby realizacji i mo\u017cliwo\u015bci przekazu tre\u015bci spo\u0142ecznych w edukacji wczesnoszkolnej\u201d.<\/li>\n<\/ul>\n<hr>\n<p>&nbsp;<\/p>\n","protected":false},"excerpt":{"rendered":"<p>Wybrane publikacje w 2001 r. \u2013 \u201eRozwijanie aktywno\u015bci tw\u00f3rczej w edukacji wczesnoszkolnej\u201d &#8211; Ergo \u2026 Pismo nauczycieli Podkarpacia nr 2\/19\/ 2001 r. w 2001 r. \u2013 \u201eZnoszenie odmowy\u201d &#8211; Ergo \u2026 Pismo nauczycieli Podkarpacia nr 2\/19\/2001 r. w 2001 r. \u2013 \u201eWychowanie prorodzinne \u2013 przyk\u0142adowe scenariusze zaj\u0119\u0107 wok\u00f3\u0142 has\u0142a programowego [\u2026] <\/p>\n<div class=\"clear\"><\/div>\n<p><a class=\"more_link clearfix\" href=\"https:\/\/pans.krosno.pl\/pracownicy\/lucyna-jankiewicz-sompel\/lucyna-jankiewicz-sompel-najwazniejsze-publikacje\/\" rel=\"nofollow\">Read More<\/a><\/p>\n","protected":false},"author":34,"featured_media":0,"parent":2922,"menu_order":0,"comment_status":"closed","ping_status":"closed","template":"","meta":{"ngg_post_thumbnail":0,"footnotes":""},"class_list":["post-2930","page","type-page","status-publish","hentry"],"yoast_head":"<!-- This site is optimized with the Yoast SEO Premium plugin v27.3 (Yoast SEO v27.3) - https:\/\/yoast.com\/product\/yoast-seo-premium-wordpress\/ -->\n<title>mgr Lucyna Jankiewicz-Sompel - Najwa\u017cniejsze publikacje - Pracownicy PANS w Kro\u015bnie<\/title>\n<meta name=\"robots\" content=\"index, follow, max-snippet:-1, max-image-preview:large, max-video-preview:-1\" \/>\n<link rel=\"canonical\" href=\"https:\/\/pans.krosno.pl\/pracownicy\/lucyna-jankiewicz-sompel\/lucyna-jankiewicz-sompel-najwazniejsze-publikacje\/\" \/>\n<meta property=\"og:locale\" content=\"pl_PL\" \/>\n<meta property=\"og:type\" content=\"article\" \/>\n<meta property=\"og:title\" content=\"mgr Lucyna Jankiewicz-Sompel - Najwa\u017cniejsze publikacje\" \/>\n<meta property=\"og:description\" content=\"Wybrane publikacje w 2001 r. \u2013 \u201eRozwijanie aktywno\u015bci tw\u00f3rczej w edukacji wczesnoszkolnej\u201d &#8211; Ergo \u2026 Pismo nauczycieli Podkarpacia nr 2\/19\/ 2001 r. w 2001 r. \u2013 \u201eZnoszenie odmowy\u201d &#8211; Ergo \u2026 Pismo nauczycieli Podkarpacia nr 2\/19\/2001 r. w 2001 r. \u2013 \u201eWychowanie prorodzinne \u2013 przyk\u0142adowe scenariusze zaj\u0119\u0107 wok\u00f3\u0142 has\u0142a programowego [\u2026] Read More\" \/>\n<meta property=\"og:url\" content=\"https:\/\/pans.krosno.pl\/pracownicy\/lucyna-jankiewicz-sompel\/lucyna-jankiewicz-sompel-najwazniejsze-publikacje\/\" \/>\n<meta property=\"og:site_name\" content=\"Pracownicy PANS w Kro\u015bnie\" \/>\n<meta property=\"article:modified_time\" content=\"2025-05-19T08:21:16+00:00\" \/>\n<meta name=\"twitter:card\" content=\"summary_large_image\" \/>\n<meta name=\"twitter:label1\" content=\"Szacowany czas czytania\" \/>\n\t<meta name=\"twitter:data1\" content=\"1 minuta\" \/>\n<script type=\"application\/ld+json\" class=\"yoast-schema-graph\">{\"@context\":\"https:\\\/\\\/schema.org\",\"@graph\":[{\"@type\":\"WebPage\",\"@id\":\"https:\\\/\\\/pans.krosno.pl\\\/pracownicy\\\/lucyna-jankiewicz-sompel\\\/lucyna-jankiewicz-sompel-najwazniejsze-publikacje\\\/\",\"url\":\"https:\\\/\\\/pans.krosno.pl\\\/pracownicy\\\/lucyna-jankiewicz-sompel\\\/lucyna-jankiewicz-sompel-najwazniejsze-publikacje\\\/\",\"name\":\"mgr Lucyna Jankiewicz-Sompel - Najwa\u017cniejsze publikacje - Pracownicy PANS w Kro\u015bnie\",\"isPartOf\":{\"@id\":\"https:\\\/\\\/pans.krosno.pl\\\/pracownicy\\\/#website\"},\"datePublished\":\"2020-04-16T11:43:36+00:00\",\"dateModified\":\"2025-05-19T08:21:16+00:00\",\"breadcrumb\":{\"@id\":\"https:\\\/\\\/pans.krosno.pl\\\/pracownicy\\\/lucyna-jankiewicz-sompel\\\/lucyna-jankiewicz-sompel-najwazniejsze-publikacje\\\/#breadcrumb\"},\"inLanguage\":\"pl-PL\",\"potentialAction\":[{\"@type\":\"ReadAction\",\"target\":[\"https:\\\/\\\/pans.krosno.pl\\\/pracownicy\\\/lucyna-jankiewicz-sompel\\\/lucyna-jankiewicz-sompel-najwazniejsze-publikacje\\\/\"]}]},{\"@type\":\"BreadcrumbList\",\"@id\":\"https:\\\/\\\/pans.krosno.pl\\\/pracownicy\\\/lucyna-jankiewicz-sompel\\\/lucyna-jankiewicz-sompel-najwazniejsze-publikacje\\\/#breadcrumb\",\"itemListElement\":[{\"@type\":\"ListItem\",\"position\":1,\"name\":\"Strona g\u0142\u00f3wna\",\"item\":\"https:\\\/\\\/pans.krosno.pl\\\/pracownicy\\\/\"},{\"@type\":\"ListItem\",\"position\":2,\"name\":\"mgr Lucyna Jankiewicz-Sompel\",\"item\":\"https:\\\/\\\/pans.krosno.pl\\\/pracownicy\\\/lucyna-jankiewicz-sompel\\\/\"},{\"@type\":\"ListItem\",\"position\":3,\"name\":\"mgr Lucyna Jankiewicz-Sompel &#8211; Najwa\u017cniejsze publikacje\"}]},{\"@type\":\"WebSite\",\"@id\":\"https:\\\/\\\/pans.krosno.pl\\\/pracownicy\\\/#website\",\"url\":\"https:\\\/\\\/pans.krosno.pl\\\/pracownicy\\\/\",\"name\":\"Pracownicy PANS w Kro\u015bnie\",\"description\":\"Pracownicy - Pa\u0144stwowa Akademia Nauk Stosowanych\",\"publisher\":{\"@id\":\"https:\\\/\\\/pans.krosno.pl\\\/pracownicy\\\/#organization\"},\"potentialAction\":[{\"@type\":\"SearchAction\",\"target\":{\"@type\":\"EntryPoint\",\"urlTemplate\":\"https:\\\/\\\/pans.krosno.pl\\\/pracownicy\\\/?s={search_term_string}\"},\"query-input\":{\"@type\":\"PropertyValueSpecification\",\"valueRequired\":true,\"valueName\":\"search_term_string\"}}],\"inLanguage\":\"pl-PL\"},{\"@type\":\"Organization\",\"@id\":\"https:\\\/\\\/pans.krosno.pl\\\/pracownicy\\\/#organization\",\"name\":\"Pracownicy PANS w Kro\u015bnie\",\"url\":\"https:\\\/\\\/pans.krosno.pl\\\/pracownicy\\\/\",\"logo\":{\"@type\":\"ImageObject\",\"inLanguage\":\"pl-PL\",\"@id\":\"https:\\\/\\\/pans.krosno.pl\\\/pracownicy\\\/#\\\/schema\\\/logo\\\/image\\\/\",\"url\":\"https:\\\/\\\/pans.krosno.pl\\\/pracownicy\\\/wp-content\\\/uploads\\\/sites\\\/41\\\/2023\\\/01\\\/Logo-PANS-2022-pelne.png\",\"contentUrl\":\"https:\\\/\\\/pans.krosno.pl\\\/pracownicy\\\/wp-content\\\/uploads\\\/sites\\\/41\\\/2023\\\/01\\\/Logo-PANS-2022-pelne.png\",\"width\":3096,\"height\":696,\"caption\":\"Pracownicy PANS w Kro\u015bnie\"},\"image\":{\"@id\":\"https:\\\/\\\/pans.krosno.pl\\\/pracownicy\\\/#\\\/schema\\\/logo\\\/image\\\/\"}}]}<\/script>\n<!-- \/ Yoast SEO Premium plugin. -->","yoast_head_json":{"title":"mgr Lucyna Jankiewicz-Sompel - Najwa\u017cniejsze publikacje - Pracownicy PANS w Kro\u015bnie","robots":{"index":"index","follow":"follow","max-snippet":"max-snippet:-1","max-image-preview":"max-image-preview:large","max-video-preview":"max-video-preview:-1"},"canonical":"https:\/\/pans.krosno.pl\/pracownicy\/lucyna-jankiewicz-sompel\/lucyna-jankiewicz-sompel-najwazniejsze-publikacje\/","og_locale":"pl_PL","og_type":"article","og_title":"mgr Lucyna Jankiewicz-Sompel - Najwa\u017cniejsze publikacje","og_description":"Wybrane publikacje w 2001 r. \u2013 \u201eRozwijanie aktywno\u015bci tw\u00f3rczej w edukacji wczesnoszkolnej\u201d &#8211; Ergo \u2026 Pismo nauczycieli Podkarpacia nr 2\/19\/ 2001 r. w 2001 r. \u2013 \u201eZnoszenie odmowy\u201d &#8211; Ergo \u2026 Pismo nauczycieli Podkarpacia nr 2\/19\/2001 r. w 2001 r. \u2013 \u201eWychowanie prorodzinne \u2013 przyk\u0142adowe scenariusze zaj\u0119\u0107 wok\u00f3\u0142 has\u0142a programowego [\u2026] Read More","og_url":"https:\/\/pans.krosno.pl\/pracownicy\/lucyna-jankiewicz-sompel\/lucyna-jankiewicz-sompel-najwazniejsze-publikacje\/","og_site_name":"Pracownicy PANS w Kro\u015bnie","article_modified_time":"2025-05-19T08:21:16+00:00","twitter_card":"summary_large_image","twitter_misc":{"Szacowany czas czytania":"1 minuta"},"schema":{"@context":"https:\/\/schema.org","@graph":[{"@type":"WebPage","@id":"https:\/\/pans.krosno.pl\/pracownicy\/lucyna-jankiewicz-sompel\/lucyna-jankiewicz-sompel-najwazniejsze-publikacje\/","url":"https:\/\/pans.krosno.pl\/pracownicy\/lucyna-jankiewicz-sompel\/lucyna-jankiewicz-sompel-najwazniejsze-publikacje\/","name":"mgr Lucyna Jankiewicz-Sompel - Najwa\u017cniejsze publikacje - Pracownicy PANS w Kro\u015bnie","isPartOf":{"@id":"https:\/\/pans.krosno.pl\/pracownicy\/#website"},"datePublished":"2020-04-16T11:43:36+00:00","dateModified":"2025-05-19T08:21:16+00:00","breadcrumb":{"@id":"https:\/\/pans.krosno.pl\/pracownicy\/lucyna-jankiewicz-sompel\/lucyna-jankiewicz-sompel-najwazniejsze-publikacje\/#breadcrumb"},"inLanguage":"pl-PL","potentialAction":[{"@type":"ReadAction","target":["https:\/\/pans.krosno.pl\/pracownicy\/lucyna-jankiewicz-sompel\/lucyna-jankiewicz-sompel-najwazniejsze-publikacje\/"]}]},{"@type":"BreadcrumbList","@id":"https:\/\/pans.krosno.pl\/pracownicy\/lucyna-jankiewicz-sompel\/lucyna-jankiewicz-sompel-najwazniejsze-publikacje\/#breadcrumb","itemListElement":[{"@type":"ListItem","position":1,"name":"Strona g\u0142\u00f3wna","item":"https:\/\/pans.krosno.pl\/pracownicy\/"},{"@type":"ListItem","position":2,"name":"mgr Lucyna Jankiewicz-Sompel","item":"https:\/\/pans.krosno.pl\/pracownicy\/lucyna-jankiewicz-sompel\/"},{"@type":"ListItem","position":3,"name":"mgr Lucyna Jankiewicz-Sompel &#8211; Najwa\u017cniejsze publikacje"}]},{"@type":"WebSite","@id":"https:\/\/pans.krosno.pl\/pracownicy\/#website","url":"https:\/\/pans.krosno.pl\/pracownicy\/","name":"Pracownicy PANS w Kro\u015bnie","description":"Pracownicy - Pa\u0144stwowa Akademia Nauk Stosowanych","publisher":{"@id":"https:\/\/pans.krosno.pl\/pracownicy\/#organization"},"potentialAction":[{"@type":"SearchAction","target":{"@type":"EntryPoint","urlTemplate":"https:\/\/pans.krosno.pl\/pracownicy\/?s={search_term_string}"},"query-input":{"@type":"PropertyValueSpecification","valueRequired":true,"valueName":"search_term_string"}}],"inLanguage":"pl-PL"},{"@type":"Organization","@id":"https:\/\/pans.krosno.pl\/pracownicy\/#organization","name":"Pracownicy PANS w Kro\u015bnie","url":"https:\/\/pans.krosno.pl\/pracownicy\/","logo":{"@type":"ImageObject","inLanguage":"pl-PL","@id":"https:\/\/pans.krosno.pl\/pracownicy\/#\/schema\/logo\/image\/","url":"https:\/\/pans.krosno.pl\/pracownicy\/wp-content\/uploads\/sites\/41\/2023\/01\/Logo-PANS-2022-pelne.png","contentUrl":"https:\/\/pans.krosno.pl\/pracownicy\/wp-content\/uploads\/sites\/41\/2023\/01\/Logo-PANS-2022-pelne.png","width":3096,"height":696,"caption":"Pracownicy PANS w Kro\u015bnie"},"image":{"@id":"https:\/\/pans.krosno.pl\/pracownicy\/#\/schema\/logo\/image\/"}}]}},"_links":{"self":[{"href":"https:\/\/pans.krosno.pl\/pracownicy\/wp-json\/wp\/v2\/pages\/2930","targetHints":{"allow":["GET"]}}],"collection":[{"href":"https:\/\/pans.krosno.pl\/pracownicy\/wp-json\/wp\/v2\/pages"}],"about":[{"href":"https:\/\/pans.krosno.pl\/pracownicy\/wp-json\/wp\/v2\/types\/page"}],"author":[{"embeddable":true,"href":"https:\/\/pans.krosno.pl\/pracownicy\/wp-json\/wp\/v2\/users\/34"}],"replies":[{"embeddable":true,"href":"https:\/\/pans.krosno.pl\/pracownicy\/wp-json\/wp\/v2\/comments?post=2930"}],"version-history":[{"count":2,"href":"https:\/\/pans.krosno.pl\/pracownicy\/wp-json\/wp\/v2\/pages\/2930\/revisions"}],"predecessor-version":[{"id":8632,"href":"https:\/\/pans.krosno.pl\/pracownicy\/wp-json\/wp\/v2\/pages\/2930\/revisions\/8632"}],"up":[{"embeddable":true,"href":"https:\/\/pans.krosno.pl\/pracownicy\/wp-json\/wp\/v2\/pages\/2922"}],"wp:attachment":[{"href":"https:\/\/pans.krosno.pl\/pracownicy\/wp-json\/wp\/v2\/media?parent=2930"}],"curies":[{"name":"wp","href":"https:\/\/api.w.org\/{rel}","templated":true}]}}