{"id":2879,"date":"2020-04-16T12:12:58","date_gmt":"2020-04-16T10:12:58","guid":{"rendered":"https:\/\/pans.krosno.pl\/pracownicy\/?page_id=2879"},"modified":"2025-05-16T11:33:45","modified_gmt":"2025-05-16T09:33:45","slug":"elzbieta-pisulewska-doswiadczenie-pozauczelniane","status":"publish","type":"page","link":"https:\/\/pans.krosno.pl\/pracownicy\/elzbieta-pisulewska\/elzbieta-pisulewska-doswiadczenie-pozauczelniane\/","title":{"rendered":"prof. dr hab. in\u017c. El\u017cbieta Pisulewska &#8211; Do\u015bwiadczenie pozauczelniane"},"content":{"rendered":"<hr>\n<ul>\n<li>Od 2009 r. jest cz\u0142onkiem Rady Naukowej Instytutu Fizjologii Ro\u015blin Polskiej Akademii Nauk w Krakowie oraz przewodnicz\u0105c\u0105 Komisji Rady Naukowej Instytutu Fizjologii Ro\u015blin Polskiej Akademii Nauk ds. Rozwoju Kadry Naukowej IFR PAN,<\/li>\n<li>W okresie od 2011 r. do 2015 r. by\u0142a cz\u0142onkiem Komitetu Uprawy Polskiej Akademii Nauk,<\/li>\n<li>W okresie od 2002 r. do 2006 r. by\u0142a recenzentem Pa\u0144stwowej Komisji Akredytacyjnej przy MENiS. Przebywa\u0142a kilkakrotnie na sta\u017cach naukowych za granic\u0105, m.in.: University of Godole (W\u0119gry), UCC, UCD (Irlandia), UHB (Holandia),<\/li>\n<li>Wsp\u00f3\u0142pracowa\u0142a zar\u00f3wno ze Stacjami Hodowli Ro\u015blin poprzez udzia\u0142 w dzia\u0142aniach Grup Problemowych, Instytutami Naukowymi (Instytut Zootechniki, Collegium Medicum UJ), jak i szeroko poj\u0119t\u0105 praktyk\u0105 rolnicz\u0105,<\/li>\n<li>By\u0142a organizatorem lub wsp\u00f3\u0142organizatorem mi\u0119dzynarodowych i krajowych konferencji naukowych z udzia\u0142em przedstawicieli doradztwa rolniczego i rolnik\u00f3w praktyk\u00f3w.<\/li>\n<\/ul>\n<hr>\n<p>&nbsp;<\/p>\n","protected":false},"excerpt":{"rendered":"<p>Od 2009 r. jest cz\u0142onkiem Rady Naukowej Instytutu Fizjologii Ro\u015blin Polskiej Akademii Nauk w Krakowie oraz przewodnicz\u0105c\u0105 Komisji Rady Naukowej Instytutu Fizjologii Ro\u015blin Polskiej Akademii Nauk ds. Rozwoju Kadry Naukowej IFR PAN, W okresie od 2011 r. do 2015 r. by\u0142a cz\u0142onkiem Komitetu Uprawy Polskiej Akademii Nauk, W okresie od [\u2026] <\/p>\n<div class=\"clear\"><\/div>\n<p><a class=\"more_link clearfix\" href=\"https:\/\/pans.krosno.pl\/pracownicy\/elzbieta-pisulewska\/elzbieta-pisulewska-doswiadczenie-pozauczelniane\/\" rel=\"nofollow\">Read More<\/a><\/p>\n","protected":false},"author":36,"featured_media":0,"parent":2866,"menu_order":0,"comment_status":"closed","ping_status":"closed","template":"","meta":{"ngg_post_thumbnail":0,"footnotes":""},"class_list":["post-2879","page","type-page","status-publish","hentry"],"yoast_head":"<!-- This site is optimized with the Yoast SEO Premium plugin v27.3 (Yoast SEO v27.3) - https:\/\/yoast.com\/product\/yoast-seo-premium-wordpress\/ -->\n<title>prof. dr hab. in\u017c. El\u017cbieta Pisulewska - Do\u015bwiadczenie pozauczelniane - Pracownicy PANS w Kro\u015bnie<\/title>\n<meta name=\"robots\" content=\"index, follow, max-snippet:-1, max-image-preview:large, max-video-preview:-1\" \/>\n<link rel=\"canonical\" href=\"https:\/\/pans.krosno.pl\/pracownicy\/elzbieta-pisulewska\/elzbieta-pisulewska-doswiadczenie-pozauczelniane\/\" \/>\n<meta property=\"og:locale\" content=\"pl_PL\" \/>\n<meta property=\"og:type\" content=\"article\" \/>\n<meta property=\"og:title\" content=\"prof. dr hab. in\u017c. El\u017cbieta Pisulewska - Do\u015bwiadczenie pozauczelniane\" \/>\n<meta property=\"og:description\" content=\"Od 2009 r. jest cz\u0142onkiem Rady Naukowej Instytutu Fizjologii Ro\u015blin Polskiej Akademii Nauk w Krakowie oraz przewodnicz\u0105c\u0105 Komisji Rady Naukowej Instytutu Fizjologii Ro\u015blin Polskiej Akademii Nauk ds. Rozwoju Kadry Naukowej IFR PAN, W okresie od 2011 r. do 2015 r. by\u0142a cz\u0142onkiem Komitetu Uprawy Polskiej Akademii Nauk, W okresie od [\u2026] Read More\" \/>\n<meta property=\"og:url\" content=\"https:\/\/pans.krosno.pl\/pracownicy\/elzbieta-pisulewska\/elzbieta-pisulewska-doswiadczenie-pozauczelniane\/\" \/>\n<meta property=\"og:site_name\" content=\"Pracownicy PANS w Kro\u015bnie\" \/>\n<meta property=\"article:modified_time\" content=\"2025-05-16T09:33:45+00:00\" \/>\n<meta name=\"twitter:card\" content=\"summary_large_image\" \/>\n<meta name=\"twitter:label1\" content=\"Szacowany czas czytania\" \/>\n\t<meta name=\"twitter:data1\" content=\"1 minuta\" \/>\n<script type=\"application\/ld+json\" class=\"yoast-schema-graph\">{\"@context\":\"https:\\\/\\\/schema.org\",\"@graph\":[{\"@type\":\"WebPage\",\"@id\":\"https:\\\/\\\/pans.krosno.pl\\\/pracownicy\\\/elzbieta-pisulewska\\\/elzbieta-pisulewska-doswiadczenie-pozauczelniane\\\/\",\"url\":\"https:\\\/\\\/pans.krosno.pl\\\/pracownicy\\\/elzbieta-pisulewska\\\/elzbieta-pisulewska-doswiadczenie-pozauczelniane\\\/\",\"name\":\"prof. dr hab. in\u017c. El\u017cbieta Pisulewska - Do\u015bwiadczenie pozauczelniane - Pracownicy PANS w Kro\u015bnie\",\"isPartOf\":{\"@id\":\"https:\\\/\\\/pans.krosno.pl\\\/pracownicy\\\/#website\"},\"datePublished\":\"2020-04-16T10:12:58+00:00\",\"dateModified\":\"2025-05-16T09:33:45+00:00\",\"breadcrumb\":{\"@id\":\"https:\\\/\\\/pans.krosno.pl\\\/pracownicy\\\/elzbieta-pisulewska\\\/elzbieta-pisulewska-doswiadczenie-pozauczelniane\\\/#breadcrumb\"},\"inLanguage\":\"pl-PL\",\"potentialAction\":[{\"@type\":\"ReadAction\",\"target\":[\"https:\\\/\\\/pans.krosno.pl\\\/pracownicy\\\/elzbieta-pisulewska\\\/elzbieta-pisulewska-doswiadczenie-pozauczelniane\\\/\"]}]},{\"@type\":\"BreadcrumbList\",\"@id\":\"https:\\\/\\\/pans.krosno.pl\\\/pracownicy\\\/elzbieta-pisulewska\\\/elzbieta-pisulewska-doswiadczenie-pozauczelniane\\\/#breadcrumb\",\"itemListElement\":[{\"@type\":\"ListItem\",\"position\":1,\"name\":\"Strona g\u0142\u00f3wna\",\"item\":\"https:\\\/\\\/pans.krosno.pl\\\/pracownicy\\\/\"},{\"@type\":\"ListItem\",\"position\":2,\"name\":\"prof. dr hab. in\u017c. El\u017cbieta Pisulewska\",\"item\":\"https:\\\/\\\/pans.krosno.pl\\\/pracownicy\\\/elzbieta-pisulewska\\\/\"},{\"@type\":\"ListItem\",\"position\":3,\"name\":\"prof. dr hab. in\u017c. El\u017cbieta Pisulewska &#8211; Do\u015bwiadczenie pozauczelniane\"}]},{\"@type\":\"WebSite\",\"@id\":\"https:\\\/\\\/pans.krosno.pl\\\/pracownicy\\\/#website\",\"url\":\"https:\\\/\\\/pans.krosno.pl\\\/pracownicy\\\/\",\"name\":\"Pracownicy PANS w Kro\u015bnie\",\"description\":\"Pracownicy - Pa\u0144stwowa Akademia Nauk Stosowanych\",\"publisher\":{\"@id\":\"https:\\\/\\\/pans.krosno.pl\\\/pracownicy\\\/#organization\"},\"potentialAction\":[{\"@type\":\"SearchAction\",\"target\":{\"@type\":\"EntryPoint\",\"urlTemplate\":\"https:\\\/\\\/pans.krosno.pl\\\/pracownicy\\\/?s={search_term_string}\"},\"query-input\":{\"@type\":\"PropertyValueSpecification\",\"valueRequired\":true,\"valueName\":\"search_term_string\"}}],\"inLanguage\":\"pl-PL\"},{\"@type\":\"Organization\",\"@id\":\"https:\\\/\\\/pans.krosno.pl\\\/pracownicy\\\/#organization\",\"name\":\"Pracownicy PANS w Kro\u015bnie\",\"url\":\"https:\\\/\\\/pans.krosno.pl\\\/pracownicy\\\/\",\"logo\":{\"@type\":\"ImageObject\",\"inLanguage\":\"pl-PL\",\"@id\":\"https:\\\/\\\/pans.krosno.pl\\\/pracownicy\\\/#\\\/schema\\\/logo\\\/image\\\/\",\"url\":\"https:\\\/\\\/pans.krosno.pl\\\/pracownicy\\\/wp-content\\\/uploads\\\/sites\\\/41\\\/2023\\\/01\\\/Logo-PANS-2022-pelne.png\",\"contentUrl\":\"https:\\\/\\\/pans.krosno.pl\\\/pracownicy\\\/wp-content\\\/uploads\\\/sites\\\/41\\\/2023\\\/01\\\/Logo-PANS-2022-pelne.png\",\"width\":3096,\"height\":696,\"caption\":\"Pracownicy PANS w Kro\u015bnie\"},\"image\":{\"@id\":\"https:\\\/\\\/pans.krosno.pl\\\/pracownicy\\\/#\\\/schema\\\/logo\\\/image\\\/\"}}]}<\/script>\n<!-- \/ Yoast SEO Premium plugin. -->","yoast_head_json":{"title":"prof. dr hab. in\u017c. El\u017cbieta Pisulewska - Do\u015bwiadczenie pozauczelniane - Pracownicy PANS w Kro\u015bnie","robots":{"index":"index","follow":"follow","max-snippet":"max-snippet:-1","max-image-preview":"max-image-preview:large","max-video-preview":"max-video-preview:-1"},"canonical":"https:\/\/pans.krosno.pl\/pracownicy\/elzbieta-pisulewska\/elzbieta-pisulewska-doswiadczenie-pozauczelniane\/","og_locale":"pl_PL","og_type":"article","og_title":"prof. dr hab. in\u017c. El\u017cbieta Pisulewska - Do\u015bwiadczenie pozauczelniane","og_description":"Od 2009 r. jest cz\u0142onkiem Rady Naukowej Instytutu Fizjologii Ro\u015blin Polskiej Akademii Nauk w Krakowie oraz przewodnicz\u0105c\u0105 Komisji Rady Naukowej Instytutu Fizjologii Ro\u015blin Polskiej Akademii Nauk ds. Rozwoju Kadry Naukowej IFR PAN, W okresie od 2011 r. do 2015 r. by\u0142a cz\u0142onkiem Komitetu Uprawy Polskiej Akademii Nauk, W okresie od [\u2026] Read More","og_url":"https:\/\/pans.krosno.pl\/pracownicy\/elzbieta-pisulewska\/elzbieta-pisulewska-doswiadczenie-pozauczelniane\/","og_site_name":"Pracownicy PANS w Kro\u015bnie","article_modified_time":"2025-05-16T09:33:45+00:00","twitter_card":"summary_large_image","twitter_misc":{"Szacowany czas czytania":"1 minuta"},"schema":{"@context":"https:\/\/schema.org","@graph":[{"@type":"WebPage","@id":"https:\/\/pans.krosno.pl\/pracownicy\/elzbieta-pisulewska\/elzbieta-pisulewska-doswiadczenie-pozauczelniane\/","url":"https:\/\/pans.krosno.pl\/pracownicy\/elzbieta-pisulewska\/elzbieta-pisulewska-doswiadczenie-pozauczelniane\/","name":"prof. dr hab. in\u017c. El\u017cbieta Pisulewska - Do\u015bwiadczenie pozauczelniane - Pracownicy PANS w Kro\u015bnie","isPartOf":{"@id":"https:\/\/pans.krosno.pl\/pracownicy\/#website"},"datePublished":"2020-04-16T10:12:58+00:00","dateModified":"2025-05-16T09:33:45+00:00","breadcrumb":{"@id":"https:\/\/pans.krosno.pl\/pracownicy\/elzbieta-pisulewska\/elzbieta-pisulewska-doswiadczenie-pozauczelniane\/#breadcrumb"},"inLanguage":"pl-PL","potentialAction":[{"@type":"ReadAction","target":["https:\/\/pans.krosno.pl\/pracownicy\/elzbieta-pisulewska\/elzbieta-pisulewska-doswiadczenie-pozauczelniane\/"]}]},{"@type":"BreadcrumbList","@id":"https:\/\/pans.krosno.pl\/pracownicy\/elzbieta-pisulewska\/elzbieta-pisulewska-doswiadczenie-pozauczelniane\/#breadcrumb","itemListElement":[{"@type":"ListItem","position":1,"name":"Strona g\u0142\u00f3wna","item":"https:\/\/pans.krosno.pl\/pracownicy\/"},{"@type":"ListItem","position":2,"name":"prof. dr hab. in\u017c. El\u017cbieta Pisulewska","item":"https:\/\/pans.krosno.pl\/pracownicy\/elzbieta-pisulewska\/"},{"@type":"ListItem","position":3,"name":"prof. dr hab. in\u017c. El\u017cbieta Pisulewska &#8211; Do\u015bwiadczenie pozauczelniane"}]},{"@type":"WebSite","@id":"https:\/\/pans.krosno.pl\/pracownicy\/#website","url":"https:\/\/pans.krosno.pl\/pracownicy\/","name":"Pracownicy PANS w Kro\u015bnie","description":"Pracownicy - Pa\u0144stwowa Akademia Nauk Stosowanych","publisher":{"@id":"https:\/\/pans.krosno.pl\/pracownicy\/#organization"},"potentialAction":[{"@type":"SearchAction","target":{"@type":"EntryPoint","urlTemplate":"https:\/\/pans.krosno.pl\/pracownicy\/?s={search_term_string}"},"query-input":{"@type":"PropertyValueSpecification","valueRequired":true,"valueName":"search_term_string"}}],"inLanguage":"pl-PL"},{"@type":"Organization","@id":"https:\/\/pans.krosno.pl\/pracownicy\/#organization","name":"Pracownicy PANS w Kro\u015bnie","url":"https:\/\/pans.krosno.pl\/pracownicy\/","logo":{"@type":"ImageObject","inLanguage":"pl-PL","@id":"https:\/\/pans.krosno.pl\/pracownicy\/#\/schema\/logo\/image\/","url":"https:\/\/pans.krosno.pl\/pracownicy\/wp-content\/uploads\/sites\/41\/2023\/01\/Logo-PANS-2022-pelne.png","contentUrl":"https:\/\/pans.krosno.pl\/pracownicy\/wp-content\/uploads\/sites\/41\/2023\/01\/Logo-PANS-2022-pelne.png","width":3096,"height":696,"caption":"Pracownicy PANS w Kro\u015bnie"},"image":{"@id":"https:\/\/pans.krosno.pl\/pracownicy\/#\/schema\/logo\/image\/"}}]}},"_links":{"self":[{"href":"https:\/\/pans.krosno.pl\/pracownicy\/wp-json\/wp\/v2\/pages\/2879","targetHints":{"allow":["GET"]}}],"collection":[{"href":"https:\/\/pans.krosno.pl\/pracownicy\/wp-json\/wp\/v2\/pages"}],"about":[{"href":"https:\/\/pans.krosno.pl\/pracownicy\/wp-json\/wp\/v2\/types\/page"}],"author":[{"embeddable":true,"href":"https:\/\/pans.krosno.pl\/pracownicy\/wp-json\/wp\/v2\/users\/36"}],"replies":[{"embeddable":true,"href":"https:\/\/pans.krosno.pl\/pracownicy\/wp-json\/wp\/v2\/comments?post=2879"}],"version-history":[{"count":3,"href":"https:\/\/pans.krosno.pl\/pracownicy\/wp-json\/wp\/v2\/pages\/2879\/revisions"}],"predecessor-version":[{"id":6697,"href":"https:\/\/pans.krosno.pl\/pracownicy\/wp-json\/wp\/v2\/pages\/2879\/revisions\/6697"}],"up":[{"embeddable":true,"href":"https:\/\/pans.krosno.pl\/pracownicy\/wp-json\/wp\/v2\/pages\/2866"}],"wp:attachment":[{"href":"https:\/\/pans.krosno.pl\/pracownicy\/wp-json\/wp\/v2\/media?parent=2879"}],"curies":[{"name":"wp","href":"https:\/\/api.w.org\/{rel}","templated":true}]}}