{"id":2677,"date":"2020-04-15T20:12:42","date_gmt":"2020-04-15T18:12:42","guid":{"rendered":"https:\/\/pans.krosno.pl\/pracownicy\/?page_id=2677"},"modified":"2025-05-20T13:27:19","modified_gmt":"2025-05-20T11:27:19","slug":"maria-rysz-doswiadczenie-pozauczelniane","status":"publish","type":"page","link":"https:\/\/pans.krosno.pl\/pracownicy\/maria-rysz\/maria-rysz-doswiadczenie-pozauczelniane\/","title":{"rendered":"dr in\u017c. Maria Rysz &#8211; Najwa\u017cniejsze publikacje"},"content":{"rendered":"<hr>\n<ul>\n<li>Autorka i wsp\u00f3\u0142autorka prac naukowych, rozdzia\u0142u w monografii, prac popularnonaukowych wydawanych w j\u0119zyku polskim i angielskim.<\/li>\n<\/ul>\n<p style=\"text-align: center\"><strong>Publikacje w okresie od 2016 r. do 2019 r.<\/strong><\/p>\n<p><strong>Monografie<\/strong><\/p>\n<ol>\n<li>Rysz M., 2018: Zasoby informacyjne w organizacji \u2013 zarz\u0105dzanie informacj\u0105 i techniki informacyjne. Zarz\u0105dzanie organizacjami. Monografia naukowa pod red. P. Lenika, rozdz. 9, s. 207-226, PWSZ Krosno, ISBN 978-83-64457-40-1.<\/li>\n<\/ol>\n<p><strong>Materia\u0142y pokonferencyjne<\/strong><\/p>\n<ol>\n<li>Rysz M., 2019: Changes in production and volatiles of foreign trade industry fruit in Poland over the years 2010-2017, Proceedings of the International Scientific Conference &#8222;Economic Sciences for Agribusiness and Rural Economy&#8221;, No 3, Warsaw, 5-7 June 2019, pp. 124-130.<\/li>\n<li>Rysz M., 2018: Dzia\u0142ania w przechowalnictwie i transporcie owoc\u00f3w ziarnkowych, Zeszyty Naukowe Ekonomiki i Organizacji Logistyki, SGGW Warszawa, s. 73-82, ISSN 2450-8055, DOI: 10.22630\/EIOL.2018.3.1.7.<\/li>\n<li>Rysz M., 2018: Zmiany w obrotach handlu zagranicznego jab\u0142kami w Polsce po integracji z Uni\u0105 Europejsk\u0105, Roczniki Naukowe SERiA, tom XX, zeszyt 3, s. 138-144, DOI: 10.5604\/01.3001.0012.1509<\/li>\n<\/ol>\n<p><strong>Inne prace naukowe, popularnonaukowe i dydaktyczne<\/strong><\/p>\n<ol>\n<li>Br\u0105giel E., Rysz M., 2019: Analiza rozwoju przetw\u00f3rstwa ekologicznego w Polsce. VI Forum M\u0142odych Przyrodnik\u00f3w. Rolnictwo. \u017bywno\u015b\u0107. Zdrowie. Ksi\u0105\u017cka abstrakt\u00f3w pod red. Pauliny Gil-Kulik, Jolanty Karwat, Wydawnictwo Stowarzyszenia M\u0142odych Naukowc\u00f3w, Lublin, s.17.<\/li>\n<li>Garga\u0142a M., Pisarek M., Licho\u0142ai L., Rysz M., 2017: Computer-aided design programs as a determinant of competitiveness in the labour market, in the opinion of students of landscape architecture, Gospodarka Rynek Edukacja, 18(1), s. 17-23.<\/li>\n<li>Rysz M., Szyma\u0144ska E.J., 2017: Zmiany na rynku owoc\u00f3w w Polsce w latach 2010-2015, Zeszyty Naukowe WSES w Ostro\u0142\u0119ce, 1\/2017 (24), s. 154-166. ISSN 2391-9167.<\/li>\n<li>Rysz M., Szyma\u0144ska E. J., 2017: Regional diversification of fruit production in Poland, Agricultural and Resource Economics: International Scientific E-Journal, [Online], vol. 3, no. 2, Ukraina.<\/li>\n<li>Rysz M., 2016: Orcharding in Poland and Ukraine in the years 2009-2013, \u0410\u0413\u0420\u0410\u0420\u041d\u0410 EKOHOMIKA, T.9, Nr 1-2, Ukraina, s. 50-57.<\/li>\n<\/ol>\n<hr>\n<hr>\n<p>&nbsp;<\/p>\n","protected":false},"excerpt":{"rendered":"<p>Autorka i wsp\u00f3\u0142autorka prac naukowych, rozdzia\u0142u w monografii, prac popularnonaukowych wydawanych w j\u0119zyku polskim i angielskim. Publikacje w okresie od 2016 r. do 2019 r. Monografie Rysz M., 2018: Zasoby informacyjne w organizacji \u2013 zarz\u0105dzanie informacj\u0105 i techniki informacyjne. Zarz\u0105dzanie organizacjami. Monografia naukowa pod red. P. Lenika, rozdz. 9, s. [\u2026] <\/p>\n<div class=\"clear\"><\/div>\n<p><a class=\"more_link clearfix\" href=\"https:\/\/pans.krosno.pl\/pracownicy\/maria-rysz\/maria-rysz-doswiadczenie-pozauczelniane\/\" rel=\"nofollow\">Read More<\/a><\/p>\n","protected":false},"author":36,"featured_media":0,"parent":2670,"menu_order":0,"comment_status":"closed","ping_status":"closed","template":"","meta":{"ngg_post_thumbnail":0,"footnotes":""},"class_list":["post-2677","page","type-page","status-publish","hentry"],"yoast_head":"<!-- This site is optimized with the Yoast SEO Premium plugin v27.3 (Yoast SEO v27.3) - https:\/\/yoast.com\/product\/yoast-seo-premium-wordpress\/ -->\n<title>dr in\u017c. Maria Rysz - Najwa\u017cniejsze publikacje - Pracownicy PANS w Kro\u015bnie<\/title>\n<meta name=\"robots\" content=\"index, follow, max-snippet:-1, max-image-preview:large, max-video-preview:-1\" \/>\n<link rel=\"canonical\" href=\"https:\/\/pans.krosno.pl\/pracownicy\/maria-rysz\/maria-rysz-doswiadczenie-pozauczelniane\/\" \/>\n<meta property=\"og:locale\" content=\"pl_PL\" \/>\n<meta property=\"og:type\" content=\"article\" \/>\n<meta property=\"og:title\" content=\"dr in\u017c. Maria Rysz - Najwa\u017cniejsze publikacje\" \/>\n<meta property=\"og:description\" content=\"Autorka i wsp\u00f3\u0142autorka prac naukowych, rozdzia\u0142u w monografii, prac popularnonaukowych wydawanych w j\u0119zyku polskim i angielskim. Publikacje w okresie od 2016 r. do 2019 r. Monografie Rysz M., 2018: Zasoby informacyjne w organizacji \u2013 zarz\u0105dzanie informacj\u0105 i techniki informacyjne. Zarz\u0105dzanie organizacjami. Monografia naukowa pod red. P. Lenika, rozdz. 9, s. [\u2026] Read More\" \/>\n<meta property=\"og:url\" content=\"https:\/\/pans.krosno.pl\/pracownicy\/maria-rysz\/maria-rysz-doswiadczenie-pozauczelniane\/\" \/>\n<meta property=\"og:site_name\" content=\"Pracownicy PANS w Kro\u015bnie\" \/>\n<meta property=\"article:modified_time\" content=\"2025-05-20T11:27:19+00:00\" \/>\n<meta name=\"twitter:card\" content=\"summary_large_image\" \/>\n<meta name=\"twitter:label1\" content=\"Szacowany czas czytania\" \/>\n\t<meta name=\"twitter:data1\" content=\"2 minuty\" \/>\n<script type=\"application\/ld+json\" class=\"yoast-schema-graph\">{\"@context\":\"https:\\\/\\\/schema.org\",\"@graph\":[{\"@type\":\"WebPage\",\"@id\":\"https:\\\/\\\/pans.krosno.pl\\\/pracownicy\\\/maria-rysz\\\/maria-rysz-doswiadczenie-pozauczelniane\\\/\",\"url\":\"https:\\\/\\\/pans.krosno.pl\\\/pracownicy\\\/maria-rysz\\\/maria-rysz-doswiadczenie-pozauczelniane\\\/\",\"name\":\"dr in\u017c. Maria Rysz - Najwa\u017cniejsze publikacje - Pracownicy PANS w Kro\u015bnie\",\"isPartOf\":{\"@id\":\"https:\\\/\\\/pans.krosno.pl\\\/pracownicy\\\/#website\"},\"datePublished\":\"2020-04-15T18:12:42+00:00\",\"dateModified\":\"2025-05-20T11:27:19+00:00\",\"breadcrumb\":{\"@id\":\"https:\\\/\\\/pans.krosno.pl\\\/pracownicy\\\/maria-rysz\\\/maria-rysz-doswiadczenie-pozauczelniane\\\/#breadcrumb\"},\"inLanguage\":\"pl-PL\",\"potentialAction\":[{\"@type\":\"ReadAction\",\"target\":[\"https:\\\/\\\/pans.krosno.pl\\\/pracownicy\\\/maria-rysz\\\/maria-rysz-doswiadczenie-pozauczelniane\\\/\"]}]},{\"@type\":\"BreadcrumbList\",\"@id\":\"https:\\\/\\\/pans.krosno.pl\\\/pracownicy\\\/maria-rysz\\\/maria-rysz-doswiadczenie-pozauczelniane\\\/#breadcrumb\",\"itemListElement\":[{\"@type\":\"ListItem\",\"position\":1,\"name\":\"Strona g\u0142\u00f3wna\",\"item\":\"https:\\\/\\\/pans.krosno.pl\\\/pracownicy\\\/\"},{\"@type\":\"ListItem\",\"position\":2,\"name\":\"dr in\u017c. Maria Rysz\",\"item\":\"https:\\\/\\\/pans.krosno.pl\\\/pracownicy\\\/maria-rysz\\\/\"},{\"@type\":\"ListItem\",\"position\":3,\"name\":\"dr in\u017c. Maria Rysz &#8211; Najwa\u017cniejsze publikacje\"}]},{\"@type\":\"WebSite\",\"@id\":\"https:\\\/\\\/pans.krosno.pl\\\/pracownicy\\\/#website\",\"url\":\"https:\\\/\\\/pans.krosno.pl\\\/pracownicy\\\/\",\"name\":\"Pracownicy PANS w Kro\u015bnie\",\"description\":\"Pracownicy - Pa\u0144stwowa Akademia Nauk Stosowanych\",\"publisher\":{\"@id\":\"https:\\\/\\\/pans.krosno.pl\\\/pracownicy\\\/#organization\"},\"potentialAction\":[{\"@type\":\"SearchAction\",\"target\":{\"@type\":\"EntryPoint\",\"urlTemplate\":\"https:\\\/\\\/pans.krosno.pl\\\/pracownicy\\\/?s={search_term_string}\"},\"query-input\":{\"@type\":\"PropertyValueSpecification\",\"valueRequired\":true,\"valueName\":\"search_term_string\"}}],\"inLanguage\":\"pl-PL\"},{\"@type\":\"Organization\",\"@id\":\"https:\\\/\\\/pans.krosno.pl\\\/pracownicy\\\/#organization\",\"name\":\"Pracownicy PANS w Kro\u015bnie\",\"url\":\"https:\\\/\\\/pans.krosno.pl\\\/pracownicy\\\/\",\"logo\":{\"@type\":\"ImageObject\",\"inLanguage\":\"pl-PL\",\"@id\":\"https:\\\/\\\/pans.krosno.pl\\\/pracownicy\\\/#\\\/schema\\\/logo\\\/image\\\/\",\"url\":\"https:\\\/\\\/pans.krosno.pl\\\/pracownicy\\\/wp-content\\\/uploads\\\/sites\\\/41\\\/2023\\\/01\\\/Logo-PANS-2022-pelne.png\",\"contentUrl\":\"https:\\\/\\\/pans.krosno.pl\\\/pracownicy\\\/wp-content\\\/uploads\\\/sites\\\/41\\\/2023\\\/01\\\/Logo-PANS-2022-pelne.png\",\"width\":3096,\"height\":696,\"caption\":\"Pracownicy PANS w Kro\u015bnie\"},\"image\":{\"@id\":\"https:\\\/\\\/pans.krosno.pl\\\/pracownicy\\\/#\\\/schema\\\/logo\\\/image\\\/\"}}]}<\/script>\n<!-- \/ Yoast SEO Premium plugin. -->","yoast_head_json":{"title":"dr in\u017c. Maria Rysz - Najwa\u017cniejsze publikacje - Pracownicy PANS w Kro\u015bnie","robots":{"index":"index","follow":"follow","max-snippet":"max-snippet:-1","max-image-preview":"max-image-preview:large","max-video-preview":"max-video-preview:-1"},"canonical":"https:\/\/pans.krosno.pl\/pracownicy\/maria-rysz\/maria-rysz-doswiadczenie-pozauczelniane\/","og_locale":"pl_PL","og_type":"article","og_title":"dr in\u017c. Maria Rysz - Najwa\u017cniejsze publikacje","og_description":"Autorka i wsp\u00f3\u0142autorka prac naukowych, rozdzia\u0142u w monografii, prac popularnonaukowych wydawanych w j\u0119zyku polskim i angielskim. Publikacje w okresie od 2016 r. do 2019 r. Monografie Rysz M., 2018: Zasoby informacyjne w organizacji \u2013 zarz\u0105dzanie informacj\u0105 i techniki informacyjne. Zarz\u0105dzanie organizacjami. Monografia naukowa pod red. P. Lenika, rozdz. 9, s. [\u2026] Read More","og_url":"https:\/\/pans.krosno.pl\/pracownicy\/maria-rysz\/maria-rysz-doswiadczenie-pozauczelniane\/","og_site_name":"Pracownicy PANS w Kro\u015bnie","article_modified_time":"2025-05-20T11:27:19+00:00","twitter_card":"summary_large_image","twitter_misc":{"Szacowany czas czytania":"2 minuty"},"schema":{"@context":"https:\/\/schema.org","@graph":[{"@type":"WebPage","@id":"https:\/\/pans.krosno.pl\/pracownicy\/maria-rysz\/maria-rysz-doswiadczenie-pozauczelniane\/","url":"https:\/\/pans.krosno.pl\/pracownicy\/maria-rysz\/maria-rysz-doswiadczenie-pozauczelniane\/","name":"dr in\u017c. Maria Rysz - Najwa\u017cniejsze publikacje - Pracownicy PANS w Kro\u015bnie","isPartOf":{"@id":"https:\/\/pans.krosno.pl\/pracownicy\/#website"},"datePublished":"2020-04-15T18:12:42+00:00","dateModified":"2025-05-20T11:27:19+00:00","breadcrumb":{"@id":"https:\/\/pans.krosno.pl\/pracownicy\/maria-rysz\/maria-rysz-doswiadczenie-pozauczelniane\/#breadcrumb"},"inLanguage":"pl-PL","potentialAction":[{"@type":"ReadAction","target":["https:\/\/pans.krosno.pl\/pracownicy\/maria-rysz\/maria-rysz-doswiadczenie-pozauczelniane\/"]}]},{"@type":"BreadcrumbList","@id":"https:\/\/pans.krosno.pl\/pracownicy\/maria-rysz\/maria-rysz-doswiadczenie-pozauczelniane\/#breadcrumb","itemListElement":[{"@type":"ListItem","position":1,"name":"Strona g\u0142\u00f3wna","item":"https:\/\/pans.krosno.pl\/pracownicy\/"},{"@type":"ListItem","position":2,"name":"dr in\u017c. Maria Rysz","item":"https:\/\/pans.krosno.pl\/pracownicy\/maria-rysz\/"},{"@type":"ListItem","position":3,"name":"dr in\u017c. Maria Rysz &#8211; Najwa\u017cniejsze publikacje"}]},{"@type":"WebSite","@id":"https:\/\/pans.krosno.pl\/pracownicy\/#website","url":"https:\/\/pans.krosno.pl\/pracownicy\/","name":"Pracownicy PANS w Kro\u015bnie","description":"Pracownicy - Pa\u0144stwowa Akademia Nauk Stosowanych","publisher":{"@id":"https:\/\/pans.krosno.pl\/pracownicy\/#organization"},"potentialAction":[{"@type":"SearchAction","target":{"@type":"EntryPoint","urlTemplate":"https:\/\/pans.krosno.pl\/pracownicy\/?s={search_term_string}"},"query-input":{"@type":"PropertyValueSpecification","valueRequired":true,"valueName":"search_term_string"}}],"inLanguage":"pl-PL"},{"@type":"Organization","@id":"https:\/\/pans.krosno.pl\/pracownicy\/#organization","name":"Pracownicy PANS w Kro\u015bnie","url":"https:\/\/pans.krosno.pl\/pracownicy\/","logo":{"@type":"ImageObject","inLanguage":"pl-PL","@id":"https:\/\/pans.krosno.pl\/pracownicy\/#\/schema\/logo\/image\/","url":"https:\/\/pans.krosno.pl\/pracownicy\/wp-content\/uploads\/sites\/41\/2023\/01\/Logo-PANS-2022-pelne.png","contentUrl":"https:\/\/pans.krosno.pl\/pracownicy\/wp-content\/uploads\/sites\/41\/2023\/01\/Logo-PANS-2022-pelne.png","width":3096,"height":696,"caption":"Pracownicy PANS w Kro\u015bnie"},"image":{"@id":"https:\/\/pans.krosno.pl\/pracownicy\/#\/schema\/logo\/image\/"}}]}},"_links":{"self":[{"href":"https:\/\/pans.krosno.pl\/pracownicy\/wp-json\/wp\/v2\/pages\/2677","targetHints":{"allow":["GET"]}}],"collection":[{"href":"https:\/\/pans.krosno.pl\/pracownicy\/wp-json\/wp\/v2\/pages"}],"about":[{"href":"https:\/\/pans.krosno.pl\/pracownicy\/wp-json\/wp\/v2\/types\/page"}],"author":[{"embeddable":true,"href":"https:\/\/pans.krosno.pl\/pracownicy\/wp-json\/wp\/v2\/users\/36"}],"replies":[{"embeddable":true,"href":"https:\/\/pans.krosno.pl\/pracownicy\/wp-json\/wp\/v2\/comments?post=2677"}],"version-history":[{"count":9,"href":"https:\/\/pans.krosno.pl\/pracownicy\/wp-json\/wp\/v2\/pages\/2677\/revisions"}],"predecessor-version":[{"id":10930,"href":"https:\/\/pans.krosno.pl\/pracownicy\/wp-json\/wp\/v2\/pages\/2677\/revisions\/10930"}],"up":[{"embeddable":true,"href":"https:\/\/pans.krosno.pl\/pracownicy\/wp-json\/wp\/v2\/pages\/2670"}],"wp:attachment":[{"href":"https:\/\/pans.krosno.pl\/pracownicy\/wp-json\/wp\/v2\/media?parent=2677"}],"curies":[{"name":"wp","href":"https:\/\/api.w.org\/{rel}","templated":true}]}}