{"id":2638,"date":"2020-04-15T18:57:18","date_gmt":"2020-04-15T16:57:18","guid":{"rendered":"https:\/\/pans.krosno.pl\/pracownicy\/?page_id=2638"},"modified":"2025-05-15T11:49:20","modified_gmt":"2025-05-15T09:49:20","slug":"katarzyna-kotowska-doswiadczenie-pozauczelniane","status":"publish","type":"page","link":"https:\/\/pans.krosno.pl\/pracownicy\/katarzyna-kotowska\/katarzyna-kotowska-doswiadczenie-pozauczelniane\/","title":{"rendered":"mgr Katarzyna Kotowska &#8211; Do\u015bwiadczenie pozauczelniane"},"content":{"rendered":"<hr>\n<ul>\n<li>Pracuje w Poradni Psychologiczno-Pedagogicznej nr 1 w Kro\u015bnie,<\/li>\n<li>Pe\u0142ni funkcj\u0119 orzecznika Zespo\u0142u Orzekaj\u0105cego przy Poradni Psychologiczno-Pedagogicznej nr 1 w Kro\u015bnie,<\/li>\n<li>Prowadzi poradnictwo oraz terapi\u0119 psychologiczn\u0105 dzieci i m\u0142odzie\u017cy z zaburzeniami zachowania, emocji oraz komunikacji,<\/li>\n<li>Prowadzi grup\u0119 socjoterapeutyczn\u0105 przy PP-P nr 1 w Kro\u015bnie,<\/li>\n<li>Prowadzi szkolenia, warsztaty, wyk\u0142ady dla nauczycieli, rodzic\u00f3w oraz pracownik\u00f3w plac\u00f3wek o\u015bwiatowych z zakresu: pracy z dzieckiem z specjalnymi potrzebami edukacyjnymi, edukacji w\u0142\u0105czaj\u0105cej, wczesnej interwencji psychologicznej, wypalenia zawodowego,<\/li>\n<li>Prowadzi warsztaty dla uczni\u00f3w z zakresu: skutecznej komunikacji, ekspresji tw\u00f3rczej, technik uczenia si\u0119,<\/li>\n<li>W 2019 r. prowadzi\u0142a zaj\u0119cia z psychologii tw\u00f3rczo\u015bci w ramach Programu Education and Culture ERASMUS +, Projekt \u201eA school for Tomorrows Europe: Dropout Prewention, Intervention and Retrival through Art. Education.<\/li>\n<\/ul>\n<hr>\n<p>&nbsp;<\/p>\n","protected":false},"excerpt":{"rendered":"<p>Pracuje w Poradni Psychologiczno-Pedagogicznej nr 1 w Kro\u015bnie, Pe\u0142ni funkcj\u0119 orzecznika Zespo\u0142u Orzekaj\u0105cego przy Poradni Psychologiczno-Pedagogicznej nr 1 w Kro\u015bnie, Prowadzi poradnictwo oraz terapi\u0119 psychologiczn\u0105 dzieci i m\u0142odzie\u017cy z zaburzeniami zachowania, emocji oraz komunikacji, Prowadzi grup\u0119 socjoterapeutyczn\u0105 przy PP-P nr 1 w Kro\u015bnie, Prowadzi szkolenia, warsztaty, wyk\u0142ady dla nauczycieli, rodzic\u00f3w [\u2026] <\/p>\n<div class=\"clear\"><\/div>\n<p><a class=\"more_link clearfix\" href=\"https:\/\/pans.krosno.pl\/pracownicy\/katarzyna-kotowska\/katarzyna-kotowska-doswiadczenie-pozauczelniane\/\" rel=\"nofollow\">Read More<\/a><\/p>\n","protected":false},"author":36,"featured_media":0,"parent":2623,"menu_order":0,"comment_status":"closed","ping_status":"closed","template":"","meta":{"ngg_post_thumbnail":0,"footnotes":""},"class_list":["post-2638","page","type-page","status-publish","hentry"],"yoast_head":"<!-- This site is optimized with the Yoast SEO Premium plugin v27.3 (Yoast SEO v27.3) - https:\/\/yoast.com\/product\/yoast-seo-premium-wordpress\/ -->\n<title>mgr Katarzyna Kotowska - Do\u015bwiadczenie pozauczelniane - Pracownicy PANS w Kro\u015bnie<\/title>\n<meta name=\"robots\" content=\"index, follow, max-snippet:-1, max-image-preview:large, max-video-preview:-1\" \/>\n<link rel=\"canonical\" href=\"https:\/\/pans.krosno.pl\/pracownicy\/katarzyna-kotowska\/katarzyna-kotowska-doswiadczenie-pozauczelniane\/\" \/>\n<meta property=\"og:locale\" content=\"pl_PL\" \/>\n<meta property=\"og:type\" content=\"article\" \/>\n<meta property=\"og:title\" content=\"mgr Katarzyna Kotowska - Do\u015bwiadczenie pozauczelniane\" \/>\n<meta property=\"og:description\" content=\"Pracuje w Poradni Psychologiczno-Pedagogicznej nr 1 w Kro\u015bnie, Pe\u0142ni funkcj\u0119 orzecznika Zespo\u0142u Orzekaj\u0105cego przy Poradni Psychologiczno-Pedagogicznej nr 1 w Kro\u015bnie, Prowadzi poradnictwo oraz terapi\u0119 psychologiczn\u0105 dzieci i m\u0142odzie\u017cy z zaburzeniami zachowania, emocji oraz komunikacji, Prowadzi grup\u0119 socjoterapeutyczn\u0105 przy PP-P nr 1 w Kro\u015bnie, Prowadzi szkolenia, warsztaty, wyk\u0142ady dla nauczycieli, rodzic\u00f3w [\u2026] Read More\" \/>\n<meta property=\"og:url\" content=\"https:\/\/pans.krosno.pl\/pracownicy\/katarzyna-kotowska\/katarzyna-kotowska-doswiadczenie-pozauczelniane\/\" \/>\n<meta property=\"og:site_name\" content=\"Pracownicy PANS w Kro\u015bnie\" \/>\n<meta property=\"article:modified_time\" content=\"2025-05-15T09:49:20+00:00\" \/>\n<meta name=\"twitter:card\" content=\"summary_large_image\" \/>\n<meta name=\"twitter:label1\" content=\"Szacowany czas czytania\" \/>\n\t<meta name=\"twitter:data1\" content=\"1 minuta\" \/>\n<script type=\"application\/ld+json\" class=\"yoast-schema-graph\">{\"@context\":\"https:\\\/\\\/schema.org\",\"@graph\":[{\"@type\":\"WebPage\",\"@id\":\"https:\\\/\\\/pans.krosno.pl\\\/pracownicy\\\/katarzyna-kotowska\\\/katarzyna-kotowska-doswiadczenie-pozauczelniane\\\/\",\"url\":\"https:\\\/\\\/pans.krosno.pl\\\/pracownicy\\\/katarzyna-kotowska\\\/katarzyna-kotowska-doswiadczenie-pozauczelniane\\\/\",\"name\":\"mgr Katarzyna Kotowska - Do\u015bwiadczenie pozauczelniane - Pracownicy PANS w Kro\u015bnie\",\"isPartOf\":{\"@id\":\"https:\\\/\\\/pans.krosno.pl\\\/pracownicy\\\/#website\"},\"datePublished\":\"2020-04-15T16:57:18+00:00\",\"dateModified\":\"2025-05-15T09:49:20+00:00\",\"breadcrumb\":{\"@id\":\"https:\\\/\\\/pans.krosno.pl\\\/pracownicy\\\/katarzyna-kotowska\\\/katarzyna-kotowska-doswiadczenie-pozauczelniane\\\/#breadcrumb\"},\"inLanguage\":\"pl-PL\",\"potentialAction\":[{\"@type\":\"ReadAction\",\"target\":[\"https:\\\/\\\/pans.krosno.pl\\\/pracownicy\\\/katarzyna-kotowska\\\/katarzyna-kotowska-doswiadczenie-pozauczelniane\\\/\"]}]},{\"@type\":\"BreadcrumbList\",\"@id\":\"https:\\\/\\\/pans.krosno.pl\\\/pracownicy\\\/katarzyna-kotowska\\\/katarzyna-kotowska-doswiadczenie-pozauczelniane\\\/#breadcrumb\",\"itemListElement\":[{\"@type\":\"ListItem\",\"position\":1,\"name\":\"Strona g\u0142\u00f3wna\",\"item\":\"https:\\\/\\\/pans.krosno.pl\\\/pracownicy\\\/\"},{\"@type\":\"ListItem\",\"position\":2,\"name\":\"mgr Katarzyna Kotowska\",\"item\":\"https:\\\/\\\/pans.krosno.pl\\\/pracownicy\\\/katarzyna-kotowska\\\/\"},{\"@type\":\"ListItem\",\"position\":3,\"name\":\"mgr Katarzyna Kotowska &#8211; Do\u015bwiadczenie pozauczelniane\"}]},{\"@type\":\"WebSite\",\"@id\":\"https:\\\/\\\/pans.krosno.pl\\\/pracownicy\\\/#website\",\"url\":\"https:\\\/\\\/pans.krosno.pl\\\/pracownicy\\\/\",\"name\":\"Pracownicy PANS w Kro\u015bnie\",\"description\":\"Pracownicy - Pa\u0144stwowa Akademia Nauk Stosowanych\",\"publisher\":{\"@id\":\"https:\\\/\\\/pans.krosno.pl\\\/pracownicy\\\/#organization\"},\"potentialAction\":[{\"@type\":\"SearchAction\",\"target\":{\"@type\":\"EntryPoint\",\"urlTemplate\":\"https:\\\/\\\/pans.krosno.pl\\\/pracownicy\\\/?s={search_term_string}\"},\"query-input\":{\"@type\":\"PropertyValueSpecification\",\"valueRequired\":true,\"valueName\":\"search_term_string\"}}],\"inLanguage\":\"pl-PL\"},{\"@type\":\"Organization\",\"@id\":\"https:\\\/\\\/pans.krosno.pl\\\/pracownicy\\\/#organization\",\"name\":\"Pracownicy PANS w Kro\u015bnie\",\"url\":\"https:\\\/\\\/pans.krosno.pl\\\/pracownicy\\\/\",\"logo\":{\"@type\":\"ImageObject\",\"inLanguage\":\"pl-PL\",\"@id\":\"https:\\\/\\\/pans.krosno.pl\\\/pracownicy\\\/#\\\/schema\\\/logo\\\/image\\\/\",\"url\":\"https:\\\/\\\/pans.krosno.pl\\\/pracownicy\\\/wp-content\\\/uploads\\\/sites\\\/41\\\/2023\\\/01\\\/Logo-PANS-2022-pelne.png\",\"contentUrl\":\"https:\\\/\\\/pans.krosno.pl\\\/pracownicy\\\/wp-content\\\/uploads\\\/sites\\\/41\\\/2023\\\/01\\\/Logo-PANS-2022-pelne.png\",\"width\":3096,\"height\":696,\"caption\":\"Pracownicy PANS w Kro\u015bnie\"},\"image\":{\"@id\":\"https:\\\/\\\/pans.krosno.pl\\\/pracownicy\\\/#\\\/schema\\\/logo\\\/image\\\/\"}}]}<\/script>\n<!-- \/ Yoast SEO Premium plugin. -->","yoast_head_json":{"title":"mgr Katarzyna Kotowska - Do\u015bwiadczenie pozauczelniane - Pracownicy PANS w Kro\u015bnie","robots":{"index":"index","follow":"follow","max-snippet":"max-snippet:-1","max-image-preview":"max-image-preview:large","max-video-preview":"max-video-preview:-1"},"canonical":"https:\/\/pans.krosno.pl\/pracownicy\/katarzyna-kotowska\/katarzyna-kotowska-doswiadczenie-pozauczelniane\/","og_locale":"pl_PL","og_type":"article","og_title":"mgr Katarzyna Kotowska - Do\u015bwiadczenie pozauczelniane","og_description":"Pracuje w Poradni Psychologiczno-Pedagogicznej nr 1 w Kro\u015bnie, Pe\u0142ni funkcj\u0119 orzecznika Zespo\u0142u Orzekaj\u0105cego przy Poradni Psychologiczno-Pedagogicznej nr 1 w Kro\u015bnie, Prowadzi poradnictwo oraz terapi\u0119 psychologiczn\u0105 dzieci i m\u0142odzie\u017cy z zaburzeniami zachowania, emocji oraz komunikacji, Prowadzi grup\u0119 socjoterapeutyczn\u0105 przy PP-P nr 1 w Kro\u015bnie, Prowadzi szkolenia, warsztaty, wyk\u0142ady dla nauczycieli, rodzic\u00f3w [\u2026] Read More","og_url":"https:\/\/pans.krosno.pl\/pracownicy\/katarzyna-kotowska\/katarzyna-kotowska-doswiadczenie-pozauczelniane\/","og_site_name":"Pracownicy PANS w Kro\u015bnie","article_modified_time":"2025-05-15T09:49:20+00:00","twitter_card":"summary_large_image","twitter_misc":{"Szacowany czas czytania":"1 minuta"},"schema":{"@context":"https:\/\/schema.org","@graph":[{"@type":"WebPage","@id":"https:\/\/pans.krosno.pl\/pracownicy\/katarzyna-kotowska\/katarzyna-kotowska-doswiadczenie-pozauczelniane\/","url":"https:\/\/pans.krosno.pl\/pracownicy\/katarzyna-kotowska\/katarzyna-kotowska-doswiadczenie-pozauczelniane\/","name":"mgr Katarzyna Kotowska - Do\u015bwiadczenie pozauczelniane - Pracownicy PANS w Kro\u015bnie","isPartOf":{"@id":"https:\/\/pans.krosno.pl\/pracownicy\/#website"},"datePublished":"2020-04-15T16:57:18+00:00","dateModified":"2025-05-15T09:49:20+00:00","breadcrumb":{"@id":"https:\/\/pans.krosno.pl\/pracownicy\/katarzyna-kotowska\/katarzyna-kotowska-doswiadczenie-pozauczelniane\/#breadcrumb"},"inLanguage":"pl-PL","potentialAction":[{"@type":"ReadAction","target":["https:\/\/pans.krosno.pl\/pracownicy\/katarzyna-kotowska\/katarzyna-kotowska-doswiadczenie-pozauczelniane\/"]}]},{"@type":"BreadcrumbList","@id":"https:\/\/pans.krosno.pl\/pracownicy\/katarzyna-kotowska\/katarzyna-kotowska-doswiadczenie-pozauczelniane\/#breadcrumb","itemListElement":[{"@type":"ListItem","position":1,"name":"Strona g\u0142\u00f3wna","item":"https:\/\/pans.krosno.pl\/pracownicy\/"},{"@type":"ListItem","position":2,"name":"mgr Katarzyna Kotowska","item":"https:\/\/pans.krosno.pl\/pracownicy\/katarzyna-kotowska\/"},{"@type":"ListItem","position":3,"name":"mgr Katarzyna Kotowska &#8211; Do\u015bwiadczenie pozauczelniane"}]},{"@type":"WebSite","@id":"https:\/\/pans.krosno.pl\/pracownicy\/#website","url":"https:\/\/pans.krosno.pl\/pracownicy\/","name":"Pracownicy PANS w Kro\u015bnie","description":"Pracownicy - Pa\u0144stwowa Akademia Nauk Stosowanych","publisher":{"@id":"https:\/\/pans.krosno.pl\/pracownicy\/#organization"},"potentialAction":[{"@type":"SearchAction","target":{"@type":"EntryPoint","urlTemplate":"https:\/\/pans.krosno.pl\/pracownicy\/?s={search_term_string}"},"query-input":{"@type":"PropertyValueSpecification","valueRequired":true,"valueName":"search_term_string"}}],"inLanguage":"pl-PL"},{"@type":"Organization","@id":"https:\/\/pans.krosno.pl\/pracownicy\/#organization","name":"Pracownicy PANS w Kro\u015bnie","url":"https:\/\/pans.krosno.pl\/pracownicy\/","logo":{"@type":"ImageObject","inLanguage":"pl-PL","@id":"https:\/\/pans.krosno.pl\/pracownicy\/#\/schema\/logo\/image\/","url":"https:\/\/pans.krosno.pl\/pracownicy\/wp-content\/uploads\/sites\/41\/2023\/01\/Logo-PANS-2022-pelne.png","contentUrl":"https:\/\/pans.krosno.pl\/pracownicy\/wp-content\/uploads\/sites\/41\/2023\/01\/Logo-PANS-2022-pelne.png","width":3096,"height":696,"caption":"Pracownicy PANS w Kro\u015bnie"},"image":{"@id":"https:\/\/pans.krosno.pl\/pracownicy\/#\/schema\/logo\/image\/"}}]}},"_links":{"self":[{"href":"https:\/\/pans.krosno.pl\/pracownicy\/wp-json\/wp\/v2\/pages\/2638","targetHints":{"allow":["GET"]}}],"collection":[{"href":"https:\/\/pans.krosno.pl\/pracownicy\/wp-json\/wp\/v2\/pages"}],"about":[{"href":"https:\/\/pans.krosno.pl\/pracownicy\/wp-json\/wp\/v2\/types\/page"}],"author":[{"embeddable":true,"href":"https:\/\/pans.krosno.pl\/pracownicy\/wp-json\/wp\/v2\/users\/36"}],"replies":[{"embeddable":true,"href":"https:\/\/pans.krosno.pl\/pracownicy\/wp-json\/wp\/v2\/comments?post=2638"}],"version-history":[{"count":5,"href":"https:\/\/pans.krosno.pl\/pracownicy\/wp-json\/wp\/v2\/pages\/2638\/revisions"}],"predecessor-version":[{"id":6465,"href":"https:\/\/pans.krosno.pl\/pracownicy\/wp-json\/wp\/v2\/pages\/2638\/revisions\/6465"}],"up":[{"embeddable":true,"href":"https:\/\/pans.krosno.pl\/pracownicy\/wp-json\/wp\/v2\/pages\/2623"}],"wp:attachment":[{"href":"https:\/\/pans.krosno.pl\/pracownicy\/wp-json\/wp\/v2\/media?parent=2638"}],"curies":[{"name":"wp","href":"https:\/\/api.w.org\/{rel}","templated":true}]}}