{"id":261,"date":"2020-03-26T15:29:03","date_gmt":"2020-03-26T14:29:03","guid":{"rendered":"https:\/\/pans.krosno.pl\/pracownicy\/?page_id=261"},"modified":"2025-05-15T12:05:47","modified_gmt":"2025-05-15T10:05:47","slug":"jacek-kras-najwazniejsze-publikacje","status":"publish","type":"page","link":"https:\/\/pans.krosno.pl\/pracownicy\/jacek-kras\/jacek-kras-najwazniejsze-publikacje\/","title":{"rendered":"dr Jacek Kra\u015b &#8211; Najwa\u017cniejsze publikacje"},"content":{"rendered":"<hr>\n<p>Dorobek naukowy obejmuje 45 publikacji, w tym:&nbsp; 1 ksi\u0105\u017cka autorska, artyku\u0142y naukowe punktowane oraz rozdzia\u0142y w monografiach. Artyku\u0142y naukowe&nbsp; i rozdzia\u0142y w monografiach publikowane by\u0142y r\u00f3wnie\u017c w j\u0119zyku angielskim, w czasopismach naukowych o zasi\u0119gu og\u00f3lnopolskim i mi\u0119dzynarodowym. Publikacje wydawane by\u0142y w r\u00f3\u017cnych o\u015brodkach akademicko-naukowych zar\u00f3wno w kraju jak i za granic\u0105. Uczestnik licznych konferencji og\u00f3lnopolskich i mi\u0119dzynarodowych.<\/p>\n<p>Dorobek naukowy wzbogaca uczestnictwo w grupie eksperckiej opracowuj\u0105cej strategi\u0119 rozwoju uzdrowisk podkarpackich (Stowarzyszenie Euroregion Karpacki) oraz wyjazd naukowy do Uniwersytetu w Preszowie w ramach programu Erasmus.<\/p>\n<p style=\"text-align: center\"><strong>Najwa\u017cniejsze publikacje<\/strong><\/p>\n<p><strong>Ksi\u0105\u017cka<\/strong><\/p>\n<ol>\n<li>Spo\u0142eczno-prawne uwarunkowania turystyki w Polsce, Wyd. Uniwersytet Rzeszowski, Rzesz\u00f3w 2015.<\/li>\n<\/ol>\n<p><strong>Wybrane artyku\u0142y naukowe \u2013 punktowane, jedyny autor<\/strong><\/p>\n<ol>\n<li><em>Rola Policji i innych s\u0142u\u017cb w zapewnieniu bezpiecze\u0144stwa w turystyce na obszarach przygranicznych,<\/em>[w:] De Doctrina Europea, Rocznik Instytutu Europeistyki, Rok VII\/2010, red. J. \u015awieca, wyd. Oficyna Wydawnicza \u201eHumanitas\u201d, Sosnowiec 2010.<\/li>\n<li>Wp\u0142yw dzia\u0142a\u0144 podejmowanych przez pa\u0144stwo na sektor turystyki po wybuchu pandemii COVID \u2013 19, Cywilizacja i Polityka, 2022, nr 20, Uniwersytet Gda\u0144ski, ISSN 1732-5641.<\/li>\n<li>Wybrane uregulowania prawne dotycz\u0105ce bezpiecze\u0144stwa w turystyce na terenach przygranicznych,[w:] J.Rut, A.Nizio\u0142 (red.), Spo\u0142eczno-gospodarcze aspekty turystyki region\u00f3w przygranicznych, KORAW, Rzesz\u00f3w 2009,<\/li>\n<li><em>Rola Centralnej Komisji Egzaminacyjnej w realizowaniu polityki o\u015bwiatowej pa\u0144stwa w latach 2013 \u2013 2018,<\/em> Res Politicae (Uniwersytet Humanistyczno-Przyrodniczy im. Jana D\u0142ugosza w Cz\u0119stochowie, Tom XII (2020), ISSN 2657-3342.<\/li>\n<li><em>Zagro\u017cenia w turystyce aktywnej na obszarze polsko-s\u0142owackiego pogranicza \u2013 <\/em>opracowanie na zlecenie Komendy Wojew\u00f3dzkiej Policji w Rzeszowie, 74 strony, opublikowane na stronie internetowej Komendy wojew\u00f3dzkiej Policji w Rzeszowie.<\/li>\n<li>Rola Polskiej Organizacji Turystycznej w realizowaniu polityki turystycznej pa\u0144stwa w latach 2013-2018, Cywilizacja i Polityka, Tom 17, Nr 17 (2019), ISSN 1732-5641,(Uniwersytet Gda\u0144ski).<\/li>\n<li>Turystyka jako zjawisko spo\u0142eczne i prawne,w: \u015awiat i jego problemy, H. Skorowski (red.), Uniwersytet Kardyna\u0142a Stefana Wyszy\u0144skiego, Warszawa 2015.<\/li>\n<li>Warto\u015bci narodowotw\u00f3rcze i osobowotw\u00f3rcze zwi\u0105zane z uprawianiem turystyki pielgrzymkowej, [w:] M.Kazimierczak (red.), Jako\u015b\u0107 \u017cycia w kulturowych przestrzeniach podr\u00f3\u017cowania, wyd. Akademia Wychowania Fizycznego w Poznaniu, Pozna\u0144 2012.<\/li>\n<li>The Policy of Minister of Sport and Tourism in the scope of protecting the rights of a client using tourism services w: \u201eSOCI\u00c1LNE, EKONOMICK\u00c9 A ETICK\u00c9 ASPEKTY S\u00da\u010cASNEJ SPOLO\u010cNOSTI\u201c (n\u00e1rodn\u00fd aj medzin\u00e1rodn\u00fd kontext)Eva Hvizdov\u00e1, (Ed.),Viera Mokri\u0161ov\u00e1, (Ed.),Mari\u00e1n Ambrozy (Ed.),Pre\u0161ov, V\u0160MP ISM, 2017,ISBN 978-80-89372-70-6. Presov 2017.<\/li>\n<li>Complaint on the Package Travel as the Expression of the Consumer Rights Protection, w: \u201eSocial Sciences of Sport: Achievements and Perspectives\u201d, J. kosiewicz, E. Ma\u0142olepszy, T. Drozdek-Ma\u0142olepsza, Akademia im. J. D\u0142ugosza, Cz\u0119stochowa 2017, 253-263.<\/li>\n<li>Status prawny Najwy\u017cszej Izby Kontroli i jej dzia\u0142ania kontrolne w sektorze turystyki, w: Spo\u0142eczne i kulturowe aspekty sportu i turystyki, J. Kosiewicz, A. Bochenek, Akademia Wychowania Fizycznego J\u00f3zefa Pi\u0142sudskiego w Warszawie, Bia\u0142a Podlaska 2017.<\/li>\n<li><em>Wymagania prawne stawiane biurom podr\u00f3\u017cy organizuj\u0105cym imprezy (wyjazdy) pielgrzymkowe<\/em>, w: Otoczenie prawne turystyki pielgrzymkowej, A. Tunia (red.), Katolicki Uniwersytet Lubelski.<\/li>\n<li>Jacek Kra\u015b,<em> ROLA \u015aWIATOWEJ ORGANIZACJI TURYSTYKI (UNWTO) W REALIZOWANIU POLITYKI TURYSTYCZNEJ W DOBIE GLOBALIZACJI, <\/em>Rocznik politologiczny (Uniwersytet Jana Kochanowskiego w Kielcach), Rok 17 (2021), ISSN 1731-4526 .<\/li>\n<li><em>Reforma Administracji Publicznej w III RP \u2013 od koncepcji do realizacji<\/em>, [w:] wydawnictwo naukowe \u201eResovia Sacra\u201d, Rok 12 (2005), Rzesz\u00f3w 2005.<\/li>\n<\/ol>\n<hr>\n<p>&nbsp;<\/p>\n","protected":false},"excerpt":{"rendered":"<p>Dorobek naukowy obejmuje 45 publikacji, w tym:&nbsp; 1 ksi\u0105\u017cka autorska, artyku\u0142y naukowe punktowane oraz rozdzia\u0142y w monografiach. Artyku\u0142y naukowe&nbsp; i rozdzia\u0142y w monografiach publikowane by\u0142y r\u00f3wnie\u017c w j\u0119zyku angielskim, w czasopismach naukowych o zasi\u0119gu og\u00f3lnopolskim i mi\u0119dzynarodowym. Publikacje wydawane by\u0142y w r\u00f3\u017cnych o\u015brodkach akademicko-naukowych zar\u00f3wno w kraju jak i za [\u2026] <\/p>\n<div class=\"clear\"><\/div>\n<p><a class=\"more_link clearfix\" href=\"https:\/\/pans.krosno.pl\/pracownicy\/jacek-kras\/jacek-kras-najwazniejsze-publikacje\/\" rel=\"nofollow\">Read More<\/a><\/p>\n","protected":false},"author":36,"featured_media":0,"parent":245,"menu_order":0,"comment_status":"closed","ping_status":"closed","template":"","meta":{"ngg_post_thumbnail":0,"footnotes":""},"class_list":["post-261","page","type-page","status-publish","hentry"],"yoast_head":"<!-- This site is optimized with the Yoast SEO Premium plugin v27.3 (Yoast SEO v27.3) - https:\/\/yoast.com\/product\/yoast-seo-premium-wordpress\/ -->\n<title>dr Jacek Kra\u015b - Najwa\u017cniejsze publikacje - Pracownicy PANS w Kro\u015bnie<\/title>\n<meta name=\"robots\" content=\"index, follow, max-snippet:-1, max-image-preview:large, max-video-preview:-1\" \/>\n<link rel=\"canonical\" href=\"https:\/\/pans.krosno.pl\/pracownicy\/jacek-kras\/jacek-kras-najwazniejsze-publikacje\/\" \/>\n<meta property=\"og:locale\" content=\"pl_PL\" \/>\n<meta property=\"og:type\" content=\"article\" \/>\n<meta property=\"og:title\" content=\"dr Jacek Kra\u015b - Najwa\u017cniejsze publikacje\" \/>\n<meta property=\"og:description\" content=\"Dorobek naukowy obejmuje 45 publikacji, w tym:&nbsp; 1 ksi\u0105\u017cka autorska, artyku\u0142y naukowe punktowane oraz rozdzia\u0142y w monografiach. Artyku\u0142y naukowe&nbsp; i rozdzia\u0142y w monografiach publikowane by\u0142y r\u00f3wnie\u017c w j\u0119zyku angielskim, w czasopismach naukowych o zasi\u0119gu og\u00f3lnopolskim i mi\u0119dzynarodowym. Publikacje wydawane by\u0142y w r\u00f3\u017cnych o\u015brodkach akademicko-naukowych zar\u00f3wno w kraju jak i za [\u2026] Read More\" \/>\n<meta property=\"og:url\" content=\"https:\/\/pans.krosno.pl\/pracownicy\/jacek-kras\/jacek-kras-najwazniejsze-publikacje\/\" \/>\n<meta property=\"og:site_name\" content=\"Pracownicy PANS w Kro\u015bnie\" \/>\n<meta property=\"article:modified_time\" content=\"2025-05-15T10:05:47+00:00\" \/>\n<meta name=\"twitter:card\" content=\"summary_large_image\" \/>\n<meta name=\"twitter:label1\" content=\"Szacowany czas czytania\" \/>\n\t<meta name=\"twitter:data1\" content=\"3 minuty\" \/>\n<script type=\"application\/ld+json\" class=\"yoast-schema-graph\">{\"@context\":\"https:\\\/\\\/schema.org\",\"@graph\":[{\"@type\":\"WebPage\",\"@id\":\"https:\\\/\\\/pans.krosno.pl\\\/pracownicy\\\/jacek-kras\\\/jacek-kras-najwazniejsze-publikacje\\\/\",\"url\":\"https:\\\/\\\/pans.krosno.pl\\\/pracownicy\\\/jacek-kras\\\/jacek-kras-najwazniejsze-publikacje\\\/\",\"name\":\"dr Jacek Kra\u015b - Najwa\u017cniejsze publikacje - Pracownicy PANS w Kro\u015bnie\",\"isPartOf\":{\"@id\":\"https:\\\/\\\/pans.krosno.pl\\\/pracownicy\\\/#website\"},\"datePublished\":\"2020-03-26T14:29:03+00:00\",\"dateModified\":\"2025-05-15T10:05:47+00:00\",\"breadcrumb\":{\"@id\":\"https:\\\/\\\/pans.krosno.pl\\\/pracownicy\\\/jacek-kras\\\/jacek-kras-najwazniejsze-publikacje\\\/#breadcrumb\"},\"inLanguage\":\"pl-PL\",\"potentialAction\":[{\"@type\":\"ReadAction\",\"target\":[\"https:\\\/\\\/pans.krosno.pl\\\/pracownicy\\\/jacek-kras\\\/jacek-kras-najwazniejsze-publikacje\\\/\"]}]},{\"@type\":\"BreadcrumbList\",\"@id\":\"https:\\\/\\\/pans.krosno.pl\\\/pracownicy\\\/jacek-kras\\\/jacek-kras-najwazniejsze-publikacje\\\/#breadcrumb\",\"itemListElement\":[{\"@type\":\"ListItem\",\"position\":1,\"name\":\"Strona g\u0142\u00f3wna\",\"item\":\"https:\\\/\\\/pans.krosno.pl\\\/pracownicy\\\/\"},{\"@type\":\"ListItem\",\"position\":2,\"name\":\"dr Jacek Kra\u015b\",\"item\":\"https:\\\/\\\/pans.krosno.pl\\\/pracownicy\\\/jacek-kras\\\/\"},{\"@type\":\"ListItem\",\"position\":3,\"name\":\"dr Jacek Kra\u015b &#8211; Najwa\u017cniejsze publikacje\"}]},{\"@type\":\"WebSite\",\"@id\":\"https:\\\/\\\/pans.krosno.pl\\\/pracownicy\\\/#website\",\"url\":\"https:\\\/\\\/pans.krosno.pl\\\/pracownicy\\\/\",\"name\":\"Pracownicy PANS w Kro\u015bnie\",\"description\":\"Pracownicy - Pa\u0144stwowa Akademia Nauk Stosowanych\",\"publisher\":{\"@id\":\"https:\\\/\\\/pans.krosno.pl\\\/pracownicy\\\/#organization\"},\"potentialAction\":[{\"@type\":\"SearchAction\",\"target\":{\"@type\":\"EntryPoint\",\"urlTemplate\":\"https:\\\/\\\/pans.krosno.pl\\\/pracownicy\\\/?s={search_term_string}\"},\"query-input\":{\"@type\":\"PropertyValueSpecification\",\"valueRequired\":true,\"valueName\":\"search_term_string\"}}],\"inLanguage\":\"pl-PL\"},{\"@type\":\"Organization\",\"@id\":\"https:\\\/\\\/pans.krosno.pl\\\/pracownicy\\\/#organization\",\"name\":\"Pracownicy PANS w Kro\u015bnie\",\"url\":\"https:\\\/\\\/pans.krosno.pl\\\/pracownicy\\\/\",\"logo\":{\"@type\":\"ImageObject\",\"inLanguage\":\"pl-PL\",\"@id\":\"https:\\\/\\\/pans.krosno.pl\\\/pracownicy\\\/#\\\/schema\\\/logo\\\/image\\\/\",\"url\":\"https:\\\/\\\/pans.krosno.pl\\\/pracownicy\\\/wp-content\\\/uploads\\\/sites\\\/41\\\/2023\\\/01\\\/Logo-PANS-2022-pelne.png\",\"contentUrl\":\"https:\\\/\\\/pans.krosno.pl\\\/pracownicy\\\/wp-content\\\/uploads\\\/sites\\\/41\\\/2023\\\/01\\\/Logo-PANS-2022-pelne.png\",\"width\":3096,\"height\":696,\"caption\":\"Pracownicy PANS w Kro\u015bnie\"},\"image\":{\"@id\":\"https:\\\/\\\/pans.krosno.pl\\\/pracownicy\\\/#\\\/schema\\\/logo\\\/image\\\/\"}}]}<\/script>\n<!-- \/ Yoast SEO Premium plugin. -->","yoast_head_json":{"title":"dr Jacek Kra\u015b - Najwa\u017cniejsze publikacje - Pracownicy PANS w Kro\u015bnie","robots":{"index":"index","follow":"follow","max-snippet":"max-snippet:-1","max-image-preview":"max-image-preview:large","max-video-preview":"max-video-preview:-1"},"canonical":"https:\/\/pans.krosno.pl\/pracownicy\/jacek-kras\/jacek-kras-najwazniejsze-publikacje\/","og_locale":"pl_PL","og_type":"article","og_title":"dr Jacek Kra\u015b - Najwa\u017cniejsze publikacje","og_description":"Dorobek naukowy obejmuje 45 publikacji, w tym:&nbsp; 1 ksi\u0105\u017cka autorska, artyku\u0142y naukowe punktowane oraz rozdzia\u0142y w monografiach. Artyku\u0142y naukowe&nbsp; i rozdzia\u0142y w monografiach publikowane by\u0142y r\u00f3wnie\u017c w j\u0119zyku angielskim, w czasopismach naukowych o zasi\u0119gu og\u00f3lnopolskim i mi\u0119dzynarodowym. Publikacje wydawane by\u0142y w r\u00f3\u017cnych o\u015brodkach akademicko-naukowych zar\u00f3wno w kraju jak i za [\u2026] Read More","og_url":"https:\/\/pans.krosno.pl\/pracownicy\/jacek-kras\/jacek-kras-najwazniejsze-publikacje\/","og_site_name":"Pracownicy PANS w Kro\u015bnie","article_modified_time":"2025-05-15T10:05:47+00:00","twitter_card":"summary_large_image","twitter_misc":{"Szacowany czas czytania":"3 minuty"},"schema":{"@context":"https:\/\/schema.org","@graph":[{"@type":"WebPage","@id":"https:\/\/pans.krosno.pl\/pracownicy\/jacek-kras\/jacek-kras-najwazniejsze-publikacje\/","url":"https:\/\/pans.krosno.pl\/pracownicy\/jacek-kras\/jacek-kras-najwazniejsze-publikacje\/","name":"dr Jacek Kra\u015b - Najwa\u017cniejsze publikacje - Pracownicy PANS w Kro\u015bnie","isPartOf":{"@id":"https:\/\/pans.krosno.pl\/pracownicy\/#website"},"datePublished":"2020-03-26T14:29:03+00:00","dateModified":"2025-05-15T10:05:47+00:00","breadcrumb":{"@id":"https:\/\/pans.krosno.pl\/pracownicy\/jacek-kras\/jacek-kras-najwazniejsze-publikacje\/#breadcrumb"},"inLanguage":"pl-PL","potentialAction":[{"@type":"ReadAction","target":["https:\/\/pans.krosno.pl\/pracownicy\/jacek-kras\/jacek-kras-najwazniejsze-publikacje\/"]}]},{"@type":"BreadcrumbList","@id":"https:\/\/pans.krosno.pl\/pracownicy\/jacek-kras\/jacek-kras-najwazniejsze-publikacje\/#breadcrumb","itemListElement":[{"@type":"ListItem","position":1,"name":"Strona g\u0142\u00f3wna","item":"https:\/\/pans.krosno.pl\/pracownicy\/"},{"@type":"ListItem","position":2,"name":"dr Jacek Kra\u015b","item":"https:\/\/pans.krosno.pl\/pracownicy\/jacek-kras\/"},{"@type":"ListItem","position":3,"name":"dr Jacek Kra\u015b &#8211; Najwa\u017cniejsze publikacje"}]},{"@type":"WebSite","@id":"https:\/\/pans.krosno.pl\/pracownicy\/#website","url":"https:\/\/pans.krosno.pl\/pracownicy\/","name":"Pracownicy PANS w Kro\u015bnie","description":"Pracownicy - Pa\u0144stwowa Akademia Nauk Stosowanych","publisher":{"@id":"https:\/\/pans.krosno.pl\/pracownicy\/#organization"},"potentialAction":[{"@type":"SearchAction","target":{"@type":"EntryPoint","urlTemplate":"https:\/\/pans.krosno.pl\/pracownicy\/?s={search_term_string}"},"query-input":{"@type":"PropertyValueSpecification","valueRequired":true,"valueName":"search_term_string"}}],"inLanguage":"pl-PL"},{"@type":"Organization","@id":"https:\/\/pans.krosno.pl\/pracownicy\/#organization","name":"Pracownicy PANS w Kro\u015bnie","url":"https:\/\/pans.krosno.pl\/pracownicy\/","logo":{"@type":"ImageObject","inLanguage":"pl-PL","@id":"https:\/\/pans.krosno.pl\/pracownicy\/#\/schema\/logo\/image\/","url":"https:\/\/pans.krosno.pl\/pracownicy\/wp-content\/uploads\/sites\/41\/2023\/01\/Logo-PANS-2022-pelne.png","contentUrl":"https:\/\/pans.krosno.pl\/pracownicy\/wp-content\/uploads\/sites\/41\/2023\/01\/Logo-PANS-2022-pelne.png","width":3096,"height":696,"caption":"Pracownicy PANS w Kro\u015bnie"},"image":{"@id":"https:\/\/pans.krosno.pl\/pracownicy\/#\/schema\/logo\/image\/"}}]}},"_links":{"self":[{"href":"https:\/\/pans.krosno.pl\/pracownicy\/wp-json\/wp\/v2\/pages\/261","targetHints":{"allow":["GET"]}}],"collection":[{"href":"https:\/\/pans.krosno.pl\/pracownicy\/wp-json\/wp\/v2\/pages"}],"about":[{"href":"https:\/\/pans.krosno.pl\/pracownicy\/wp-json\/wp\/v2\/types\/page"}],"author":[{"embeddable":true,"href":"https:\/\/pans.krosno.pl\/pracownicy\/wp-json\/wp\/v2\/users\/36"}],"replies":[{"embeddable":true,"href":"https:\/\/pans.krosno.pl\/pracownicy\/wp-json\/wp\/v2\/comments?post=261"}],"version-history":[{"count":9,"href":"https:\/\/pans.krosno.pl\/pracownicy\/wp-json\/wp\/v2\/pages\/261\/revisions"}],"predecessor-version":[{"id":10099,"href":"https:\/\/pans.krosno.pl\/pracownicy\/wp-json\/wp\/v2\/pages\/261\/revisions\/10099"}],"up":[{"embeddable":true,"href":"https:\/\/pans.krosno.pl\/pracownicy\/wp-json\/wp\/v2\/pages\/245"}],"wp:attachment":[{"href":"https:\/\/pans.krosno.pl\/pracownicy\/wp-json\/wp\/v2\/media?parent=261"}],"curies":[{"name":"wp","href":"https:\/\/api.w.org\/{rel}","templated":true}]}}