{"id":2059,"date":"2020-04-07T11:48:19","date_gmt":"2020-04-07T09:48:19","guid":{"rendered":"https:\/\/pans.krosno.pl\/pracownicy\/?page_id=2059"},"modified":"2025-05-14T13:08:20","modified_gmt":"2025-05-14T11:08:20","slug":"magdalena-dykiel-najwazniejsze-publikacje","status":"publish","type":"page","link":"https:\/\/pans.krosno.pl\/pracownicy\/magdalena-dykiel\/magdalena-dykiel-najwazniejsze-publikacje\/","title":{"rendered":"dr in\u017c. Magdalena Dykiel &#8211; Najwa\u017cniejsze publikacje"},"content":{"rendered":"<hr>\n<p>Jest autork\u0105 i wsp\u00f3\u0142autork\u0105 ponad 60 prac, w\u015br\u00f3d kt\u00f3rych s\u0105 oryginalne prace naukowe, rozdzia\u0142y w monografiach, prace popularno-naukowe, wydawane w j\u0119zyku polskim i angielskim.<\/p>\n<p><strong>Publikacje w okresie od 2014 r. do 2020 r.<\/strong><br \/>\n<strong>Oryginalne prace tw\u00f3rcze (lista A, B)<\/strong><\/p>\n<ol>\n<li>Soko\u0142owicz Z., Dykiel M., Krawczyk J., Augusty\u0144ska-Prejsnar A. 2019. Effect of layer genotype on physical characteristics and nutritive value of organic eggs, CyTA &#8211; Journal of Food, 17:1, 11-19, DOI: 10.1080\/19476337.2018.1541480.<\/li>\n<li>Soko\u0142owicz Z., Krawczyk J., Dykiel M. 2018. The effect of the type of alternative housing system, genotype and age of laying hens on egg quality. Ann. Anim. Sci., Vol. 18, No. 2 (2018) 541\u2013555. ISSN: 2300-8733.<\/li>\n<li>Soko\u0142owicz Z., Krawczyk J., Dykiel M. 2018. Effect of alternative housing system and hen genotype on egg quality characteristics. Emirates Journal of Food and Agriculture. 2018. 30(8): 695-703. ISSN: 2079-052X.<\/li>\n<li>Soko\u0142owicz Z., Krawczyk J., Dykiel M. 2018. Effect of outdoor access on quality of eggs from Sussex hens (S-66). Europ.Poult.Sci., 82. ISSN 1612-9199.<\/li>\n<li>Soko\u0142owicz Z., Krawczyk J., Dykiel M. 2018. Productivity of laying hens in different production systems. Acta Sci. Pol. Zootechnica, 17(2), 23\u201330. ISSN 1644-0714.<\/li>\n<li>Soko\u0142owicz Z., Krawczyk J., Dykiel M. 2016. Effect of storage time on quality and functional properties of eggs from hens included in conservation programme in Poland \u017bYWNO\u015a\u0106. Nauka. Technologia. Jako\u015b\u0107, 2016, 2 (105), 49-57. ISSN: 1425-6959.<\/li>\n<li>Bragiel E., Dykiel M. 2016. Rola mikroprzedsi\u0119biorstw na regionalnym rynku pracy. Przedsi\u0119biorstwo i region. Wydawnictwo Uniwersytetu Rzeszowskiego, 8, 22-32. ISSN 2080-455X, DOI: 10.15584\/pir<\/li>\n<\/ol>\n<p><strong>Wybrane monografie<\/strong><\/p>\n<ol>\n<li>Bienia B., Sawicka B., Krochmal-Marczak B., Dykiel M., Pisarek M. 2018 Zanieczyszczenie gleb i surowc\u00f3w ro\u015blinnych metalami ci\u0119\u017ckimi. Jako\u015b\u0107 produkt\u00f3w sektora rolno-spo\u017cywczego i jego pozycja na rynku. Monografia naukowa pod red. B. Krochmal \u2013Marczak. Cz. I, roz. 3, s. 57-75. ISBN 978-83-64457-43-2.<\/li>\n<li>Dykiel M., Krochmal-Marczak B., G\u00f3rka \u041c., Bragiel E. 2018. Wybrane zagadnienia dotycz\u0105ce jako\u015bci i znakowania produkt\u00f3w \u017cywno\u015bciowych. Jako\u015b\u0107 produkt\u00f3w sektora rolno-spo\u017cywczego i jego pozycja na rynku. Monografia naukowa pod red. B. Krochmal \u2013Marczak. Cz. II, roz. 2, s. 115-128. ISBN 978-83-64457-43-2.<\/li>\n<li>Dykiel M., Pisarek M., Bienia B. 2018. Jako\u015b\u0107 i ocena konsumencka napoj\u00f3w mlecznych. Jako\u015b\u0107 produkt\u00f3w sektora rolno-spo\u017cywczego i jego pozycja na rynku. Monografia naukowa pod red. B. Krochmal \u2013Marczak. Cz. II, roz. 3, s. 129-144. ISBN 978-83-64457-43-2.<\/li>\n<li>Pisarek M., Krochmal-Marczak B., Dykiel M., Bienia B., Bragiel E., G\u00f3rka M. 2018 Rolnictwo ekologiczne w Polsce jako sektor \u017cywno\u015bci ekologicznej. Jako\u015b\u0107 produkt\u00f3w sektora rolno-spo\u017cywczego i jego pozycja na rynku. Monografia naukowa pod red. B. Krochmal \u2013Marczak. Cz. III, roz. 3, s. 195-214. ISBN 978-83-64457-43-2.<\/li>\n<li>Baran J., Dykiel M., Habrat J. 2017. Wp\u0142yw czasu przechowywania na cechy jako\u015bci jaj przepi\u00f3rczych. Wybrane aspekty z bezpiecze\u0144stwa \u017cywno\u015bci. Zeszyty Naukowe PWSZ Krosno, Monografia naukowa pod red. B. Krochmal \u2013Marczak, 129-140. ISNB: 973-73-64457-33-3.<\/li>\n<li>Br\u0105giel E., G\u00f3rka M., Dykiel M., Krochmal-Marczak B., Bienia B. 2017. Innowacyjne opakowania inteligentne a bezpiecze\u0144stwo produkt\u00f3w \u017cywno\u015bciowych. Bezpiecze\u0144stwo \u017cywno\u015bci i \u017cywienia, cz.1, Bezpiecze\u0144stwo i Produkcja \u017bywno\u015bci. Seria Monografie, Pa\u0144stwowa Wy\u017csza Szko\u0142a Wschodnioeuropejska, praca zbiorcza pod redakcj\u0105 Witczak M., Adamczyk G., Jaworska G., Witczak T., Roz. 14, s.153-171, ISBN 978-83-62116-15-7.<\/li>\n<\/ol>\n<hr>\n<p>&nbsp;<\/p>\n","protected":false},"excerpt":{"rendered":"<p>Jest autork\u0105 i wsp\u00f3\u0142autork\u0105 ponad 60 prac, w\u015br\u00f3d kt\u00f3rych s\u0105 oryginalne prace naukowe, rozdzia\u0142y w monografiach, prace popularno-naukowe, wydawane w j\u0119zyku polskim i angielskim. Publikacje w okresie od 2014 r. do 2020 r. Oryginalne prace tw\u00f3rcze (lista A, B) Soko\u0142owicz Z., Dykiel M., Krawczyk J., Augusty\u0144ska-Prejsnar A. 2019. Effect of [\u2026] <\/p>\n<div class=\"clear\"><\/div>\n<p><a class=\"more_link clearfix\" href=\"https:\/\/pans.krosno.pl\/pracownicy\/magdalena-dykiel\/magdalena-dykiel-najwazniejsze-publikacje\/\" rel=\"nofollow\">Read More<\/a><\/p>\n","protected":false},"author":36,"featured_media":0,"parent":2047,"menu_order":0,"comment_status":"closed","ping_status":"closed","template":"","meta":{"ngg_post_thumbnail":0,"footnotes":""},"class_list":["post-2059","page","type-page","status-publish","hentry"],"yoast_head":"<!-- This site is optimized with the Yoast SEO Premium plugin v27.4 (Yoast SEO v27.4) - https:\/\/yoast.com\/product\/yoast-seo-premium-wordpress\/ -->\n<title>dr in\u017c. Magdalena Dykiel - Najwa\u017cniejsze publikacje - Pracownicy PANS w Kro\u015bnie<\/title>\n<meta name=\"robots\" content=\"index, follow, max-snippet:-1, max-image-preview:large, max-video-preview:-1\" \/>\n<link rel=\"canonical\" href=\"https:\/\/pans.krosno.pl\/pracownicy\/magdalena-dykiel\/magdalena-dykiel-najwazniejsze-publikacje\/\" \/>\n<meta property=\"og:locale\" content=\"pl_PL\" \/>\n<meta property=\"og:type\" content=\"article\" \/>\n<meta property=\"og:title\" content=\"dr in\u017c. Magdalena Dykiel - Najwa\u017cniejsze publikacje\" \/>\n<meta property=\"og:description\" content=\"Jest autork\u0105 i wsp\u00f3\u0142autork\u0105 ponad 60 prac, w\u015br\u00f3d kt\u00f3rych s\u0105 oryginalne prace naukowe, rozdzia\u0142y w monografiach, prace popularno-naukowe, wydawane w j\u0119zyku polskim i angielskim. Publikacje w okresie od 2014 r. do 2020 r. Oryginalne prace tw\u00f3rcze (lista A, B) Soko\u0142owicz Z., Dykiel M., Krawczyk J., Augusty\u0144ska-Prejsnar A. 2019. Effect of [\u2026] Read More\" \/>\n<meta property=\"og:url\" content=\"https:\/\/pans.krosno.pl\/pracownicy\/magdalena-dykiel\/magdalena-dykiel-najwazniejsze-publikacje\/\" \/>\n<meta property=\"og:site_name\" content=\"Pracownicy PANS w Kro\u015bnie\" \/>\n<meta property=\"article:modified_time\" content=\"2025-05-14T11:08:20+00:00\" \/>\n<meta name=\"twitter:card\" content=\"summary_large_image\" \/>\n<meta name=\"twitter:label1\" content=\"Szacowany czas czytania\" \/>\n\t<meta name=\"twitter:data1\" content=\"3 minuty\" \/>\n<script type=\"application\/ld+json\" class=\"yoast-schema-graph\">{\"@context\":\"https:\\\/\\\/schema.org\",\"@graph\":[{\"@type\":\"WebPage\",\"@id\":\"https:\\\/\\\/pans.krosno.pl\\\/pracownicy\\\/magdalena-dykiel\\\/magdalena-dykiel-najwazniejsze-publikacje\\\/\",\"url\":\"https:\\\/\\\/pans.krosno.pl\\\/pracownicy\\\/magdalena-dykiel\\\/magdalena-dykiel-najwazniejsze-publikacje\\\/\",\"name\":\"dr in\u017c. Magdalena Dykiel - Najwa\u017cniejsze publikacje - Pracownicy PANS w Kro\u015bnie\",\"isPartOf\":{\"@id\":\"https:\\\/\\\/pans.krosno.pl\\\/pracownicy\\\/#website\"},\"datePublished\":\"2020-04-07T09:48:19+00:00\",\"dateModified\":\"2025-05-14T11:08:20+00:00\",\"breadcrumb\":{\"@id\":\"https:\\\/\\\/pans.krosno.pl\\\/pracownicy\\\/magdalena-dykiel\\\/magdalena-dykiel-najwazniejsze-publikacje\\\/#breadcrumb\"},\"inLanguage\":\"pl-PL\",\"potentialAction\":[{\"@type\":\"ReadAction\",\"target\":[\"https:\\\/\\\/pans.krosno.pl\\\/pracownicy\\\/magdalena-dykiel\\\/magdalena-dykiel-najwazniejsze-publikacje\\\/\"]}]},{\"@type\":\"BreadcrumbList\",\"@id\":\"https:\\\/\\\/pans.krosno.pl\\\/pracownicy\\\/magdalena-dykiel\\\/magdalena-dykiel-najwazniejsze-publikacje\\\/#breadcrumb\",\"itemListElement\":[{\"@type\":\"ListItem\",\"position\":1,\"name\":\"Strona g\u0142\u00f3wna\",\"item\":\"https:\\\/\\\/pans.krosno.pl\\\/pracownicy\\\/\"},{\"@type\":\"ListItem\",\"position\":2,\"name\":\"dr in\u017c. Magdalena Dykiel\",\"item\":\"https:\\\/\\\/pans.krosno.pl\\\/pracownicy\\\/magdalena-dykiel\\\/\"},{\"@type\":\"ListItem\",\"position\":3,\"name\":\"dr in\u017c. Magdalena Dykiel &#8211; Najwa\u017cniejsze publikacje\"}]},{\"@type\":\"WebSite\",\"@id\":\"https:\\\/\\\/pans.krosno.pl\\\/pracownicy\\\/#website\",\"url\":\"https:\\\/\\\/pans.krosno.pl\\\/pracownicy\\\/\",\"name\":\"Pracownicy PANS w Kro\u015bnie\",\"description\":\"Pracownicy - Pa\u0144stwowa Akademia Nauk Stosowanych\",\"publisher\":{\"@id\":\"https:\\\/\\\/pans.krosno.pl\\\/pracownicy\\\/#organization\"},\"potentialAction\":[{\"@type\":\"SearchAction\",\"target\":{\"@type\":\"EntryPoint\",\"urlTemplate\":\"https:\\\/\\\/pans.krosno.pl\\\/pracownicy\\\/?s={search_term_string}\"},\"query-input\":{\"@type\":\"PropertyValueSpecification\",\"valueRequired\":true,\"valueName\":\"search_term_string\"}}],\"inLanguage\":\"pl-PL\"},{\"@type\":\"Organization\",\"@id\":\"https:\\\/\\\/pans.krosno.pl\\\/pracownicy\\\/#organization\",\"name\":\"Pracownicy PANS w Kro\u015bnie\",\"url\":\"https:\\\/\\\/pans.krosno.pl\\\/pracownicy\\\/\",\"logo\":{\"@type\":\"ImageObject\",\"inLanguage\":\"pl-PL\",\"@id\":\"https:\\\/\\\/pans.krosno.pl\\\/pracownicy\\\/#\\\/schema\\\/logo\\\/image\\\/\",\"url\":\"https:\\\/\\\/pans.krosno.pl\\\/pracownicy\\\/wp-content\\\/uploads\\\/sites\\\/41\\\/2023\\\/01\\\/Logo-PANS-2022-pelne.png\",\"contentUrl\":\"https:\\\/\\\/pans.krosno.pl\\\/pracownicy\\\/wp-content\\\/uploads\\\/sites\\\/41\\\/2023\\\/01\\\/Logo-PANS-2022-pelne.png\",\"width\":3096,\"height\":696,\"caption\":\"Pracownicy PANS w Kro\u015bnie\"},\"image\":{\"@id\":\"https:\\\/\\\/pans.krosno.pl\\\/pracownicy\\\/#\\\/schema\\\/logo\\\/image\\\/\"}}]}<\/script>\n<!-- \/ Yoast SEO Premium plugin. -->","yoast_head_json":{"title":"dr in\u017c. Magdalena Dykiel - Najwa\u017cniejsze publikacje - Pracownicy PANS w Kro\u015bnie","robots":{"index":"index","follow":"follow","max-snippet":"max-snippet:-1","max-image-preview":"max-image-preview:large","max-video-preview":"max-video-preview:-1"},"canonical":"https:\/\/pans.krosno.pl\/pracownicy\/magdalena-dykiel\/magdalena-dykiel-najwazniejsze-publikacje\/","og_locale":"pl_PL","og_type":"article","og_title":"dr in\u017c. Magdalena Dykiel - Najwa\u017cniejsze publikacje","og_description":"Jest autork\u0105 i wsp\u00f3\u0142autork\u0105 ponad 60 prac, w\u015br\u00f3d kt\u00f3rych s\u0105 oryginalne prace naukowe, rozdzia\u0142y w monografiach, prace popularno-naukowe, wydawane w j\u0119zyku polskim i angielskim. Publikacje w okresie od 2014 r. do 2020 r. Oryginalne prace tw\u00f3rcze (lista A, B) Soko\u0142owicz Z., Dykiel M., Krawczyk J., Augusty\u0144ska-Prejsnar A. 2019. Effect of [\u2026] Read More","og_url":"https:\/\/pans.krosno.pl\/pracownicy\/magdalena-dykiel\/magdalena-dykiel-najwazniejsze-publikacje\/","og_site_name":"Pracownicy PANS w Kro\u015bnie","article_modified_time":"2025-05-14T11:08:20+00:00","twitter_card":"summary_large_image","twitter_misc":{"Szacowany czas czytania":"3 minuty"},"schema":{"@context":"https:\/\/schema.org","@graph":[{"@type":"WebPage","@id":"https:\/\/pans.krosno.pl\/pracownicy\/magdalena-dykiel\/magdalena-dykiel-najwazniejsze-publikacje\/","url":"https:\/\/pans.krosno.pl\/pracownicy\/magdalena-dykiel\/magdalena-dykiel-najwazniejsze-publikacje\/","name":"dr in\u017c. Magdalena Dykiel - Najwa\u017cniejsze publikacje - Pracownicy PANS w Kro\u015bnie","isPartOf":{"@id":"https:\/\/pans.krosno.pl\/pracownicy\/#website"},"datePublished":"2020-04-07T09:48:19+00:00","dateModified":"2025-05-14T11:08:20+00:00","breadcrumb":{"@id":"https:\/\/pans.krosno.pl\/pracownicy\/magdalena-dykiel\/magdalena-dykiel-najwazniejsze-publikacje\/#breadcrumb"},"inLanguage":"pl-PL","potentialAction":[{"@type":"ReadAction","target":["https:\/\/pans.krosno.pl\/pracownicy\/magdalena-dykiel\/magdalena-dykiel-najwazniejsze-publikacje\/"]}]},{"@type":"BreadcrumbList","@id":"https:\/\/pans.krosno.pl\/pracownicy\/magdalena-dykiel\/magdalena-dykiel-najwazniejsze-publikacje\/#breadcrumb","itemListElement":[{"@type":"ListItem","position":1,"name":"Strona g\u0142\u00f3wna","item":"https:\/\/pans.krosno.pl\/pracownicy\/"},{"@type":"ListItem","position":2,"name":"dr in\u017c. Magdalena Dykiel","item":"https:\/\/pans.krosno.pl\/pracownicy\/magdalena-dykiel\/"},{"@type":"ListItem","position":3,"name":"dr in\u017c. Magdalena Dykiel &#8211; Najwa\u017cniejsze publikacje"}]},{"@type":"WebSite","@id":"https:\/\/pans.krosno.pl\/pracownicy\/#website","url":"https:\/\/pans.krosno.pl\/pracownicy\/","name":"Pracownicy PANS w Kro\u015bnie","description":"Pracownicy - Pa\u0144stwowa Akademia Nauk Stosowanych","publisher":{"@id":"https:\/\/pans.krosno.pl\/pracownicy\/#organization"},"potentialAction":[{"@type":"SearchAction","target":{"@type":"EntryPoint","urlTemplate":"https:\/\/pans.krosno.pl\/pracownicy\/?s={search_term_string}"},"query-input":{"@type":"PropertyValueSpecification","valueRequired":true,"valueName":"search_term_string"}}],"inLanguage":"pl-PL"},{"@type":"Organization","@id":"https:\/\/pans.krosno.pl\/pracownicy\/#organization","name":"Pracownicy PANS w Kro\u015bnie","url":"https:\/\/pans.krosno.pl\/pracownicy\/","logo":{"@type":"ImageObject","inLanguage":"pl-PL","@id":"https:\/\/pans.krosno.pl\/pracownicy\/#\/schema\/logo\/image\/","url":"https:\/\/pans.krosno.pl\/pracownicy\/wp-content\/uploads\/sites\/41\/2023\/01\/Logo-PANS-2022-pelne.png","contentUrl":"https:\/\/pans.krosno.pl\/pracownicy\/wp-content\/uploads\/sites\/41\/2023\/01\/Logo-PANS-2022-pelne.png","width":3096,"height":696,"caption":"Pracownicy PANS w Kro\u015bnie"},"image":{"@id":"https:\/\/pans.krosno.pl\/pracownicy\/#\/schema\/logo\/image\/"}}]}},"_links":{"self":[{"href":"https:\/\/pans.krosno.pl\/pracownicy\/wp-json\/wp\/v2\/pages\/2059","targetHints":{"allow":["GET"]}}],"collection":[{"href":"https:\/\/pans.krosno.pl\/pracownicy\/wp-json\/wp\/v2\/pages"}],"about":[{"href":"https:\/\/pans.krosno.pl\/pracownicy\/wp-json\/wp\/v2\/types\/page"}],"author":[{"embeddable":true,"href":"https:\/\/pans.krosno.pl\/pracownicy\/wp-json\/wp\/v2\/users\/36"}],"replies":[{"embeddable":true,"href":"https:\/\/pans.krosno.pl\/pracownicy\/wp-json\/wp\/v2\/comments?post=2059"}],"version-history":[{"count":3,"href":"https:\/\/pans.krosno.pl\/pracownicy\/wp-json\/wp\/v2\/pages\/2059\/revisions"}],"predecessor-version":[{"id":7967,"href":"https:\/\/pans.krosno.pl\/pracownicy\/wp-json\/wp\/v2\/pages\/2059\/revisions\/7967"}],"up":[{"embeddable":true,"href":"https:\/\/pans.krosno.pl\/pracownicy\/wp-json\/wp\/v2\/pages\/2047"}],"wp:attachment":[{"href":"https:\/\/pans.krosno.pl\/pracownicy\/wp-json\/wp\/v2\/media?parent=2059"}],"curies":[{"name":"wp","href":"https:\/\/api.w.org\/{rel}","templated":true}]}}