{"id":2008,"date":"2020-04-07T11:03:22","date_gmt":"2020-04-07T09:03:22","guid":{"rendered":"https:\/\/pans.krosno.pl\/pracownicy\/?page_id=2008"},"modified":"2025-05-14T10:18:27","modified_gmt":"2025-05-14T08:18:27","slug":"bernadeta-bienia-najwazniejsze-publikacje","status":"publish","type":"page","link":"https:\/\/pans.krosno.pl\/pracownicy\/bernadeta-bienia\/bernadeta-bienia-najwazniejsze-publikacje\/","title":{"rendered":"dr in\u017c. Bernadetta Bienia &#8211; Najwa\u017cniejsze publikacje"},"content":{"rendered":"<hr>\n<p><strong>Artyku\u0142y z ostatnich lat<\/strong><\/p>\n<ol>\n<li>Bienia B., Sawicka B., Krochmal-Marczak B. 2019. The effect of foliar fertilization on darkening of tuber flesh of selected potato cultivars. Agronomy Science, Sec. E. Agricultura, VOL. LXXIV (4): 61-71. dx.doi.org\/10.24326\/as.2019.4.4.<\/li>\n<li>Dykiel M., Bienia B., \u015alusarczyk B., G\u00f3rka M., Zawisza K. 2019. Traditional and regional products as an element affecting the balanced development of rural areas, \u0404\u0432\u0440\u043e\u0456\u043d\u0442\u0435\u0433\u0440\u0430\u0446\u0456\u0439\u043d\u0438\u0439 \u0432\u0438\u0431\u0456\u0440 \u0443\u043a\u0440\u0430\u0457\u043d\u0438 \u0442\u0430 \u043f\u0440\u043e\u0431\u043b\u0435\u043c\u0438 \u043c\u0430\u043a\u0440\u043e\u0435\u043a\u043e\u043d\u043e\u043c\u0456\u043a\u0438, \u0425\u0425V\u0406\u0406 \u041c\u0456\u0436\u043d\u0430\u0440\u043e\u0434\u043d\u0430 \u043d\u0430\u0443\u043a\u043e\u0432\u043e-\u043f\u0440\u0430\u043a\u0442\u0438\u0447\u043d\u0430 \u043a\u043e\u043d\u0444\u0435\u0440\u0435\u043d\u0446\u0456\u044f \u043c\u043e\u043b\u043e\u0434\u0438\u0445 \u0432\u0447\u0435\u043d\u0438\u0445 \u0456 \u0441\u0442\u0443\u0434\u0435\u043d\u0442\u0456\u0432, \u0423\u043d\u0456\u0432\u0435\u0440\u0441\u0438\u0442\u0435\u0442 \u0456\u043c\u0435\u043d\u0456 \u0410\u043b\u044c\u0444\u0440\u0435\u0434\u0430 \u041d\u043e\u0431\u0435\u043b\u0430, 5 \u0433\u0440\u0443\u0434\u043d\u044f, \u0414\u043d\u0456\u043f\u0440\u043e, ISBN 978-966-434-469-9: 143-151.<\/li>\n<li>Bienia B., Dykiel M., Br\u0105giel E. 2019. Sustainable development \u2013 concept, definitions, \u0404\u0432\u0440\u043e\u043f\u0435\u0439\u0441\u044c\u043a\u0438\u0439 \u0432\u0435\u043a\u0442\u043e\u0440\u0435\u043a\u043e\u043d\u043e\u043c\u0456\u0447\u043d\u043e\u0433\u043e \u0440\u043e\u0437\u0432\u0438\u0442\u043a\u0443 \/ European vector of economic development, \u0423\u043d\u0456\u0432\u0435\u0440\u0441\u0438\u0442\u0435\u0442 \u0456\u043c\u0435\u043d\u0456 \u0410\u043b\u044c\u0444\u0440\u0435\u0434\u0430 \u041d\u043e\u0431\u0435\u043b\u0430, 2(27): 17-27, DOI: 10.32342\/2074-5362-2019-2-27-2.<\/li>\n<li>Bienia B., Patla B., Krochmal-Marczak B., Sawicka B., 2019, Odmianowe zr\u00f3\u017cnicowanie plonowania ziemniaka w gospodarstwie indywidualnym z terenu gminy Dukla, Nauki Przyrodnicze 2(24), s. 14-19.<\/li>\n<li>Bienia B., Uram-Dudek A., Krochmal-Marczak B., Dykiel M., Sawicka B. 2019. W\u0142a\u015bciwo\u015bci przeciwutleniaj\u0105ce wybranych herbat zielonych, Herbalism 1(5), s.32-40.<\/li>\n<li>\u0179r\u00f3d\u0142o-Loda M., Baran J., Bienia B. 2019. The role of rapid alert system for food and feed in ensuring food safety in the European Union, \u041c\u0430\u0442\u0435\u0440\u0456\u0430\u043b\u0438 V \u0412\u0441\u0435\u0443\u043a\u0440\u0430\u0457\u043d\u0441\u044c\u043a\u043e\u0457 \u043d\u0430\u0443\u043a\u043e\u0432\u043e-\u043f\u0440\u0430\u043a\u0442\u0438\u0447\u043d\u043e\u0457 \u043a\u043e\u043d\u0444\u0435\u0440\u0435\u043d\u0446\u0456\u0457 \u201e\u0424\u043e\u0440\u043c\u0443\u0432\u0430\u043d\u043d\u044f \u0441\u0442\u0440\u0430\u0442\u0435\u0433\u0456\u0457 \u0441\u043e\u0446\u0456\u0430\u043b\u044c\u043d\u043e-\u0435\u043a\u043e\u043d\u043e\u043c\u0456\u0447\u043d\u043e\u0433\u043e \u0440\u043e\u0437\u0432\u0438\u0442\u043a\u0443 \u043f\u0456\u0434\u043f\u0440\u0438\u0454\u043c\u043d\u0438\u0446\u044c\u043a\u0438\u0445 \u0441\u0442\u0440\u0443\u043a\u0442\u0443\u0440 \u0432 \u0443\u043a\u0440\u0430\u0457\u043d\u0456\u201d, \u041b\u044c\u0432\u0456\u0432, 27\u201330 \u043b\u0438\u0441\u0442\u043e\u043f\u0430\u0434\u0430: 18-22.<\/li>\n<li>Sawicka B., Noaema A.H., Barba\u015b P., Skiba D., Bienia B., 2019. Environmentally friendly methods used to improve the quality seed potatoes [w:] Wsp\u00f3\u0142czesne badania nad stanem \u015brodowiska i leczniczym wykorzystaniem ro\u015blin. Ed. by Chwil M., Skoczyslas M.M., Wyd. UP Lublin, DOI: 10.24326\/mon.2019.2: 109-122.<\/li>\n<li>Bienia B., Krochmal-Marczak B., G\u00f3rka M., Dykiel M., Sawicka B. 2019. Culinary richness of the Subcarpathian Region. Academy Reviev, Uniwersytet w Dnieprze, 1(50): 101-108, DOI: 10.32342\/2074-5354-2019-1-50-10.<\/li>\n<li>Krochmal-Marczak B., Bienia B., Pisarek M., Wojtu\u0144 M. 2019. Ro\u015blinno\u015b\u0107 towarzysz\u0105ca \u0142anom pszenicy ozimej w gminie Hacz\u00f3w. Polish Journal for Sustainable Development, 23(1): 35-40, DOI: 10.15584\/pjsd.2019.23.1.4.<\/li>\n<li>Bienia B., Sawicka B., Krochmal-Marczak B. 2018. Oddzia\u0142ywanie nawo\u017cenia dolistnego nawozami makro- i mikroelementowymi na plonowanie i struktur\u0119 plonu kilku odmian ziemniaka. Frag. Agron., 35(1): 17-28.<\/li>\n<li>Krochmal-Marczak B., Sawicka B., Bienia B., Kie\u0142tyka-Dadasiewicz A. 2018. The possibilities of growing common grape vine (Vitis vinifera L.) in the conditions of the Lower Beskids area [w:] 167nd EAAE Seminar European Agriculture and the Transition to Bioeconomy : September 24-25, 2018. Institute of Soil Science and Plant Cultivation \u2013State Research Institute Pulawy, Poland, s. 1-15.<\/li>\n<li>Bienia B., Sawicka B., Krochmal-Marczak B. 2018. Efekty nawo\u017cenia dolistnego ziemniaka. Ziemniak Polski, 2: 4-9.zielarskie, kosmetyki naturalne i \u017cywno\u015b\u0107 funkcjonalna\u201d, red. G. Bazylak, A. Kaznowski, H. R\u00f3\u017ca\u0144ski, PWSZ w Kro\u015bnie, ISBN 978-83-64457-36-4: 323-334.&nbsp;<\/li>\n<\/ol>\n<p><strong>Rozdzia\u0142y w monografiach (kilka wybranych)<\/strong><\/p>\n<ol>\n<li>Bienia B. Sawicka B., Krochmal-Marczak B. 2019. Polskie superowoce &#8211; wybrane przyk\u0142ady [w:] Ro\u015bliny zielarskie, kosmetyki naturalne i \u017cywno\u015b\u0107 funkcjonalna, red. G. Bazylak, H. R\u00f3\u017ca\u0144ski, Krosno-Wroc\u0142aw, ISBN 978-83-64457-54-8: 71-83.<\/li>\n<li>Bienia B., Sawicka B., Krochmal-Marczak B. 2019. Bia\u0142ko \u2013 warto\u015bciowy sk\u0142adnik bulw ziemniaka [w:] Ro\u015bliny zielarskie, kosmetyki naturalne i \u017cywno\u015b\u0107 funkcjonalna, red. G. Bazylak, H. R\u00f3\u017ca\u0144ski, PWSZ w Kro\u015bnie, ISBN 978-83-64457-51-7, 215-226.<\/li>\n<li>Bienia B., Sawicka B., Krochmal-Marczak B. 2018. Wp\u0142yw nawo\u017cenia fosforowego i potasowego na plonowanie i cechy jako\u015bciowe wybranych ro\u015blin zbo\u017cowych oraz okopowych [w:] Jako\u015b\u0107 produkt\u00f3w sektora rolno-spo\u017cywczego i jego pozycja na rynku. red. Barbara Krochmal-Marczak, Wyd. PWSZ im. Stanis\u0142awa Pigonia w Kro\u015bnie s. 39-56, ISBN 978-83-64457-43-2.<\/li>\n<li>Bienia B., Sawicka B., Krochmal-Marczak B., Dykiel M., Pisarek M. 2018. Zanieczyszczenie gleb i surowc\u00f3w ro\u015blinnych metalami ci\u0119\u017ckimi [w:] Jako\u015b\u0107 produkt\u00f3w sektora rolno-spo\u017cywczego i jego pozycja na rynku. red. Barbara Krochmal-Marczak, Wyd. PWSZ im. Stanis\u0142awa Pigonia w Kro\u015bnie, s. 57-76, ISBN 978-83-64457-43-2.<\/li>\n<\/ol>\n<hr>\n<p>&nbsp;<\/p>\n","protected":false},"excerpt":{"rendered":"<p>Artyku\u0142y z ostatnich lat Bienia B., Sawicka B., Krochmal-Marczak B. 2019. The effect of foliar fertilization on darkening of tuber flesh of selected potato cultivars. Agronomy Science, Sec. E. Agricultura, VOL. LXXIV (4): 61-71. dx.doi.org\/10.24326\/as.2019.4.4. Dykiel M., Bienia B., \u015alusarczyk B., G\u00f3rka M., Zawisza K. 2019. Traditional and regional products [\u2026] <\/p>\n<div class=\"clear\"><\/div>\n<p><a class=\"more_link clearfix\" href=\"https:\/\/pans.krosno.pl\/pracownicy\/bernadeta-bienia\/bernadeta-bienia-najwazniejsze-publikacje\/\" rel=\"nofollow\">Read More<\/a><\/p>\n","protected":false},"author":36,"featured_media":0,"parent":1999,"menu_order":0,"comment_status":"closed","ping_status":"closed","template":"","meta":{"ngg_post_thumbnail":0,"footnotes":""},"class_list":["post-2008","page","type-page","status-publish","hentry"],"yoast_head":"<!-- This site is optimized with the Yoast SEO Premium plugin v27.3 (Yoast SEO v27.3) - https:\/\/yoast.com\/product\/yoast-seo-premium-wordpress\/ -->\n<title>dr in\u017c. Bernadetta Bienia - Najwa\u017cniejsze publikacje - Pracownicy PANS w Kro\u015bnie<\/title>\n<meta name=\"robots\" content=\"index, follow, max-snippet:-1, max-image-preview:large, max-video-preview:-1\" \/>\n<link rel=\"canonical\" href=\"https:\/\/pans.krosno.pl\/pracownicy\/bernadeta-bienia\/bernadeta-bienia-najwazniejsze-publikacje\/\" \/>\n<meta property=\"og:locale\" content=\"pl_PL\" \/>\n<meta property=\"og:type\" content=\"article\" \/>\n<meta property=\"og:title\" content=\"dr in\u017c. Bernadetta Bienia - Najwa\u017cniejsze publikacje\" \/>\n<meta property=\"og:description\" content=\"Artyku\u0142y z ostatnich lat Bienia B., Sawicka B., Krochmal-Marczak B. 2019. The effect of foliar fertilization on darkening of tuber flesh of selected potato cultivars. Agronomy Science, Sec. E. Agricultura, VOL. LXXIV (4): 61-71. dx.doi.org\/10.24326\/as.2019.4.4. Dykiel M., Bienia B., \u015alusarczyk B., G\u00f3rka M., Zawisza K. 2019. Traditional and regional products [\u2026] Read More\" \/>\n<meta property=\"og:url\" content=\"https:\/\/pans.krosno.pl\/pracownicy\/bernadeta-bienia\/bernadeta-bienia-najwazniejsze-publikacje\/\" \/>\n<meta property=\"og:site_name\" content=\"Pracownicy PANS w Kro\u015bnie\" \/>\n<meta property=\"article:modified_time\" content=\"2025-05-14T08:18:27+00:00\" \/>\n<meta name=\"twitter:card\" content=\"summary_large_image\" \/>\n<meta name=\"twitter:label1\" content=\"Szacowany czas czytania\" \/>\n\t<meta name=\"twitter:data1\" content=\"4 minuty\" \/>\n<script type=\"application\/ld+json\" class=\"yoast-schema-graph\">{\"@context\":\"https:\\\/\\\/schema.org\",\"@graph\":[{\"@type\":\"WebPage\",\"@id\":\"https:\\\/\\\/pans.krosno.pl\\\/pracownicy\\\/bernadeta-bienia\\\/bernadeta-bienia-najwazniejsze-publikacje\\\/\",\"url\":\"https:\\\/\\\/pans.krosno.pl\\\/pracownicy\\\/bernadeta-bienia\\\/bernadeta-bienia-najwazniejsze-publikacje\\\/\",\"name\":\"dr in\u017c. Bernadetta Bienia - Najwa\u017cniejsze publikacje - Pracownicy PANS w Kro\u015bnie\",\"isPartOf\":{\"@id\":\"https:\\\/\\\/pans.krosno.pl\\\/pracownicy\\\/#website\"},\"datePublished\":\"2020-04-07T09:03:22+00:00\",\"dateModified\":\"2025-05-14T08:18:27+00:00\",\"breadcrumb\":{\"@id\":\"https:\\\/\\\/pans.krosno.pl\\\/pracownicy\\\/bernadeta-bienia\\\/bernadeta-bienia-najwazniejsze-publikacje\\\/#breadcrumb\"},\"inLanguage\":\"pl-PL\",\"potentialAction\":[{\"@type\":\"ReadAction\",\"target\":[\"https:\\\/\\\/pans.krosno.pl\\\/pracownicy\\\/bernadeta-bienia\\\/bernadeta-bienia-najwazniejsze-publikacje\\\/\"]}]},{\"@type\":\"BreadcrumbList\",\"@id\":\"https:\\\/\\\/pans.krosno.pl\\\/pracownicy\\\/bernadeta-bienia\\\/bernadeta-bienia-najwazniejsze-publikacje\\\/#breadcrumb\",\"itemListElement\":[{\"@type\":\"ListItem\",\"position\":1,\"name\":\"Strona g\u0142\u00f3wna\",\"item\":\"https:\\\/\\\/pans.krosno.pl\\\/pracownicy\\\/\"},{\"@type\":\"ListItem\",\"position\":2,\"name\":\"dr in\u017c. Bernadetta Bienia\",\"item\":\"https:\\\/\\\/pans.krosno.pl\\\/pracownicy\\\/bernadeta-bienia\\\/\"},{\"@type\":\"ListItem\",\"position\":3,\"name\":\"dr in\u017c. Bernadetta Bienia &#8211; Najwa\u017cniejsze publikacje\"}]},{\"@type\":\"WebSite\",\"@id\":\"https:\\\/\\\/pans.krosno.pl\\\/pracownicy\\\/#website\",\"url\":\"https:\\\/\\\/pans.krosno.pl\\\/pracownicy\\\/\",\"name\":\"Pracownicy PANS w Kro\u015bnie\",\"description\":\"Pracownicy - Pa\u0144stwowa Akademia Nauk Stosowanych\",\"publisher\":{\"@id\":\"https:\\\/\\\/pans.krosno.pl\\\/pracownicy\\\/#organization\"},\"potentialAction\":[{\"@type\":\"SearchAction\",\"target\":{\"@type\":\"EntryPoint\",\"urlTemplate\":\"https:\\\/\\\/pans.krosno.pl\\\/pracownicy\\\/?s={search_term_string}\"},\"query-input\":{\"@type\":\"PropertyValueSpecification\",\"valueRequired\":true,\"valueName\":\"search_term_string\"}}],\"inLanguage\":\"pl-PL\"},{\"@type\":\"Organization\",\"@id\":\"https:\\\/\\\/pans.krosno.pl\\\/pracownicy\\\/#organization\",\"name\":\"Pracownicy PANS w Kro\u015bnie\",\"url\":\"https:\\\/\\\/pans.krosno.pl\\\/pracownicy\\\/\",\"logo\":{\"@type\":\"ImageObject\",\"inLanguage\":\"pl-PL\",\"@id\":\"https:\\\/\\\/pans.krosno.pl\\\/pracownicy\\\/#\\\/schema\\\/logo\\\/image\\\/\",\"url\":\"https:\\\/\\\/pans.krosno.pl\\\/pracownicy\\\/wp-content\\\/uploads\\\/sites\\\/41\\\/2023\\\/01\\\/Logo-PANS-2022-pelne.png\",\"contentUrl\":\"https:\\\/\\\/pans.krosno.pl\\\/pracownicy\\\/wp-content\\\/uploads\\\/sites\\\/41\\\/2023\\\/01\\\/Logo-PANS-2022-pelne.png\",\"width\":3096,\"height\":696,\"caption\":\"Pracownicy PANS w Kro\u015bnie\"},\"image\":{\"@id\":\"https:\\\/\\\/pans.krosno.pl\\\/pracownicy\\\/#\\\/schema\\\/logo\\\/image\\\/\"}}]}<\/script>\n<!-- \/ Yoast SEO Premium plugin. -->","yoast_head_json":{"title":"dr in\u017c. Bernadetta Bienia - Najwa\u017cniejsze publikacje - Pracownicy PANS w Kro\u015bnie","robots":{"index":"index","follow":"follow","max-snippet":"max-snippet:-1","max-image-preview":"max-image-preview:large","max-video-preview":"max-video-preview:-1"},"canonical":"https:\/\/pans.krosno.pl\/pracownicy\/bernadeta-bienia\/bernadeta-bienia-najwazniejsze-publikacje\/","og_locale":"pl_PL","og_type":"article","og_title":"dr in\u017c. Bernadetta Bienia - Najwa\u017cniejsze publikacje","og_description":"Artyku\u0142y z ostatnich lat Bienia B., Sawicka B., Krochmal-Marczak B. 2019. The effect of foliar fertilization on darkening of tuber flesh of selected potato cultivars. Agronomy Science, Sec. E. Agricultura, VOL. LXXIV (4): 61-71. dx.doi.org\/10.24326\/as.2019.4.4. Dykiel M., Bienia B., \u015alusarczyk B., G\u00f3rka M., Zawisza K. 2019. Traditional and regional products [\u2026] Read More","og_url":"https:\/\/pans.krosno.pl\/pracownicy\/bernadeta-bienia\/bernadeta-bienia-najwazniejsze-publikacje\/","og_site_name":"Pracownicy PANS w Kro\u015bnie","article_modified_time":"2025-05-14T08:18:27+00:00","twitter_card":"summary_large_image","twitter_misc":{"Szacowany czas czytania":"4 minuty"},"schema":{"@context":"https:\/\/schema.org","@graph":[{"@type":"WebPage","@id":"https:\/\/pans.krosno.pl\/pracownicy\/bernadeta-bienia\/bernadeta-bienia-najwazniejsze-publikacje\/","url":"https:\/\/pans.krosno.pl\/pracownicy\/bernadeta-bienia\/bernadeta-bienia-najwazniejsze-publikacje\/","name":"dr in\u017c. Bernadetta Bienia - Najwa\u017cniejsze publikacje - Pracownicy PANS w Kro\u015bnie","isPartOf":{"@id":"https:\/\/pans.krosno.pl\/pracownicy\/#website"},"datePublished":"2020-04-07T09:03:22+00:00","dateModified":"2025-05-14T08:18:27+00:00","breadcrumb":{"@id":"https:\/\/pans.krosno.pl\/pracownicy\/bernadeta-bienia\/bernadeta-bienia-najwazniejsze-publikacje\/#breadcrumb"},"inLanguage":"pl-PL","potentialAction":[{"@type":"ReadAction","target":["https:\/\/pans.krosno.pl\/pracownicy\/bernadeta-bienia\/bernadeta-bienia-najwazniejsze-publikacje\/"]}]},{"@type":"BreadcrumbList","@id":"https:\/\/pans.krosno.pl\/pracownicy\/bernadeta-bienia\/bernadeta-bienia-najwazniejsze-publikacje\/#breadcrumb","itemListElement":[{"@type":"ListItem","position":1,"name":"Strona g\u0142\u00f3wna","item":"https:\/\/pans.krosno.pl\/pracownicy\/"},{"@type":"ListItem","position":2,"name":"dr in\u017c. Bernadetta Bienia","item":"https:\/\/pans.krosno.pl\/pracownicy\/bernadeta-bienia\/"},{"@type":"ListItem","position":3,"name":"dr in\u017c. Bernadetta Bienia &#8211; Najwa\u017cniejsze publikacje"}]},{"@type":"WebSite","@id":"https:\/\/pans.krosno.pl\/pracownicy\/#website","url":"https:\/\/pans.krosno.pl\/pracownicy\/","name":"Pracownicy PANS w Kro\u015bnie","description":"Pracownicy - Pa\u0144stwowa Akademia Nauk Stosowanych","publisher":{"@id":"https:\/\/pans.krosno.pl\/pracownicy\/#organization"},"potentialAction":[{"@type":"SearchAction","target":{"@type":"EntryPoint","urlTemplate":"https:\/\/pans.krosno.pl\/pracownicy\/?s={search_term_string}"},"query-input":{"@type":"PropertyValueSpecification","valueRequired":true,"valueName":"search_term_string"}}],"inLanguage":"pl-PL"},{"@type":"Organization","@id":"https:\/\/pans.krosno.pl\/pracownicy\/#organization","name":"Pracownicy PANS w Kro\u015bnie","url":"https:\/\/pans.krosno.pl\/pracownicy\/","logo":{"@type":"ImageObject","inLanguage":"pl-PL","@id":"https:\/\/pans.krosno.pl\/pracownicy\/#\/schema\/logo\/image\/","url":"https:\/\/pans.krosno.pl\/pracownicy\/wp-content\/uploads\/sites\/41\/2023\/01\/Logo-PANS-2022-pelne.png","contentUrl":"https:\/\/pans.krosno.pl\/pracownicy\/wp-content\/uploads\/sites\/41\/2023\/01\/Logo-PANS-2022-pelne.png","width":3096,"height":696,"caption":"Pracownicy PANS w Kro\u015bnie"},"image":{"@id":"https:\/\/pans.krosno.pl\/pracownicy\/#\/schema\/logo\/image\/"}}]}},"_links":{"self":[{"href":"https:\/\/pans.krosno.pl\/pracownicy\/wp-json\/wp\/v2\/pages\/2008","targetHints":{"allow":["GET"]}}],"collection":[{"href":"https:\/\/pans.krosno.pl\/pracownicy\/wp-json\/wp\/v2\/pages"}],"about":[{"href":"https:\/\/pans.krosno.pl\/pracownicy\/wp-json\/wp\/v2\/types\/page"}],"author":[{"embeddable":true,"href":"https:\/\/pans.krosno.pl\/pracownicy\/wp-json\/wp\/v2\/users\/36"}],"replies":[{"embeddable":true,"href":"https:\/\/pans.krosno.pl\/pracownicy\/wp-json\/wp\/v2\/comments?post=2008"}],"version-history":[{"count":4,"href":"https:\/\/pans.krosno.pl\/pracownicy\/wp-json\/wp\/v2\/pages\/2008\/revisions"}],"predecessor-version":[{"id":7939,"href":"https:\/\/pans.krosno.pl\/pracownicy\/wp-json\/wp\/v2\/pages\/2008\/revisions\/7939"}],"up":[{"embeddable":true,"href":"https:\/\/pans.krosno.pl\/pracownicy\/wp-json\/wp\/v2\/pages\/1999"}],"wp:attachment":[{"href":"https:\/\/pans.krosno.pl\/pracownicy\/wp-json\/wp\/v2\/media?parent=2008"}],"curies":[{"name":"wp","href":"https:\/\/api.w.org\/{rel}","templated":true}]}}