{"id":1960,"date":"2020-04-07T09:27:51","date_gmt":"2020-04-07T07:27:51","guid":{"rendered":"https:\/\/pans.krosno.pl\/pracownicy\/?page_id=1960"},"modified":"2025-05-16T11:39:43","modified_gmt":"2025-05-16T09:39:43","slug":"leszek-preisner-najwazniejsze-publikacje","status":"publish","type":"page","link":"https:\/\/pans.krosno.pl\/pracownicy\/leszek-preisner\/leszek-preisner-najwazniejsze-publikacje\/","title":{"rendered":"dr hab. Leszek Preisner, prof. PANS &#8211; Najwa\u017cniejsze publikacje"},"content":{"rendered":"<hr>\n<p><strong>Najwa\u017cniejsze tylko publikacje z podzia\u0142em na monografie i artyku\u0142y:<\/strong><\/p>\n<p><strong>Monografie:<\/strong><\/p>\n<ul>\n<li>Badania naukowe i dzia\u0142alno\u015b\u0107 dydaktyczna w zakresie ekonomii i zarz\u0105dzania \u015brodowiskowego &#8211; Pierwszy Zjazd Katedr Ekonomii i Zarz\u0105dzania \u015arodowiskowego, red. L. Preisner, Wyd. Ekonomia i \u015arodowisko, Bia\u0142ystok 2012, s. 124, ISBN 978-83-61643-37-1.<\/li>\n<li>Finansowanie rozwoju gospodarczego, red. nauk. L. Preisner, AGH Uczelniane Wydawnictwa Naukowo-Dydaktyczne, Krak\u00f3w 2009, s. 259, ISBN 978-83-7464-241-5.<\/li>\n<li>Zagro\u017cenia naturalne i techniczne a zarz\u0105dzanie ryzykiem w g\u00f3rnictwie w\u0119gla kamiennego, red. T. Pind\u00f3r, L. Preisner, Wydawnictwo AGH, Krak\u00f3w 2009, s. 211, ISBN 978-83-7464-274-3.<\/li>\n<li>Finansowe aspekty transformacji gospodarki w Polsce, red. nauk. L. Preisner, AGH Uczelniane Wydawnictwo Naukowo-Dydaktyczne, Krak\u00f3w 2007, s. 250, ISBN 978-83-7464-154-8.<\/li>\n<li>\u015arodowiskowe bariery i czynniki rozwoju gospodarczego Polski, red. nauk. L. Preisner, Wydawnictwo Ekonomia i \u015arodowisko, Bia\u0142ystok 2006, s. 223, ISBN 978-83-88771-83-5.<\/li>\n<li>Problemy ekologiczne Euroregionu Karpackiego, praca zbiorowa \u2013 zesp\u00f3\u0142 Komitetu Redakcyjnego: Twardowski K., Batko W., Blum A., Bujok P. Gumu\u0142a S., Obody\u0144ski K., Pinka J., Pi\u00f3recki J., Preisner L., Ruda M., Wajs W., Wnuk Z., Pa\u0144stwowa Wy\u017csza Szko\u0142a Zawodowa im. Stanis\u0142awa Pigonia w Kro\u015bnie, Prace Naukowo-Dydaktyczne, Zeszyt 10, Krosno 2004, s. 472, ISBN 83-89295-60-1.<\/li>\n<li>Umwelt- und \u00d6konomischeaspekte der Bergbaurestrukturierung (\u015arodowiskowe i ekonomiczne aspekty restrukturyzacji g\u00f3rnictwa), red. nauk. L. Preisner, Prace Naukowe Katedry Ekonomii i Gospodarki Zasobami Przyrody Wydzia\u0142u Zarz\u0105dzania AGH, Nr 2, Wyd. Katedra Ekonomii i Gospodarki Zasobami Przyrody Wydzia\u0142 Zarz\u0105dzania AGH, Krak\u00f3w 2002, s. 272, ISBN 83-916384-3-X.<\/li>\n<\/ul>\n<p><strong>Artyku\u0142y:<\/strong><\/p>\n<ul>\n<li>Preisner L., Pind\u00f3r T., Audyty \u015brodowiskowe jako instrumenty wspomagaj\u0105ce system zarz\u0105dzania \u015brodowiskowego, [w:] Logistyka Odzysku, Nr 2\/2014 (11), kwiecie\u0144-czerwiec 2014, s. 12\u201314, ISSN 2083-6422. Lista B czasopism MNiSW (2013): 2.000.<\/li>\n<li>Preisner L., Pind\u00f3r T., Material Environmental Effects of Investment Projects in Poland, Polish Journal of Environmental Studies, Hard Olsztyn, Vol. 18, No. 3A, 2009, s. 331\u2013335, ISSN 1230-1485. Impact Factor 0.947 Lista A czasopism MNiSW 10.000.<\/li>\n<li>Preisner L., Pind\u00f3r T., Idea of Green Lungs of Poland in Context of Sustainable Development, Polish Journal of Environmental Studies, Hard Olsztyn, Vol. 15, No. 5C, 2006, s. 49\u201351, ISSN 1230-1485. Impact Factor 0.353 Lista A czasopism MNiSW 10.000.<\/li>\n<li>Preisner L., Trela M., Economic instruments for the internalization of external costs of road transport \u2014 Instrumenty ekonomiczne internalizacji koszt\u00f3w zewn\u0119trznych w transporcie drogowym \/\/ Economic and Environmental Studies; ISSN 1642-2597. \u2014 2013 vol. 13 no. 1, s. 61\u201372. \u2014 Bibliogr. s. 70\u201371, Abstr., Streszcz. Lista B czasopism MNiSW 10.000.<\/li>\n<li>Pind\u00f3r T., Preisner L., Analysis of the EcoFund Foundation Support for Industrial Sectors Restructuring, Polish Journal of Environmental Studies, Hard Olsztyn, Vol. 18, No. 3A, 2009, s. 319-322, ISSN 1230-1485. Impact Factor 0.947 Lista A czasopism MNiSW 10.000.<\/li>\n<li>Pind\u00f3r T., Preisner L., Oszcz\u0119dno\u015b\u0107 zasob\u00f3w energii pierwotnej w skali \u015bwiatowej w wyniku zagospodarowania z\u0142\u00f3\u017c niekonwencjonalnego gazu ziemnego [w:] Efektywne gospodarowanie zasobami przyrodniczymi i energi\u0105, red. nauk. A. Graczyk, Prace Naukowe Uniwersytetu Ekonomicznego we Wroc\u0142awiu, Nr 317, Wydawnictwo Uniwersytetu Ekonomicznego we Wroc\u0142awiu, Wroc\u0142aw 2013, s. 44-52, ISSN 1899-3192. Lista B czasopism MNiSW (2013): 7.000.<\/li>\n<li>Pind\u00f3r T., Preisner L., Techniczne, \u015brodowiskowe i ekonomiczne aspekty wykorzystania energii ze \u017ar\u00f3de\u0142 odnawialnych, [w:] Ekonomiczne problemy wykorzystania odnawialnych zasob\u00f3w przyrodniczych do produkcji energii, red. nauk. A. Graczyk, Prace Naukowe Uniwersytetu Ekonomicznego we Wroc\u0142awiu, Nr 83, Wydawnictwo Uniwersytetu Ekonomicznego we Wroc\u0142awiu, Wroc\u0142aw 2009, s. 145\u2013153, ISSN 1899-3192. Lista B czasopism MNiSW (2009): 6.000.<\/li>\n<li>Pind\u00f3r T., Preisner L., Economic Aspects of Waste Storage Safety, Polish Journal of Environmental Studies, Hard Olsztyn, Vol. 16, No. 3B, 2007, s. 418\u2013422, ISSN 1230-1485. Impact Factor 0.353 Lista A czasopism MNiSW 10.000.<\/li>\n<\/ul>\n<hr>\n<p>&nbsp;<\/p>\n","protected":false},"excerpt":{"rendered":"<p>Najwa\u017cniejsze tylko publikacje z podzia\u0142em na monografie i artyku\u0142y: Monografie: Badania naukowe i dzia\u0142alno\u015b\u0107 dydaktyczna w zakresie ekonomii i zarz\u0105dzania \u015brodowiskowego &#8211; Pierwszy Zjazd Katedr Ekonomii i Zarz\u0105dzania \u015arodowiskowego, red. L. Preisner, Wyd. Ekonomia i \u015arodowisko, Bia\u0142ystok 2012, s. 124, ISBN 978-83-61643-37-1. Finansowanie rozwoju gospodarczego, red. nauk. L. Preisner, AGH [\u2026] <\/p>\n<div class=\"clear\"><\/div>\n<p><a class=\"more_link clearfix\" href=\"https:\/\/pans.krosno.pl\/pracownicy\/leszek-preisner\/leszek-preisner-najwazniejsze-publikacje\/\" rel=\"nofollow\">Read More<\/a><\/p>\n","protected":false},"author":36,"featured_media":0,"parent":1949,"menu_order":0,"comment_status":"closed","ping_status":"closed","template":"","meta":{"ngg_post_thumbnail":0,"footnotes":""},"class_list":["post-1960","page","type-page","status-publish","hentry"],"yoast_head":"<!-- This site is optimized with the Yoast SEO Premium plugin v27.4 (Yoast SEO v27.4) - https:\/\/yoast.com\/product\/yoast-seo-premium-wordpress\/ -->\n<title>dr hab. Leszek Preisner, prof. PANS - Najwa\u017cniejsze publikacje - Pracownicy PANS w Kro\u015bnie<\/title>\n<meta name=\"robots\" content=\"index, follow, max-snippet:-1, max-image-preview:large, max-video-preview:-1\" \/>\n<link rel=\"canonical\" href=\"https:\/\/pans.krosno.pl\/pracownicy\/leszek-preisner\/leszek-preisner-najwazniejsze-publikacje\/\" \/>\n<meta property=\"og:locale\" content=\"pl_PL\" \/>\n<meta property=\"og:type\" content=\"article\" \/>\n<meta property=\"og:title\" content=\"dr hab. Leszek Preisner, prof. PANS - Najwa\u017cniejsze publikacje\" \/>\n<meta property=\"og:description\" content=\"Najwa\u017cniejsze tylko publikacje z podzia\u0142em na monografie i artyku\u0142y: Monografie: Badania naukowe i dzia\u0142alno\u015b\u0107 dydaktyczna w zakresie ekonomii i zarz\u0105dzania \u015brodowiskowego &#8211; Pierwszy Zjazd Katedr Ekonomii i Zarz\u0105dzania \u015arodowiskowego, red. L. Preisner, Wyd. Ekonomia i \u015arodowisko, Bia\u0142ystok 2012, s. 124, ISBN 978-83-61643-37-1. Finansowanie rozwoju gospodarczego, red. nauk. L. Preisner, AGH [\u2026] Read More\" \/>\n<meta property=\"og:url\" content=\"https:\/\/pans.krosno.pl\/pracownicy\/leszek-preisner\/leszek-preisner-najwazniejsze-publikacje\/\" \/>\n<meta property=\"og:site_name\" content=\"Pracownicy PANS w Kro\u015bnie\" \/>\n<meta property=\"article:modified_time\" content=\"2025-05-16T09:39:43+00:00\" \/>\n<meta name=\"twitter:card\" content=\"summary_large_image\" \/>\n<meta name=\"twitter:label1\" content=\"Szacowany czas czytania\" \/>\n\t<meta name=\"twitter:data1\" content=\"4 minuty\" \/>\n<script type=\"application\/ld+json\" class=\"yoast-schema-graph\">{\"@context\":\"https:\\\/\\\/schema.org\",\"@graph\":[{\"@type\":\"WebPage\",\"@id\":\"https:\\\/\\\/pans.krosno.pl\\\/pracownicy\\\/leszek-preisner\\\/leszek-preisner-najwazniejsze-publikacje\\\/\",\"url\":\"https:\\\/\\\/pans.krosno.pl\\\/pracownicy\\\/leszek-preisner\\\/leszek-preisner-najwazniejsze-publikacje\\\/\",\"name\":\"dr hab. Leszek Preisner, prof. PANS - Najwa\u017cniejsze publikacje - Pracownicy PANS w Kro\u015bnie\",\"isPartOf\":{\"@id\":\"https:\\\/\\\/pans.krosno.pl\\\/pracownicy\\\/#website\"},\"datePublished\":\"2020-04-07T07:27:51+00:00\",\"dateModified\":\"2025-05-16T09:39:43+00:00\",\"breadcrumb\":{\"@id\":\"https:\\\/\\\/pans.krosno.pl\\\/pracownicy\\\/leszek-preisner\\\/leszek-preisner-najwazniejsze-publikacje\\\/#breadcrumb\"},\"inLanguage\":\"pl-PL\",\"potentialAction\":[{\"@type\":\"ReadAction\",\"target\":[\"https:\\\/\\\/pans.krosno.pl\\\/pracownicy\\\/leszek-preisner\\\/leszek-preisner-najwazniejsze-publikacje\\\/\"]}]},{\"@type\":\"BreadcrumbList\",\"@id\":\"https:\\\/\\\/pans.krosno.pl\\\/pracownicy\\\/leszek-preisner\\\/leszek-preisner-najwazniejsze-publikacje\\\/#breadcrumb\",\"itemListElement\":[{\"@type\":\"ListItem\",\"position\":1,\"name\":\"Strona g\u0142\u00f3wna\",\"item\":\"https:\\\/\\\/pans.krosno.pl\\\/pracownicy\\\/\"},{\"@type\":\"ListItem\",\"position\":2,\"name\":\"dr hab. Leszek Preisner, prof. PANS\",\"item\":\"https:\\\/\\\/pans.krosno.pl\\\/pracownicy\\\/leszek-preisner\\\/\"},{\"@type\":\"ListItem\",\"position\":3,\"name\":\"dr hab. Leszek Preisner, prof. PANS &#8211; Najwa\u017cniejsze publikacje\"}]},{\"@type\":\"WebSite\",\"@id\":\"https:\\\/\\\/pans.krosno.pl\\\/pracownicy\\\/#website\",\"url\":\"https:\\\/\\\/pans.krosno.pl\\\/pracownicy\\\/\",\"name\":\"Pracownicy PANS w Kro\u015bnie\",\"description\":\"Pracownicy - Pa\u0144stwowa Akademia Nauk Stosowanych\",\"publisher\":{\"@id\":\"https:\\\/\\\/pans.krosno.pl\\\/pracownicy\\\/#organization\"},\"potentialAction\":[{\"@type\":\"SearchAction\",\"target\":{\"@type\":\"EntryPoint\",\"urlTemplate\":\"https:\\\/\\\/pans.krosno.pl\\\/pracownicy\\\/?s={search_term_string}\"},\"query-input\":{\"@type\":\"PropertyValueSpecification\",\"valueRequired\":true,\"valueName\":\"search_term_string\"}}],\"inLanguage\":\"pl-PL\"},{\"@type\":\"Organization\",\"@id\":\"https:\\\/\\\/pans.krosno.pl\\\/pracownicy\\\/#organization\",\"name\":\"Pracownicy PANS w Kro\u015bnie\",\"url\":\"https:\\\/\\\/pans.krosno.pl\\\/pracownicy\\\/\",\"logo\":{\"@type\":\"ImageObject\",\"inLanguage\":\"pl-PL\",\"@id\":\"https:\\\/\\\/pans.krosno.pl\\\/pracownicy\\\/#\\\/schema\\\/logo\\\/image\\\/\",\"url\":\"https:\\\/\\\/pans.krosno.pl\\\/pracownicy\\\/wp-content\\\/uploads\\\/sites\\\/41\\\/2023\\\/01\\\/Logo-PANS-2022-pelne.png\",\"contentUrl\":\"https:\\\/\\\/pans.krosno.pl\\\/pracownicy\\\/wp-content\\\/uploads\\\/sites\\\/41\\\/2023\\\/01\\\/Logo-PANS-2022-pelne.png\",\"width\":3096,\"height\":696,\"caption\":\"Pracownicy PANS w Kro\u015bnie\"},\"image\":{\"@id\":\"https:\\\/\\\/pans.krosno.pl\\\/pracownicy\\\/#\\\/schema\\\/logo\\\/image\\\/\"}}]}<\/script>\n<!-- \/ Yoast SEO Premium plugin. -->","yoast_head_json":{"title":"dr hab. Leszek Preisner, prof. PANS - Najwa\u017cniejsze publikacje - Pracownicy PANS w Kro\u015bnie","robots":{"index":"index","follow":"follow","max-snippet":"max-snippet:-1","max-image-preview":"max-image-preview:large","max-video-preview":"max-video-preview:-1"},"canonical":"https:\/\/pans.krosno.pl\/pracownicy\/leszek-preisner\/leszek-preisner-najwazniejsze-publikacje\/","og_locale":"pl_PL","og_type":"article","og_title":"dr hab. Leszek Preisner, prof. PANS - Najwa\u017cniejsze publikacje","og_description":"Najwa\u017cniejsze tylko publikacje z podzia\u0142em na monografie i artyku\u0142y: Monografie: Badania naukowe i dzia\u0142alno\u015b\u0107 dydaktyczna w zakresie ekonomii i zarz\u0105dzania \u015brodowiskowego &#8211; Pierwszy Zjazd Katedr Ekonomii i Zarz\u0105dzania \u015arodowiskowego, red. L. Preisner, Wyd. Ekonomia i \u015arodowisko, Bia\u0142ystok 2012, s. 124, ISBN 978-83-61643-37-1. Finansowanie rozwoju gospodarczego, red. nauk. L. Preisner, AGH [\u2026] Read More","og_url":"https:\/\/pans.krosno.pl\/pracownicy\/leszek-preisner\/leszek-preisner-najwazniejsze-publikacje\/","og_site_name":"Pracownicy PANS w Kro\u015bnie","article_modified_time":"2025-05-16T09:39:43+00:00","twitter_card":"summary_large_image","twitter_misc":{"Szacowany czas czytania":"4 minuty"},"schema":{"@context":"https:\/\/schema.org","@graph":[{"@type":"WebPage","@id":"https:\/\/pans.krosno.pl\/pracownicy\/leszek-preisner\/leszek-preisner-najwazniejsze-publikacje\/","url":"https:\/\/pans.krosno.pl\/pracownicy\/leszek-preisner\/leszek-preisner-najwazniejsze-publikacje\/","name":"dr hab. Leszek Preisner, prof. PANS - Najwa\u017cniejsze publikacje - Pracownicy PANS w Kro\u015bnie","isPartOf":{"@id":"https:\/\/pans.krosno.pl\/pracownicy\/#website"},"datePublished":"2020-04-07T07:27:51+00:00","dateModified":"2025-05-16T09:39:43+00:00","breadcrumb":{"@id":"https:\/\/pans.krosno.pl\/pracownicy\/leszek-preisner\/leszek-preisner-najwazniejsze-publikacje\/#breadcrumb"},"inLanguage":"pl-PL","potentialAction":[{"@type":"ReadAction","target":["https:\/\/pans.krosno.pl\/pracownicy\/leszek-preisner\/leszek-preisner-najwazniejsze-publikacje\/"]}]},{"@type":"BreadcrumbList","@id":"https:\/\/pans.krosno.pl\/pracownicy\/leszek-preisner\/leszek-preisner-najwazniejsze-publikacje\/#breadcrumb","itemListElement":[{"@type":"ListItem","position":1,"name":"Strona g\u0142\u00f3wna","item":"https:\/\/pans.krosno.pl\/pracownicy\/"},{"@type":"ListItem","position":2,"name":"dr hab. Leszek Preisner, prof. PANS","item":"https:\/\/pans.krosno.pl\/pracownicy\/leszek-preisner\/"},{"@type":"ListItem","position":3,"name":"dr hab. Leszek Preisner, prof. PANS &#8211; Najwa\u017cniejsze publikacje"}]},{"@type":"WebSite","@id":"https:\/\/pans.krosno.pl\/pracownicy\/#website","url":"https:\/\/pans.krosno.pl\/pracownicy\/","name":"Pracownicy PANS w Kro\u015bnie","description":"Pracownicy - Pa\u0144stwowa Akademia Nauk Stosowanych","publisher":{"@id":"https:\/\/pans.krosno.pl\/pracownicy\/#organization"},"potentialAction":[{"@type":"SearchAction","target":{"@type":"EntryPoint","urlTemplate":"https:\/\/pans.krosno.pl\/pracownicy\/?s={search_term_string}"},"query-input":{"@type":"PropertyValueSpecification","valueRequired":true,"valueName":"search_term_string"}}],"inLanguage":"pl-PL"},{"@type":"Organization","@id":"https:\/\/pans.krosno.pl\/pracownicy\/#organization","name":"Pracownicy PANS w Kro\u015bnie","url":"https:\/\/pans.krosno.pl\/pracownicy\/","logo":{"@type":"ImageObject","inLanguage":"pl-PL","@id":"https:\/\/pans.krosno.pl\/pracownicy\/#\/schema\/logo\/image\/","url":"https:\/\/pans.krosno.pl\/pracownicy\/wp-content\/uploads\/sites\/41\/2023\/01\/Logo-PANS-2022-pelne.png","contentUrl":"https:\/\/pans.krosno.pl\/pracownicy\/wp-content\/uploads\/sites\/41\/2023\/01\/Logo-PANS-2022-pelne.png","width":3096,"height":696,"caption":"Pracownicy PANS w Kro\u015bnie"},"image":{"@id":"https:\/\/pans.krosno.pl\/pracownicy\/#\/schema\/logo\/image\/"}}]}},"_links":{"self":[{"href":"https:\/\/pans.krosno.pl\/pracownicy\/wp-json\/wp\/v2\/pages\/1960","targetHints":{"allow":["GET"]}}],"collection":[{"href":"https:\/\/pans.krosno.pl\/pracownicy\/wp-json\/wp\/v2\/pages"}],"about":[{"href":"https:\/\/pans.krosno.pl\/pracownicy\/wp-json\/wp\/v2\/types\/page"}],"author":[{"embeddable":true,"href":"https:\/\/pans.krosno.pl\/pracownicy\/wp-json\/wp\/v2\/users\/36"}],"replies":[{"embeddable":true,"href":"https:\/\/pans.krosno.pl\/pracownicy\/wp-json\/wp\/v2\/comments?post=1960"}],"version-history":[{"count":7,"href":"https:\/\/pans.krosno.pl\/pracownicy\/wp-json\/wp\/v2\/pages\/1960\/revisions"}],"predecessor-version":[{"id":9471,"href":"https:\/\/pans.krosno.pl\/pracownicy\/wp-json\/wp\/v2\/pages\/1960\/revisions\/9471"}],"up":[{"embeddable":true,"href":"https:\/\/pans.krosno.pl\/pracownicy\/wp-json\/wp\/v2\/pages\/1949"}],"wp:attachment":[{"href":"https:\/\/pans.krosno.pl\/pracownicy\/wp-json\/wp\/v2\/media?parent=1960"}],"curies":[{"name":"wp","href":"https:\/\/api.w.org\/{rel}","templated":true}]}}