{"id":1722,"date":"2020-04-06T09:06:58","date_gmt":"2020-04-06T07:06:58","guid":{"rendered":"https:\/\/pans.krosno.pl\/pracownicy\/?page_id=1722"},"modified":"2025-05-16T12:54:20","modified_gmt":"2025-05-16T10:54:20","slug":"ewa-rusek-najwazniejsze-publikacje","status":"publish","type":"page","link":"https:\/\/pans.krosno.pl\/pracownicy\/ewa-rusek\/ewa-rusek-najwazniejsze-publikacje\/","title":{"rendered":"dr Ewa Rusek &#8211; Najwa\u017cniejsze publikacje"},"content":{"rendered":"<hr>\n<ul>\n<li>Ma na koncie szereg publikacji z zakresu lingwistyki i kulturoznawstwa, m.in.:<\/li>\n<\/ul>\n<p><strong>Artyku\u0142y<\/strong><\/p>\n<ul>\n<li>2015, Towards Developing a Communication Style in a Multilingual and Multicultural Classroom, [w.] Culture\u2019s Software Communication Styles, Cambridge Scholars Publishing, Red. Dorota Brzozowska, W\u0142adys\u0142aw Ch\u0142opicki, s. 193\u2013206.<\/li>\n<li>2017 Europa a Turcja &#8211; perspektywy komunikacji mi\u0119dzykulturowej, [w.] J\u0119zyk a komunikacja 39. Red. Aleksandra Knapik, Aleksandra Misior-Mroczkowska. Piotr Chruszczewski, W\u0142adys\u0142aw Ch\u0142opicki, Tertium, Krak\u00f3w, s. 189\u2013204.<\/li>\n<li>2017, A Bridge or a Breach \u2013 the Prospects of Communication between Europe and Asia over the Bosphorus), [w.] Across Borders. The West Looks East 6, Prace naukowo- dydaktyczne PWSZ w Kro\u015bnie 71, ed. Alicja Witalisz, W\u0142adys\u0142aw Witalisz, s. 263\u2013273.<\/li>\n<li>2018, Research Perspectives on English as a Global Language, [w.] Across Borders: Cultures in Dialogue, Prace naukowo- dydaktyczne PWSZ w Kro\u015bnie 74, ed. Liisi Laineste, W\u0142adys\u0142aw Ch\u0142opicki, s. 131\u2013145.<\/li>\n<li>2020, Challenges of Teaching Intercultural Communication to Students of a Different Culture, [w.] <em>New Word in Methodology-Conference Papers<\/em>, Red. M.S. Olegovna , Yekaterinburg, Russia, <a href=\"https:\/\/www.elibrary.ru\/item.asp?id=43066515\">https:\/\/www.elibrary.ru\/item.asp?id=43066515<\/a><u>,&nbsp; <\/u>s.93-99.<\/li>\n<\/ul>\n<p><strong>Monografia<\/strong><\/p>\n<ul>\n<li>2019, Europa oczami tureckich student\u00f3w, Tertium, Krak\u00f3w.<\/li>\n<li>2020, Wsp\u00f3\u0142redaktor publikacji <em>Across Borders \u2013 Cultural and Linguistic Shifts in the 21th Century<\/em>, t. 18, seria Text \u2013 Meaning \u2013 Context, Cracow Studies in English Language, Literature and Culture, Peter Lang, Berlin, 2020.<\/li>\n<\/ul>\n<hr>\n<p>&nbsp;<\/p>\n","protected":false},"excerpt":{"rendered":"<p>Ma na koncie szereg publikacji z zakresu lingwistyki i kulturoznawstwa, m.in.: Artyku\u0142y 2015, Towards Developing a Communication Style in a Multilingual and Multicultural Classroom, [w.] Culture\u2019s Software Communication Styles, Cambridge Scholars Publishing, Red. Dorota Brzozowska, W\u0142adys\u0142aw Ch\u0142opicki, s. 193\u2013206. 2017 Europa a Turcja &#8211; perspektywy komunikacji mi\u0119dzykulturowej, [w.] J\u0119zyk a [\u2026] <\/p>\n<div class=\"clear\"><\/div>\n<p><a class=\"more_link clearfix\" href=\"https:\/\/pans.krosno.pl\/pracownicy\/ewa-rusek\/ewa-rusek-najwazniejsze-publikacje\/\" rel=\"nofollow\">Read More<\/a><\/p>\n","protected":false},"author":34,"featured_media":0,"parent":1715,"menu_order":0,"comment_status":"closed","ping_status":"closed","template":"","meta":{"ngg_post_thumbnail":0,"footnotes":""},"class_list":["post-1722","page","type-page","status-publish","hentry"],"yoast_head":"<!-- This site is optimized with the Yoast SEO Premium plugin v27.3 (Yoast SEO v27.3) - https:\/\/yoast.com\/product\/yoast-seo-premium-wordpress\/ -->\n<title>dr Ewa Rusek - Najwa\u017cniejsze publikacje - Pracownicy PANS w Kro\u015bnie<\/title>\n<meta name=\"robots\" content=\"index, follow, max-snippet:-1, max-image-preview:large, max-video-preview:-1\" \/>\n<link rel=\"canonical\" href=\"https:\/\/pans.krosno.pl\/pracownicy\/ewa-rusek\/ewa-rusek-najwazniejsze-publikacje\/\" \/>\n<meta property=\"og:locale\" content=\"pl_PL\" \/>\n<meta property=\"og:type\" content=\"article\" \/>\n<meta property=\"og:title\" content=\"dr Ewa Rusek - Najwa\u017cniejsze publikacje\" \/>\n<meta property=\"og:description\" content=\"Ma na koncie szereg publikacji z zakresu lingwistyki i kulturoznawstwa, m.in.: Artyku\u0142y 2015, Towards Developing a Communication Style in a Multilingual and Multicultural Classroom, [w.] Culture\u2019s Software Communication Styles, Cambridge Scholars Publishing, Red. Dorota Brzozowska, W\u0142adys\u0142aw Ch\u0142opicki, s. 193\u2013206. 2017 Europa a Turcja &#8211; perspektywy komunikacji mi\u0119dzykulturowej, [w.] J\u0119zyk a [\u2026] Read More\" \/>\n<meta property=\"og:url\" content=\"https:\/\/pans.krosno.pl\/pracownicy\/ewa-rusek\/ewa-rusek-najwazniejsze-publikacje\/\" \/>\n<meta property=\"og:site_name\" content=\"Pracownicy PANS w Kro\u015bnie\" \/>\n<meta property=\"article:modified_time\" content=\"2025-05-16T10:54:20+00:00\" \/>\n<meta name=\"twitter:card\" content=\"summary_large_image\" \/>\n<meta name=\"twitter:label1\" content=\"Szacowany czas czytania\" \/>\n\t<meta name=\"twitter:data1\" content=\"2 minuty\" \/>\n<script type=\"application\/ld+json\" class=\"yoast-schema-graph\">{\"@context\":\"https:\\\/\\\/schema.org\",\"@graph\":[{\"@type\":\"WebPage\",\"@id\":\"https:\\\/\\\/pans.krosno.pl\\\/pracownicy\\\/ewa-rusek\\\/ewa-rusek-najwazniejsze-publikacje\\\/\",\"url\":\"https:\\\/\\\/pans.krosno.pl\\\/pracownicy\\\/ewa-rusek\\\/ewa-rusek-najwazniejsze-publikacje\\\/\",\"name\":\"dr Ewa Rusek - Najwa\u017cniejsze publikacje - Pracownicy PANS w Kro\u015bnie\",\"isPartOf\":{\"@id\":\"https:\\\/\\\/pans.krosno.pl\\\/pracownicy\\\/#website\"},\"datePublished\":\"2020-04-06T07:06:58+00:00\",\"dateModified\":\"2025-05-16T10:54:20+00:00\",\"breadcrumb\":{\"@id\":\"https:\\\/\\\/pans.krosno.pl\\\/pracownicy\\\/ewa-rusek\\\/ewa-rusek-najwazniejsze-publikacje\\\/#breadcrumb\"},\"inLanguage\":\"pl-PL\",\"potentialAction\":[{\"@type\":\"ReadAction\",\"target\":[\"https:\\\/\\\/pans.krosno.pl\\\/pracownicy\\\/ewa-rusek\\\/ewa-rusek-najwazniejsze-publikacje\\\/\"]}]},{\"@type\":\"BreadcrumbList\",\"@id\":\"https:\\\/\\\/pans.krosno.pl\\\/pracownicy\\\/ewa-rusek\\\/ewa-rusek-najwazniejsze-publikacje\\\/#breadcrumb\",\"itemListElement\":[{\"@type\":\"ListItem\",\"position\":1,\"name\":\"Strona g\u0142\u00f3wna\",\"item\":\"https:\\\/\\\/pans.krosno.pl\\\/pracownicy\\\/\"},{\"@type\":\"ListItem\",\"position\":2,\"name\":\"dr Ewa Rusek\",\"item\":\"https:\\\/\\\/pans.krosno.pl\\\/pracownicy\\\/ewa-rusek\\\/\"},{\"@type\":\"ListItem\",\"position\":3,\"name\":\"dr Ewa Rusek &#8211; Najwa\u017cniejsze publikacje\"}]},{\"@type\":\"WebSite\",\"@id\":\"https:\\\/\\\/pans.krosno.pl\\\/pracownicy\\\/#website\",\"url\":\"https:\\\/\\\/pans.krosno.pl\\\/pracownicy\\\/\",\"name\":\"Pracownicy PANS w Kro\u015bnie\",\"description\":\"Pracownicy - Pa\u0144stwowa Akademia Nauk Stosowanych\",\"publisher\":{\"@id\":\"https:\\\/\\\/pans.krosno.pl\\\/pracownicy\\\/#organization\"},\"potentialAction\":[{\"@type\":\"SearchAction\",\"target\":{\"@type\":\"EntryPoint\",\"urlTemplate\":\"https:\\\/\\\/pans.krosno.pl\\\/pracownicy\\\/?s={search_term_string}\"},\"query-input\":{\"@type\":\"PropertyValueSpecification\",\"valueRequired\":true,\"valueName\":\"search_term_string\"}}],\"inLanguage\":\"pl-PL\"},{\"@type\":\"Organization\",\"@id\":\"https:\\\/\\\/pans.krosno.pl\\\/pracownicy\\\/#organization\",\"name\":\"Pracownicy PANS w Kro\u015bnie\",\"url\":\"https:\\\/\\\/pans.krosno.pl\\\/pracownicy\\\/\",\"logo\":{\"@type\":\"ImageObject\",\"inLanguage\":\"pl-PL\",\"@id\":\"https:\\\/\\\/pans.krosno.pl\\\/pracownicy\\\/#\\\/schema\\\/logo\\\/image\\\/\",\"url\":\"https:\\\/\\\/pans.krosno.pl\\\/pracownicy\\\/wp-content\\\/uploads\\\/sites\\\/41\\\/2023\\\/01\\\/Logo-PANS-2022-pelne.png\",\"contentUrl\":\"https:\\\/\\\/pans.krosno.pl\\\/pracownicy\\\/wp-content\\\/uploads\\\/sites\\\/41\\\/2023\\\/01\\\/Logo-PANS-2022-pelne.png\",\"width\":3096,\"height\":696,\"caption\":\"Pracownicy PANS w Kro\u015bnie\"},\"image\":{\"@id\":\"https:\\\/\\\/pans.krosno.pl\\\/pracownicy\\\/#\\\/schema\\\/logo\\\/image\\\/\"}}]}<\/script>\n<!-- \/ Yoast SEO Premium plugin. -->","yoast_head_json":{"title":"dr Ewa Rusek - Najwa\u017cniejsze publikacje - Pracownicy PANS w Kro\u015bnie","robots":{"index":"index","follow":"follow","max-snippet":"max-snippet:-1","max-image-preview":"max-image-preview:large","max-video-preview":"max-video-preview:-1"},"canonical":"https:\/\/pans.krosno.pl\/pracownicy\/ewa-rusek\/ewa-rusek-najwazniejsze-publikacje\/","og_locale":"pl_PL","og_type":"article","og_title":"dr Ewa Rusek - Najwa\u017cniejsze publikacje","og_description":"Ma na koncie szereg publikacji z zakresu lingwistyki i kulturoznawstwa, m.in.: Artyku\u0142y 2015, Towards Developing a Communication Style in a Multilingual and Multicultural Classroom, [w.] Culture\u2019s Software Communication Styles, Cambridge Scholars Publishing, Red. Dorota Brzozowska, W\u0142adys\u0142aw Ch\u0142opicki, s. 193\u2013206. 2017 Europa a Turcja &#8211; perspektywy komunikacji mi\u0119dzykulturowej, [w.] J\u0119zyk a [\u2026] Read More","og_url":"https:\/\/pans.krosno.pl\/pracownicy\/ewa-rusek\/ewa-rusek-najwazniejsze-publikacje\/","og_site_name":"Pracownicy PANS w Kro\u015bnie","article_modified_time":"2025-05-16T10:54:20+00:00","twitter_card":"summary_large_image","twitter_misc":{"Szacowany czas czytania":"2 minuty"},"schema":{"@context":"https:\/\/schema.org","@graph":[{"@type":"WebPage","@id":"https:\/\/pans.krosno.pl\/pracownicy\/ewa-rusek\/ewa-rusek-najwazniejsze-publikacje\/","url":"https:\/\/pans.krosno.pl\/pracownicy\/ewa-rusek\/ewa-rusek-najwazniejsze-publikacje\/","name":"dr Ewa Rusek - Najwa\u017cniejsze publikacje - Pracownicy PANS w Kro\u015bnie","isPartOf":{"@id":"https:\/\/pans.krosno.pl\/pracownicy\/#website"},"datePublished":"2020-04-06T07:06:58+00:00","dateModified":"2025-05-16T10:54:20+00:00","breadcrumb":{"@id":"https:\/\/pans.krosno.pl\/pracownicy\/ewa-rusek\/ewa-rusek-najwazniejsze-publikacje\/#breadcrumb"},"inLanguage":"pl-PL","potentialAction":[{"@type":"ReadAction","target":["https:\/\/pans.krosno.pl\/pracownicy\/ewa-rusek\/ewa-rusek-najwazniejsze-publikacje\/"]}]},{"@type":"BreadcrumbList","@id":"https:\/\/pans.krosno.pl\/pracownicy\/ewa-rusek\/ewa-rusek-najwazniejsze-publikacje\/#breadcrumb","itemListElement":[{"@type":"ListItem","position":1,"name":"Strona g\u0142\u00f3wna","item":"https:\/\/pans.krosno.pl\/pracownicy\/"},{"@type":"ListItem","position":2,"name":"dr Ewa Rusek","item":"https:\/\/pans.krosno.pl\/pracownicy\/ewa-rusek\/"},{"@type":"ListItem","position":3,"name":"dr Ewa Rusek &#8211; Najwa\u017cniejsze publikacje"}]},{"@type":"WebSite","@id":"https:\/\/pans.krosno.pl\/pracownicy\/#website","url":"https:\/\/pans.krosno.pl\/pracownicy\/","name":"Pracownicy PANS w Kro\u015bnie","description":"Pracownicy - Pa\u0144stwowa Akademia Nauk Stosowanych","publisher":{"@id":"https:\/\/pans.krosno.pl\/pracownicy\/#organization"},"potentialAction":[{"@type":"SearchAction","target":{"@type":"EntryPoint","urlTemplate":"https:\/\/pans.krosno.pl\/pracownicy\/?s={search_term_string}"},"query-input":{"@type":"PropertyValueSpecification","valueRequired":true,"valueName":"search_term_string"}}],"inLanguage":"pl-PL"},{"@type":"Organization","@id":"https:\/\/pans.krosno.pl\/pracownicy\/#organization","name":"Pracownicy PANS w Kro\u015bnie","url":"https:\/\/pans.krosno.pl\/pracownicy\/","logo":{"@type":"ImageObject","inLanguage":"pl-PL","@id":"https:\/\/pans.krosno.pl\/pracownicy\/#\/schema\/logo\/image\/","url":"https:\/\/pans.krosno.pl\/pracownicy\/wp-content\/uploads\/sites\/41\/2023\/01\/Logo-PANS-2022-pelne.png","contentUrl":"https:\/\/pans.krosno.pl\/pracownicy\/wp-content\/uploads\/sites\/41\/2023\/01\/Logo-PANS-2022-pelne.png","width":3096,"height":696,"caption":"Pracownicy PANS w Kro\u015bnie"},"image":{"@id":"https:\/\/pans.krosno.pl\/pracownicy\/#\/schema\/logo\/image\/"}}]}},"_links":{"self":[{"href":"https:\/\/pans.krosno.pl\/pracownicy\/wp-json\/wp\/v2\/pages\/1722","targetHints":{"allow":["GET"]}}],"collection":[{"href":"https:\/\/pans.krosno.pl\/pracownicy\/wp-json\/wp\/v2\/pages"}],"about":[{"href":"https:\/\/pans.krosno.pl\/pracownicy\/wp-json\/wp\/v2\/types\/page"}],"author":[{"embeddable":true,"href":"https:\/\/pans.krosno.pl\/pracownicy\/wp-json\/wp\/v2\/users\/34"}],"replies":[{"embeddable":true,"href":"https:\/\/pans.krosno.pl\/pracownicy\/wp-json\/wp\/v2\/comments?post=1722"}],"version-history":[{"count":10,"href":"https:\/\/pans.krosno.pl\/pracownicy\/wp-json\/wp\/v2\/pages\/1722\/revisions"}],"predecessor-version":[{"id":10680,"href":"https:\/\/pans.krosno.pl\/pracownicy\/wp-json\/wp\/v2\/pages\/1722\/revisions\/10680"}],"up":[{"embeddable":true,"href":"https:\/\/pans.krosno.pl\/pracownicy\/wp-json\/wp\/v2\/pages\/1715"}],"wp:attachment":[{"href":"https:\/\/pans.krosno.pl\/pracownicy\/wp-json\/wp\/v2\/media?parent=1722"}],"curies":[{"name":"wp","href":"https:\/\/api.w.org\/{rel}","templated":true}]}}