{"id":1666,"date":"2020-04-03T15:39:35","date_gmt":"2020-04-03T13:39:35","guid":{"rendered":"https:\/\/pans.krosno.pl\/pracownicy\/?page_id=1666"},"modified":"2025-05-20T13:50:35","modified_gmt":"2025-05-20T11:50:35","slug":"beata-ujda-dynka-zyciorys-naukowy","status":"publish","type":"page","link":"https:\/\/pans.krosno.pl\/pracownicy\/beata-ujda-dynka\/beata-ujda-dynka-zyciorys-naukowy\/","title":{"rendered":"dr Beata Ujda-Dy\u0144ka &#8211; \u017byciorys naukowy"},"content":{"rendered":"<hr>\n<ul>\n<li>2013 r. \u2013 doktor nauk ekonomicznych w zakresie zarz\u0105dzania, Uniwersytet Warszawski, Wydzia\u0142 Zarz\u0105dzania, rozprawa doktorska: Uwarunkowania wsp\u00f3\u0142dzia\u0142ania gospodarczego ma\u0142ych i \u015brednich przedsi\u0119biorstw,<\/li>\n<li>1998 r. \u2013 magister zarz\u0105dzania i marketingu, Uniwersytet Marii Curie-Sk\u0142odowskiej w Lublinie, Wydzia\u0142 Ekonomiczny, kierunek: Zarz\u0105dzanie i Marketing, praca magisterska: Strategia marketingowa HSW- Zak\u0142adu Mechanicznego Sp\u00f3\u0142ka z o.o. ,<\/li>\n<li>2014 r. \u2013 Kwalifikacyjny kurs pedagogiczny w zakresie metodyki nauczania przedmiot\u00f3w zawodowych,<\/li>\n<li>2021 r. \u2013 Studia podyplomowe: Zarz\u0105dzanie jako\u015bci\u0105 proces\u00f3w produkcyjnych<strong>, <\/strong>Wy\u017csza Szko\u0142a Informatyki i Zarz\u0105dzania w Rzeszowie,<\/li>\n<li>cz\u0142onek komisji ds. Zapewniania Jako\u015bci w Instytucie Zdrowia i Gospodarki PANS w Kro\u015bnie,<\/li>\n<\/ul>\n<hr>\n<p>&nbsp;<\/p>\n","protected":false},"excerpt":{"rendered":"<p>2013 r. \u2013 doktor nauk ekonomicznych w zakresie zarz\u0105dzania, Uniwersytet Warszawski, Wydzia\u0142 Zarz\u0105dzania, rozprawa doktorska: Uwarunkowania wsp\u00f3\u0142dzia\u0142ania gospodarczego ma\u0142ych i \u015brednich przedsi\u0119biorstw, 1998 r. \u2013 magister zarz\u0105dzania i marketingu, Uniwersytet Marii Curie-Sk\u0142odowskiej w Lublinie, Wydzia\u0142 Ekonomiczny, kierunek: Zarz\u0105dzanie i Marketing, praca magisterska: Strategia marketingowa HSW- Zak\u0142adu Mechanicznego Sp\u00f3\u0142ka z o.o. [\u2026] <\/p>\n<div class=\"clear\"><\/div>\n<p><a class=\"more_link clearfix\" href=\"https:\/\/pans.krosno.pl\/pracownicy\/beata-ujda-dynka\/beata-ujda-dynka-zyciorys-naukowy\/\" rel=\"nofollow\">Read More<\/a><\/p>\n","protected":false},"author":36,"featured_media":0,"parent":1654,"menu_order":0,"comment_status":"closed","ping_status":"closed","template":"","meta":{"ngg_post_thumbnail":0,"footnotes":""},"class_list":["post-1666","page","type-page","status-publish","hentry"],"yoast_head":"<!-- This site is optimized with the Yoast SEO Premium plugin v27.4 (Yoast SEO v27.4) - https:\/\/yoast.com\/product\/yoast-seo-premium-wordpress\/ -->\n<title>dr Beata Ujda-Dy\u0144ka - \u017byciorys naukowy - Pracownicy PANS w Kro\u015bnie<\/title>\n<meta name=\"robots\" content=\"index, follow, max-snippet:-1, max-image-preview:large, max-video-preview:-1\" \/>\n<link rel=\"canonical\" href=\"https:\/\/pans.krosno.pl\/pracownicy\/beata-ujda-dynka\/beata-ujda-dynka-zyciorys-naukowy\/\" \/>\n<meta property=\"og:locale\" content=\"pl_PL\" \/>\n<meta property=\"og:type\" content=\"article\" \/>\n<meta property=\"og:title\" content=\"dr Beata Ujda-Dy\u0144ka - \u017byciorys naukowy\" \/>\n<meta property=\"og:description\" content=\"2013 r. \u2013 doktor nauk ekonomicznych w zakresie zarz\u0105dzania, Uniwersytet Warszawski, Wydzia\u0142 Zarz\u0105dzania, rozprawa doktorska: Uwarunkowania wsp\u00f3\u0142dzia\u0142ania gospodarczego ma\u0142ych i \u015brednich przedsi\u0119biorstw, 1998 r. \u2013 magister zarz\u0105dzania i marketingu, Uniwersytet Marii Curie-Sk\u0142odowskiej w Lublinie, Wydzia\u0142 Ekonomiczny, kierunek: Zarz\u0105dzanie i Marketing, praca magisterska: Strategia marketingowa HSW- Zak\u0142adu Mechanicznego Sp\u00f3\u0142ka z o.o. [\u2026] Read More\" \/>\n<meta property=\"og:url\" content=\"https:\/\/pans.krosno.pl\/pracownicy\/beata-ujda-dynka\/beata-ujda-dynka-zyciorys-naukowy\/\" \/>\n<meta property=\"og:site_name\" content=\"Pracownicy PANS w Kro\u015bnie\" \/>\n<meta property=\"article:modified_time\" content=\"2025-05-20T11:50:35+00:00\" \/>\n<meta name=\"twitter:card\" content=\"summary_large_image\" \/>\n<meta name=\"twitter:label1\" content=\"Szacowany czas czytania\" \/>\n\t<meta name=\"twitter:data1\" content=\"1 minuta\" \/>\n<script type=\"application\/ld+json\" class=\"yoast-schema-graph\">{\"@context\":\"https:\\\/\\\/schema.org\",\"@graph\":[{\"@type\":\"WebPage\",\"@id\":\"https:\\\/\\\/pans.krosno.pl\\\/pracownicy\\\/beata-ujda-dynka\\\/beata-ujda-dynka-zyciorys-naukowy\\\/\",\"url\":\"https:\\\/\\\/pans.krosno.pl\\\/pracownicy\\\/beata-ujda-dynka\\\/beata-ujda-dynka-zyciorys-naukowy\\\/\",\"name\":\"dr Beata Ujda-Dy\u0144ka - \u017byciorys naukowy - Pracownicy PANS w Kro\u015bnie\",\"isPartOf\":{\"@id\":\"https:\\\/\\\/pans.krosno.pl\\\/pracownicy\\\/#website\"},\"datePublished\":\"2020-04-03T13:39:35+00:00\",\"dateModified\":\"2025-05-20T11:50:35+00:00\",\"breadcrumb\":{\"@id\":\"https:\\\/\\\/pans.krosno.pl\\\/pracownicy\\\/beata-ujda-dynka\\\/beata-ujda-dynka-zyciorys-naukowy\\\/#breadcrumb\"},\"inLanguage\":\"pl-PL\",\"potentialAction\":[{\"@type\":\"ReadAction\",\"target\":[\"https:\\\/\\\/pans.krosno.pl\\\/pracownicy\\\/beata-ujda-dynka\\\/beata-ujda-dynka-zyciorys-naukowy\\\/\"]}]},{\"@type\":\"BreadcrumbList\",\"@id\":\"https:\\\/\\\/pans.krosno.pl\\\/pracownicy\\\/beata-ujda-dynka\\\/beata-ujda-dynka-zyciorys-naukowy\\\/#breadcrumb\",\"itemListElement\":[{\"@type\":\"ListItem\",\"position\":1,\"name\":\"Strona g\u0142\u00f3wna\",\"item\":\"https:\\\/\\\/pans.krosno.pl\\\/pracownicy\\\/\"},{\"@type\":\"ListItem\",\"position\":2,\"name\":\"dr Beata Ujda-Dy\u0144ka\",\"item\":\"https:\\\/\\\/pans.krosno.pl\\\/pracownicy\\\/beata-ujda-dynka\\\/\"},{\"@type\":\"ListItem\",\"position\":3,\"name\":\"dr Beata Ujda-Dy\u0144ka &#8211; \u017byciorys naukowy\"}]},{\"@type\":\"WebSite\",\"@id\":\"https:\\\/\\\/pans.krosno.pl\\\/pracownicy\\\/#website\",\"url\":\"https:\\\/\\\/pans.krosno.pl\\\/pracownicy\\\/\",\"name\":\"Pracownicy PANS w Kro\u015bnie\",\"description\":\"Pracownicy - Pa\u0144stwowa Akademia Nauk Stosowanych\",\"publisher\":{\"@id\":\"https:\\\/\\\/pans.krosno.pl\\\/pracownicy\\\/#organization\"},\"potentialAction\":[{\"@type\":\"SearchAction\",\"target\":{\"@type\":\"EntryPoint\",\"urlTemplate\":\"https:\\\/\\\/pans.krosno.pl\\\/pracownicy\\\/?s={search_term_string}\"},\"query-input\":{\"@type\":\"PropertyValueSpecification\",\"valueRequired\":true,\"valueName\":\"search_term_string\"}}],\"inLanguage\":\"pl-PL\"},{\"@type\":\"Organization\",\"@id\":\"https:\\\/\\\/pans.krosno.pl\\\/pracownicy\\\/#organization\",\"name\":\"Pracownicy PANS w Kro\u015bnie\",\"url\":\"https:\\\/\\\/pans.krosno.pl\\\/pracownicy\\\/\",\"logo\":{\"@type\":\"ImageObject\",\"inLanguage\":\"pl-PL\",\"@id\":\"https:\\\/\\\/pans.krosno.pl\\\/pracownicy\\\/#\\\/schema\\\/logo\\\/image\\\/\",\"url\":\"https:\\\/\\\/pans.krosno.pl\\\/pracownicy\\\/wp-content\\\/uploads\\\/sites\\\/41\\\/2023\\\/01\\\/Logo-PANS-2022-pelne.png\",\"contentUrl\":\"https:\\\/\\\/pans.krosno.pl\\\/pracownicy\\\/wp-content\\\/uploads\\\/sites\\\/41\\\/2023\\\/01\\\/Logo-PANS-2022-pelne.png\",\"width\":3096,\"height\":696,\"caption\":\"Pracownicy PANS w Kro\u015bnie\"},\"image\":{\"@id\":\"https:\\\/\\\/pans.krosno.pl\\\/pracownicy\\\/#\\\/schema\\\/logo\\\/image\\\/\"}}]}<\/script>\n<!-- \/ Yoast SEO Premium plugin. -->","yoast_head_json":{"title":"dr Beata Ujda-Dy\u0144ka - \u017byciorys naukowy - Pracownicy PANS w Kro\u015bnie","robots":{"index":"index","follow":"follow","max-snippet":"max-snippet:-1","max-image-preview":"max-image-preview:large","max-video-preview":"max-video-preview:-1"},"canonical":"https:\/\/pans.krosno.pl\/pracownicy\/beata-ujda-dynka\/beata-ujda-dynka-zyciorys-naukowy\/","og_locale":"pl_PL","og_type":"article","og_title":"dr Beata Ujda-Dy\u0144ka - \u017byciorys naukowy","og_description":"2013 r. \u2013 doktor nauk ekonomicznych w zakresie zarz\u0105dzania, Uniwersytet Warszawski, Wydzia\u0142 Zarz\u0105dzania, rozprawa doktorska: Uwarunkowania wsp\u00f3\u0142dzia\u0142ania gospodarczego ma\u0142ych i \u015brednich przedsi\u0119biorstw, 1998 r. \u2013 magister zarz\u0105dzania i marketingu, Uniwersytet Marii Curie-Sk\u0142odowskiej w Lublinie, Wydzia\u0142 Ekonomiczny, kierunek: Zarz\u0105dzanie i Marketing, praca magisterska: Strategia marketingowa HSW- Zak\u0142adu Mechanicznego Sp\u00f3\u0142ka z o.o. [\u2026] Read More","og_url":"https:\/\/pans.krosno.pl\/pracownicy\/beata-ujda-dynka\/beata-ujda-dynka-zyciorys-naukowy\/","og_site_name":"Pracownicy PANS w Kro\u015bnie","article_modified_time":"2025-05-20T11:50:35+00:00","twitter_card":"summary_large_image","twitter_misc":{"Szacowany czas czytania":"1 minuta"},"schema":{"@context":"https:\/\/schema.org","@graph":[{"@type":"WebPage","@id":"https:\/\/pans.krosno.pl\/pracownicy\/beata-ujda-dynka\/beata-ujda-dynka-zyciorys-naukowy\/","url":"https:\/\/pans.krosno.pl\/pracownicy\/beata-ujda-dynka\/beata-ujda-dynka-zyciorys-naukowy\/","name":"dr Beata Ujda-Dy\u0144ka - \u017byciorys naukowy - Pracownicy PANS w Kro\u015bnie","isPartOf":{"@id":"https:\/\/pans.krosno.pl\/pracownicy\/#website"},"datePublished":"2020-04-03T13:39:35+00:00","dateModified":"2025-05-20T11:50:35+00:00","breadcrumb":{"@id":"https:\/\/pans.krosno.pl\/pracownicy\/beata-ujda-dynka\/beata-ujda-dynka-zyciorys-naukowy\/#breadcrumb"},"inLanguage":"pl-PL","potentialAction":[{"@type":"ReadAction","target":["https:\/\/pans.krosno.pl\/pracownicy\/beata-ujda-dynka\/beata-ujda-dynka-zyciorys-naukowy\/"]}]},{"@type":"BreadcrumbList","@id":"https:\/\/pans.krosno.pl\/pracownicy\/beata-ujda-dynka\/beata-ujda-dynka-zyciorys-naukowy\/#breadcrumb","itemListElement":[{"@type":"ListItem","position":1,"name":"Strona g\u0142\u00f3wna","item":"https:\/\/pans.krosno.pl\/pracownicy\/"},{"@type":"ListItem","position":2,"name":"dr Beata Ujda-Dy\u0144ka","item":"https:\/\/pans.krosno.pl\/pracownicy\/beata-ujda-dynka\/"},{"@type":"ListItem","position":3,"name":"dr Beata Ujda-Dy\u0144ka &#8211; \u017byciorys naukowy"}]},{"@type":"WebSite","@id":"https:\/\/pans.krosno.pl\/pracownicy\/#website","url":"https:\/\/pans.krosno.pl\/pracownicy\/","name":"Pracownicy PANS w Kro\u015bnie","description":"Pracownicy - Pa\u0144stwowa Akademia Nauk Stosowanych","publisher":{"@id":"https:\/\/pans.krosno.pl\/pracownicy\/#organization"},"potentialAction":[{"@type":"SearchAction","target":{"@type":"EntryPoint","urlTemplate":"https:\/\/pans.krosno.pl\/pracownicy\/?s={search_term_string}"},"query-input":{"@type":"PropertyValueSpecification","valueRequired":true,"valueName":"search_term_string"}}],"inLanguage":"pl-PL"},{"@type":"Organization","@id":"https:\/\/pans.krosno.pl\/pracownicy\/#organization","name":"Pracownicy PANS w Kro\u015bnie","url":"https:\/\/pans.krosno.pl\/pracownicy\/","logo":{"@type":"ImageObject","inLanguage":"pl-PL","@id":"https:\/\/pans.krosno.pl\/pracownicy\/#\/schema\/logo\/image\/","url":"https:\/\/pans.krosno.pl\/pracownicy\/wp-content\/uploads\/sites\/41\/2023\/01\/Logo-PANS-2022-pelne.png","contentUrl":"https:\/\/pans.krosno.pl\/pracownicy\/wp-content\/uploads\/sites\/41\/2023\/01\/Logo-PANS-2022-pelne.png","width":3096,"height":696,"caption":"Pracownicy PANS w Kro\u015bnie"},"image":{"@id":"https:\/\/pans.krosno.pl\/pracownicy\/#\/schema\/logo\/image\/"}}]}},"_links":{"self":[{"href":"https:\/\/pans.krosno.pl\/pracownicy\/wp-json\/wp\/v2\/pages\/1666","targetHints":{"allow":["GET"]}}],"collection":[{"href":"https:\/\/pans.krosno.pl\/pracownicy\/wp-json\/wp\/v2\/pages"}],"about":[{"href":"https:\/\/pans.krosno.pl\/pracownicy\/wp-json\/wp\/v2\/types\/page"}],"author":[{"embeddable":true,"href":"https:\/\/pans.krosno.pl\/pracownicy\/wp-json\/wp\/v2\/users\/36"}],"replies":[{"embeddable":true,"href":"https:\/\/pans.krosno.pl\/pracownicy\/wp-json\/wp\/v2\/comments?post=1666"}],"version-history":[{"count":11,"href":"https:\/\/pans.krosno.pl\/pracownicy\/wp-json\/wp\/v2\/pages\/1666\/revisions"}],"predecessor-version":[{"id":11018,"href":"https:\/\/pans.krosno.pl\/pracownicy\/wp-json\/wp\/v2\/pages\/1666\/revisions\/11018"}],"up":[{"embeddable":true,"href":"https:\/\/pans.krosno.pl\/pracownicy\/wp-json\/wp\/v2\/pages\/1654"}],"wp:attachment":[{"href":"https:\/\/pans.krosno.pl\/pracownicy\/wp-json\/wp\/v2\/media?parent=1666"}],"curies":[{"name":"wp","href":"https:\/\/api.w.org\/{rel}","templated":true}]}}