{"id":1532,"date":"2020-04-03T13:36:20","date_gmt":"2020-04-03T11:36:20","guid":{"rendered":"https:\/\/pans.krosno.pl\/pracownicy\/?page_id=1532"},"modified":"2025-05-15T14:07:24","modified_gmt":"2025-05-15T12:07:24","slug":"piotr-lenik-najwazniejsze-publikacje","status":"publish","type":"page","link":"https:\/\/pans.krosno.pl\/pracownicy\/piotr-lenik\/piotr-lenik-najwazniejsze-publikacje\/","title":{"rendered":"dr in\u017c. Piotr Lenik &#8211; Najwa\u017cniejsze publikacje"},"content":{"rendered":"<hr>\n<p><strong>1. samodzielne monografie naukowe<\/strong><\/p>\n<ul>\n<li style=\"text-align: left\">P. Lenik, Bariery zarz\u0105dzania kapita\u0142em ludzkim w szpitalach publicznych w Polsce, Wydawnictwo CeDeWu, Warszawa 2018,<\/li>\n<li style=\"text-align: left\">P. Lenik, Zarz\u0105dzanie ewolucyjnymi zmianami w szpitalach publicznych. Teoria i praktyka\u201d, Wydawnictwo Wolters Kluwer, Warszawa 2017,<\/li>\n<li style=\"text-align: left\">P. Lenik, Motywatory pozap\u0142acowe, czyli droga do nowej jako\u015bci pracownik\u00f3w. Przedsi\u0119biorstwa i administracja publiczna, Difin, Warszawa 2012,<\/li>\n<li style=\"text-align: left\">P. Lenik, TQM. Instrumentarium doskonalenia jako\u015bci, Prace Naukowo-Dydaktyczne Pa\u0144stwowej Wy\u017cszej Szko\u0142y Zawodowej w Kro\u015bnie Zeszyt 53, Krosno 2011.<\/li>\n<\/ul>\n<p><strong>2. redakcje monografii naukowych<\/strong><\/p>\n<ul>\n<li>P. Lenik (red.), Zarz\u0105dzanie organizacjami, Wydawnictwo Pa\u0144stwowej Wy\u017cszej Szko\u0142y Zawodowej im. S. Pigonia w Kro\u015bnie, Krosno 2018,<\/li>\n<li>P. Lenik (red.), R\u00f3\u017cnorodno\u015b\u0107 zastosowania bada\u0144 naukowych w teorii i praktyce zarzadzania, Prace Naukowo-Dydaktyczne PWSZ im. S. Pigonia w Kro\u015bnie, Zeszyt 72, Krosno 2017,<\/li>\n<li>P. Lenik (red.), Specyfika zarz\u0105dzania w sektorach publicznym oraz prywatnym, Prace Naukowo-Dydaktyczne PWSZ im. S. Pigonia w Kro\u015bnie, Zeszyt 70, Krosno 2016,<\/li>\n<li>P. Lenik (red.), Efektywno\u015b\u0107 zarz\u0105dzania zasobami organizacyjnymi, Prace Naukowo-Dydaktyczne PWSZ w Kro\u015bnie, Zeszyt 68, Krosno 2015,<\/li>\n<li>P. Lenik (red.), Wsp\u00f3\u0142czesne dylematy zarz\u0105dzania, Prace Naukowo-Dydaktyczne PWSZ w Kro\u015bnie, Zeszyt 67, Krosno 2014.<\/li>\n<\/ul>\n<p><strong>3. rozdzia\u0142y w monografiach pokonferencyjnych<\/strong><\/p>\n<ul>\n<li>P. Lenik, Inhibitory effect of the environment for the management of human capital of public hospitals in the opinion of Polish managers, 21st International Colloquium on Regional Sciences. Conference Proceedings, Masaryk University, Brno 2018,<\/li>\n<li>P. Lenik, Theoretical determinants of the resistance to organizational changes, [w:] B.Y. Kyshakevych (eds.), Actual problems of modeling and management of socio-economic system in the conditions of globalization, Drohobych 2018,<\/li>\n<li>P. Lenik, W poszukiwaniu sposob\u00f3w efektywniejszego zarz\u0105dzania szpitalami publicznymi w kontek\u015bcie planowanych reform, [w:] A. Kosieradzka, D. Rojek (red.), Od tradycji do wsp\u00f3\u0142czesno\u015bci. Wsp\u00f3\u0142czesne kontynuacje dorobku Karola Adamieckiego, Wydawnictwo Politechniki Warszawskiej, Warszawa 2018,<\/li>\n<li>P. Lenik, The advisability of implementing solutions from the business sector in the managenent of public hospitals in Poland, [w:] S. Majdan (eds.), Current Problems of the Corporate Sector 2017, Vydavatelstvo Ekonom, Bratislava 2017,<\/li>\n<li>P. Lenik, Examination of commitment and organizational awareness of medical Staff in public hospitals in Poland, [w:] A. Jaki, B. Miku\u0142a (eds.), Knowledge-Economy-Society. Management in the face of contemporary challenges and dilemmas, Foundation of the Cracow University of Economics, Krak\u00f3w 2017,<\/li>\n<li>P. Lenik, Metafora kostki lodu w kontek\u015bcie zmian organizacyjnych, [w:] J. \u017byli\u0144ska, I. Przychocka, M. Filipowska-Tuthill (red.), Nauki spo\u0142eczne i ekonomiczne \u2013 w\u0119z\u0142owe zagadnienia, Uczelnia Techniczno-Handlowa im. H. Chodkowskiej, Warszawa 2017,<\/li>\n<li>P. Lenik, Management of human resources commitment in public hospital using tools adapted from business sector, [w:] R. Oczkowska, A. Jaki, B. Miku\u0142a (eds.), Knowledge-Economy-Society. Strategies, concepts and instruments of management, Foundation of the Cracow University of Economics, Krak\u00f3w 2016,<\/li>\n<li>P. Lenik, Narz\u0119dzia zwi\u0119kszaj\u0105ce zaanga\u017cowanie kadry kierowniczej w instytucjach sektora publicznego na przyk\u0142adzie szpitala, [w:] R. Barcik, R. Borowicki, M. Dudek, M. Nowicka-Skowron (red.), Zarz\u0105dzanie w rozwoju organizacji. Wybrane problemy, Wydawnictwa AGH, Krak\u00f3w 2016,<\/li>\n<li>P. Lenik, Mo\u017cliwo\u015bci zastosowania teorii kostki lodu w zarz\u0105dzaniu zmianami, [w:] J. Nowakowska-Grunt, I. Miciu\u0142a (red.), Zarz\u0105dzanie organizacj\u0105 XXI wieku. Innowacje-Gospodarka-Spo\u0142ecze\u0144stwo, Wydawnictwo Naukowe Sophia, Katowice 2016.<\/li>\n<\/ul>\n<hr>\n<p>&nbsp;<\/p>\n\n\n<p><\/p>\n","protected":false},"excerpt":{"rendered":"<p>1. samodzielne monografie naukowe P. Lenik, Bariery zarz\u0105dzania kapita\u0142em ludzkim w szpitalach publicznych w Polsce, Wydawnictwo CeDeWu, Warszawa 2018, P. Lenik, Zarz\u0105dzanie ewolucyjnymi zmianami w szpitalach publicznych. Teoria i praktyka\u201d, Wydawnictwo Wolters Kluwer, Warszawa 2017, P. Lenik, Motywatory pozap\u0142acowe, czyli droga do nowej jako\u015bci pracownik\u00f3w. Przedsi\u0119biorstwa i administracja publiczna, Difin, [\u2026] <\/p>\n<div class=\"clear\"><\/div>\n<p><a class=\"more_link clearfix\" href=\"https:\/\/pans.krosno.pl\/pracownicy\/piotr-lenik\/piotr-lenik-najwazniejsze-publikacje\/\" rel=\"nofollow\">Read More<\/a><\/p>\n","protected":false},"author":36,"featured_media":0,"parent":1501,"menu_order":0,"comment_status":"closed","ping_status":"closed","template":"","meta":{"ngg_post_thumbnail":0,"footnotes":""},"class_list":["post-1532","page","type-page","status-publish","hentry"],"yoast_head":"<!-- This site is optimized with the Yoast SEO Premium plugin v27.3 (Yoast SEO v27.3) - https:\/\/yoast.com\/product\/yoast-seo-premium-wordpress\/ -->\n<title>dr in\u017c. Piotr Lenik - Najwa\u017cniejsze publikacje - Pracownicy PANS w Kro\u015bnie<\/title>\n<meta name=\"robots\" content=\"index, follow, max-snippet:-1, max-image-preview:large, max-video-preview:-1\" \/>\n<link rel=\"canonical\" href=\"https:\/\/pans.krosno.pl\/pracownicy\/piotr-lenik\/piotr-lenik-najwazniejsze-publikacje\/\" \/>\n<meta property=\"og:locale\" content=\"pl_PL\" \/>\n<meta property=\"og:type\" content=\"article\" \/>\n<meta property=\"og:title\" content=\"dr in\u017c. Piotr Lenik - Najwa\u017cniejsze publikacje\" \/>\n<meta property=\"og:description\" content=\"1. samodzielne monografie naukowe P. Lenik, Bariery zarz\u0105dzania kapita\u0142em ludzkim w szpitalach publicznych w Polsce, Wydawnictwo CeDeWu, Warszawa 2018, P. Lenik, Zarz\u0105dzanie ewolucyjnymi zmianami w szpitalach publicznych. Teoria i praktyka\u201d, Wydawnictwo Wolters Kluwer, Warszawa 2017, P. Lenik, Motywatory pozap\u0142acowe, czyli droga do nowej jako\u015bci pracownik\u00f3w. Przedsi\u0119biorstwa i administracja publiczna, Difin, [\u2026] Read More\" \/>\n<meta property=\"og:url\" content=\"https:\/\/pans.krosno.pl\/pracownicy\/piotr-lenik\/piotr-lenik-najwazniejsze-publikacje\/\" \/>\n<meta property=\"og:site_name\" content=\"Pracownicy PANS w Kro\u015bnie\" \/>\n<meta property=\"article:modified_time\" content=\"2025-05-15T12:07:24+00:00\" \/>\n<meta name=\"twitter:card\" content=\"summary_large_image\" \/>\n<meta name=\"twitter:label1\" content=\"Szacowany czas czytania\" \/>\n\t<meta name=\"twitter:data1\" content=\"3 minuty\" \/>\n<script type=\"application\/ld+json\" class=\"yoast-schema-graph\">{\"@context\":\"https:\\\/\\\/schema.org\",\"@graph\":[{\"@type\":\"WebPage\",\"@id\":\"https:\\\/\\\/pans.krosno.pl\\\/pracownicy\\\/piotr-lenik\\\/piotr-lenik-najwazniejsze-publikacje\\\/\",\"url\":\"https:\\\/\\\/pans.krosno.pl\\\/pracownicy\\\/piotr-lenik\\\/piotr-lenik-najwazniejsze-publikacje\\\/\",\"name\":\"dr in\u017c. Piotr Lenik - Najwa\u017cniejsze publikacje - Pracownicy PANS w Kro\u015bnie\",\"isPartOf\":{\"@id\":\"https:\\\/\\\/pans.krosno.pl\\\/pracownicy\\\/#website\"},\"datePublished\":\"2020-04-03T11:36:20+00:00\",\"dateModified\":\"2025-05-15T12:07:24+00:00\",\"breadcrumb\":{\"@id\":\"https:\\\/\\\/pans.krosno.pl\\\/pracownicy\\\/piotr-lenik\\\/piotr-lenik-najwazniejsze-publikacje\\\/#breadcrumb\"},\"inLanguage\":\"pl-PL\",\"potentialAction\":[{\"@type\":\"ReadAction\",\"target\":[\"https:\\\/\\\/pans.krosno.pl\\\/pracownicy\\\/piotr-lenik\\\/piotr-lenik-najwazniejsze-publikacje\\\/\"]}]},{\"@type\":\"BreadcrumbList\",\"@id\":\"https:\\\/\\\/pans.krosno.pl\\\/pracownicy\\\/piotr-lenik\\\/piotr-lenik-najwazniejsze-publikacje\\\/#breadcrumb\",\"itemListElement\":[{\"@type\":\"ListItem\",\"position\":1,\"name\":\"Strona g\u0142\u00f3wna\",\"item\":\"https:\\\/\\\/pans.krosno.pl\\\/pracownicy\\\/\"},{\"@type\":\"ListItem\",\"position\":2,\"name\":\"dr in\u017c. Piotr Lenik\",\"item\":\"https:\\\/\\\/pans.krosno.pl\\\/pracownicy\\\/piotr-lenik\\\/\"},{\"@type\":\"ListItem\",\"position\":3,\"name\":\"dr in\u017c. Piotr Lenik &#8211; Najwa\u017cniejsze publikacje\"}]},{\"@type\":\"WebSite\",\"@id\":\"https:\\\/\\\/pans.krosno.pl\\\/pracownicy\\\/#website\",\"url\":\"https:\\\/\\\/pans.krosno.pl\\\/pracownicy\\\/\",\"name\":\"Pracownicy PANS w Kro\u015bnie\",\"description\":\"Pracownicy - Pa\u0144stwowa Akademia Nauk Stosowanych\",\"publisher\":{\"@id\":\"https:\\\/\\\/pans.krosno.pl\\\/pracownicy\\\/#organization\"},\"potentialAction\":[{\"@type\":\"SearchAction\",\"target\":{\"@type\":\"EntryPoint\",\"urlTemplate\":\"https:\\\/\\\/pans.krosno.pl\\\/pracownicy\\\/?s={search_term_string}\"},\"query-input\":{\"@type\":\"PropertyValueSpecification\",\"valueRequired\":true,\"valueName\":\"search_term_string\"}}],\"inLanguage\":\"pl-PL\"},{\"@type\":\"Organization\",\"@id\":\"https:\\\/\\\/pans.krosno.pl\\\/pracownicy\\\/#organization\",\"name\":\"Pracownicy PANS w Kro\u015bnie\",\"url\":\"https:\\\/\\\/pans.krosno.pl\\\/pracownicy\\\/\",\"logo\":{\"@type\":\"ImageObject\",\"inLanguage\":\"pl-PL\",\"@id\":\"https:\\\/\\\/pans.krosno.pl\\\/pracownicy\\\/#\\\/schema\\\/logo\\\/image\\\/\",\"url\":\"https:\\\/\\\/pans.krosno.pl\\\/pracownicy\\\/wp-content\\\/uploads\\\/sites\\\/41\\\/2023\\\/01\\\/Logo-PANS-2022-pelne.png\",\"contentUrl\":\"https:\\\/\\\/pans.krosno.pl\\\/pracownicy\\\/wp-content\\\/uploads\\\/sites\\\/41\\\/2023\\\/01\\\/Logo-PANS-2022-pelne.png\",\"width\":3096,\"height\":696,\"caption\":\"Pracownicy PANS w Kro\u015bnie\"},\"image\":{\"@id\":\"https:\\\/\\\/pans.krosno.pl\\\/pracownicy\\\/#\\\/schema\\\/logo\\\/image\\\/\"}}]}<\/script>\n<!-- \/ Yoast SEO Premium plugin. -->","yoast_head_json":{"title":"dr in\u017c. Piotr Lenik - Najwa\u017cniejsze publikacje - Pracownicy PANS w Kro\u015bnie","robots":{"index":"index","follow":"follow","max-snippet":"max-snippet:-1","max-image-preview":"max-image-preview:large","max-video-preview":"max-video-preview:-1"},"canonical":"https:\/\/pans.krosno.pl\/pracownicy\/piotr-lenik\/piotr-lenik-najwazniejsze-publikacje\/","og_locale":"pl_PL","og_type":"article","og_title":"dr in\u017c. Piotr Lenik - Najwa\u017cniejsze publikacje","og_description":"1. samodzielne monografie naukowe P. Lenik, Bariery zarz\u0105dzania kapita\u0142em ludzkim w szpitalach publicznych w Polsce, Wydawnictwo CeDeWu, Warszawa 2018, P. Lenik, Zarz\u0105dzanie ewolucyjnymi zmianami w szpitalach publicznych. Teoria i praktyka\u201d, Wydawnictwo Wolters Kluwer, Warszawa 2017, P. Lenik, Motywatory pozap\u0142acowe, czyli droga do nowej jako\u015bci pracownik\u00f3w. Przedsi\u0119biorstwa i administracja publiczna, Difin, [\u2026] Read More","og_url":"https:\/\/pans.krosno.pl\/pracownicy\/piotr-lenik\/piotr-lenik-najwazniejsze-publikacje\/","og_site_name":"Pracownicy PANS w Kro\u015bnie","article_modified_time":"2025-05-15T12:07:24+00:00","twitter_card":"summary_large_image","twitter_misc":{"Szacowany czas czytania":"3 minuty"},"schema":{"@context":"https:\/\/schema.org","@graph":[{"@type":"WebPage","@id":"https:\/\/pans.krosno.pl\/pracownicy\/piotr-lenik\/piotr-lenik-najwazniejsze-publikacje\/","url":"https:\/\/pans.krosno.pl\/pracownicy\/piotr-lenik\/piotr-lenik-najwazniejsze-publikacje\/","name":"dr in\u017c. Piotr Lenik - Najwa\u017cniejsze publikacje - Pracownicy PANS w Kro\u015bnie","isPartOf":{"@id":"https:\/\/pans.krosno.pl\/pracownicy\/#website"},"datePublished":"2020-04-03T11:36:20+00:00","dateModified":"2025-05-15T12:07:24+00:00","breadcrumb":{"@id":"https:\/\/pans.krosno.pl\/pracownicy\/piotr-lenik\/piotr-lenik-najwazniejsze-publikacje\/#breadcrumb"},"inLanguage":"pl-PL","potentialAction":[{"@type":"ReadAction","target":["https:\/\/pans.krosno.pl\/pracownicy\/piotr-lenik\/piotr-lenik-najwazniejsze-publikacje\/"]}]},{"@type":"BreadcrumbList","@id":"https:\/\/pans.krosno.pl\/pracownicy\/piotr-lenik\/piotr-lenik-najwazniejsze-publikacje\/#breadcrumb","itemListElement":[{"@type":"ListItem","position":1,"name":"Strona g\u0142\u00f3wna","item":"https:\/\/pans.krosno.pl\/pracownicy\/"},{"@type":"ListItem","position":2,"name":"dr in\u017c. Piotr Lenik","item":"https:\/\/pans.krosno.pl\/pracownicy\/piotr-lenik\/"},{"@type":"ListItem","position":3,"name":"dr in\u017c. Piotr Lenik &#8211; Najwa\u017cniejsze publikacje"}]},{"@type":"WebSite","@id":"https:\/\/pans.krosno.pl\/pracownicy\/#website","url":"https:\/\/pans.krosno.pl\/pracownicy\/","name":"Pracownicy PANS w Kro\u015bnie","description":"Pracownicy - Pa\u0144stwowa Akademia Nauk Stosowanych","publisher":{"@id":"https:\/\/pans.krosno.pl\/pracownicy\/#organization"},"potentialAction":[{"@type":"SearchAction","target":{"@type":"EntryPoint","urlTemplate":"https:\/\/pans.krosno.pl\/pracownicy\/?s={search_term_string}"},"query-input":{"@type":"PropertyValueSpecification","valueRequired":true,"valueName":"search_term_string"}}],"inLanguage":"pl-PL"},{"@type":"Organization","@id":"https:\/\/pans.krosno.pl\/pracownicy\/#organization","name":"Pracownicy PANS w Kro\u015bnie","url":"https:\/\/pans.krosno.pl\/pracownicy\/","logo":{"@type":"ImageObject","inLanguage":"pl-PL","@id":"https:\/\/pans.krosno.pl\/pracownicy\/#\/schema\/logo\/image\/","url":"https:\/\/pans.krosno.pl\/pracownicy\/wp-content\/uploads\/sites\/41\/2023\/01\/Logo-PANS-2022-pelne.png","contentUrl":"https:\/\/pans.krosno.pl\/pracownicy\/wp-content\/uploads\/sites\/41\/2023\/01\/Logo-PANS-2022-pelne.png","width":3096,"height":696,"caption":"Pracownicy PANS w Kro\u015bnie"},"image":{"@id":"https:\/\/pans.krosno.pl\/pracownicy\/#\/schema\/logo\/image\/"}}]}},"_links":{"self":[{"href":"https:\/\/pans.krosno.pl\/pracownicy\/wp-json\/wp\/v2\/pages\/1532","targetHints":{"allow":["GET"]}}],"collection":[{"href":"https:\/\/pans.krosno.pl\/pracownicy\/wp-json\/wp\/v2\/pages"}],"about":[{"href":"https:\/\/pans.krosno.pl\/pracownicy\/wp-json\/wp\/v2\/types\/page"}],"author":[{"embeddable":true,"href":"https:\/\/pans.krosno.pl\/pracownicy\/wp-json\/wp\/v2\/users\/36"}],"replies":[{"embeddable":true,"href":"https:\/\/pans.krosno.pl\/pracownicy\/wp-json\/wp\/v2\/comments?post=1532"}],"version-history":[{"count":13,"href":"https:\/\/pans.krosno.pl\/pracownicy\/wp-json\/wp\/v2\/pages\/1532\/revisions"}],"predecessor-version":[{"id":8169,"href":"https:\/\/pans.krosno.pl\/pracownicy\/wp-json\/wp\/v2\/pages\/1532\/revisions\/8169"}],"up":[{"embeddable":true,"href":"https:\/\/pans.krosno.pl\/pracownicy\/wp-json\/wp\/v2\/pages\/1501"}],"wp:attachment":[{"href":"https:\/\/pans.krosno.pl\/pracownicy\/wp-json\/wp\/v2\/media?parent=1532"}],"curies":[{"name":"wp","href":"https:\/\/api.w.org\/{rel}","templated":true}]}}