{"id":1529,"date":"2020-04-03T13:28:44","date_gmt":"2020-04-03T11:28:44","guid":{"rendered":"https:\/\/pans.krosno.pl\/pracownicy\/?page_id=1529"},"modified":"2025-05-15T14:05:30","modified_gmt":"2025-05-15T12:05:30","slug":"piotr-lenik-doswiadczenie-pozauczelniane","status":"publish","type":"page","link":"https:\/\/pans.krosno.pl\/pracownicy\/piotr-lenik\/piotr-lenik-doswiadczenie-pozauczelniane\/","title":{"rendered":"dr in\u017c. Piotr Lenik &#8211; Do\u015bwiadczenie pozauczelniane"},"content":{"rendered":"<table width=\"638\">\n<tbody>\n<tr>\n<td>\n<hr>\n<p style=\"font-weight: 400\">Ponad dwudziestoletnie do\u015bwiadczenie pozauczelniane, w tym g\u0142\u00f3wnie w obszarach zarz\u0105dczych, m.in.:<\/p>\n<p>1997-2000 \u2013 stanowiska kierownicze w Nadwi\u015bla\u0144skich Jednostkach Wojskowych MSWiA<br style=\"font-weight: 400\">2001-2002 \u2013 praca na rzecz program\u00f3w gospodarczych w Centrum Promocji Biznesu<br \/>\n2002 \u2013 dyrektor handlowy w firmie produkcyjnej<br \/>\n2001-2012 \u2013 w\u0142a\u015bciciel firmy doradczej i handlowej<br style=\"font-weight: 400\">2012-2017 \u2013 dyrektor naczelny&nbsp;du\u017cego wojew\u00f3dzkiego szpitala publicznego<br style=\"font-weight: 400\">od 2018 \u2013 dzia\u0142alno\u015b\u0107 doradcza w zakresie prowadzenia dzia\u0142alno\u015bci gospodarczej i zarz\u0105dzania (Instytut Management Consulting)&nbsp;Dodatkowo, m.in.:<\/p>\n<p style=\"font-weight: 400\">uprawnienia kandydata do rad nadzorczych sp\u00f3\u0142ek z udzia\u0142em Skarbu Pa\u0144stwa &#8211; Ministerstwo Skarbu Pa\u0144stwa<\/p>\n<p>Certyfikat Asesora \u2013 Cz\u0142onka Komisji Oceny Projekt\u00f3w w Programie Operacyjnym Kapita\u0142 Ludzki<br \/>\nAudytor Wewn\u0119trzny SZJ ISO 9001:2015<br \/>\n2006-2014 \u2013 Radny Miasta Krosna dw\u00f3ch kadencji \/ przewodnicz\u0105cy Klubu Radnych<\/p>\n<p><strong>Udzia\u0142 w grantach i projektach krajowych i mi\u0119dzynarodowych &#8211; wybrane tylko:<\/strong><\/p>\n<ol>\n<li>Vedecky workshop krie\u0161eniu projektu VEGA \u010d. 1\/0562\/14: \u201eVplyv vyu\u017e\u00edvania n\u00e1strojov Business Intelligence na v\u00fdkonnost\u2019 podnikov\u201d (2015) &#8211; Cz\u0142onek Rady Programowej,<\/li>\n<li>Studia in\u017cynierskie na kierunkach zamawianych w Pa\u0144stwowej Wy\u017cszej Szkole Zawodowej w Kro\u015bnie (2012-2013) &#8211; Szkoleniowiec,<\/li>\n<li>\u201ePodkarpacki fundusz stypendialny dla doktorant\u00f3w\u201d &nbsp;(2011-2012) &#8211; Ekspert \/recenzent wniosk\u00f3w,<\/li>\n<li>\u201eKurs na gospodark\u0119! \u2013 Program rozwoju PWSZ w Kro\u015bnie\u201d w ramach Programu Operacyjnego Kapita\u0142 Ludzki (2009-2012) &#8211; Koordynator projektu,<\/li>\n<li>\u201eKompetencje student\u00f3w UR kluczem do sukcesu na ryku pracy\u201d (2009-2010) &#8211; Opiekun sta\u017cu,<\/li>\n<li>Komisja Oceny Projekt\u00f3w w ramach Programu Operacyjnego Kapita\u0142 Ludzki na terenie wojew\u00f3dztwa podkarpackiego (2009 &#8211; 2011) &#8211; Asesor\/cz\u0142onek komisji oceny projekt\u00f3w w ramach POKL.<\/li>\n<\/ol>\n<hr>\n<p>&nbsp;<\/td>\n<\/tr>\n<\/tbody>\n<\/table>\n","protected":false},"excerpt":{"rendered":"<p>Ponad dwudziestoletnie do\u015bwiadczenie pozauczelniane, w tym g\u0142\u00f3wnie w obszarach zarz\u0105dczych, m.in.: 1997-2000 \u2013 stanowiska kierownicze w Nadwi\u015bla\u0144skich Jednostkach Wojskowych MSWiA2001-2002 \u2013 praca na rzecz program\u00f3w gospodarczych w Centrum Promocji Biznesu 2002 \u2013 dyrektor handlowy w firmie produkcyjnej 2001-2012 \u2013 w\u0142a\u015bciciel firmy doradczej i handlowej2012-2017 \u2013 dyrektor naczelny&nbsp;du\u017cego wojew\u00f3dzkiego szpitala publicznegood [\u2026] <\/p>\n<div class=\"clear\"><\/div>\n<p><a class=\"more_link clearfix\" href=\"https:\/\/pans.krosno.pl\/pracownicy\/piotr-lenik\/piotr-lenik-doswiadczenie-pozauczelniane\/\" rel=\"nofollow\">Read More<\/a><\/p>\n","protected":false},"author":36,"featured_media":0,"parent":1501,"menu_order":0,"comment_status":"closed","ping_status":"closed","template":"","meta":{"ngg_post_thumbnail":0,"footnotes":""},"class_list":["post-1529","page","type-page","status-publish","hentry"],"yoast_head":"<!-- This site is optimized with the Yoast SEO Premium plugin v27.3 (Yoast SEO v27.3) - https:\/\/yoast.com\/product\/yoast-seo-premium-wordpress\/ -->\n<title>dr in\u017c. Piotr Lenik - Do\u015bwiadczenie pozauczelniane - Pracownicy PANS w Kro\u015bnie<\/title>\n<meta name=\"robots\" content=\"index, follow, max-snippet:-1, max-image-preview:large, max-video-preview:-1\" \/>\n<link rel=\"canonical\" href=\"https:\/\/pans.krosno.pl\/pracownicy\/piotr-lenik\/piotr-lenik-doswiadczenie-pozauczelniane\/\" \/>\n<meta property=\"og:locale\" content=\"pl_PL\" \/>\n<meta property=\"og:type\" content=\"article\" \/>\n<meta property=\"og:title\" content=\"dr in\u017c. Piotr Lenik - Do\u015bwiadczenie pozauczelniane\" \/>\n<meta property=\"og:description\" content=\"Ponad dwudziestoletnie do\u015bwiadczenie pozauczelniane, w tym g\u0142\u00f3wnie w obszarach zarz\u0105dczych, m.in.: 1997-2000 \u2013 stanowiska kierownicze w Nadwi\u015bla\u0144skich Jednostkach Wojskowych MSWiA2001-2002 \u2013 praca na rzecz program\u00f3w gospodarczych w Centrum Promocji Biznesu 2002 \u2013 dyrektor handlowy w firmie produkcyjnej 2001-2012 \u2013 w\u0142a\u015bciciel firmy doradczej i handlowej2012-2017 \u2013 dyrektor naczelny&nbsp;du\u017cego wojew\u00f3dzkiego szpitala publicznegood [\u2026] Read More\" \/>\n<meta property=\"og:url\" content=\"https:\/\/pans.krosno.pl\/pracownicy\/piotr-lenik\/piotr-lenik-doswiadczenie-pozauczelniane\/\" \/>\n<meta property=\"og:site_name\" content=\"Pracownicy PANS w Kro\u015bnie\" \/>\n<meta property=\"article:modified_time\" content=\"2025-05-15T12:05:30+00:00\" \/>\n<meta name=\"twitter:card\" content=\"summary_large_image\" \/>\n<meta name=\"twitter:label1\" content=\"Szacowany czas czytania\" \/>\n\t<meta name=\"twitter:data1\" content=\"2 minuty\" \/>\n<script type=\"application\/ld+json\" class=\"yoast-schema-graph\">{\"@context\":\"https:\\\/\\\/schema.org\",\"@graph\":[{\"@type\":\"WebPage\",\"@id\":\"https:\\\/\\\/pans.krosno.pl\\\/pracownicy\\\/piotr-lenik\\\/piotr-lenik-doswiadczenie-pozauczelniane\\\/\",\"url\":\"https:\\\/\\\/pans.krosno.pl\\\/pracownicy\\\/piotr-lenik\\\/piotr-lenik-doswiadczenie-pozauczelniane\\\/\",\"name\":\"dr in\u017c. Piotr Lenik - Do\u015bwiadczenie pozauczelniane - Pracownicy PANS w Kro\u015bnie\",\"isPartOf\":{\"@id\":\"https:\\\/\\\/pans.krosno.pl\\\/pracownicy\\\/#website\"},\"datePublished\":\"2020-04-03T11:28:44+00:00\",\"dateModified\":\"2025-05-15T12:05:30+00:00\",\"breadcrumb\":{\"@id\":\"https:\\\/\\\/pans.krosno.pl\\\/pracownicy\\\/piotr-lenik\\\/piotr-lenik-doswiadczenie-pozauczelniane\\\/#breadcrumb\"},\"inLanguage\":\"pl-PL\",\"potentialAction\":[{\"@type\":\"ReadAction\",\"target\":[\"https:\\\/\\\/pans.krosno.pl\\\/pracownicy\\\/piotr-lenik\\\/piotr-lenik-doswiadczenie-pozauczelniane\\\/\"]}]},{\"@type\":\"BreadcrumbList\",\"@id\":\"https:\\\/\\\/pans.krosno.pl\\\/pracownicy\\\/piotr-lenik\\\/piotr-lenik-doswiadczenie-pozauczelniane\\\/#breadcrumb\",\"itemListElement\":[{\"@type\":\"ListItem\",\"position\":1,\"name\":\"Strona g\u0142\u00f3wna\",\"item\":\"https:\\\/\\\/pans.krosno.pl\\\/pracownicy\\\/\"},{\"@type\":\"ListItem\",\"position\":2,\"name\":\"dr in\u017c. Piotr Lenik\",\"item\":\"https:\\\/\\\/pans.krosno.pl\\\/pracownicy\\\/piotr-lenik\\\/\"},{\"@type\":\"ListItem\",\"position\":3,\"name\":\"dr in\u017c. Piotr Lenik &#8211; Do\u015bwiadczenie pozauczelniane\"}]},{\"@type\":\"WebSite\",\"@id\":\"https:\\\/\\\/pans.krosno.pl\\\/pracownicy\\\/#website\",\"url\":\"https:\\\/\\\/pans.krosno.pl\\\/pracownicy\\\/\",\"name\":\"Pracownicy PANS w Kro\u015bnie\",\"description\":\"Pracownicy - Pa\u0144stwowa Akademia Nauk Stosowanych\",\"publisher\":{\"@id\":\"https:\\\/\\\/pans.krosno.pl\\\/pracownicy\\\/#organization\"},\"potentialAction\":[{\"@type\":\"SearchAction\",\"target\":{\"@type\":\"EntryPoint\",\"urlTemplate\":\"https:\\\/\\\/pans.krosno.pl\\\/pracownicy\\\/?s={search_term_string}\"},\"query-input\":{\"@type\":\"PropertyValueSpecification\",\"valueRequired\":true,\"valueName\":\"search_term_string\"}}],\"inLanguage\":\"pl-PL\"},{\"@type\":\"Organization\",\"@id\":\"https:\\\/\\\/pans.krosno.pl\\\/pracownicy\\\/#organization\",\"name\":\"Pracownicy PANS w Kro\u015bnie\",\"url\":\"https:\\\/\\\/pans.krosno.pl\\\/pracownicy\\\/\",\"logo\":{\"@type\":\"ImageObject\",\"inLanguage\":\"pl-PL\",\"@id\":\"https:\\\/\\\/pans.krosno.pl\\\/pracownicy\\\/#\\\/schema\\\/logo\\\/image\\\/\",\"url\":\"https:\\\/\\\/pans.krosno.pl\\\/pracownicy\\\/wp-content\\\/uploads\\\/sites\\\/41\\\/2023\\\/01\\\/Logo-PANS-2022-pelne.png\",\"contentUrl\":\"https:\\\/\\\/pans.krosno.pl\\\/pracownicy\\\/wp-content\\\/uploads\\\/sites\\\/41\\\/2023\\\/01\\\/Logo-PANS-2022-pelne.png\",\"width\":3096,\"height\":696,\"caption\":\"Pracownicy PANS w Kro\u015bnie\"},\"image\":{\"@id\":\"https:\\\/\\\/pans.krosno.pl\\\/pracownicy\\\/#\\\/schema\\\/logo\\\/image\\\/\"}}]}<\/script>\n<!-- \/ Yoast SEO Premium plugin. -->","yoast_head_json":{"title":"dr in\u017c. Piotr Lenik - Do\u015bwiadczenie pozauczelniane - Pracownicy PANS w Kro\u015bnie","robots":{"index":"index","follow":"follow","max-snippet":"max-snippet:-1","max-image-preview":"max-image-preview:large","max-video-preview":"max-video-preview:-1"},"canonical":"https:\/\/pans.krosno.pl\/pracownicy\/piotr-lenik\/piotr-lenik-doswiadczenie-pozauczelniane\/","og_locale":"pl_PL","og_type":"article","og_title":"dr in\u017c. Piotr Lenik - Do\u015bwiadczenie pozauczelniane","og_description":"Ponad dwudziestoletnie do\u015bwiadczenie pozauczelniane, w tym g\u0142\u00f3wnie w obszarach zarz\u0105dczych, m.in.: 1997-2000 \u2013 stanowiska kierownicze w Nadwi\u015bla\u0144skich Jednostkach Wojskowych MSWiA2001-2002 \u2013 praca na rzecz program\u00f3w gospodarczych w Centrum Promocji Biznesu 2002 \u2013 dyrektor handlowy w firmie produkcyjnej 2001-2012 \u2013 w\u0142a\u015bciciel firmy doradczej i handlowej2012-2017 \u2013 dyrektor naczelny&nbsp;du\u017cego wojew\u00f3dzkiego szpitala publicznegood [\u2026] Read More","og_url":"https:\/\/pans.krosno.pl\/pracownicy\/piotr-lenik\/piotr-lenik-doswiadczenie-pozauczelniane\/","og_site_name":"Pracownicy PANS w Kro\u015bnie","article_modified_time":"2025-05-15T12:05:30+00:00","twitter_card":"summary_large_image","twitter_misc":{"Szacowany czas czytania":"2 minuty"},"schema":{"@context":"https:\/\/schema.org","@graph":[{"@type":"WebPage","@id":"https:\/\/pans.krosno.pl\/pracownicy\/piotr-lenik\/piotr-lenik-doswiadczenie-pozauczelniane\/","url":"https:\/\/pans.krosno.pl\/pracownicy\/piotr-lenik\/piotr-lenik-doswiadczenie-pozauczelniane\/","name":"dr in\u017c. Piotr Lenik - Do\u015bwiadczenie pozauczelniane - Pracownicy PANS w Kro\u015bnie","isPartOf":{"@id":"https:\/\/pans.krosno.pl\/pracownicy\/#website"},"datePublished":"2020-04-03T11:28:44+00:00","dateModified":"2025-05-15T12:05:30+00:00","breadcrumb":{"@id":"https:\/\/pans.krosno.pl\/pracownicy\/piotr-lenik\/piotr-lenik-doswiadczenie-pozauczelniane\/#breadcrumb"},"inLanguage":"pl-PL","potentialAction":[{"@type":"ReadAction","target":["https:\/\/pans.krosno.pl\/pracownicy\/piotr-lenik\/piotr-lenik-doswiadczenie-pozauczelniane\/"]}]},{"@type":"BreadcrumbList","@id":"https:\/\/pans.krosno.pl\/pracownicy\/piotr-lenik\/piotr-lenik-doswiadczenie-pozauczelniane\/#breadcrumb","itemListElement":[{"@type":"ListItem","position":1,"name":"Strona g\u0142\u00f3wna","item":"https:\/\/pans.krosno.pl\/pracownicy\/"},{"@type":"ListItem","position":2,"name":"dr in\u017c. Piotr Lenik","item":"https:\/\/pans.krosno.pl\/pracownicy\/piotr-lenik\/"},{"@type":"ListItem","position":3,"name":"dr in\u017c. Piotr Lenik &#8211; Do\u015bwiadczenie pozauczelniane"}]},{"@type":"WebSite","@id":"https:\/\/pans.krosno.pl\/pracownicy\/#website","url":"https:\/\/pans.krosno.pl\/pracownicy\/","name":"Pracownicy PANS w Kro\u015bnie","description":"Pracownicy - Pa\u0144stwowa Akademia Nauk Stosowanych","publisher":{"@id":"https:\/\/pans.krosno.pl\/pracownicy\/#organization"},"potentialAction":[{"@type":"SearchAction","target":{"@type":"EntryPoint","urlTemplate":"https:\/\/pans.krosno.pl\/pracownicy\/?s={search_term_string}"},"query-input":{"@type":"PropertyValueSpecification","valueRequired":true,"valueName":"search_term_string"}}],"inLanguage":"pl-PL"},{"@type":"Organization","@id":"https:\/\/pans.krosno.pl\/pracownicy\/#organization","name":"Pracownicy PANS w Kro\u015bnie","url":"https:\/\/pans.krosno.pl\/pracownicy\/","logo":{"@type":"ImageObject","inLanguage":"pl-PL","@id":"https:\/\/pans.krosno.pl\/pracownicy\/#\/schema\/logo\/image\/","url":"https:\/\/pans.krosno.pl\/pracownicy\/wp-content\/uploads\/sites\/41\/2023\/01\/Logo-PANS-2022-pelne.png","contentUrl":"https:\/\/pans.krosno.pl\/pracownicy\/wp-content\/uploads\/sites\/41\/2023\/01\/Logo-PANS-2022-pelne.png","width":3096,"height":696,"caption":"Pracownicy PANS w Kro\u015bnie"},"image":{"@id":"https:\/\/pans.krosno.pl\/pracownicy\/#\/schema\/logo\/image\/"}}]}},"_links":{"self":[{"href":"https:\/\/pans.krosno.pl\/pracownicy\/wp-json\/wp\/v2\/pages\/1529","targetHints":{"allow":["GET"]}}],"collection":[{"href":"https:\/\/pans.krosno.pl\/pracownicy\/wp-json\/wp\/v2\/pages"}],"about":[{"href":"https:\/\/pans.krosno.pl\/pracownicy\/wp-json\/wp\/v2\/types\/page"}],"author":[{"embeddable":true,"href":"https:\/\/pans.krosno.pl\/pracownicy\/wp-json\/wp\/v2\/users\/36"}],"replies":[{"embeddable":true,"href":"https:\/\/pans.krosno.pl\/pracownicy\/wp-json\/wp\/v2\/comments?post=1529"}],"version-history":[{"count":4,"href":"https:\/\/pans.krosno.pl\/pracownicy\/wp-json\/wp\/v2\/pages\/1529\/revisions"}],"predecessor-version":[{"id":7084,"href":"https:\/\/pans.krosno.pl\/pracownicy\/wp-json\/wp\/v2\/pages\/1529\/revisions\/7084"}],"up":[{"embeddable":true,"href":"https:\/\/pans.krosno.pl\/pracownicy\/wp-json\/wp\/v2\/pages\/1501"}],"wp:attachment":[{"href":"https:\/\/pans.krosno.pl\/pracownicy\/wp-json\/wp\/v2\/media?parent=1529"}],"curies":[{"name":"wp","href":"https:\/\/api.w.org\/{rel}","templated":true}]}}