{"id":1235,"date":"2020-04-02T14:22:15","date_gmt":"2020-04-02T12:22:15","guid":{"rendered":"https:\/\/pans.krosno.pl\/pracownicy\/?page_id=1235"},"modified":"2025-05-19T09:35:16","modified_gmt":"2025-05-19T07:35:16","slug":"dominik-wrobel-najwazniejsze-publikacje","status":"publish","type":"page","link":"https:\/\/pans.krosno.pl\/pracownicy\/dominik-wrobel\/dominik-wrobel-najwazniejsze-publikacje\/","title":{"rendered":"dr Dominik Wr\u00f3bel &#8211; Najwa\u017cniejsze publikacje"},"content":{"rendered":"<hr>\n<ol>\n<li>Wr\u00f3bel D. 2011. Las Nieg\u0142owicki. W: Roga\u0142a D., Marcela A. (red.) Obszary Natura 2000 na Podkarpaciu. Regionalna Dyrekcja Ochrony \u015arodowiska w Rzeszowie, Rzesz\u00f3w. ss. 182-184.<\/li>\n<li>Wr\u00f3bel D. 2011. \u0141\u0105ki nad M\u0142yn\u00f3wk\u0105. W: Roga\u0142a D., Marcela A. (red.) Obszary Natura 2000 na Podkarpaciu. Regionalna Dyrekcja Ochrony \u015arodowiska w Rzeszowie, Rzesz\u00f3w. ss. 200-203.<\/li>\n<li>Kuku\u0142a K., Wr\u00f3bel D., Bylak A. 2011. Wis\u0142oka z dop\u0142ywami. W: Roga\u0142a D., Marcela A. (red.) Obszary Natura 2000 na Podkarpaciu. Regionalna Dyrekcja Ochrony \u015arodowiska w Rzeszowie, Rzesz\u00f3w. ss. 326-331.<\/li>\n<li>Wr\u00f3bel D. 2013. Nowe stanowisko Rhododendron luteum (Ericaceae) w Kotlinie Sandomierskiej (po\u0142udniowo-wschodnia Polska). Fragmenta Floristica et Geobotanica Polonica, 20,1: 136-139.<\/li>\n<li>Wr\u00f3bel D. 2013. Equisetum \u00d7robertsii (E. arvense \u00d7 E. telmateia) (Equisetaceae) in Poland. Acta Botanica Silesiaca, 9: 57-66.<\/li>\n<li>Wr\u00f3bel D. 2013. Przegl\u0105d krajowych miesza\u0144c\u00f3w mi\u0119dzygatunkowych rodzaju Equisetum. Acta Botanica Silesiaca, 9: 67-74.<\/li>\n<li>Biela M., Kili\u0144ska M., Miko\u0142owicz P., Moska\u0142a P., Zalewski J., \u015alizewski B., Wo\u017aniak R., Alarc\u00f3n F.H., Budzianowska K., Biedro\u0144 I., Grela J., Piszczek M., Wr\u00f3bel D., Wybraniec K. 2014. Zastosowanie analizy wielokryterialnej do wyboru preferowanego wariantu ochrony przeciwpowodziowej w zlewni wykorzystywane w analizach planistycznych regionu wodnego g\u00f3rnej Wis\u0142y. Grupa robocza: ARUP, BCE, KV, MGGP. ss. 37. Krak\u00f3w.<\/li>\n<li>Wr\u00f3bel D. 2015. Zr\u00f3\u017cnicowanie fitocenotyczne wybranych gatunk\u00f3w inwazyjnych w dolinach rzecznych Karpat i Kotliny Sandomierskiej. Fragmenta Floristica et Geobotanica Polonica, 22,1: 47-63.<\/li>\n<li>R\u00f3\u017ca\u0144ski H. Wr\u00f3bel D. 2015. W\u0142a\u015bciwo\u015bci lecznicze wybranych ro\u015blin inwazyjnych doliny rzeki Lubat\u00f3wki. Streszczenia referat\u00f3w, II Mi\u0119dzynarodowa Konferencja Ro\u015bliny Zielarskie, Kosmetyczne i \u017bywno\u015b\u0107 Funkcjonalna, Krosno.<\/li>\n<li>Laskosz E., Piszczek M., Grela J., Wybraniec K., Bogda\u0144ska-Warmuz R., Biedro\u0144 I., Nykiel E., Wr\u00f3bel D. 2016. Metodyka oceny wp\u0142ywu na cele \u015brodowiskowe planowanych przedsi\u0119wzi\u0119\u0107 ochrony przed powodzi\u0105 na przyk\u0142adzie zlewni Raby. [W:] Walczykiewicz T. (red.) Problemy planowania w gospodarce wodnej i oceny stanu hydromorfologicznego rzek. IMGW PIB. ss. 145-170. Warszawa.<\/li>\n<li>Wr\u00f3bel D. 2017. Wyst\u0119powanie ro\u015blin inwazyjnych w obr\u0119bie budowli i powierzchni utwardzonych w dolinach rzecznych Karpat i Kotliny Sandomierskiej. Czasopismo In\u017cynierii L\u0105dowej, \u015arodowiska i Architektury. Oficyna Wydawnicza Politechniki Rzeszowskiej. Rzesz\u00f3w.<\/li>\n<li>Wr\u00f3bel D., R\u00f3\u017ca\u0144ski H. 2018. Galega officinalis L. rutwica lekarska (Fabaceae Lindl.) w Kotlinie Jasielsko-Kro\u015bnie\u0144skiej. Herbalism.<\/li>\n<li>Wr\u00f3bel D., R\u00f3\u017ca\u0144ski H. 2018. Pierwotne i wt\u00f3rne metabolity skrzyp\u00f3w Equisetum. Materia\u0142y pokonferencyjne V Konferencji Ro\u015bliny zielarskie, kosmetyki naturalne i \u017cywno\u015b\u0107 funkcjonalna. Nowe nadzieje fitoterapii.<\/li>\n<li>Wr\u00f3bel D. 2018. O krwawniku w pierwszym polskim przek\u0142adzie Mistrza i Ma\u0142gorzaty Michai\u0142a Bu\u0142hakowa. Studia Pigoniana, 1: 127-136.<\/li>\n<li>R\u00f3\u017ca\u0144ski H., Wr\u00f3bel D. 2019. Charakterystyka chemotaksonomiczna i w\u0142a\u015bciwo\u015bci farmakologiczne paprotnik\u00f3w (Pteridophyta). W: Bazylak G., R\u00f3\u017ca\u0144ski H. (red.) Ro\u015bliny zielarskie, kosmetyki naturalne i \u017cywno\u015b\u0107 funkcjonalna. Nowe nadzieje fitoterapii \u2013 monografia naukowa. Uniwersytet Przyrodniczy we Wroc\u0142awiu, Pa\u0144stwowa Wy\u017csza Szko\u0142a Zawodowa im. Stanis\u0142awa Pigonia w Kro\u015bnie, Wroc\u0142aw-Krosno. ss. 102-122.<\/li>\n<li>R\u00f3\u017ca\u0144ski H., Wr\u00f3bel D. 2019. Charakterystyka chemotaksonomiczna i w\u0142a\u015bciwo\u015bci farmakologiczne nagonasiennych stosowanych w medycynie.<\/li>\n<li>W: Bazylak G., R\u00f3\u017ca\u0144ski H. (red.) Ro\u015bliny zielarskie, kosmetyki naturalne i \u017cywno\u015b\u0107 funkcjonalna. Monografia naukowa VI konferencji: Ro\u015bliny zielarskie, kosmetyki naturalne i \u017cywno\u015b\u0107 funkcjonalna. Medycyna komplementarna w zapobieganiu i leczeniu chor\u00f3b cywilizacyjnych. Uniwersytet Przyrodniczy we Wroc\u0142awiu, Pa\u0144stwowa Wy\u017csza Szko\u0142a Zawodowa im. Stanis\u0142awa Pigonia w Kro\u015bnie, Wroc\u0142aw-Krosno. ss. 353-370.<br \/>\nWr\u00f3bel D. 2020. Skrzyp olbrzymi Equisetum telmateia Ehrh. Wybrane zagadnienia z biologii i ekologii gatunku.<\/li>\n<\/ol>\n<hr>\n<p>&nbsp;<\/p>\n","protected":false},"excerpt":{"rendered":"<p>Wr\u00f3bel D. 2011. Las Nieg\u0142owicki. W: Roga\u0142a D., Marcela A. (red.) Obszary Natura 2000 na Podkarpaciu. Regionalna Dyrekcja Ochrony \u015arodowiska w Rzeszowie, Rzesz\u00f3w. ss. 182-184. Wr\u00f3bel D. 2011. \u0141\u0105ki nad M\u0142yn\u00f3wk\u0105. W: Roga\u0142a D., Marcela A. (red.) Obszary Natura 2000 na Podkarpaciu. Regionalna Dyrekcja Ochrony \u015arodowiska w Rzeszowie, Rzesz\u00f3w. ss. [\u2026] <\/p>\n<div class=\"clear\"><\/div>\n<p><a class=\"more_link clearfix\" href=\"https:\/\/pans.krosno.pl\/pracownicy\/dominik-wrobel\/dominik-wrobel-najwazniejsze-publikacje\/\" rel=\"nofollow\">Read More<\/a><\/p>\n","protected":false},"author":36,"featured_media":0,"parent":1221,"menu_order":0,"comment_status":"closed","ping_status":"closed","template":"","meta":{"ngg_post_thumbnail":0,"footnotes":""},"class_list":["post-1235","page","type-page","status-publish","hentry"],"yoast_head":"<!-- This site is optimized with the Yoast SEO Premium plugin v27.4 (Yoast SEO v27.4) - https:\/\/yoast.com\/product\/yoast-seo-premium-wordpress\/ -->\n<title>dr Dominik Wr\u00f3bel - Najwa\u017cniejsze publikacje - Pracownicy PANS w Kro\u015bnie<\/title>\n<meta name=\"robots\" content=\"index, follow, max-snippet:-1, max-image-preview:large, max-video-preview:-1\" \/>\n<link rel=\"canonical\" href=\"https:\/\/pans.krosno.pl\/pracownicy\/dominik-wrobel\/dominik-wrobel-najwazniejsze-publikacje\/\" \/>\n<meta property=\"og:locale\" content=\"pl_PL\" \/>\n<meta property=\"og:type\" content=\"article\" \/>\n<meta property=\"og:title\" content=\"dr Dominik Wr\u00f3bel - Najwa\u017cniejsze publikacje\" \/>\n<meta property=\"og:description\" content=\"Wr\u00f3bel D. 2011. Las Nieg\u0142owicki. W: Roga\u0142a D., Marcela A. (red.) Obszary Natura 2000 na Podkarpaciu. Regionalna Dyrekcja Ochrony \u015arodowiska w Rzeszowie, Rzesz\u00f3w. ss. 182-184. Wr\u00f3bel D. 2011. \u0141\u0105ki nad M\u0142yn\u00f3wk\u0105. W: Roga\u0142a D., Marcela A. (red.) Obszary Natura 2000 na Podkarpaciu. Regionalna Dyrekcja Ochrony \u015arodowiska w Rzeszowie, Rzesz\u00f3w. ss. [\u2026] Read More\" \/>\n<meta property=\"og:url\" content=\"https:\/\/pans.krosno.pl\/pracownicy\/dominik-wrobel\/dominik-wrobel-najwazniejsze-publikacje\/\" \/>\n<meta property=\"og:site_name\" content=\"Pracownicy PANS w Kro\u015bnie\" \/>\n<meta property=\"article:modified_time\" content=\"2025-05-19T07:35:16+00:00\" \/>\n<meta name=\"twitter:card\" content=\"summary_large_image\" \/>\n<meta name=\"twitter:label1\" content=\"Szacowany czas czytania\" \/>\n\t<meta name=\"twitter:data1\" content=\"4 minuty\" \/>\n<script type=\"application\/ld+json\" class=\"yoast-schema-graph\">{\"@context\":\"https:\\\/\\\/schema.org\",\"@graph\":[{\"@type\":\"WebPage\",\"@id\":\"https:\\\/\\\/pans.krosno.pl\\\/pracownicy\\\/dominik-wrobel\\\/dominik-wrobel-najwazniejsze-publikacje\\\/\",\"url\":\"https:\\\/\\\/pans.krosno.pl\\\/pracownicy\\\/dominik-wrobel\\\/dominik-wrobel-najwazniejsze-publikacje\\\/\",\"name\":\"dr Dominik Wr\u00f3bel - Najwa\u017cniejsze publikacje - Pracownicy PANS w Kro\u015bnie\",\"isPartOf\":{\"@id\":\"https:\\\/\\\/pans.krosno.pl\\\/pracownicy\\\/#website\"},\"datePublished\":\"2020-04-02T12:22:15+00:00\",\"dateModified\":\"2025-05-19T07:35:16+00:00\",\"breadcrumb\":{\"@id\":\"https:\\\/\\\/pans.krosno.pl\\\/pracownicy\\\/dominik-wrobel\\\/dominik-wrobel-najwazniejsze-publikacje\\\/#breadcrumb\"},\"inLanguage\":\"pl-PL\",\"potentialAction\":[{\"@type\":\"ReadAction\",\"target\":[\"https:\\\/\\\/pans.krosno.pl\\\/pracownicy\\\/dominik-wrobel\\\/dominik-wrobel-najwazniejsze-publikacje\\\/\"]}]},{\"@type\":\"BreadcrumbList\",\"@id\":\"https:\\\/\\\/pans.krosno.pl\\\/pracownicy\\\/dominik-wrobel\\\/dominik-wrobel-najwazniejsze-publikacje\\\/#breadcrumb\",\"itemListElement\":[{\"@type\":\"ListItem\",\"position\":1,\"name\":\"Strona g\u0142\u00f3wna\",\"item\":\"https:\\\/\\\/pans.krosno.pl\\\/pracownicy\\\/\"},{\"@type\":\"ListItem\",\"position\":2,\"name\":\"dr Dominik Wr\u00f3bel\",\"item\":\"https:\\\/\\\/pans.krosno.pl\\\/pracownicy\\\/dominik-wrobel\\\/\"},{\"@type\":\"ListItem\",\"position\":3,\"name\":\"dr Dominik Wr\u00f3bel &#8211; Najwa\u017cniejsze publikacje\"}]},{\"@type\":\"WebSite\",\"@id\":\"https:\\\/\\\/pans.krosno.pl\\\/pracownicy\\\/#website\",\"url\":\"https:\\\/\\\/pans.krosno.pl\\\/pracownicy\\\/\",\"name\":\"Pracownicy PANS w Kro\u015bnie\",\"description\":\"Pracownicy - Pa\u0144stwowa Akademia Nauk Stosowanych\",\"publisher\":{\"@id\":\"https:\\\/\\\/pans.krosno.pl\\\/pracownicy\\\/#organization\"},\"potentialAction\":[{\"@type\":\"SearchAction\",\"target\":{\"@type\":\"EntryPoint\",\"urlTemplate\":\"https:\\\/\\\/pans.krosno.pl\\\/pracownicy\\\/?s={search_term_string}\"},\"query-input\":{\"@type\":\"PropertyValueSpecification\",\"valueRequired\":true,\"valueName\":\"search_term_string\"}}],\"inLanguage\":\"pl-PL\"},{\"@type\":\"Organization\",\"@id\":\"https:\\\/\\\/pans.krosno.pl\\\/pracownicy\\\/#organization\",\"name\":\"Pracownicy PANS w Kro\u015bnie\",\"url\":\"https:\\\/\\\/pans.krosno.pl\\\/pracownicy\\\/\",\"logo\":{\"@type\":\"ImageObject\",\"inLanguage\":\"pl-PL\",\"@id\":\"https:\\\/\\\/pans.krosno.pl\\\/pracownicy\\\/#\\\/schema\\\/logo\\\/image\\\/\",\"url\":\"https:\\\/\\\/pans.krosno.pl\\\/pracownicy\\\/wp-content\\\/uploads\\\/sites\\\/41\\\/2023\\\/01\\\/Logo-PANS-2022-pelne.png\",\"contentUrl\":\"https:\\\/\\\/pans.krosno.pl\\\/pracownicy\\\/wp-content\\\/uploads\\\/sites\\\/41\\\/2023\\\/01\\\/Logo-PANS-2022-pelne.png\",\"width\":3096,\"height\":696,\"caption\":\"Pracownicy PANS w Kro\u015bnie\"},\"image\":{\"@id\":\"https:\\\/\\\/pans.krosno.pl\\\/pracownicy\\\/#\\\/schema\\\/logo\\\/image\\\/\"}}]}<\/script>\n<!-- \/ Yoast SEO Premium plugin. -->","yoast_head_json":{"title":"dr Dominik Wr\u00f3bel - Najwa\u017cniejsze publikacje - Pracownicy PANS w Kro\u015bnie","robots":{"index":"index","follow":"follow","max-snippet":"max-snippet:-1","max-image-preview":"max-image-preview:large","max-video-preview":"max-video-preview:-1"},"canonical":"https:\/\/pans.krosno.pl\/pracownicy\/dominik-wrobel\/dominik-wrobel-najwazniejsze-publikacje\/","og_locale":"pl_PL","og_type":"article","og_title":"dr Dominik Wr\u00f3bel - Najwa\u017cniejsze publikacje","og_description":"Wr\u00f3bel D. 2011. Las Nieg\u0142owicki. W: Roga\u0142a D., Marcela A. (red.) Obszary Natura 2000 na Podkarpaciu. Regionalna Dyrekcja Ochrony \u015arodowiska w Rzeszowie, Rzesz\u00f3w. ss. 182-184. Wr\u00f3bel D. 2011. \u0141\u0105ki nad M\u0142yn\u00f3wk\u0105. W: Roga\u0142a D., Marcela A. (red.) Obszary Natura 2000 na Podkarpaciu. Regionalna Dyrekcja Ochrony \u015arodowiska w Rzeszowie, Rzesz\u00f3w. ss. [\u2026] Read More","og_url":"https:\/\/pans.krosno.pl\/pracownicy\/dominik-wrobel\/dominik-wrobel-najwazniejsze-publikacje\/","og_site_name":"Pracownicy PANS w Kro\u015bnie","article_modified_time":"2025-05-19T07:35:16+00:00","twitter_card":"summary_large_image","twitter_misc":{"Szacowany czas czytania":"4 minuty"},"schema":{"@context":"https:\/\/schema.org","@graph":[{"@type":"WebPage","@id":"https:\/\/pans.krosno.pl\/pracownicy\/dominik-wrobel\/dominik-wrobel-najwazniejsze-publikacje\/","url":"https:\/\/pans.krosno.pl\/pracownicy\/dominik-wrobel\/dominik-wrobel-najwazniejsze-publikacje\/","name":"dr Dominik Wr\u00f3bel - Najwa\u017cniejsze publikacje - Pracownicy PANS w Kro\u015bnie","isPartOf":{"@id":"https:\/\/pans.krosno.pl\/pracownicy\/#website"},"datePublished":"2020-04-02T12:22:15+00:00","dateModified":"2025-05-19T07:35:16+00:00","breadcrumb":{"@id":"https:\/\/pans.krosno.pl\/pracownicy\/dominik-wrobel\/dominik-wrobel-najwazniejsze-publikacje\/#breadcrumb"},"inLanguage":"pl-PL","potentialAction":[{"@type":"ReadAction","target":["https:\/\/pans.krosno.pl\/pracownicy\/dominik-wrobel\/dominik-wrobel-najwazniejsze-publikacje\/"]}]},{"@type":"BreadcrumbList","@id":"https:\/\/pans.krosno.pl\/pracownicy\/dominik-wrobel\/dominik-wrobel-najwazniejsze-publikacje\/#breadcrumb","itemListElement":[{"@type":"ListItem","position":1,"name":"Strona g\u0142\u00f3wna","item":"https:\/\/pans.krosno.pl\/pracownicy\/"},{"@type":"ListItem","position":2,"name":"dr Dominik Wr\u00f3bel","item":"https:\/\/pans.krosno.pl\/pracownicy\/dominik-wrobel\/"},{"@type":"ListItem","position":3,"name":"dr Dominik Wr\u00f3bel &#8211; Najwa\u017cniejsze publikacje"}]},{"@type":"WebSite","@id":"https:\/\/pans.krosno.pl\/pracownicy\/#website","url":"https:\/\/pans.krosno.pl\/pracownicy\/","name":"Pracownicy PANS w Kro\u015bnie","description":"Pracownicy - Pa\u0144stwowa Akademia Nauk Stosowanych","publisher":{"@id":"https:\/\/pans.krosno.pl\/pracownicy\/#organization"},"potentialAction":[{"@type":"SearchAction","target":{"@type":"EntryPoint","urlTemplate":"https:\/\/pans.krosno.pl\/pracownicy\/?s={search_term_string}"},"query-input":{"@type":"PropertyValueSpecification","valueRequired":true,"valueName":"search_term_string"}}],"inLanguage":"pl-PL"},{"@type":"Organization","@id":"https:\/\/pans.krosno.pl\/pracownicy\/#organization","name":"Pracownicy PANS w Kro\u015bnie","url":"https:\/\/pans.krosno.pl\/pracownicy\/","logo":{"@type":"ImageObject","inLanguage":"pl-PL","@id":"https:\/\/pans.krosno.pl\/pracownicy\/#\/schema\/logo\/image\/","url":"https:\/\/pans.krosno.pl\/pracownicy\/wp-content\/uploads\/sites\/41\/2023\/01\/Logo-PANS-2022-pelne.png","contentUrl":"https:\/\/pans.krosno.pl\/pracownicy\/wp-content\/uploads\/sites\/41\/2023\/01\/Logo-PANS-2022-pelne.png","width":3096,"height":696,"caption":"Pracownicy PANS w Kro\u015bnie"},"image":{"@id":"https:\/\/pans.krosno.pl\/pracownicy\/#\/schema\/logo\/image\/"}}]}},"_links":{"self":[{"href":"https:\/\/pans.krosno.pl\/pracownicy\/wp-json\/wp\/v2\/pages\/1235","targetHints":{"allow":["GET"]}}],"collection":[{"href":"https:\/\/pans.krosno.pl\/pracownicy\/wp-json\/wp\/v2\/pages"}],"about":[{"href":"https:\/\/pans.krosno.pl\/pracownicy\/wp-json\/wp\/v2\/types\/page"}],"author":[{"embeddable":true,"href":"https:\/\/pans.krosno.pl\/pracownicy\/wp-json\/wp\/v2\/users\/36"}],"replies":[{"embeddable":true,"href":"https:\/\/pans.krosno.pl\/pracownicy\/wp-json\/wp\/v2\/comments?post=1235"}],"version-history":[{"count":5,"href":"https:\/\/pans.krosno.pl\/pracownicy\/wp-json\/wp\/v2\/pages\/1235\/revisions"}],"predecessor-version":[{"id":8282,"href":"https:\/\/pans.krosno.pl\/pracownicy\/wp-json\/wp\/v2\/pages\/1235\/revisions\/8282"}],"up":[{"embeddable":true,"href":"https:\/\/pans.krosno.pl\/pracownicy\/wp-json\/wp\/v2\/pages\/1221"}],"wp:attachment":[{"href":"https:\/\/pans.krosno.pl\/pracownicy\/wp-json\/wp\/v2\/media?parent=1235"}],"curies":[{"name":"wp","href":"https:\/\/api.w.org\/{rel}","templated":true}]}}