{"id":11679,"date":"2026-05-04T15:36:17","date_gmt":"2026-05-04T13:36:17","guid":{"rendered":"https:\/\/pans.krosno.pl\/pracownicy\/?page_id=11679"},"modified":"2026-05-04T15:38:11","modified_gmt":"2026-05-04T13:38:11","slug":"tomasz-korbiel-najwazniejsze-publikacje","status":"publish","type":"page","link":"https:\/\/pans.krosno.pl\/pracownicy\/tomasz-korbiel\/tomasz-korbiel-najwazniejsze-publikacje\/","title":{"rendered":"dr hab. in\u017c. Tomasz Korbiel \u2013 Najwa\u017cniejsze publikacje"},"content":{"rendered":"\n<p>Autor i wsp\u00f3\u0142autor kilkudziesi\u0119ciu publikacji naukowych z zakresu diagnostyki technicznej, wibroakustyki oraz analizy sygna\u0142\u00f3w dynamicznych w systemach mechanicznych. Jego prace koncentruj\u0105 si\u0119 na opracowywaniu i implementacji metod monitorowania stanu technicznego maszyn, identyfikacji parametr\u00f3w dynamicznych oraz wykorzystaniu nowoczesnych narz\u0119dzi przetwarzania sygna\u0142\u00f3w w zastosowaniach in\u017cynierskich.<\/p>\n\n\n\n<p>Dorobek obejmuje artyku\u0142y publikowane w czasopismach krajowych i mi\u0119dzynarodowych, prace konferencyjne oraz monografi\u0119 habilitacyjn\u0105 pt. <em>\u201eWybrane zagadnienia budowy system\u00f3w monitoruj\u0105cych w in\u017cynierii mechanicznej\u201d<\/em>. Publikacje maj\u0105 charakter zar\u00f3wno metodologiczny, jak i aplikacyjny \u2013 \u0142\u0105cz\u0105 teori\u0119 drga\u0144 i wibroakustyki z praktyk\u0105 przemys\u0142ow\u0105.<\/p>\n\n\n\n<p>W badaniach szczeg\u00f3lny nacisk k\u0142adzie na:<\/p>\n\n\n\n<ul class=\"wp-block-list\">\n<li>rozw\u00f3j system\u00f3w monitorowania i diagnostyki maszyn,<\/li>\n\n\n\n<li>analiz\u0119 drga\u0144 i sygna\u0142\u00f3w niestacjonarnych,<\/li>\n\n\n\n<li>modelowanie dynamiczne uk\u0142ad\u00f3w mechanicznych,<\/li>\n\n\n\n<li>eksperymentalne metody identyfikacji parametr\u00f3w,<\/li>\n\n\n\n<li>integracj\u0119 system\u00f3w pomiarowych z rozwi\u0105zaniami cyfrowymi i IoT.<\/li>\n<\/ul>\n\n\n\n<p>Dorobek cytowany w literaturze krajowej i zagranicznej; szczeg\u00f3\u0142y dost\u0119pne w profilach naukowych:<\/p>\n\n\n\n<ul class=\"wp-block-list\">\n<li><strong>Google Scholar <\/strong><a href=\"https:\/\/scholar.google.com\/citations?user=EQn2F4K_CVgC\"><strong>https:\/\/scholar.google.com\/citations?user=EQn2F4K_CVgC<\/strong><\/a><\/li>\n\n\n\n<li><strong>ORCID:<\/strong> 0000-0003-0783-6348\u00a0 <a href=\"https:\/\/orcid.org\/0000-0003-0783-6348\">https:\/\/orcid.org\/0000-0003-0783-6348<\/a><\/li>\n\n\n\n<li><strong>Polska Bibliografia Naukowa (PBN)<\/strong><\/li>\n\n\n\n<li><strong>Portal Ludzie Nauki (POL-on)]<\/strong><\/li>\n\n\n\n<li><strong>BaDa <\/strong><a href=\"https:\/\/badap.agh.edu.pl\/autor\/korbiel-tomasz-003918\"><strong>https:\/\/badap.agh.edu.pl\/autor\/korbiel-tomasz-003918<\/strong><\/a><\/li>\n<\/ul>\n","protected":false},"excerpt":{"rendered":"<p>Autor i wsp\u00f3\u0142autor kilkudziesi\u0119ciu publikacji naukowych z zakresu diagnostyki technicznej, wibroakustyki oraz analizy sygna\u0142\u00f3w dynamicznych w systemach mechanicznych. Jego prace koncentruj\u0105 si\u0119 na opracowywaniu i implementacji metod monitorowania stanu technicznego maszyn, identyfikacji parametr\u00f3w dynamicznych oraz wykorzystaniu nowoczesnych narz\u0119dzi przetwarzania sygna\u0142\u00f3w w zastosowaniach in\u017cynierskich. Dorobek obejmuje artyku\u0142y publikowane w czasopismach krajowych [\u2026] <\/p>\n<div class=\"clear\"><\/div>\n<p><a class=\"more_link clearfix\" href=\"https:\/\/pans.krosno.pl\/pracownicy\/tomasz-korbiel\/tomasz-korbiel-najwazniejsze-publikacje\/\" rel=\"nofollow\">Read More<\/a><\/p>\n","protected":false},"author":27,"featured_media":0,"parent":11672,"menu_order":0,"comment_status":"closed","ping_status":"closed","template":"","meta":{"ngg_post_thumbnail":0,"footnotes":""},"class_list":["post-11679","page","type-page","status-publish","hentry"],"yoast_head":"<!-- This site is optimized with the Yoast SEO Premium plugin v27.4 (Yoast SEO v27.4) - https:\/\/yoast.com\/product\/yoast-seo-premium-wordpress\/ -->\n<title>dr hab. in\u017c. Tomasz Korbiel \u2013 Najwa\u017cniejsze publikacje - Pracownicy PANS w Kro\u015bnie<\/title>\n<meta name=\"robots\" content=\"index, follow, max-snippet:-1, max-image-preview:large, max-video-preview:-1\" \/>\n<link rel=\"canonical\" href=\"https:\/\/pans.krosno.pl\/pracownicy\/tomasz-korbiel\/tomasz-korbiel-najwazniejsze-publikacje\/\" \/>\n<meta property=\"og:locale\" content=\"pl_PL\" \/>\n<meta property=\"og:type\" content=\"article\" \/>\n<meta property=\"og:title\" content=\"dr hab. in\u017c. Tomasz Korbiel \u2013 Najwa\u017cniejsze publikacje\" \/>\n<meta property=\"og:description\" content=\"Autor i wsp\u00f3\u0142autor kilkudziesi\u0119ciu publikacji naukowych z zakresu diagnostyki technicznej, wibroakustyki oraz analizy sygna\u0142\u00f3w dynamicznych w systemach mechanicznych. Jego prace koncentruj\u0105 si\u0119 na opracowywaniu i implementacji metod monitorowania stanu technicznego maszyn, identyfikacji parametr\u00f3w dynamicznych oraz wykorzystaniu nowoczesnych narz\u0119dzi przetwarzania sygna\u0142\u00f3w w zastosowaniach in\u017cynierskich. Dorobek obejmuje artyku\u0142y publikowane w czasopismach krajowych [\u2026] Read More\" \/>\n<meta property=\"og:url\" content=\"https:\/\/pans.krosno.pl\/pracownicy\/tomasz-korbiel\/tomasz-korbiel-najwazniejsze-publikacje\/\" \/>\n<meta property=\"og:site_name\" content=\"Pracownicy PANS w Kro\u015bnie\" \/>\n<meta property=\"article:modified_time\" content=\"2026-05-04T13:38:11+00:00\" \/>\n<meta name=\"twitter:card\" content=\"summary_large_image\" \/>\n<meta name=\"twitter:label1\" content=\"Szacowany czas czytania\" \/>\n\t<meta name=\"twitter:data1\" content=\"1 minuta\" \/>\n<script type=\"application\/ld+json\" class=\"yoast-schema-graph\">{\"@context\":\"https:\\\/\\\/schema.org\",\"@graph\":[{\"@type\":\"WebPage\",\"@id\":\"https:\\\/\\\/pans.krosno.pl\\\/pracownicy\\\/tomasz-korbiel\\\/tomasz-korbiel-najwazniejsze-publikacje\\\/\",\"url\":\"https:\\\/\\\/pans.krosno.pl\\\/pracownicy\\\/tomasz-korbiel\\\/tomasz-korbiel-najwazniejsze-publikacje\\\/\",\"name\":\"dr hab. in\u017c. Tomasz Korbiel \u2013 Najwa\u017cniejsze publikacje - Pracownicy PANS w Kro\u015bnie\",\"isPartOf\":{\"@id\":\"https:\\\/\\\/pans.krosno.pl\\\/pracownicy\\\/#website\"},\"datePublished\":\"2026-05-04T13:36:17+00:00\",\"dateModified\":\"2026-05-04T13:38:11+00:00\",\"breadcrumb\":{\"@id\":\"https:\\\/\\\/pans.krosno.pl\\\/pracownicy\\\/tomasz-korbiel\\\/tomasz-korbiel-najwazniejsze-publikacje\\\/#breadcrumb\"},\"inLanguage\":\"pl-PL\",\"potentialAction\":[{\"@type\":\"ReadAction\",\"target\":[\"https:\\\/\\\/pans.krosno.pl\\\/pracownicy\\\/tomasz-korbiel\\\/tomasz-korbiel-najwazniejsze-publikacje\\\/\"]}]},{\"@type\":\"BreadcrumbList\",\"@id\":\"https:\\\/\\\/pans.krosno.pl\\\/pracownicy\\\/tomasz-korbiel\\\/tomasz-korbiel-najwazniejsze-publikacje\\\/#breadcrumb\",\"itemListElement\":[{\"@type\":\"ListItem\",\"position\":1,\"name\":\"Strona g\u0142\u00f3wna\",\"item\":\"https:\\\/\\\/pans.krosno.pl\\\/pracownicy\\\/\"},{\"@type\":\"ListItem\",\"position\":2,\"name\":\"dr hab. in\u017c. Tomasz Korbiel, prof. PANS\",\"item\":\"https:\\\/\\\/pans.krosno.pl\\\/pracownicy\\\/tomasz-korbiel\\\/\"},{\"@type\":\"ListItem\",\"position\":3,\"name\":\"dr hab. in\u017c. Tomasz Korbiel \u2013 Najwa\u017cniejsze publikacje\"}]},{\"@type\":\"WebSite\",\"@id\":\"https:\\\/\\\/pans.krosno.pl\\\/pracownicy\\\/#website\",\"url\":\"https:\\\/\\\/pans.krosno.pl\\\/pracownicy\\\/\",\"name\":\"Pracownicy PANS w Kro\u015bnie\",\"description\":\"Pracownicy - Pa\u0144stwowa Akademia Nauk Stosowanych\",\"publisher\":{\"@id\":\"https:\\\/\\\/pans.krosno.pl\\\/pracownicy\\\/#organization\"},\"potentialAction\":[{\"@type\":\"SearchAction\",\"target\":{\"@type\":\"EntryPoint\",\"urlTemplate\":\"https:\\\/\\\/pans.krosno.pl\\\/pracownicy\\\/?s={search_term_string}\"},\"query-input\":{\"@type\":\"PropertyValueSpecification\",\"valueRequired\":true,\"valueName\":\"search_term_string\"}}],\"inLanguage\":\"pl-PL\"},{\"@type\":\"Organization\",\"@id\":\"https:\\\/\\\/pans.krosno.pl\\\/pracownicy\\\/#organization\",\"name\":\"Pracownicy PANS w Kro\u015bnie\",\"url\":\"https:\\\/\\\/pans.krosno.pl\\\/pracownicy\\\/\",\"logo\":{\"@type\":\"ImageObject\",\"inLanguage\":\"pl-PL\",\"@id\":\"https:\\\/\\\/pans.krosno.pl\\\/pracownicy\\\/#\\\/schema\\\/logo\\\/image\\\/\",\"url\":\"https:\\\/\\\/pans.krosno.pl\\\/pracownicy\\\/wp-content\\\/uploads\\\/sites\\\/41\\\/2023\\\/01\\\/Logo-PANS-2022-pelne.png\",\"contentUrl\":\"https:\\\/\\\/pans.krosno.pl\\\/pracownicy\\\/wp-content\\\/uploads\\\/sites\\\/41\\\/2023\\\/01\\\/Logo-PANS-2022-pelne.png\",\"width\":3096,\"height\":696,\"caption\":\"Pracownicy PANS w Kro\u015bnie\"},\"image\":{\"@id\":\"https:\\\/\\\/pans.krosno.pl\\\/pracownicy\\\/#\\\/schema\\\/logo\\\/image\\\/\"}}]}<\/script>\n<!-- \/ Yoast SEO Premium plugin. -->","yoast_head_json":{"title":"dr hab. in\u017c. Tomasz Korbiel \u2013 Najwa\u017cniejsze publikacje - Pracownicy PANS w Kro\u015bnie","robots":{"index":"index","follow":"follow","max-snippet":"max-snippet:-1","max-image-preview":"max-image-preview:large","max-video-preview":"max-video-preview:-1"},"canonical":"https:\/\/pans.krosno.pl\/pracownicy\/tomasz-korbiel\/tomasz-korbiel-najwazniejsze-publikacje\/","og_locale":"pl_PL","og_type":"article","og_title":"dr hab. in\u017c. Tomasz Korbiel \u2013 Najwa\u017cniejsze publikacje","og_description":"Autor i wsp\u00f3\u0142autor kilkudziesi\u0119ciu publikacji naukowych z zakresu diagnostyki technicznej, wibroakustyki oraz analizy sygna\u0142\u00f3w dynamicznych w systemach mechanicznych. Jego prace koncentruj\u0105 si\u0119 na opracowywaniu i implementacji metod monitorowania stanu technicznego maszyn, identyfikacji parametr\u00f3w dynamicznych oraz wykorzystaniu nowoczesnych narz\u0119dzi przetwarzania sygna\u0142\u00f3w w zastosowaniach in\u017cynierskich. Dorobek obejmuje artyku\u0142y publikowane w czasopismach krajowych [\u2026] Read More","og_url":"https:\/\/pans.krosno.pl\/pracownicy\/tomasz-korbiel\/tomasz-korbiel-najwazniejsze-publikacje\/","og_site_name":"Pracownicy PANS w Kro\u015bnie","article_modified_time":"2026-05-04T13:38:11+00:00","twitter_card":"summary_large_image","twitter_misc":{"Szacowany czas czytania":"1 minuta"},"schema":{"@context":"https:\/\/schema.org","@graph":[{"@type":"WebPage","@id":"https:\/\/pans.krosno.pl\/pracownicy\/tomasz-korbiel\/tomasz-korbiel-najwazniejsze-publikacje\/","url":"https:\/\/pans.krosno.pl\/pracownicy\/tomasz-korbiel\/tomasz-korbiel-najwazniejsze-publikacje\/","name":"dr hab. in\u017c. Tomasz Korbiel \u2013 Najwa\u017cniejsze publikacje - Pracownicy PANS w Kro\u015bnie","isPartOf":{"@id":"https:\/\/pans.krosno.pl\/pracownicy\/#website"},"datePublished":"2026-05-04T13:36:17+00:00","dateModified":"2026-05-04T13:38:11+00:00","breadcrumb":{"@id":"https:\/\/pans.krosno.pl\/pracownicy\/tomasz-korbiel\/tomasz-korbiel-najwazniejsze-publikacje\/#breadcrumb"},"inLanguage":"pl-PL","potentialAction":[{"@type":"ReadAction","target":["https:\/\/pans.krosno.pl\/pracownicy\/tomasz-korbiel\/tomasz-korbiel-najwazniejsze-publikacje\/"]}]},{"@type":"BreadcrumbList","@id":"https:\/\/pans.krosno.pl\/pracownicy\/tomasz-korbiel\/tomasz-korbiel-najwazniejsze-publikacje\/#breadcrumb","itemListElement":[{"@type":"ListItem","position":1,"name":"Strona g\u0142\u00f3wna","item":"https:\/\/pans.krosno.pl\/pracownicy\/"},{"@type":"ListItem","position":2,"name":"dr hab. in\u017c. Tomasz Korbiel, prof. PANS","item":"https:\/\/pans.krosno.pl\/pracownicy\/tomasz-korbiel\/"},{"@type":"ListItem","position":3,"name":"dr hab. in\u017c. Tomasz Korbiel \u2013 Najwa\u017cniejsze publikacje"}]},{"@type":"WebSite","@id":"https:\/\/pans.krosno.pl\/pracownicy\/#website","url":"https:\/\/pans.krosno.pl\/pracownicy\/","name":"Pracownicy PANS w Kro\u015bnie","description":"Pracownicy - Pa\u0144stwowa Akademia Nauk Stosowanych","publisher":{"@id":"https:\/\/pans.krosno.pl\/pracownicy\/#organization"},"potentialAction":[{"@type":"SearchAction","target":{"@type":"EntryPoint","urlTemplate":"https:\/\/pans.krosno.pl\/pracownicy\/?s={search_term_string}"},"query-input":{"@type":"PropertyValueSpecification","valueRequired":true,"valueName":"search_term_string"}}],"inLanguage":"pl-PL"},{"@type":"Organization","@id":"https:\/\/pans.krosno.pl\/pracownicy\/#organization","name":"Pracownicy PANS w Kro\u015bnie","url":"https:\/\/pans.krosno.pl\/pracownicy\/","logo":{"@type":"ImageObject","inLanguage":"pl-PL","@id":"https:\/\/pans.krosno.pl\/pracownicy\/#\/schema\/logo\/image\/","url":"https:\/\/pans.krosno.pl\/pracownicy\/wp-content\/uploads\/sites\/41\/2023\/01\/Logo-PANS-2022-pelne.png","contentUrl":"https:\/\/pans.krosno.pl\/pracownicy\/wp-content\/uploads\/sites\/41\/2023\/01\/Logo-PANS-2022-pelne.png","width":3096,"height":696,"caption":"Pracownicy PANS w Kro\u015bnie"},"image":{"@id":"https:\/\/pans.krosno.pl\/pracownicy\/#\/schema\/logo\/image\/"}}]}},"_links":{"self":[{"href":"https:\/\/pans.krosno.pl\/pracownicy\/wp-json\/wp\/v2\/pages\/11679","targetHints":{"allow":["GET"]}}],"collection":[{"href":"https:\/\/pans.krosno.pl\/pracownicy\/wp-json\/wp\/v2\/pages"}],"about":[{"href":"https:\/\/pans.krosno.pl\/pracownicy\/wp-json\/wp\/v2\/types\/page"}],"author":[{"embeddable":true,"href":"https:\/\/pans.krosno.pl\/pracownicy\/wp-json\/wp\/v2\/users\/27"}],"replies":[{"embeddable":true,"href":"https:\/\/pans.krosno.pl\/pracownicy\/wp-json\/wp\/v2\/comments?post=11679"}],"version-history":[{"count":1,"href":"https:\/\/pans.krosno.pl\/pracownicy\/wp-json\/wp\/v2\/pages\/11679\/revisions"}],"predecessor-version":[{"id":11680,"href":"https:\/\/pans.krosno.pl\/pracownicy\/wp-json\/wp\/v2\/pages\/11679\/revisions\/11680"}],"up":[{"embeddable":true,"href":"https:\/\/pans.krosno.pl\/pracownicy\/wp-json\/wp\/v2\/pages\/11672"}],"wp:attachment":[{"href":"https:\/\/pans.krosno.pl\/pracownicy\/wp-json\/wp\/v2\/media?parent=11679"}],"curies":[{"name":"wp","href":"https:\/\/api.w.org\/{rel}","templated":true}]}}