{"id":11273,"date":"2025-05-27T10:36:59","date_gmt":"2025-05-27T08:36:59","guid":{"rendered":"https:\/\/pans.krosno.pl\/pracownicy\/?page_id=11273"},"modified":"2025-05-27T10:40:32","modified_gmt":"2025-05-27T08:40:32","slug":"malgorzata-marc-doswiadczenie-pozauczelniane","status":"publish","type":"page","link":"https:\/\/pans.krosno.pl\/pracownicy\/malgorzata-marc-mgr-pielegniarstwa-pielegniarka-psychoterapeuta\/malgorzata-marc-doswiadczenie-pozauczelniane\/","title":{"rendered":"Dr n.med. Ma\u0142gorzata Mar\u0107 &#8211; Do\u015bwiadczenie\u00a0pozauczelniane"},"content":{"rendered":"\n<hr class=\"wp-block-separator has-alpha-channel-opacity\" \/>\n\n\n\n<ul class=\"wp-block-list\">\n<li>1988 \u20131990 \u2013 piel\u0119gniarka,\u00a0 Oddzia\u0142 Dzieci\u0119cy, Szpital Rejonowy w D\u0119bicy<\/li>\n\n\n\n<li>2017 \u2013 2021 \u00a0&#8211; m\u0142odszy asystent, II Klinika Pediatrii, Endokrynologii i Diabetologii Dzieci\u0119cej\u00a0w Klinicznym Szpitalu Wojew\u00f3dzkim Nr 2 im. \u015aw. Jadwigi Kr\u00f3lowej w Rzeszowie<\/li>\n<\/ul>\n\n\n\n<p><strong>Wykszta\u0142cenie<\/strong><\/p>\n\n\n\n<ul class=\"wp-block-list\">\n<li>Wydzia\u0142 Piel\u0119gniarski, Akademia Medyczna w Lublinie(obecnie Uniwersytet Medyczny) (1990 \u2013 1994)<\/li>\n\n\n\n<li>1993-1995 \u2013Studium \u017bycia Rodzinnego, Lublin<\/li>\n\n\n\n<li>2020-2024 &#8211; Podyplomowe czteroletnie szkolenie w oddzia\u0142ywa\u0144 psychoterapeutycznych \u2013 Katedra Psychoterapii , Uniwersytet Jagiello\u0144ski, Krak\u00f3w<\/li>\n<\/ul>\n\n\n\n<p><strong>Specjalizacje, kursy (wybrane)<\/strong><\/p>\n\n\n\n<ul class=\"wp-block-list\">\n<li>specjalizacja I stopnia w dziedzinie medycyny spo\u0142ecznej &#8211; 1998<\/li>\n\n\n\n<li><strong>\u00a0<\/strong>specjalizacja \u00a0w dziedzinie zdrowia publicznego \u2013 2008<\/li>\n\n\n\n<li>kurs specjalistyczny: Resuscytacja kr\u0105\u017ceniowo-oddechowa \u2013 2016<\/li>\n\n\n\n<li>kurs specjalistyczny: Wykonanie i interpretacja zapisu elektrokardiograficznego dla piel\u0119gniarek i po\u0142o\u017cnych, -2016<\/li>\n\n\n\n<li>kurs specjalistyczny: Edukator w cukrzycy \u2013 2017<\/li>\n\n\n\n<li>zgrupowanie treningowe w zakresie psychoterapii grupowej &#8211; 2021<\/li>\n\n\n\n<li>kurs doskonal\u0105cy\u00a0 w zakresie psychoterapii grupowej &#8211; 2023<\/li>\n<\/ul>\n","protected":false},"excerpt":{"rendered":"<p>Wykszta\u0142cenie Specjalizacje, kursy (wybrane)<\/p>\n","protected":false},"author":113,"featured_media":0,"parent":11265,"menu_order":0,"comment_status":"closed","ping_status":"closed","template":"","meta":{"ngg_post_thumbnail":0,"footnotes":""},"class_list":["post-11273","page","type-page","status-publish","hentry"],"yoast_head":"<!-- This site is optimized with the Yoast SEO Premium plugin v27.3 (Yoast SEO v27.3) - https:\/\/yoast.com\/product\/yoast-seo-premium-wordpress\/ -->\n<title>Dr n.med. Ma\u0142gorzata Mar\u0107 - Do\u015bwiadczenie\u00a0pozauczelniane - Pracownicy PANS w Kro\u015bnie<\/title>\n<meta name=\"robots\" content=\"index, follow, max-snippet:-1, max-image-preview:large, max-video-preview:-1\" \/>\n<link rel=\"canonical\" href=\"https:\/\/pans.krosno.pl\/pracownicy\/malgorzata-marc-mgr-pielegniarstwa-pielegniarka-psychoterapeuta\/malgorzata-marc-doswiadczenie-pozauczelniane\/\" \/>\n<meta property=\"og:locale\" content=\"pl_PL\" \/>\n<meta property=\"og:type\" content=\"article\" \/>\n<meta property=\"og:title\" content=\"Dr n.med. Ma\u0142gorzata Mar\u0107 - Do\u015bwiadczenie\u00a0pozauczelniane\" \/>\n<meta property=\"og:description\" content=\"Wykszta\u0142cenie Specjalizacje, kursy (wybrane)\" \/>\n<meta property=\"og:url\" content=\"https:\/\/pans.krosno.pl\/pracownicy\/malgorzata-marc-mgr-pielegniarstwa-pielegniarka-psychoterapeuta\/malgorzata-marc-doswiadczenie-pozauczelniane\/\" \/>\n<meta property=\"og:site_name\" content=\"Pracownicy PANS w Kro\u015bnie\" \/>\n<meta property=\"article:modified_time\" content=\"2025-05-27T08:40:32+00:00\" \/>\n<meta name=\"twitter:card\" content=\"summary_large_image\" \/>\n<meta name=\"twitter:label1\" content=\"Szacowany czas czytania\" \/>\n\t<meta name=\"twitter:data1\" content=\"1 minuta\" \/>\n<script type=\"application\/ld+json\" class=\"yoast-schema-graph\">{\"@context\":\"https:\\\/\\\/schema.org\",\"@graph\":[{\"@type\":\"WebPage\",\"@id\":\"https:\\\/\\\/pans.krosno.pl\\\/pracownicy\\\/malgorzata-marc-mgr-pielegniarstwa-pielegniarka-psychoterapeuta\\\/malgorzata-marc-doswiadczenie-pozauczelniane\\\/\",\"url\":\"https:\\\/\\\/pans.krosno.pl\\\/pracownicy\\\/malgorzata-marc-mgr-pielegniarstwa-pielegniarka-psychoterapeuta\\\/malgorzata-marc-doswiadczenie-pozauczelniane\\\/\",\"name\":\"Dr n.med. Ma\u0142gorzata Mar\u0107 - Do\u015bwiadczenie\u00a0pozauczelniane - Pracownicy PANS w Kro\u015bnie\",\"isPartOf\":{\"@id\":\"https:\\\/\\\/pans.krosno.pl\\\/pracownicy\\\/#website\"},\"datePublished\":\"2025-05-27T08:36:59+00:00\",\"dateModified\":\"2025-05-27T08:40:32+00:00\",\"breadcrumb\":{\"@id\":\"https:\\\/\\\/pans.krosno.pl\\\/pracownicy\\\/malgorzata-marc-mgr-pielegniarstwa-pielegniarka-psychoterapeuta\\\/malgorzata-marc-doswiadczenie-pozauczelniane\\\/#breadcrumb\"},\"inLanguage\":\"pl-PL\",\"potentialAction\":[{\"@type\":\"ReadAction\",\"target\":[\"https:\\\/\\\/pans.krosno.pl\\\/pracownicy\\\/malgorzata-marc-mgr-pielegniarstwa-pielegniarka-psychoterapeuta\\\/malgorzata-marc-doswiadczenie-pozauczelniane\\\/\"]}]},{\"@type\":\"BreadcrumbList\",\"@id\":\"https:\\\/\\\/pans.krosno.pl\\\/pracownicy\\\/malgorzata-marc-mgr-pielegniarstwa-pielegniarka-psychoterapeuta\\\/malgorzata-marc-doswiadczenie-pozauczelniane\\\/#breadcrumb\",\"itemListElement\":[{\"@type\":\"ListItem\",\"position\":1,\"name\":\"Strona g\u0142\u00f3wna\",\"item\":\"https:\\\/\\\/pans.krosno.pl\\\/pracownicy\\\/\"},{\"@type\":\"ListItem\",\"position\":2,\"name\":\"Dr n.med. Ma\u0142gorzata Mar\u0107, mgr piel\u0119gniarstwa, piel\u0119gniarka, psychoterapeuta\",\"item\":\"https:\\\/\\\/pans.krosno.pl\\\/pracownicy\\\/malgorzata-marc-mgr-pielegniarstwa-pielegniarka-psychoterapeuta\\\/\"},{\"@type\":\"ListItem\",\"position\":3,\"name\":\"Dr n.med. Ma\u0142gorzata Mar\u0107 &#8211; Do\u015bwiadczenie\u00a0pozauczelniane\"}]},{\"@type\":\"WebSite\",\"@id\":\"https:\\\/\\\/pans.krosno.pl\\\/pracownicy\\\/#website\",\"url\":\"https:\\\/\\\/pans.krosno.pl\\\/pracownicy\\\/\",\"name\":\"Pracownicy PANS w Kro\u015bnie\",\"description\":\"Pracownicy - Pa\u0144stwowa Akademia Nauk Stosowanych\",\"publisher\":{\"@id\":\"https:\\\/\\\/pans.krosno.pl\\\/pracownicy\\\/#organization\"},\"potentialAction\":[{\"@type\":\"SearchAction\",\"target\":{\"@type\":\"EntryPoint\",\"urlTemplate\":\"https:\\\/\\\/pans.krosno.pl\\\/pracownicy\\\/?s={search_term_string}\"},\"query-input\":{\"@type\":\"PropertyValueSpecification\",\"valueRequired\":true,\"valueName\":\"search_term_string\"}}],\"inLanguage\":\"pl-PL\"},{\"@type\":\"Organization\",\"@id\":\"https:\\\/\\\/pans.krosno.pl\\\/pracownicy\\\/#organization\",\"name\":\"Pracownicy PANS w Kro\u015bnie\",\"url\":\"https:\\\/\\\/pans.krosno.pl\\\/pracownicy\\\/\",\"logo\":{\"@type\":\"ImageObject\",\"inLanguage\":\"pl-PL\",\"@id\":\"https:\\\/\\\/pans.krosno.pl\\\/pracownicy\\\/#\\\/schema\\\/logo\\\/image\\\/\",\"url\":\"https:\\\/\\\/pans.krosno.pl\\\/pracownicy\\\/wp-content\\\/uploads\\\/sites\\\/41\\\/2023\\\/01\\\/Logo-PANS-2022-pelne.png\",\"contentUrl\":\"https:\\\/\\\/pans.krosno.pl\\\/pracownicy\\\/wp-content\\\/uploads\\\/sites\\\/41\\\/2023\\\/01\\\/Logo-PANS-2022-pelne.png\",\"width\":3096,\"height\":696,\"caption\":\"Pracownicy PANS w Kro\u015bnie\"},\"image\":{\"@id\":\"https:\\\/\\\/pans.krosno.pl\\\/pracownicy\\\/#\\\/schema\\\/logo\\\/image\\\/\"}}]}<\/script>\n<!-- \/ Yoast SEO Premium plugin. -->","yoast_head_json":{"title":"Dr n.med. Ma\u0142gorzata Mar\u0107 - Do\u015bwiadczenie\u00a0pozauczelniane - Pracownicy PANS w Kro\u015bnie","robots":{"index":"index","follow":"follow","max-snippet":"max-snippet:-1","max-image-preview":"max-image-preview:large","max-video-preview":"max-video-preview:-1"},"canonical":"https:\/\/pans.krosno.pl\/pracownicy\/malgorzata-marc-mgr-pielegniarstwa-pielegniarka-psychoterapeuta\/malgorzata-marc-doswiadczenie-pozauczelniane\/","og_locale":"pl_PL","og_type":"article","og_title":"Dr n.med. Ma\u0142gorzata Mar\u0107 - Do\u015bwiadczenie\u00a0pozauczelniane","og_description":"Wykszta\u0142cenie Specjalizacje, kursy (wybrane)","og_url":"https:\/\/pans.krosno.pl\/pracownicy\/malgorzata-marc-mgr-pielegniarstwa-pielegniarka-psychoterapeuta\/malgorzata-marc-doswiadczenie-pozauczelniane\/","og_site_name":"Pracownicy PANS w Kro\u015bnie","article_modified_time":"2025-05-27T08:40:32+00:00","twitter_card":"summary_large_image","twitter_misc":{"Szacowany czas czytania":"1 minuta"},"schema":{"@context":"https:\/\/schema.org","@graph":[{"@type":"WebPage","@id":"https:\/\/pans.krosno.pl\/pracownicy\/malgorzata-marc-mgr-pielegniarstwa-pielegniarka-psychoterapeuta\/malgorzata-marc-doswiadczenie-pozauczelniane\/","url":"https:\/\/pans.krosno.pl\/pracownicy\/malgorzata-marc-mgr-pielegniarstwa-pielegniarka-psychoterapeuta\/malgorzata-marc-doswiadczenie-pozauczelniane\/","name":"Dr n.med. Ma\u0142gorzata Mar\u0107 - Do\u015bwiadczenie\u00a0pozauczelniane - Pracownicy PANS w Kro\u015bnie","isPartOf":{"@id":"https:\/\/pans.krosno.pl\/pracownicy\/#website"},"datePublished":"2025-05-27T08:36:59+00:00","dateModified":"2025-05-27T08:40:32+00:00","breadcrumb":{"@id":"https:\/\/pans.krosno.pl\/pracownicy\/malgorzata-marc-mgr-pielegniarstwa-pielegniarka-psychoterapeuta\/malgorzata-marc-doswiadczenie-pozauczelniane\/#breadcrumb"},"inLanguage":"pl-PL","potentialAction":[{"@type":"ReadAction","target":["https:\/\/pans.krosno.pl\/pracownicy\/malgorzata-marc-mgr-pielegniarstwa-pielegniarka-psychoterapeuta\/malgorzata-marc-doswiadczenie-pozauczelniane\/"]}]},{"@type":"BreadcrumbList","@id":"https:\/\/pans.krosno.pl\/pracownicy\/malgorzata-marc-mgr-pielegniarstwa-pielegniarka-psychoterapeuta\/malgorzata-marc-doswiadczenie-pozauczelniane\/#breadcrumb","itemListElement":[{"@type":"ListItem","position":1,"name":"Strona g\u0142\u00f3wna","item":"https:\/\/pans.krosno.pl\/pracownicy\/"},{"@type":"ListItem","position":2,"name":"Dr n.med. Ma\u0142gorzata Mar\u0107, mgr piel\u0119gniarstwa, piel\u0119gniarka, psychoterapeuta","item":"https:\/\/pans.krosno.pl\/pracownicy\/malgorzata-marc-mgr-pielegniarstwa-pielegniarka-psychoterapeuta\/"},{"@type":"ListItem","position":3,"name":"Dr n.med. Ma\u0142gorzata Mar\u0107 &#8211; Do\u015bwiadczenie\u00a0pozauczelniane"}]},{"@type":"WebSite","@id":"https:\/\/pans.krosno.pl\/pracownicy\/#website","url":"https:\/\/pans.krosno.pl\/pracownicy\/","name":"Pracownicy PANS w Kro\u015bnie","description":"Pracownicy - Pa\u0144stwowa Akademia Nauk Stosowanych","publisher":{"@id":"https:\/\/pans.krosno.pl\/pracownicy\/#organization"},"potentialAction":[{"@type":"SearchAction","target":{"@type":"EntryPoint","urlTemplate":"https:\/\/pans.krosno.pl\/pracownicy\/?s={search_term_string}"},"query-input":{"@type":"PropertyValueSpecification","valueRequired":true,"valueName":"search_term_string"}}],"inLanguage":"pl-PL"},{"@type":"Organization","@id":"https:\/\/pans.krosno.pl\/pracownicy\/#organization","name":"Pracownicy PANS w Kro\u015bnie","url":"https:\/\/pans.krosno.pl\/pracownicy\/","logo":{"@type":"ImageObject","inLanguage":"pl-PL","@id":"https:\/\/pans.krosno.pl\/pracownicy\/#\/schema\/logo\/image\/","url":"https:\/\/pans.krosno.pl\/pracownicy\/wp-content\/uploads\/sites\/41\/2023\/01\/Logo-PANS-2022-pelne.png","contentUrl":"https:\/\/pans.krosno.pl\/pracownicy\/wp-content\/uploads\/sites\/41\/2023\/01\/Logo-PANS-2022-pelne.png","width":3096,"height":696,"caption":"Pracownicy PANS w Kro\u015bnie"},"image":{"@id":"https:\/\/pans.krosno.pl\/pracownicy\/#\/schema\/logo\/image\/"}}]}},"_links":{"self":[{"href":"https:\/\/pans.krosno.pl\/pracownicy\/wp-json\/wp\/v2\/pages\/11273","targetHints":{"allow":["GET"]}}],"collection":[{"href":"https:\/\/pans.krosno.pl\/pracownicy\/wp-json\/wp\/v2\/pages"}],"about":[{"href":"https:\/\/pans.krosno.pl\/pracownicy\/wp-json\/wp\/v2\/types\/page"}],"author":[{"embeddable":true,"href":"https:\/\/pans.krosno.pl\/pracownicy\/wp-json\/wp\/v2\/users\/113"}],"replies":[{"embeddable":true,"href":"https:\/\/pans.krosno.pl\/pracownicy\/wp-json\/wp\/v2\/comments?post=11273"}],"version-history":[{"count":3,"href":"https:\/\/pans.krosno.pl\/pracownicy\/wp-json\/wp\/v2\/pages\/11273\/revisions"}],"predecessor-version":[{"id":11278,"href":"https:\/\/pans.krosno.pl\/pracownicy\/wp-json\/wp\/v2\/pages\/11273\/revisions\/11278"}],"up":[{"embeddable":true,"href":"https:\/\/pans.krosno.pl\/pracownicy\/wp-json\/wp\/v2\/pages\/11265"}],"wp:attachment":[{"href":"https:\/\/pans.krosno.pl\/pracownicy\/wp-json\/wp\/v2\/media?parent=11273"}],"curies":[{"name":"wp","href":"https:\/\/api.w.org\/{rel}","templated":true}]}}