{"id":1017,"date":"2020-04-01T14:20:31","date_gmt":"2020-04-01T12:20:31","guid":{"rendered":"https:\/\/pans.krosno.pl\/pracownicy\/?page_id=1017"},"modified":"2025-05-20T13:29:45","modified_gmt":"2025-05-20T11:29:45","slug":"izabela-skrzypczak-najwazniejsze-publikacje","status":"publish","type":"page","link":"https:\/\/pans.krosno.pl\/pracownicy\/izabela-skrzypczak\/izabela-skrzypczak-najwazniejsze-publikacje\/","title":{"rendered":"dr hab. in\u017c. Izabela Skrzypczak, prof. PANS &#8211; Najwa\u017cniejsze publikacje"},"content":{"rendered":"<table width=\"634\">\n<tbody>\n<tr>\n<td>\n<hr>\n<ul>\n<li>Wsp\u00f3\u0142autorstwo podr\u0119cznika: Buda-O\u017c\u00f3g L., Skrzypczak I., Szylak K., Raczak A., Konstrukcje murowe. Przyk\u0142ady oblicze\u0144 wed\u0142ug Eurokodu 6 oraz metodami probabilistycznymi.<\/li>\n<\/ul>\n<hr>\n<p><strong>Wybrane artyku\u0142y w czasopismach z listy A wykazu czasopism naukowych Ministerstwa Nauki i Szkolnictwa Wy\u017cszego:<\/strong><\/p>\n<ol>\n<li>Skrzypczak I., Buda-O\u017c\u00f3g L., Pytlowany T.,&nbsp; Fuzzy method of conformity control for compressive strength of concrete on the basis of computational numerical analysis, Meccanica, 51( 2), s. 383\u2013389, 2016.<\/li>\n<li>Pietrucha-Urbanik K., Tchorzewska-Cieslak B., Papciak D., Skrzypczak I., Analysis of chemical stability of tap water in terms of required level of technological safety, Archives of Environmental Protection, 43(4),&nbsp; s. 3-12, 2017.<\/li>\n<li>Buda-O\u017c\u00f3g L., Skrzypczak I., Kujda J., Cracks analysis in the reinforced concrete pipes , Baltic Journal of Road and Bridge Engineering, 12(2),&nbsp;&nbsp; s. 88-93, 2017.<\/li>\n<\/ol>\n<p><strong>Web of Science:<\/strong><\/p>\n<ol>\n<li>&nbsp;Skrzypczak I., Radwa\u0144ski W., Pytlowany T., Durability vs technical &#8211; the usage properties of road pavements, E3S Web of Conferences, 2018,<\/li>\n<li>Skrzypczak I., Radwa\u0144ski W., Pytlowany T., Choice of road building&nbsp; technology &#8211; statistical&nbsp;&nbsp; analyses with the use of&nbsp; the Hellwig method, E3S Web of Conferences, 2018,<\/li>\n<li>Buda-O\u017c\u00f3g L., Skrzypczak I.,&nbsp; S\u0142owik M., The application of reliability analysis in engineering practice &#8211; reinforced concrete foundation, Procedia Engineering, s.144-151, 2017,<\/li>\n<li>Buda-O\u017c\u00f3g L., Skrzypczak I., Kujda J., The use of probabilistic methods in assessing the reliability of masonry structures, Procedia Engineering, s.160-167, 2017.<\/li>\n<\/ol>\n<p><strong>Monografie:<\/strong><\/p>\n<ol>\n<li>Skrzypczak I.: Analiza kryteri\u00f3w oceny jako\u015bci betonu oraz ich wp\u0142ywu na ryzyko producenta i odbiorcy, Oficyna Wydawnicza Politechniki Rzeszowskiej, Rzesz\u00f3w 2013.<\/li>\n<\/ol>\n<p><strong>Wybrane rozdzia\u0142y w monografiach:<\/strong><\/p>\n<ol>\n<li>Skrzypczak I., Buda-O\u017c\u00f3g L., Lenart M., Kontrola jako\u015bci betonu i racjonalna polityka cenowa w produkcji wyrob\u00f3w prefabrykowanych &#8211; cz\u0119\u015b\u0107 II [w:] Budownictwo prefabrykowane w Polsce: stan i perspektywy , (pod red.) Sobczak-Pi\u0105stka J., Wydawnictwa Uczelniane Uniwersytetu Technologiczno-Przyrodniczego w Bydgoszczy, s.177-186, Bydgoszcz, 2016,<\/li>\n<li>Lenart M., Buda-O\u017c\u00f3g L., Skrzypczak I., Kontrola jako\u015bci betonu i racjonalna polityka cenowa w produkcji wyrob\u00f3w prefabrykowanych &#8211; cz\u0119\u015b\u0107 I [w:] Budownictwo prefabrykowane w Polsce: stan i perspektywy , (pod red.) Sobczak-Pi\u0105stka J., Wydawnictwa Uczelniane Uniwersytetu Technologiczno-Przyrodniczego w Bydgoszczy, s.177-186, Bydgoszcz, 2016.<\/li>\n<\/ol>\n<p><strong>Wybrane artyku\u0142y w czasopismach z listy B wykazu czasopism naukowych MNiSZW:<\/strong><\/p>\n<ol>\n<li>Skrzypczak I., Kogut J., Buda-O\u017c\u00f3g L., Kujda J., Zalecenia normowe w ocenie stanu technicznego drogowej konstrukcji in\u017cynierskiej na przyk\u0142adzie bada\u0144 wybranych cech fizyko-chemicznych,&nbsp; Journal of Civil Engineering, Environment and Architecture, 33(63), (3\/16), s.421-430, 2016,<\/li>\n<li>Buda-O\u017c\u00f3g L., Skrzypczak I., Kujda J., Wp\u0142yw w\u0142a\u015bciwo\u015bci materia\u0142\u00f3w na poziom niezawodno\u015bci elementu zginanego, Materia\u0142y Budowlane, 8, s.74-76, 2017.<\/li>\n<\/ol>\n<p><strong>Wybrane referaty na konferencjach mi\u0119dzynarodowych:<\/strong><\/p>\n<ol>\n<li>10th International Conference &#8222;Environmental Engineering&#8221;, Wilno, Litwa, 04.2017,<\/li>\n<li>International Conference on Advances in Energy Systems and Environmental Engineering, Wroc\u0142aw, Polska, 07.2017.<\/li>\n<\/ol>\n<p><strong>Wybrane referaty na konferencjach krajowych:<\/strong><\/p>\n<ol>\n<li>I Karpacka Konferencja Naukowo Techniczna \u2013 uczestnik i cz\u0142onek Komitetu Naukowego, 03.2018, Krosno, 2018,<\/li>\n<li>III Og\u00f3lnopolska Konferencja Naukowa, Budownictwo, Infrastruktura, G\u00f3rnictwo: Zr\u00f3wnowa\u017cony rozw\u00f3j teren\u00f3w g\u00f3rniczych i pog\u00f3rniczych, 11. 2016, Krak\u00f3w, 2016.<\/li>\n<\/ol>\n<p><strong>Wsp\u00f3\u0142organizator Konferencji Naukowych:<\/strong><\/p>\n<ul>\n<li>cz\u0142onek Komitetu Organizacyjnego: 57 oraz 58 Konferencja Naukowa Komitetu In\u017cynierii L\u0105dowej i Wodnej PAN oraz Komitetu Nauki PZITB, Rzesz\u00f3w-Krynica, 2011 r., 2012 r.<\/li>\n<\/ul>\n<hr>\n<\/td>\n<\/tr>\n<\/tbody>\n<\/table>\n<p>&nbsp;<\/p>\n","protected":false},"excerpt":{"rendered":"<p>Wsp\u00f3\u0142autorstwo podr\u0119cznika: Buda-O\u017c\u00f3g L., Skrzypczak I., Szylak K., Raczak A., Konstrukcje murowe. Przyk\u0142ady oblicze\u0144 wed\u0142ug Eurokodu 6 oraz metodami probabilistycznymi. Wybrane artyku\u0142y w czasopismach z listy A wykazu czasopism naukowych Ministerstwa Nauki i Szkolnictwa Wy\u017cszego: Skrzypczak I., Buda-O\u017c\u00f3g L., Pytlowany T.,&nbsp; Fuzzy method of conformity control for compressive strength of [\u2026] <\/p>\n<div class=\"clear\"><\/div>\n<p><a class=\"more_link clearfix\" href=\"https:\/\/pans.krosno.pl\/pracownicy\/izabela-skrzypczak\/izabela-skrzypczak-najwazniejsze-publikacje\/\" rel=\"nofollow\">Read More<\/a><\/p>\n","protected":false},"author":36,"featured_media":0,"parent":998,"menu_order":0,"comment_status":"closed","ping_status":"closed","template":"","meta":{"ngg_post_thumbnail":0,"footnotes":""},"class_list":["post-1017","page","type-page","status-publish","hentry"],"yoast_head":"<!-- This site is optimized with the Yoast SEO Premium plugin v27.4 (Yoast SEO v27.4) - https:\/\/yoast.com\/product\/yoast-seo-premium-wordpress\/ -->\n<title>dr hab. in\u017c. Izabela Skrzypczak, prof. PANS - Najwa\u017cniejsze publikacje - Pracownicy PANS w Kro\u015bnie<\/title>\n<meta name=\"robots\" content=\"index, follow, max-snippet:-1, max-image-preview:large, max-video-preview:-1\" \/>\n<link rel=\"canonical\" href=\"https:\/\/pans.krosno.pl\/pracownicy\/izabela-skrzypczak\/izabela-skrzypczak-najwazniejsze-publikacje\/\" \/>\n<meta property=\"og:locale\" content=\"pl_PL\" \/>\n<meta property=\"og:type\" content=\"article\" \/>\n<meta property=\"og:title\" content=\"dr hab. in\u017c. Izabela Skrzypczak, prof. PANS - Najwa\u017cniejsze publikacje\" \/>\n<meta property=\"og:description\" content=\"Wsp\u00f3\u0142autorstwo podr\u0119cznika: Buda-O\u017c\u00f3g L., Skrzypczak I., Szylak K., Raczak A., Konstrukcje murowe. Przyk\u0142ady oblicze\u0144 wed\u0142ug Eurokodu 6 oraz metodami probabilistycznymi. Wybrane artyku\u0142y w czasopismach z listy A wykazu czasopism naukowych Ministerstwa Nauki i Szkolnictwa Wy\u017cszego: Skrzypczak I., Buda-O\u017c\u00f3g L., Pytlowany T.,&nbsp; Fuzzy method of conformity control for compressive strength of [\u2026] Read More\" \/>\n<meta property=\"og:url\" content=\"https:\/\/pans.krosno.pl\/pracownicy\/izabela-skrzypczak\/izabela-skrzypczak-najwazniejsze-publikacje\/\" \/>\n<meta property=\"og:site_name\" content=\"Pracownicy PANS w Kro\u015bnie\" \/>\n<meta property=\"article:modified_time\" content=\"2025-05-20T11:29:45+00:00\" \/>\n<meta name=\"twitter:card\" content=\"summary_large_image\" \/>\n<meta name=\"twitter:label1\" content=\"Szacowany czas czytania\" \/>\n\t<meta name=\"twitter:data1\" content=\"3 minuty\" \/>\n<script type=\"application\/ld+json\" class=\"yoast-schema-graph\">{\"@context\":\"https:\\\/\\\/schema.org\",\"@graph\":[{\"@type\":\"WebPage\",\"@id\":\"https:\\\/\\\/pans.krosno.pl\\\/pracownicy\\\/izabela-skrzypczak\\\/izabela-skrzypczak-najwazniejsze-publikacje\\\/\",\"url\":\"https:\\\/\\\/pans.krosno.pl\\\/pracownicy\\\/izabela-skrzypczak\\\/izabela-skrzypczak-najwazniejsze-publikacje\\\/\",\"name\":\"dr hab. in\u017c. Izabela Skrzypczak, prof. PANS - Najwa\u017cniejsze publikacje - Pracownicy PANS w Kro\u015bnie\",\"isPartOf\":{\"@id\":\"https:\\\/\\\/pans.krosno.pl\\\/pracownicy\\\/#website\"},\"datePublished\":\"2020-04-01T12:20:31+00:00\",\"dateModified\":\"2025-05-20T11:29:45+00:00\",\"breadcrumb\":{\"@id\":\"https:\\\/\\\/pans.krosno.pl\\\/pracownicy\\\/izabela-skrzypczak\\\/izabela-skrzypczak-najwazniejsze-publikacje\\\/#breadcrumb\"},\"inLanguage\":\"pl-PL\",\"potentialAction\":[{\"@type\":\"ReadAction\",\"target\":[\"https:\\\/\\\/pans.krosno.pl\\\/pracownicy\\\/izabela-skrzypczak\\\/izabela-skrzypczak-najwazniejsze-publikacje\\\/\"]}]},{\"@type\":\"BreadcrumbList\",\"@id\":\"https:\\\/\\\/pans.krosno.pl\\\/pracownicy\\\/izabela-skrzypczak\\\/izabela-skrzypczak-najwazniejsze-publikacje\\\/#breadcrumb\",\"itemListElement\":[{\"@type\":\"ListItem\",\"position\":1,\"name\":\"Strona g\u0142\u00f3wna\",\"item\":\"https:\\\/\\\/pans.krosno.pl\\\/pracownicy\\\/\"},{\"@type\":\"ListItem\",\"position\":2,\"name\":\"dr hab. in\u017c. Izabela Skrzypczak, prof. PANS\",\"item\":\"https:\\\/\\\/pans.krosno.pl\\\/pracownicy\\\/izabela-skrzypczak\\\/\"},{\"@type\":\"ListItem\",\"position\":3,\"name\":\"dr hab. in\u017c. Izabela Skrzypczak, prof. PANS &#8211; Najwa\u017cniejsze publikacje\"}]},{\"@type\":\"WebSite\",\"@id\":\"https:\\\/\\\/pans.krosno.pl\\\/pracownicy\\\/#website\",\"url\":\"https:\\\/\\\/pans.krosno.pl\\\/pracownicy\\\/\",\"name\":\"Pracownicy PANS w Kro\u015bnie\",\"description\":\"Pracownicy - Pa\u0144stwowa Akademia Nauk Stosowanych\",\"publisher\":{\"@id\":\"https:\\\/\\\/pans.krosno.pl\\\/pracownicy\\\/#organization\"},\"potentialAction\":[{\"@type\":\"SearchAction\",\"target\":{\"@type\":\"EntryPoint\",\"urlTemplate\":\"https:\\\/\\\/pans.krosno.pl\\\/pracownicy\\\/?s={search_term_string}\"},\"query-input\":{\"@type\":\"PropertyValueSpecification\",\"valueRequired\":true,\"valueName\":\"search_term_string\"}}],\"inLanguage\":\"pl-PL\"},{\"@type\":\"Organization\",\"@id\":\"https:\\\/\\\/pans.krosno.pl\\\/pracownicy\\\/#organization\",\"name\":\"Pracownicy PANS w Kro\u015bnie\",\"url\":\"https:\\\/\\\/pans.krosno.pl\\\/pracownicy\\\/\",\"logo\":{\"@type\":\"ImageObject\",\"inLanguage\":\"pl-PL\",\"@id\":\"https:\\\/\\\/pans.krosno.pl\\\/pracownicy\\\/#\\\/schema\\\/logo\\\/image\\\/\",\"url\":\"https:\\\/\\\/pans.krosno.pl\\\/pracownicy\\\/wp-content\\\/uploads\\\/sites\\\/41\\\/2023\\\/01\\\/Logo-PANS-2022-pelne.png\",\"contentUrl\":\"https:\\\/\\\/pans.krosno.pl\\\/pracownicy\\\/wp-content\\\/uploads\\\/sites\\\/41\\\/2023\\\/01\\\/Logo-PANS-2022-pelne.png\",\"width\":3096,\"height\":696,\"caption\":\"Pracownicy PANS w Kro\u015bnie\"},\"image\":{\"@id\":\"https:\\\/\\\/pans.krosno.pl\\\/pracownicy\\\/#\\\/schema\\\/logo\\\/image\\\/\"}}]}<\/script>\n<!-- \/ Yoast SEO Premium plugin. -->","yoast_head_json":{"title":"dr hab. in\u017c. Izabela Skrzypczak, prof. PANS - Najwa\u017cniejsze publikacje - Pracownicy PANS w Kro\u015bnie","robots":{"index":"index","follow":"follow","max-snippet":"max-snippet:-1","max-image-preview":"max-image-preview:large","max-video-preview":"max-video-preview:-1"},"canonical":"https:\/\/pans.krosno.pl\/pracownicy\/izabela-skrzypczak\/izabela-skrzypczak-najwazniejsze-publikacje\/","og_locale":"pl_PL","og_type":"article","og_title":"dr hab. in\u017c. Izabela Skrzypczak, prof. PANS - Najwa\u017cniejsze publikacje","og_description":"Wsp\u00f3\u0142autorstwo podr\u0119cznika: Buda-O\u017c\u00f3g L., Skrzypczak I., Szylak K., Raczak A., Konstrukcje murowe. Przyk\u0142ady oblicze\u0144 wed\u0142ug Eurokodu 6 oraz metodami probabilistycznymi. Wybrane artyku\u0142y w czasopismach z listy A wykazu czasopism naukowych Ministerstwa Nauki i Szkolnictwa Wy\u017cszego: Skrzypczak I., Buda-O\u017c\u00f3g L., Pytlowany T.,&nbsp; Fuzzy method of conformity control for compressive strength of [\u2026] Read More","og_url":"https:\/\/pans.krosno.pl\/pracownicy\/izabela-skrzypczak\/izabela-skrzypczak-najwazniejsze-publikacje\/","og_site_name":"Pracownicy PANS w Kro\u015bnie","article_modified_time":"2025-05-20T11:29:45+00:00","twitter_card":"summary_large_image","twitter_misc":{"Szacowany czas czytania":"3 minuty"},"schema":{"@context":"https:\/\/schema.org","@graph":[{"@type":"WebPage","@id":"https:\/\/pans.krosno.pl\/pracownicy\/izabela-skrzypczak\/izabela-skrzypczak-najwazniejsze-publikacje\/","url":"https:\/\/pans.krosno.pl\/pracownicy\/izabela-skrzypczak\/izabela-skrzypczak-najwazniejsze-publikacje\/","name":"dr hab. in\u017c. Izabela Skrzypczak, prof. PANS - Najwa\u017cniejsze publikacje - Pracownicy PANS w Kro\u015bnie","isPartOf":{"@id":"https:\/\/pans.krosno.pl\/pracownicy\/#website"},"datePublished":"2020-04-01T12:20:31+00:00","dateModified":"2025-05-20T11:29:45+00:00","breadcrumb":{"@id":"https:\/\/pans.krosno.pl\/pracownicy\/izabela-skrzypczak\/izabela-skrzypczak-najwazniejsze-publikacje\/#breadcrumb"},"inLanguage":"pl-PL","potentialAction":[{"@type":"ReadAction","target":["https:\/\/pans.krosno.pl\/pracownicy\/izabela-skrzypczak\/izabela-skrzypczak-najwazniejsze-publikacje\/"]}]},{"@type":"BreadcrumbList","@id":"https:\/\/pans.krosno.pl\/pracownicy\/izabela-skrzypczak\/izabela-skrzypczak-najwazniejsze-publikacje\/#breadcrumb","itemListElement":[{"@type":"ListItem","position":1,"name":"Strona g\u0142\u00f3wna","item":"https:\/\/pans.krosno.pl\/pracownicy\/"},{"@type":"ListItem","position":2,"name":"dr hab. in\u017c. Izabela Skrzypczak, prof. PANS","item":"https:\/\/pans.krosno.pl\/pracownicy\/izabela-skrzypczak\/"},{"@type":"ListItem","position":3,"name":"dr hab. in\u017c. Izabela Skrzypczak, prof. PANS &#8211; Najwa\u017cniejsze publikacje"}]},{"@type":"WebSite","@id":"https:\/\/pans.krosno.pl\/pracownicy\/#website","url":"https:\/\/pans.krosno.pl\/pracownicy\/","name":"Pracownicy PANS w Kro\u015bnie","description":"Pracownicy - Pa\u0144stwowa Akademia Nauk Stosowanych","publisher":{"@id":"https:\/\/pans.krosno.pl\/pracownicy\/#organization"},"potentialAction":[{"@type":"SearchAction","target":{"@type":"EntryPoint","urlTemplate":"https:\/\/pans.krosno.pl\/pracownicy\/?s={search_term_string}"},"query-input":{"@type":"PropertyValueSpecification","valueRequired":true,"valueName":"search_term_string"}}],"inLanguage":"pl-PL"},{"@type":"Organization","@id":"https:\/\/pans.krosno.pl\/pracownicy\/#organization","name":"Pracownicy PANS w Kro\u015bnie","url":"https:\/\/pans.krosno.pl\/pracownicy\/","logo":{"@type":"ImageObject","inLanguage":"pl-PL","@id":"https:\/\/pans.krosno.pl\/pracownicy\/#\/schema\/logo\/image\/","url":"https:\/\/pans.krosno.pl\/pracownicy\/wp-content\/uploads\/sites\/41\/2023\/01\/Logo-PANS-2022-pelne.png","contentUrl":"https:\/\/pans.krosno.pl\/pracownicy\/wp-content\/uploads\/sites\/41\/2023\/01\/Logo-PANS-2022-pelne.png","width":3096,"height":696,"caption":"Pracownicy PANS w Kro\u015bnie"},"image":{"@id":"https:\/\/pans.krosno.pl\/pracownicy\/#\/schema\/logo\/image\/"}}]}},"_links":{"self":[{"href":"https:\/\/pans.krosno.pl\/pracownicy\/wp-json\/wp\/v2\/pages\/1017","targetHints":{"allow":["GET"]}}],"collection":[{"href":"https:\/\/pans.krosno.pl\/pracownicy\/wp-json\/wp\/v2\/pages"}],"about":[{"href":"https:\/\/pans.krosno.pl\/pracownicy\/wp-json\/wp\/v2\/types\/page"}],"author":[{"embeddable":true,"href":"https:\/\/pans.krosno.pl\/pracownicy\/wp-json\/wp\/v2\/users\/36"}],"replies":[{"embeddable":true,"href":"https:\/\/pans.krosno.pl\/pracownicy\/wp-json\/wp\/v2\/comments?post=1017"}],"version-history":[{"count":10,"href":"https:\/\/pans.krosno.pl\/pracownicy\/wp-json\/wp\/v2\/pages\/1017\/revisions"}],"predecessor-version":[{"id":10943,"href":"https:\/\/pans.krosno.pl\/pracownicy\/wp-json\/wp\/v2\/pages\/1017\/revisions\/10943"}],"up":[{"embeddable":true,"href":"https:\/\/pans.krosno.pl\/pracownicy\/wp-json\/wp\/v2\/pages\/998"}],"wp:attachment":[{"href":"https:\/\/pans.krosno.pl\/pracownicy\/wp-json\/wp\/v2\/media?parent=1017"}],"curies":[{"name":"wp","href":"https:\/\/api.w.org\/{rel}","templated":true}]}}