{"id":1245,"date":"2023-04-21T16:14:17","date_gmt":"2023-04-21T14:14:17","guid":{"rendered":"https:\/\/pans.krosno.pl\/pielegniarstwo-magisterskie\/?page_id=1245"},"modified":"2026-03-30T20:38:34","modified_gmt":"2026-03-30T18:38:34","slug":"cwiczenia-kliniczne-ii-stopien-2-rok","status":"publish","type":"page","link":"https:\/\/pans.krosno.pl\/pielegniarstwo-magisterskie\/ksztalcenie-praktyczne\/cwiczenia-kliniczne-ii-stopien\/cwiczenia-kliniczne-ii-stopien-2-rok\/","title":{"rendered":"\u0106wiczenia kliniczne &#8211; II Rok"},"content":{"rendered":"\n<hr class=\"wp-block-separator has-alpha-channel-opacity\" \/>\n\n\n\n<h4 class=\"wp-block-heading\" id=\"h-uwaga\"><span style=\"color: #ff0000\">Uwaga!<\/span><\/h4>\n\n\n\n<h5 class=\"wp-block-heading\" id=\"h-harmonogramy-nbsp-moga-nbsp-ulec-niewielkim-zmianom-prosze-sledzic-na-biezaco-aktualizacje\"><span style=\"color: #ff0000\"><strong>Harmonogramy&nbsp;mog\u0105&nbsp;ulec niewielkim zmianom.<br>Prosz\u0119 \u015bledzi\u0107 na bie\u017c\u0105co aktualizacje!<\/strong><\/span><\/h5>\n\n\n\n<hr class=\"wp-block-separator has-alpha-channel-opacity\" \/>\n\n\n\n<h3 class=\"wp-block-heading\" id=\"h-semestr-letni-2025-2026\"><strong>Semestr letni 2025\/2026<\/strong><\/h3>\n\n\n\n<p><em>aktualizacja: 19\/03\/202<\/em>6<\/p>\n\n\n\n<hr class=\"wp-block-separator has-alpha-channel-opacity\" \/>\n\n\n\n<p><a href=\"https:\/\/pans.krosno.pl\/pielegniarstwo-magisterskie\/wp-content\/uploads\/sites\/54\/2026\/03\/Cw-kliniczne-gr-1112.pdf\">\u0106wiczenia kliniczne &#8211; grupa 11 + 12<\/a><\/p>\n\n\n\n<p>\u0106wiczenia kliniczne &#8211; grupa 21 + 22 (<a href=\"https:\/\/pans.krosno.pl\/pielegniarstwo-magisterskie\/wp-content\/uploads\/sites\/54\/2026\/03\/Cw-kliniczne-gr-2122.pdf\">1<\/a>) (<a href=\"https:\/\/pans.krosno.pl\/pielegniarstwo-magisterskie\/wp-content\/uploads\/sites\/54\/2026\/03\/cwiczenia-kliniczne-studia-II-stopnia-2122.pdf\">2<\/a>)<\/p>\n","protected":false},"excerpt":{"rendered":"<p>Uwaga! Harmonogramy&nbsp;mog\u0105&nbsp;ulec niewielkim zmianom.Prosz\u0119 \u015bledzi\u0107 na bie\u017c\u0105co aktualizacje! Semestr letni 2025\/2026 aktualizacja: 19\/03\/2026 \u0106wiczenia kliniczne &#8211; grupa 11 + 12 \u0106wiczenia kliniczne &#8211; grupa 21 + 22 (1) (2)<\/p>\n","protected":false},"author":27,"featured_media":0,"parent":1224,"menu_order":0,"comment_status":"closed","ping_status":"closed","template":"","meta":{"ngg_post_thumbnail":0,"footnotes":""},"class_list":["post-1245","page","type-page","status-publish","hentry"],"yoast_head":"<!-- This site is optimized with the Yoast SEO Premium plugin v27.3 (Yoast SEO v27.3) - https:\/\/yoast.com\/product\/yoast-seo-premium-wordpress\/ -->\n<title>\u0106wiczenia kliniczne - II Rok - Piel\u0119gniarstwo Magisterskie PANS w Kro\u015bnie<\/title>\n<meta name=\"robots\" content=\"index, follow, max-snippet:-1, max-image-preview:large, max-video-preview:-1\" \/>\n<link rel=\"canonical\" href=\"https:\/\/pans.krosno.pl\/pielegniarstwo-magisterskie\/ksztalcenie-praktyczne\/cwiczenia-kliniczne-ii-stopien\/cwiczenia-kliniczne-ii-stopien-2-rok\/\" \/>\n<meta property=\"og:locale\" content=\"pl_PL\" \/>\n<meta property=\"og:type\" content=\"article\" \/>\n<meta property=\"og:title\" content=\"\u0106wiczenia kliniczne - II Rok\" \/>\n<meta property=\"og:description\" content=\"Uwaga! Harmonogramy&nbsp;mog\u0105&nbsp;ulec niewielkim zmianom.Prosz\u0119 \u015bledzi\u0107 na bie\u017c\u0105co aktualizacje! Semestr letni 2025\/2026 aktualizacja: 19\/03\/2026 \u0106wiczenia kliniczne &#8211; grupa 11 + 12 \u0106wiczenia kliniczne &#8211; grupa 21 + 22 (1) (2)\" \/>\n<meta property=\"og:url\" content=\"https:\/\/pans.krosno.pl\/pielegniarstwo-magisterskie\/ksztalcenie-praktyczne\/cwiczenia-kliniczne-ii-stopien\/cwiczenia-kliniczne-ii-stopien-2-rok\/\" \/>\n<meta property=\"og:site_name\" content=\"Piel\u0119gniarstwo Magisterskie PANS w Kro\u015bnie\" \/>\n<meta property=\"article:publisher\" content=\"https:\/\/www.facebook.com\/StudiaKrosno\/\" \/>\n<meta property=\"article:modified_time\" content=\"2026-03-30T18:38:34+00:00\" \/>\n<meta name=\"twitter:card\" content=\"summary_large_image\" \/>\n<meta name=\"twitter:label1\" content=\"Szacowany czas czytania\" \/>\n\t<meta name=\"twitter:data1\" content=\"1 minuta\" \/>\n<script type=\"application\/ld+json\" class=\"yoast-schema-graph\">{\"@context\":\"https:\\\/\\\/schema.org\",\"@graph\":[{\"@type\":\"WebPage\",\"@id\":\"https:\\\/\\\/pans.krosno.pl\\\/pielegniarstwo-magisterskie\\\/ksztalcenie-praktyczne\\\/cwiczenia-kliniczne-ii-stopien\\\/cwiczenia-kliniczne-ii-stopien-2-rok\\\/\",\"url\":\"https:\\\/\\\/pans.krosno.pl\\\/pielegniarstwo-magisterskie\\\/ksztalcenie-praktyczne\\\/cwiczenia-kliniczne-ii-stopien\\\/cwiczenia-kliniczne-ii-stopien-2-rok\\\/\",\"name\":\"\u0106wiczenia kliniczne - II Rok - Piel\u0119gniarstwo Magisterskie PANS w Kro\u015bnie\",\"isPartOf\":{\"@id\":\"https:\\\/\\\/pans.krosno.pl\\\/pielegniarstwo-magisterskie\\\/#website\"},\"datePublished\":\"2023-04-21T14:14:17+00:00\",\"dateModified\":\"2026-03-30T18:38:34+00:00\",\"breadcrumb\":{\"@id\":\"https:\\\/\\\/pans.krosno.pl\\\/pielegniarstwo-magisterskie\\\/ksztalcenie-praktyczne\\\/cwiczenia-kliniczne-ii-stopien\\\/cwiczenia-kliniczne-ii-stopien-2-rok\\\/#breadcrumb\"},\"inLanguage\":\"pl-PL\",\"potentialAction\":[{\"@type\":\"ReadAction\",\"target\":[\"https:\\\/\\\/pans.krosno.pl\\\/pielegniarstwo-magisterskie\\\/ksztalcenie-praktyczne\\\/cwiczenia-kliniczne-ii-stopien\\\/cwiczenia-kliniczne-ii-stopien-2-rok\\\/\"]}]},{\"@type\":\"BreadcrumbList\",\"@id\":\"https:\\\/\\\/pans.krosno.pl\\\/pielegniarstwo-magisterskie\\\/ksztalcenie-praktyczne\\\/cwiczenia-kliniczne-ii-stopien\\\/cwiczenia-kliniczne-ii-stopien-2-rok\\\/#breadcrumb\",\"itemListElement\":[{\"@type\":\"ListItem\",\"position\":1,\"name\":\"Strona g\u0142\u00f3wna\",\"item\":\"https:\\\/\\\/pans.krosno.pl\\\/pielegniarstwo-magisterskie\\\/\"},{\"@type\":\"ListItem\",\"position\":2,\"name\":\"Kszta\u0142cenie praktyczne\",\"item\":\"https:\\\/\\\/pans.krosno.pl\\\/pielegniarstwo-magisterskie\\\/ksztalcenie-praktyczne\\\/\"},{\"@type\":\"ListItem\",\"position\":3,\"name\":\"\u0106wiczenia kliniczne\",\"item\":\"https:\\\/\\\/pans.krosno.pl\\\/pielegniarstwo-magisterskie\\\/ksztalcenie-praktyczne\\\/cwiczenia-kliniczne-ii-stopien\\\/\"},{\"@type\":\"ListItem\",\"position\":4,\"name\":\"\u0106wiczenia kliniczne &#8211; II Rok\"}]},{\"@type\":\"WebSite\",\"@id\":\"https:\\\/\\\/pans.krosno.pl\\\/pielegniarstwo-magisterskie\\\/#website\",\"url\":\"https:\\\/\\\/pans.krosno.pl\\\/pielegniarstwo-magisterskie\\\/\",\"name\":\"KPU w Kro\u015bnie\",\"description\":\"Piel\u0119gniarstwo Magisterskie - Pa\u0144stwowa Akademia Nauk Stosowanych\",\"publisher\":{\"@id\":\"https:\\\/\\\/pans.krosno.pl\\\/pielegniarstwo-magisterskie\\\/#organization\"},\"potentialAction\":[{\"@type\":\"SearchAction\",\"target\":{\"@type\":\"EntryPoint\",\"urlTemplate\":\"https:\\\/\\\/pans.krosno.pl\\\/pielegniarstwo-magisterskie\\\/?s={search_term_string}\"},\"query-input\":{\"@type\":\"PropertyValueSpecification\",\"valueRequired\":true,\"valueName\":\"search_term_string\"}}],\"inLanguage\":\"pl-PL\"},{\"@type\":\"Organization\",\"@id\":\"https:\\\/\\\/pans.krosno.pl\\\/pielegniarstwo-magisterskie\\\/#organization\",\"name\":\"Karpacka Pa\u0144stwowa Uczelnia w Kro\u015bnie\",\"url\":\"https:\\\/\\\/pans.krosno.pl\\\/pielegniarstwo-magisterskie\\\/\",\"logo\":{\"@type\":\"ImageObject\",\"inLanguage\":\"pl-PL\",\"@id\":\"https:\\\/\\\/pans.krosno.pl\\\/pielegniarstwo-magisterskie\\\/#\\\/schema\\\/logo\\\/image\\\/\",\"url\":\"\",\"contentUrl\":\"\",\"caption\":\"Karpacka Pa\u0144stwowa Uczelnia w Kro\u015bnie\"},\"image\":{\"@id\":\"https:\\\/\\\/pans.krosno.pl\\\/pielegniarstwo-magisterskie\\\/#\\\/schema\\\/logo\\\/image\\\/\"},\"sameAs\":[\"https:\\\/\\\/www.facebook.com\\\/StudiaKrosno\\\/\",\"https:\\\/\\\/www.instagram.com\\\/studia.krosno\",\"https:\\\/\\\/pl.linkedin.com\\\/company\\\/pwsz-krosno\",\"https:\\\/\\\/www.youtube.com\\\/user\\\/pwszkrosno\\\/\",\"https:\\\/\\\/pl.wikipedia.org\\\/wiki\\\/Pa\u0144stwowa_Wy\u017csza_Szko\u0142a_Zawodowa_im._Stanis\u0142awa_Pigonia_w_Kro\u015bnie\"]}]}<\/script>\n<!-- \/ Yoast SEO Premium plugin. -->","yoast_head_json":{"title":"\u0106wiczenia kliniczne - II Rok - Piel\u0119gniarstwo Magisterskie PANS w Kro\u015bnie","robots":{"index":"index","follow":"follow","max-snippet":"max-snippet:-1","max-image-preview":"max-image-preview:large","max-video-preview":"max-video-preview:-1"},"canonical":"https:\/\/pans.krosno.pl\/pielegniarstwo-magisterskie\/ksztalcenie-praktyczne\/cwiczenia-kliniczne-ii-stopien\/cwiczenia-kliniczne-ii-stopien-2-rok\/","og_locale":"pl_PL","og_type":"article","og_title":"\u0106wiczenia kliniczne - II Rok","og_description":"Uwaga! Harmonogramy&nbsp;mog\u0105&nbsp;ulec niewielkim zmianom.Prosz\u0119 \u015bledzi\u0107 na bie\u017c\u0105co aktualizacje! Semestr letni 2025\/2026 aktualizacja: 19\/03\/2026 \u0106wiczenia kliniczne &#8211; grupa 11 + 12 \u0106wiczenia kliniczne &#8211; grupa 21 + 22 (1) (2)","og_url":"https:\/\/pans.krosno.pl\/pielegniarstwo-magisterskie\/ksztalcenie-praktyczne\/cwiczenia-kliniczne-ii-stopien\/cwiczenia-kliniczne-ii-stopien-2-rok\/","og_site_name":"Piel\u0119gniarstwo Magisterskie PANS w Kro\u015bnie","article_publisher":"https:\/\/www.facebook.com\/StudiaKrosno\/","article_modified_time":"2026-03-30T18:38:34+00:00","twitter_card":"summary_large_image","twitter_misc":{"Szacowany czas czytania":"1 minuta"},"schema":{"@context":"https:\/\/schema.org","@graph":[{"@type":"WebPage","@id":"https:\/\/pans.krosno.pl\/pielegniarstwo-magisterskie\/ksztalcenie-praktyczne\/cwiczenia-kliniczne-ii-stopien\/cwiczenia-kliniczne-ii-stopien-2-rok\/","url":"https:\/\/pans.krosno.pl\/pielegniarstwo-magisterskie\/ksztalcenie-praktyczne\/cwiczenia-kliniczne-ii-stopien\/cwiczenia-kliniczne-ii-stopien-2-rok\/","name":"\u0106wiczenia kliniczne - II Rok - Piel\u0119gniarstwo Magisterskie PANS w Kro\u015bnie","isPartOf":{"@id":"https:\/\/pans.krosno.pl\/pielegniarstwo-magisterskie\/#website"},"datePublished":"2023-04-21T14:14:17+00:00","dateModified":"2026-03-30T18:38:34+00:00","breadcrumb":{"@id":"https:\/\/pans.krosno.pl\/pielegniarstwo-magisterskie\/ksztalcenie-praktyczne\/cwiczenia-kliniczne-ii-stopien\/cwiczenia-kliniczne-ii-stopien-2-rok\/#breadcrumb"},"inLanguage":"pl-PL","potentialAction":[{"@type":"ReadAction","target":["https:\/\/pans.krosno.pl\/pielegniarstwo-magisterskie\/ksztalcenie-praktyczne\/cwiczenia-kliniczne-ii-stopien\/cwiczenia-kliniczne-ii-stopien-2-rok\/"]}]},{"@type":"BreadcrumbList","@id":"https:\/\/pans.krosno.pl\/pielegniarstwo-magisterskie\/ksztalcenie-praktyczne\/cwiczenia-kliniczne-ii-stopien\/cwiczenia-kliniczne-ii-stopien-2-rok\/#breadcrumb","itemListElement":[{"@type":"ListItem","position":1,"name":"Strona g\u0142\u00f3wna","item":"https:\/\/pans.krosno.pl\/pielegniarstwo-magisterskie\/"},{"@type":"ListItem","position":2,"name":"Kszta\u0142cenie praktyczne","item":"https:\/\/pans.krosno.pl\/pielegniarstwo-magisterskie\/ksztalcenie-praktyczne\/"},{"@type":"ListItem","position":3,"name":"\u0106wiczenia kliniczne","item":"https:\/\/pans.krosno.pl\/pielegniarstwo-magisterskie\/ksztalcenie-praktyczne\/cwiczenia-kliniczne-ii-stopien\/"},{"@type":"ListItem","position":4,"name":"\u0106wiczenia kliniczne &#8211; II Rok"}]},{"@type":"WebSite","@id":"https:\/\/pans.krosno.pl\/pielegniarstwo-magisterskie\/#website","url":"https:\/\/pans.krosno.pl\/pielegniarstwo-magisterskie\/","name":"KPU w Kro\u015bnie","description":"Piel\u0119gniarstwo Magisterskie - Pa\u0144stwowa Akademia Nauk Stosowanych","publisher":{"@id":"https:\/\/pans.krosno.pl\/pielegniarstwo-magisterskie\/#organization"},"potentialAction":[{"@type":"SearchAction","target":{"@type":"EntryPoint","urlTemplate":"https:\/\/pans.krosno.pl\/pielegniarstwo-magisterskie\/?s={search_term_string}"},"query-input":{"@type":"PropertyValueSpecification","valueRequired":true,"valueName":"search_term_string"}}],"inLanguage":"pl-PL"},{"@type":"Organization","@id":"https:\/\/pans.krosno.pl\/pielegniarstwo-magisterskie\/#organization","name":"Karpacka Pa\u0144stwowa Uczelnia w Kro\u015bnie","url":"https:\/\/pans.krosno.pl\/pielegniarstwo-magisterskie\/","logo":{"@type":"ImageObject","inLanguage":"pl-PL","@id":"https:\/\/pans.krosno.pl\/pielegniarstwo-magisterskie\/#\/schema\/logo\/image\/","url":"","contentUrl":"","caption":"Karpacka Pa\u0144stwowa Uczelnia w Kro\u015bnie"},"image":{"@id":"https:\/\/pans.krosno.pl\/pielegniarstwo-magisterskie\/#\/schema\/logo\/image\/"},"sameAs":["https:\/\/www.facebook.com\/StudiaKrosno\/","https:\/\/www.instagram.com\/studia.krosno","https:\/\/pl.linkedin.com\/company\/pwsz-krosno","https:\/\/www.youtube.com\/user\/pwszkrosno\/","https:\/\/pl.wikipedia.org\/wiki\/Pa\u0144stwowa_Wy\u017csza_Szko\u0142a_Zawodowa_im._Stanis\u0142awa_Pigonia_w_Kro\u015bnie"]}]}},"_links":{"self":[{"href":"https:\/\/pans.krosno.pl\/pielegniarstwo-magisterskie\/wp-json\/wp\/v2\/pages\/1245","targetHints":{"allow":["GET"]}}],"collection":[{"href":"https:\/\/pans.krosno.pl\/pielegniarstwo-magisterskie\/wp-json\/wp\/v2\/pages"}],"about":[{"href":"https:\/\/pans.krosno.pl\/pielegniarstwo-magisterskie\/wp-json\/wp\/v2\/types\/page"}],"author":[{"embeddable":true,"href":"https:\/\/pans.krosno.pl\/pielegniarstwo-magisterskie\/wp-json\/wp\/v2\/users\/27"}],"replies":[{"embeddable":true,"href":"https:\/\/pans.krosno.pl\/pielegniarstwo-magisterskie\/wp-json\/wp\/v2\/comments?post=1245"}],"version-history":[{"count":32,"href":"https:\/\/pans.krosno.pl\/pielegniarstwo-magisterskie\/wp-json\/wp\/v2\/pages\/1245\/revisions"}],"predecessor-version":[{"id":1968,"href":"https:\/\/pans.krosno.pl\/pielegniarstwo-magisterskie\/wp-json\/wp\/v2\/pages\/1245\/revisions\/1968"}],"up":[{"embeddable":true,"href":"https:\/\/pans.krosno.pl\/pielegniarstwo-magisterskie\/wp-json\/wp\/v2\/pages\/1224"}],"wp:attachment":[{"href":"https:\/\/pans.krosno.pl\/pielegniarstwo-magisterskie\/wp-json\/wp\/v2\/media?parent=1245"}],"curies":[{"name":"wp","href":"https:\/\/api.w.org\/{rel}","templated":true}]}}