{"id":58,"date":"2020-03-04T09:59:29","date_gmt":"2020-03-04T08:59:29","guid":{"rendered":"https:\/\/pans.krosno.pl\/pibz\/?page_id=58"},"modified":"2025-06-03T10:56:16","modified_gmt":"2025-06-03T08:56:16","slug":"pracownicy","status":"publish","type":"page","link":"https:\/\/pans.krosno.pl\/pibz\/pracownicy\/","title":{"rendered":"Pracownicy"},"content":{"rendered":"<p><strong>Kierownik Zak\u0142adu Produkcji i Bezpiecze\u0144stwa \u017bywno\u015bci<\/strong><\/p>\n<p><a href=\"https:\/\/pans.krosno.pl\/pracownicy\/barbara-krochmal-marczak\/\" target=\"_blank\" rel=\"noopener noreferrer\">dr hab. in\u017c. Barbara Krochmal-Marczak prof. PANS<\/a><\/p>\n<p><strong>Nauczyciele prowadz\u0105cy zaj\u0119cia na kierunku Produkcja i bezpiecze\u0144stwo \u017cywno\u015bci:<\/strong><\/p>\n<p><a href=\"https:\/\/pans.krosno.pl\/pracownicy\/barbara-krzysztofik\/\" target=\"_blank\" rel=\"noopener noreferrer\">dr hab. in\u017c. Barbara Krzysztofik prof. PANS<\/a><\/p>\n<p><a href=\"https:\/\/pans.krosno.pl\/pracownicy\/boguslaw-slusarczyk\/\" target=\"_blank\" rel=\"noopener noreferrer\">dr hab. Bogus\u0142aw \u015alusarczyk prof. PANS<\/a><\/p>\n<p><a href=\"https:\/\/pans.krosno.pl\/pracownicy\/elzbieta-kondratowicz-pietruszka\/\" target=\"_blank\" rel=\"noopener noreferrer\">dr hab. in\u017c. El\u017cbieta Kondratowicz-Pietruszka prof. PANS<\/a><\/p>\n<p><a href=\"https:\/\/pans.krosno.pl\/pracownicy\/barbara-krochmal-marczak\/\" target=\"_blank\" rel=\"noopener noreferrer\">dr hab. in\u017c. Barbara Krochmal-Marczak prof. PANS<\/a><\/p>\n<p>dr hab. Miros\u0142aw Welz<\/p>\n<p>dr hab. Ireneusz Kapusta<\/p>\n<p><a href=\"https:\/\/pans.krosno.pl\/pracownicy\/henryk-rozanski\/\">dr Henryk R\u00f3\u017ca\u0144ski<\/a><\/p>\n<p>dr in\u017c. Tomasz Cebulak<\/p>\n<p><a href=\"https:\/\/pans.krosno.pl\/pracownicy\/marta-pisarek\/\" target=\"_blank\" rel=\"noopener noreferrer\">dr in\u017c. Marta Pisarek<\/a><\/p>\n<p><a href=\"https:\/\/pans.krosno.pl\/pracownicy\/magdalena-dykiel\/\" target=\"_blank\" rel=\"noopener noreferrer\">dr in\u017c. Magdalena Dykiel<\/a><\/p>\n<p><a href=\"https:\/\/pans.krosno.pl\/pracownicy\/bernadeta-bienia\/\" target=\"_blank\" rel=\"noopener noreferrer\">dr in\u017c. Bernadetta Bienia<\/a><\/p>\n<p>dr Dominik Wr\u00f3bel<\/p>\n<p><a href=\"https:\/\/pans.krosno.pl\/pracownicy\/elzbieta-bragiel\/\" target=\"_blank\" rel=\"noopener noreferrer\">mgr in\u017c. El\u017cbieta Br\u0105giel<\/a><\/p>\n<p><a href=\"https:\/\/pans.krosno.pl\/pracownicy\/joanna-polchlopek\/\">mgr Joanna P\u00f3\u0142ch\u0142opek<\/a><\/p>\n<p>&nbsp;<strong>Pozostali nauczyciele prowadz\u0105cy zaj\u0119cia na kierunku:<\/strong><\/p>\n<p><a href=\"https:\/\/pans.krosno.pl\/pracownicy\/renata-bal\/\" target=\"_blank\" rel=\"noopener noreferrer\">dr Renata Bal<\/a><\/p>\n<p><a href=\"https:\/\/pans.krosno.pl\/pracownicy\/mikhael-hakim\/\" target=\"_blank\" rel=\"noopener noreferrer\">dr Mikhael Hakim<\/a><\/p>\n<p><a href=\"https:\/\/pans.krosno.pl\/pracownicy\/jolanta-baran\/\" target=\"_blank\" rel=\"noopener noreferrer\">dr in\u017c. Jolanta Baran<\/a><\/p>\n<p><a href=\"https:\/\/pans.krosno.pl\/pracownicy\/damian-dubis\/\" target=\"_blank\" rel=\"noopener noreferrer\">dr in\u017c. Damian Dubis<\/a><\/p>\n<p><a href=\"https:\/\/pans.krosno.pl\/pracownicy\/malgorzata-zrodlo-loda\/\" target=\"_blank\" rel=\"noopener noreferrer\">dr in\u017c. Ma\u0142gorzata \u0179r\u00f3d\u0142o- Loda<\/a><\/p>\n<p><a href=\"https:\/\/pans.krosno.pl\/pracownicy\/bernadeta-rajchel\/\">dr in\u017c. Bernadeta Rajchel<\/a><\/p>\n<p><a href=\"https:\/\/pans.krosno.pl\/pracownicy\/jerzy-borcz\/\">mgr Jerzy Borcz<\/a><\/p>\n<p>mgr Marek Kie\u0142tyka<\/p>\n<p>mgr Ewa Szybieniecka<\/p>\n<p>mgr El\u017cbieta Bu\u0107ko-P\u0142oszczyca<\/p>\n<p>mgr Jadwiga Grzywacz<\/p>\n<p><a href=\"https:\/\/pans.krosno.pl\/pracownicy\/robert-rajs\/\">mgr Robert Rajs<\/a><\/p>\n<p>mgr in\u017c. Patryk Soli\u0144ski<\/p>\n<p>&nbsp;<\/p>\n<p>&nbsp;<\/p>\n","protected":false},"excerpt":{"rendered":"<p>Kierownik Zak\u0142adu Produkcji i Bezpiecze\u0144stwa \u017bywno\u015bci dr hab. in\u017c. Barbara Krochmal-Marczak prof. PANS Nauczyciele prowadz\u0105cy zaj\u0119cia na kierunku Produkcja i bezpiecze\u0144stwo \u017cywno\u015bci: dr hab. in\u017c. Barbara Krzysztofik prof. PANS dr hab. Bogus\u0142aw \u015alusarczyk prof. PANS dr hab. in\u017c. El\u017cbieta Kondratowicz-Pietruszka prof. PANS dr hab. in\u017c. Barbara Krochmal-Marczak prof. PANS dr [\u2026] <\/p>\n<div class=\"clear\"><\/div>\n<p><a class=\"more_link clearfix\" href=\"https:\/\/pans.krosno.pl\/pibz\/pracownicy\/\" rel=\"nofollow\">Read More<\/a><\/p>\n","protected":false},"author":27,"featured_media":0,"parent":0,"menu_order":0,"comment_status":"closed","ping_status":"closed","template":"page-templates\/template-full-width.php","meta":{"ngg_post_thumbnail":0,"footnotes":""},"class_list":["post-58","page","type-page","status-publish","hentry"],"yoast_head":"<!-- This site is optimized with the Yoast SEO Premium plugin v27.3 (Yoast SEO v27.3) - https:\/\/yoast.com\/product\/yoast-seo-premium-wordpress\/ -->\n<title>Pracownicy - Ekonomika produkcji i bezpiecze\u0144stwo \u017cywno\u015bci PANS w Kro\u015bnie<\/title>\n<meta name=\"description\" content=\"Kierownik Zak\u0142adu Produkcji i Bezpiecze\u0144stwa \u017bywno\u015bci - Dr in\u017c. Barbara Krochmal-Marczak\" \/>\n<meta name=\"robots\" content=\"index, follow, max-snippet:-1, max-image-preview:large, max-video-preview:-1\" \/>\n<link rel=\"canonical\" href=\"https:\/\/pans.krosno.pl\/pibz\/pracownicy\/\" \/>\n<meta property=\"og:locale\" content=\"pl_PL\" \/>\n<meta property=\"og:type\" content=\"article\" \/>\n<meta property=\"og:title\" content=\"Pracownicy\" \/>\n<meta property=\"og:description\" content=\"Kierownik Zak\u0142adu Produkcji i Bezpiecze\u0144stwa \u017bywno\u015bci - Dr in\u017c. Barbara Krochmal-Marczak\" \/>\n<meta property=\"og:url\" content=\"https:\/\/pans.krosno.pl\/pibz\/pracownicy\/\" \/>\n<meta property=\"og:site_name\" content=\"Ekonomika produkcji i bezpiecze\u0144stwo \u017cywno\u015bci PANS w Kro\u015bnie\" \/>\n<meta property=\"article:modified_time\" content=\"2025-06-03T08:56:16+00:00\" \/>\n<meta name=\"twitter:card\" content=\"summary_large_image\" \/>\n<meta name=\"twitter:label1\" content=\"Szacowany czas czytania\" \/>\n\t<meta name=\"twitter:data1\" content=\"1 minuta\" \/>\n<script type=\"application\/ld+json\" class=\"yoast-schema-graph\">{\"@context\":\"https:\\\/\\\/schema.org\",\"@graph\":[{\"@type\":\"WebPage\",\"@id\":\"https:\\\/\\\/pans.krosno.pl\\\/pibz\\\/pracownicy\\\/\",\"url\":\"https:\\\/\\\/pans.krosno.pl\\\/pibz\\\/pracownicy\\\/\",\"name\":\"Pracownicy - Ekonomika produkcji i bezpiecze\u0144stwo \u017cywno\u015bci PANS w Kro\u015bnie\",\"isPartOf\":{\"@id\":\"https:\\\/\\\/pans.krosno.pl\\\/pibz\\\/#website\"},\"datePublished\":\"2020-03-04T08:59:29+00:00\",\"dateModified\":\"2025-06-03T08:56:16+00:00\",\"description\":\"Kierownik Zak\u0142adu Produkcji i Bezpiecze\u0144stwa \u017bywno\u015bci - Dr in\u017c. Barbara Krochmal-Marczak\",\"breadcrumb\":{\"@id\":\"https:\\\/\\\/pans.krosno.pl\\\/pibz\\\/pracownicy\\\/#breadcrumb\"},\"inLanguage\":\"pl-PL\",\"potentialAction\":[{\"@type\":\"ReadAction\",\"target\":[\"https:\\\/\\\/pans.krosno.pl\\\/pibz\\\/pracownicy\\\/\"]}]},{\"@type\":\"BreadcrumbList\",\"@id\":\"https:\\\/\\\/pans.krosno.pl\\\/pibz\\\/pracownicy\\\/#breadcrumb\",\"itemListElement\":[{\"@type\":\"ListItem\",\"position\":1,\"name\":\"Strona g\u0142\u00f3wna\",\"item\":\"https:\\\/\\\/pans.krosno.pl\\\/pibz\\\/\"},{\"@type\":\"ListItem\",\"position\":2,\"name\":\"Pracownicy\"}]},{\"@type\":\"WebSite\",\"@id\":\"https:\\\/\\\/pans.krosno.pl\\\/pibz\\\/#website\",\"url\":\"https:\\\/\\\/pans.krosno.pl\\\/pibz\\\/\",\"name\":\"Ekonomika produkcji i bezpiecze\u0144stwo \u017cywno\u015bci PANS w Kro\u015bnie\",\"description\":\"Ekonomika produkcji i bezpiecze\u0144stwo \u017cywno\u015bci - Pa\u0144stwowa Akademia Nauk Stosowanych\",\"publisher\":{\"@id\":\"https:\\\/\\\/pans.krosno.pl\\\/pibz\\\/#organization\"},\"potentialAction\":[{\"@type\":\"SearchAction\",\"target\":{\"@type\":\"EntryPoint\",\"urlTemplate\":\"https:\\\/\\\/pans.krosno.pl\\\/pibz\\\/?s={search_term_string}\"},\"query-input\":{\"@type\":\"PropertyValueSpecification\",\"valueRequired\":true,\"valueName\":\"search_term_string\"}}],\"inLanguage\":\"pl-PL\"},{\"@type\":\"Organization\",\"@id\":\"https:\\\/\\\/pans.krosno.pl\\\/pibz\\\/#organization\",\"name\":\"Ekonomika produkcji i bezpiecze\u0144stwo \u017cywno\u015bci PANS w Kro\u015bnie\",\"url\":\"https:\\\/\\\/pans.krosno.pl\\\/pibz\\\/\",\"logo\":{\"@type\":\"ImageObject\",\"inLanguage\":\"pl-PL\",\"@id\":\"https:\\\/\\\/pans.krosno.pl\\\/pibz\\\/#\\\/schema\\\/logo\\\/image\\\/\",\"url\":\"https:\\\/\\\/pans.krosno.pl\\\/pibz\\\/wp-content\\\/uploads\\\/sites\\\/35\\\/2023\\\/01\\\/Logo-PANS-2022-pelne.png\",\"contentUrl\":\"https:\\\/\\\/pans.krosno.pl\\\/pibz\\\/wp-content\\\/uploads\\\/sites\\\/35\\\/2023\\\/01\\\/Logo-PANS-2022-pelne.png\",\"width\":3096,\"height\":696,\"caption\":\"Ekonomika produkcji i bezpiecze\u0144stwo \u017cywno\u015bci PANS w Kro\u015bnie\"},\"image\":{\"@id\":\"https:\\\/\\\/pans.krosno.pl\\\/pibz\\\/#\\\/schema\\\/logo\\\/image\\\/\"}}]}<\/script>\n<!-- \/ Yoast SEO Premium plugin. -->","yoast_head_json":{"title":"Pracownicy - Ekonomika produkcji i bezpiecze\u0144stwo \u017cywno\u015bci PANS w Kro\u015bnie","description":"Kierownik Zak\u0142adu Produkcji i Bezpiecze\u0144stwa \u017bywno\u015bci - Dr in\u017c. Barbara Krochmal-Marczak","robots":{"index":"index","follow":"follow","max-snippet":"max-snippet:-1","max-image-preview":"max-image-preview:large","max-video-preview":"max-video-preview:-1"},"canonical":"https:\/\/pans.krosno.pl\/pibz\/pracownicy\/","og_locale":"pl_PL","og_type":"article","og_title":"Pracownicy","og_description":"Kierownik Zak\u0142adu Produkcji i Bezpiecze\u0144stwa \u017bywno\u015bci - Dr in\u017c. Barbara Krochmal-Marczak","og_url":"https:\/\/pans.krosno.pl\/pibz\/pracownicy\/","og_site_name":"Ekonomika produkcji i bezpiecze\u0144stwo \u017cywno\u015bci PANS w Kro\u015bnie","article_modified_time":"2025-06-03T08:56:16+00:00","twitter_card":"summary_large_image","twitter_misc":{"Szacowany czas czytania":"1 minuta"},"schema":{"@context":"https:\/\/schema.org","@graph":[{"@type":"WebPage","@id":"https:\/\/pans.krosno.pl\/pibz\/pracownicy\/","url":"https:\/\/pans.krosno.pl\/pibz\/pracownicy\/","name":"Pracownicy - Ekonomika produkcji i bezpiecze\u0144stwo \u017cywno\u015bci PANS w Kro\u015bnie","isPartOf":{"@id":"https:\/\/pans.krosno.pl\/pibz\/#website"},"datePublished":"2020-03-04T08:59:29+00:00","dateModified":"2025-06-03T08:56:16+00:00","description":"Kierownik Zak\u0142adu Produkcji i Bezpiecze\u0144stwa \u017bywno\u015bci - Dr in\u017c. Barbara Krochmal-Marczak","breadcrumb":{"@id":"https:\/\/pans.krosno.pl\/pibz\/pracownicy\/#breadcrumb"},"inLanguage":"pl-PL","potentialAction":[{"@type":"ReadAction","target":["https:\/\/pans.krosno.pl\/pibz\/pracownicy\/"]}]},{"@type":"BreadcrumbList","@id":"https:\/\/pans.krosno.pl\/pibz\/pracownicy\/#breadcrumb","itemListElement":[{"@type":"ListItem","position":1,"name":"Strona g\u0142\u00f3wna","item":"https:\/\/pans.krosno.pl\/pibz\/"},{"@type":"ListItem","position":2,"name":"Pracownicy"}]},{"@type":"WebSite","@id":"https:\/\/pans.krosno.pl\/pibz\/#website","url":"https:\/\/pans.krosno.pl\/pibz\/","name":"Ekonomika produkcji i bezpiecze\u0144stwo \u017cywno\u015bci PANS w Kro\u015bnie","description":"Ekonomika produkcji i bezpiecze\u0144stwo \u017cywno\u015bci - Pa\u0144stwowa Akademia Nauk Stosowanych","publisher":{"@id":"https:\/\/pans.krosno.pl\/pibz\/#organization"},"potentialAction":[{"@type":"SearchAction","target":{"@type":"EntryPoint","urlTemplate":"https:\/\/pans.krosno.pl\/pibz\/?s={search_term_string}"},"query-input":{"@type":"PropertyValueSpecification","valueRequired":true,"valueName":"search_term_string"}}],"inLanguage":"pl-PL"},{"@type":"Organization","@id":"https:\/\/pans.krosno.pl\/pibz\/#organization","name":"Ekonomika produkcji i bezpiecze\u0144stwo \u017cywno\u015bci PANS w Kro\u015bnie","url":"https:\/\/pans.krosno.pl\/pibz\/","logo":{"@type":"ImageObject","inLanguage":"pl-PL","@id":"https:\/\/pans.krosno.pl\/pibz\/#\/schema\/logo\/image\/","url":"https:\/\/pans.krosno.pl\/pibz\/wp-content\/uploads\/sites\/35\/2023\/01\/Logo-PANS-2022-pelne.png","contentUrl":"https:\/\/pans.krosno.pl\/pibz\/wp-content\/uploads\/sites\/35\/2023\/01\/Logo-PANS-2022-pelne.png","width":3096,"height":696,"caption":"Ekonomika produkcji i bezpiecze\u0144stwo \u017cywno\u015bci PANS w Kro\u015bnie"},"image":{"@id":"https:\/\/pans.krosno.pl\/pibz\/#\/schema\/logo\/image\/"}}]}},"_links":{"self":[{"href":"https:\/\/pans.krosno.pl\/pibz\/wp-json\/wp\/v2\/pages\/58","targetHints":{"allow":["GET"]}}],"collection":[{"href":"https:\/\/pans.krosno.pl\/pibz\/wp-json\/wp\/v2\/pages"}],"about":[{"href":"https:\/\/pans.krosno.pl\/pibz\/wp-json\/wp\/v2\/types\/page"}],"author":[{"embeddable":true,"href":"https:\/\/pans.krosno.pl\/pibz\/wp-json\/wp\/v2\/users\/27"}],"replies":[{"embeddable":true,"href":"https:\/\/pans.krosno.pl\/pibz\/wp-json\/wp\/v2\/comments?post=58"}],"version-history":[{"count":19,"href":"https:\/\/pans.krosno.pl\/pibz\/wp-json\/wp\/v2\/pages\/58\/revisions"}],"predecessor-version":[{"id":4497,"href":"https:\/\/pans.krosno.pl\/pibz\/wp-json\/wp\/v2\/pages\/58\/revisions\/4497"}],"wp:attachment":[{"href":"https:\/\/pans.krosno.pl\/pibz\/wp-json\/wp\/v2\/media?parent=58"}],"curies":[{"name":"wp","href":"https:\/\/api.w.org\/{rel}","templated":true}]}}