{"id":278,"date":"2020-05-09T18:25:18","date_gmt":"2020-05-09T16:25:18","guid":{"rendered":"https:\/\/pans.krosno.pl\/pibz\/?page_id=278"},"modified":"2021-12-03T14:13:45","modified_gmt":"2021-12-03T13:13:45","slug":"zajecia-pokazowe-dla-uczniow-szkol-ponadpodstawowych","status":"publish","type":"page","link":"https:\/\/pans.krosno.pl\/pibz\/zajecia-pokazowe-dla-uczniow-szkol-ponadpodstawowych\/","title":{"rendered":"Zaj\u0119cia pokazowe dla uczni\u00f3w szk\u00f3\u0142 ponadpodstawowych"},"content":{"rendered":"\n<h3 class=\"wp-block-heading\" id=\"h-zaj-cia-dla-uczni-w-szk-ponadpodstawowych\">Zaj\u0119cia dla uczni\u00f3w szk\u00f3\u0142 ponadpodstawowych<\/h3>\n\n\n\n<p>Szanowni Pa\u0144stwo<\/p>\n\n\n\n<p>Informujemy o mo\u017cliwo\u015bci przeprowadzenia ciekawych zaj\u0119\u0107 dla uczni\u00f3w z klas szk\u00f3\u0142 \u015brednich. <\/p>\n\n\n\n<p>Wyk\u0142ady, warsztaty prowadzone s\u0105 przez pracownik\u00f3w naukowo-dydaktycznych pracuj\u0105cych na kierunku\u00a0<strong>,,Produkcja i Bezpiecze\u0144stwo \u017bywno\u015bci\u2019\u2019.<\/strong> <\/p>\n\n\n\n<p>Ze wzgl\u0119d\u00f3w organizacyjnych i harmonogramu pracy nauczycieli, termin przeprowadzenia zaj\u0119\u0107 oraz godziny wymagaj\u0105 wcze\u015bniejszego ustalenia.  <\/p>\n\n\n\n<p>Zapytania prosimy kierowa\u0107 do Pani Kierownik Zak\u0142adu Produkcji i bezpiecze\u0144stwa \u017cywno\u015bci dr in\u017c. Barbary Krochmal-Marczak na mail: barbara.krochmal-marczak@pans.krosno.pl lub do sekretariatu &#8211; telefon: 13-43-755-80, email: ig@pans.krosno.pl<\/p>\n\n\n\n<div class=\"wp-block-file\"><a href=\"https:\/\/pans.krosno.pl\/pibz\/wp-content\/uploads\/sites\/35\/2021\/12\/Tematy-warsztatow-PIBZ.docx\">Tematy wyk\u0142ad\u00f3w i warsztat\u00f3w<\/a><a href=\"https:\/\/pans.krosno.pl\/pibz\/wp-content\/uploads\/sites\/35\/2021\/12\/Tematy-warsztatow-PIBZ.docx\" class=\"wp-block-file__button\" download>Pobierz<\/a><\/div>\n\n\n\n<p><\/p>\n","protected":false},"excerpt":{"rendered":"<p>Zaj\u0119cia dla uczni\u00f3w szk\u00f3\u0142 ponadpodstawowych Szanowni Pa\u0144stwo Informujemy o mo\u017cliwo\u015bci przeprowadzenia ciekawych zaj\u0119\u0107 dla uczni\u00f3w z klas szk\u00f3\u0142 \u015brednich. Wyk\u0142ady, warsztaty prowadzone s\u0105 przez pracownik\u00f3w naukowo-dydaktycznych pracuj\u0105cych na kierunku\u00a0,,Produkcja i Bezpiecze\u0144stwo \u017bywno\u015bci\u2019\u2019. Ze wzgl\u0119d\u00f3w organizacyjnych i harmonogramu pracy nauczycieli, termin przeprowadzenia zaj\u0119\u0107 oraz godziny wymagaj\u0105 wcze\u015bniejszego ustalenia. Zapytania prosimy kierowa\u0107 [\u2026] <\/p>\n<div class=\"clear\"><\/div>\n<p><a class=\"more_link clearfix\" href=\"https:\/\/pans.krosno.pl\/pibz\/zajecia-pokazowe-dla-uczniow-szkol-ponadpodstawowych\/\" rel=\"nofollow\">Read More<\/a><\/p>\n","protected":false},"author":27,"featured_media":0,"parent":0,"menu_order":0,"comment_status":"closed","ping_status":"closed","template":"page-templates\/template-full-width.php","meta":{"ngg_post_thumbnail":0,"footnotes":""},"class_list":["post-278","page","type-page","status-publish","hentry"],"yoast_head":"<!-- This site is optimized with the Yoast SEO Premium plugin v27.4 (Yoast SEO v27.4) - https:\/\/yoast.com\/product\/yoast-seo-premium-wordpress\/ -->\n<title>Zaj\u0119cia pokazowe dla uczni\u00f3w szk\u00f3\u0142 ponadpodstawowych - Ekonomika produkcji i bezpiecze\u0144stwo \u017cywno\u015bci PANS w Kro\u015bnie<\/title>\n<meta name=\"robots\" content=\"index, follow, max-snippet:-1, max-image-preview:large, max-video-preview:-1\" \/>\n<link rel=\"canonical\" href=\"https:\/\/pans.krosno.pl\/pibz\/zajecia-pokazowe-dla-uczniow-szkol-ponadpodstawowych\/\" \/>\n<meta property=\"og:locale\" content=\"pl_PL\" \/>\n<meta property=\"og:type\" content=\"article\" \/>\n<meta property=\"og:title\" content=\"Zaj\u0119cia pokazowe dla uczni\u00f3w szk\u00f3\u0142 ponadpodstawowych\" \/>\n<meta property=\"og:description\" content=\"Zaj\u0119cia dla uczni\u00f3w szk\u00f3\u0142 ponadpodstawowych Szanowni Pa\u0144stwo Informujemy o mo\u017cliwo\u015bci przeprowadzenia ciekawych zaj\u0119\u0107 dla uczni\u00f3w z klas szk\u00f3\u0142 \u015brednich. Wyk\u0142ady, warsztaty prowadzone s\u0105 przez pracownik\u00f3w naukowo-dydaktycznych pracuj\u0105cych na kierunku\u00a0,,Produkcja i Bezpiecze\u0144stwo \u017bywno\u015bci\u2019\u2019. Ze wzgl\u0119d\u00f3w organizacyjnych i harmonogramu pracy nauczycieli, termin przeprowadzenia zaj\u0119\u0107 oraz godziny wymagaj\u0105 wcze\u015bniejszego ustalenia. Zapytania prosimy kierowa\u0107 [\u2026] Read More\" \/>\n<meta property=\"og:url\" content=\"https:\/\/pans.krosno.pl\/pibz\/zajecia-pokazowe-dla-uczniow-szkol-ponadpodstawowych\/\" \/>\n<meta property=\"og:site_name\" content=\"Ekonomika produkcji i bezpiecze\u0144stwo \u017cywno\u015bci PANS w Kro\u015bnie\" \/>\n<meta property=\"article:modified_time\" content=\"2021-12-03T13:13:45+00:00\" \/>\n<meta name=\"twitter:card\" content=\"summary_large_image\" \/>\n<meta name=\"twitter:label1\" content=\"Szacowany czas czytania\" \/>\n\t<meta name=\"twitter:data1\" content=\"1 minuta\" \/>\n<script type=\"application\/ld+json\" class=\"yoast-schema-graph\">{\"@context\":\"https:\\\/\\\/schema.org\",\"@graph\":[{\"@type\":\"WebPage\",\"@id\":\"https:\\\/\\\/pans.krosno.pl\\\/pibz\\\/zajecia-pokazowe-dla-uczniow-szkol-ponadpodstawowych\\\/\",\"url\":\"https:\\\/\\\/pans.krosno.pl\\\/pibz\\\/zajecia-pokazowe-dla-uczniow-szkol-ponadpodstawowych\\\/\",\"name\":\"Zaj\u0119cia pokazowe dla uczni\u00f3w szk\u00f3\u0142 ponadpodstawowych - Ekonomika produkcji i bezpiecze\u0144stwo \u017cywno\u015bci PANS w Kro\u015bnie\",\"isPartOf\":{\"@id\":\"https:\\\/\\\/pans.krosno.pl\\\/pibz\\\/#website\"},\"datePublished\":\"2020-05-09T16:25:18+00:00\",\"dateModified\":\"2021-12-03T13:13:45+00:00\",\"breadcrumb\":{\"@id\":\"https:\\\/\\\/pans.krosno.pl\\\/pibz\\\/zajecia-pokazowe-dla-uczniow-szkol-ponadpodstawowych\\\/#breadcrumb\"},\"inLanguage\":\"pl-PL\",\"potentialAction\":[{\"@type\":\"ReadAction\",\"target\":[\"https:\\\/\\\/pans.krosno.pl\\\/pibz\\\/zajecia-pokazowe-dla-uczniow-szkol-ponadpodstawowych\\\/\"]}]},{\"@type\":\"BreadcrumbList\",\"@id\":\"https:\\\/\\\/pans.krosno.pl\\\/pibz\\\/zajecia-pokazowe-dla-uczniow-szkol-ponadpodstawowych\\\/#breadcrumb\",\"itemListElement\":[{\"@type\":\"ListItem\",\"position\":1,\"name\":\"Strona g\u0142\u00f3wna\",\"item\":\"https:\\\/\\\/pans.krosno.pl\\\/pibz\\\/\"},{\"@type\":\"ListItem\",\"position\":2,\"name\":\"Zaj\u0119cia pokazowe dla uczni\u00f3w szk\u00f3\u0142 ponadpodstawowych\"}]},{\"@type\":\"WebSite\",\"@id\":\"https:\\\/\\\/pans.krosno.pl\\\/pibz\\\/#website\",\"url\":\"https:\\\/\\\/pans.krosno.pl\\\/pibz\\\/\",\"name\":\"Ekonomika produkcji i bezpiecze\u0144stwo \u017cywno\u015bci PANS w Kro\u015bnie\",\"description\":\"Ekonomika produkcji i bezpiecze\u0144stwo \u017cywno\u015bci - Pa\u0144stwowa Akademia Nauk Stosowanych\",\"publisher\":{\"@id\":\"https:\\\/\\\/pans.krosno.pl\\\/pibz\\\/#organization\"},\"potentialAction\":[{\"@type\":\"SearchAction\",\"target\":{\"@type\":\"EntryPoint\",\"urlTemplate\":\"https:\\\/\\\/pans.krosno.pl\\\/pibz\\\/?s={search_term_string}\"},\"query-input\":{\"@type\":\"PropertyValueSpecification\",\"valueRequired\":true,\"valueName\":\"search_term_string\"}}],\"inLanguage\":\"pl-PL\"},{\"@type\":\"Organization\",\"@id\":\"https:\\\/\\\/pans.krosno.pl\\\/pibz\\\/#organization\",\"name\":\"Ekonomika produkcji i bezpiecze\u0144stwo \u017cywno\u015bci PANS w Kro\u015bnie\",\"url\":\"https:\\\/\\\/pans.krosno.pl\\\/pibz\\\/\",\"logo\":{\"@type\":\"ImageObject\",\"inLanguage\":\"pl-PL\",\"@id\":\"https:\\\/\\\/pans.krosno.pl\\\/pibz\\\/#\\\/schema\\\/logo\\\/image\\\/\",\"url\":\"https:\\\/\\\/pans.krosno.pl\\\/pibz\\\/wp-content\\\/uploads\\\/sites\\\/35\\\/2023\\\/01\\\/Logo-PANS-2022-pelne.png\",\"contentUrl\":\"https:\\\/\\\/pans.krosno.pl\\\/pibz\\\/wp-content\\\/uploads\\\/sites\\\/35\\\/2023\\\/01\\\/Logo-PANS-2022-pelne.png\",\"width\":3096,\"height\":696,\"caption\":\"Ekonomika produkcji i bezpiecze\u0144stwo \u017cywno\u015bci PANS w Kro\u015bnie\"},\"image\":{\"@id\":\"https:\\\/\\\/pans.krosno.pl\\\/pibz\\\/#\\\/schema\\\/logo\\\/image\\\/\"}}]}<\/script>\n<!-- \/ Yoast SEO Premium plugin. -->","yoast_head_json":{"title":"Zaj\u0119cia pokazowe dla uczni\u00f3w szk\u00f3\u0142 ponadpodstawowych - Ekonomika produkcji i bezpiecze\u0144stwo \u017cywno\u015bci PANS w Kro\u015bnie","robots":{"index":"index","follow":"follow","max-snippet":"max-snippet:-1","max-image-preview":"max-image-preview:large","max-video-preview":"max-video-preview:-1"},"canonical":"https:\/\/pans.krosno.pl\/pibz\/zajecia-pokazowe-dla-uczniow-szkol-ponadpodstawowych\/","og_locale":"pl_PL","og_type":"article","og_title":"Zaj\u0119cia pokazowe dla uczni\u00f3w szk\u00f3\u0142 ponadpodstawowych","og_description":"Zaj\u0119cia dla uczni\u00f3w szk\u00f3\u0142 ponadpodstawowych Szanowni Pa\u0144stwo Informujemy o mo\u017cliwo\u015bci przeprowadzenia ciekawych zaj\u0119\u0107 dla uczni\u00f3w z klas szk\u00f3\u0142 \u015brednich. Wyk\u0142ady, warsztaty prowadzone s\u0105 przez pracownik\u00f3w naukowo-dydaktycznych pracuj\u0105cych na kierunku\u00a0,,Produkcja i Bezpiecze\u0144stwo \u017bywno\u015bci\u2019\u2019. Ze wzgl\u0119d\u00f3w organizacyjnych i harmonogramu pracy nauczycieli, termin przeprowadzenia zaj\u0119\u0107 oraz godziny wymagaj\u0105 wcze\u015bniejszego ustalenia. Zapytania prosimy kierowa\u0107 [\u2026] Read More","og_url":"https:\/\/pans.krosno.pl\/pibz\/zajecia-pokazowe-dla-uczniow-szkol-ponadpodstawowych\/","og_site_name":"Ekonomika produkcji i bezpiecze\u0144stwo \u017cywno\u015bci PANS w Kro\u015bnie","article_modified_time":"2021-12-03T13:13:45+00:00","twitter_card":"summary_large_image","twitter_misc":{"Szacowany czas czytania":"1 minuta"},"schema":{"@context":"https:\/\/schema.org","@graph":[{"@type":"WebPage","@id":"https:\/\/pans.krosno.pl\/pibz\/zajecia-pokazowe-dla-uczniow-szkol-ponadpodstawowych\/","url":"https:\/\/pans.krosno.pl\/pibz\/zajecia-pokazowe-dla-uczniow-szkol-ponadpodstawowych\/","name":"Zaj\u0119cia pokazowe dla uczni\u00f3w szk\u00f3\u0142 ponadpodstawowych - Ekonomika produkcji i bezpiecze\u0144stwo \u017cywno\u015bci PANS w Kro\u015bnie","isPartOf":{"@id":"https:\/\/pans.krosno.pl\/pibz\/#website"},"datePublished":"2020-05-09T16:25:18+00:00","dateModified":"2021-12-03T13:13:45+00:00","breadcrumb":{"@id":"https:\/\/pans.krosno.pl\/pibz\/zajecia-pokazowe-dla-uczniow-szkol-ponadpodstawowych\/#breadcrumb"},"inLanguage":"pl-PL","potentialAction":[{"@type":"ReadAction","target":["https:\/\/pans.krosno.pl\/pibz\/zajecia-pokazowe-dla-uczniow-szkol-ponadpodstawowych\/"]}]},{"@type":"BreadcrumbList","@id":"https:\/\/pans.krosno.pl\/pibz\/zajecia-pokazowe-dla-uczniow-szkol-ponadpodstawowych\/#breadcrumb","itemListElement":[{"@type":"ListItem","position":1,"name":"Strona g\u0142\u00f3wna","item":"https:\/\/pans.krosno.pl\/pibz\/"},{"@type":"ListItem","position":2,"name":"Zaj\u0119cia pokazowe dla uczni\u00f3w szk\u00f3\u0142 ponadpodstawowych"}]},{"@type":"WebSite","@id":"https:\/\/pans.krosno.pl\/pibz\/#website","url":"https:\/\/pans.krosno.pl\/pibz\/","name":"Ekonomika produkcji i bezpiecze\u0144stwo \u017cywno\u015bci PANS w Kro\u015bnie","description":"Ekonomika produkcji i bezpiecze\u0144stwo \u017cywno\u015bci - Pa\u0144stwowa Akademia Nauk Stosowanych","publisher":{"@id":"https:\/\/pans.krosno.pl\/pibz\/#organization"},"potentialAction":[{"@type":"SearchAction","target":{"@type":"EntryPoint","urlTemplate":"https:\/\/pans.krosno.pl\/pibz\/?s={search_term_string}"},"query-input":{"@type":"PropertyValueSpecification","valueRequired":true,"valueName":"search_term_string"}}],"inLanguage":"pl-PL"},{"@type":"Organization","@id":"https:\/\/pans.krosno.pl\/pibz\/#organization","name":"Ekonomika produkcji i bezpiecze\u0144stwo \u017cywno\u015bci PANS w Kro\u015bnie","url":"https:\/\/pans.krosno.pl\/pibz\/","logo":{"@type":"ImageObject","inLanguage":"pl-PL","@id":"https:\/\/pans.krosno.pl\/pibz\/#\/schema\/logo\/image\/","url":"https:\/\/pans.krosno.pl\/pibz\/wp-content\/uploads\/sites\/35\/2023\/01\/Logo-PANS-2022-pelne.png","contentUrl":"https:\/\/pans.krosno.pl\/pibz\/wp-content\/uploads\/sites\/35\/2023\/01\/Logo-PANS-2022-pelne.png","width":3096,"height":696,"caption":"Ekonomika produkcji i bezpiecze\u0144stwo \u017cywno\u015bci PANS w Kro\u015bnie"},"image":{"@id":"https:\/\/pans.krosno.pl\/pibz\/#\/schema\/logo\/image\/"}}]}},"_links":{"self":[{"href":"https:\/\/pans.krosno.pl\/pibz\/wp-json\/wp\/v2\/pages\/278","targetHints":{"allow":["GET"]}}],"collection":[{"href":"https:\/\/pans.krosno.pl\/pibz\/wp-json\/wp\/v2\/pages"}],"about":[{"href":"https:\/\/pans.krosno.pl\/pibz\/wp-json\/wp\/v2\/types\/page"}],"author":[{"embeddable":true,"href":"https:\/\/pans.krosno.pl\/pibz\/wp-json\/wp\/v2\/users\/27"}],"replies":[{"embeddable":true,"href":"https:\/\/pans.krosno.pl\/pibz\/wp-json\/wp\/v2\/comments?post=278"}],"version-history":[{"count":4,"href":"https:\/\/pans.krosno.pl\/pibz\/wp-json\/wp\/v2\/pages\/278\/revisions"}],"predecessor-version":[{"id":1405,"href":"https:\/\/pans.krosno.pl\/pibz\/wp-json\/wp\/v2\/pages\/278\/revisions\/1405"}],"wp:attachment":[{"href":"https:\/\/pans.krosno.pl\/pibz\/wp-json\/wp\/v2\/media?parent=278"}],"curies":[{"name":"wp","href":"https:\/\/api.w.org\/{rel}","templated":true}]}}