{"id":26,"date":"2021-06-21T09:14:32","date_gmt":"2021-06-21T07:14:32","guid":{"rendered":"https:\/\/pans.krosno.pl\/ls\/?page_id=26"},"modified":"2026-01-25T20:57:29","modified_gmt":"2026-01-25T19:57:29","slug":"aktualnosci","status":"publish","type":"page","link":"https:\/\/pans.krosno.pl\/lingwistyka-praktyczna\/aktualnosci\/","title":{"rendered":"Aktualno\u015bci"},"content":{"rendered":"\n<hr class=\"wp-block-separator has-css-opacity\" \/>\n\n\n\n<h1 class=\"wp-block-heading\" id=\"h-ai-w-dydaktyce-akademickiej\">AI w dydaktyce akademickiej<\/h1>\n\n\n\n<p>W sobot\u0119, 17 stycznia pracownicy dydaktyczni mieli mo\u017cliwo\u015b\u0107 udzia\u0142u w warto\u015bciowym szkoleniu.<\/p>\n\n\n\n<p>Szkolenie \u201e<strong>Sztuczna inteligencja w dydaktyce akademickiej. Wprowadzenie do przysz\u0142o\u015bci edukacji<\/strong>\u201d, prowadzone przez dr. Grzegorza D. Stun\u017c\u0119, po\u015bwi\u0119cone by\u0142o praktycznemu zastosowaniu narz\u0119dzi generatywnej AI w edukacji akademickiej. Uczestnicy poznali aktualny stan rozwoju modeli generatywnych (m.in. GPT\u20115.2, Gemini\u202fPro\u202f&nbsp;3.0, Veo\u202f3, Adobe\u202fFirefly, Google AI\u202fStudio, Google\u202fNotebookLM), dowiedzieli si\u0119, jak odpowiedzialnie i etycznie wykorzysta\u0107&nbsp;te technologie przy tworzeniu materia\u0142\u00f3w dydaktycznych, prowadzeniu zaj\u0119\u0107, generowaniu wizualizacji, multimedi\u00f3w i prezentacji. Cz\u0119\u015bci\u0105 szkolenia by\u0142a r\u00f3wnie\u017c refleksja nad ewoluuj\u0105c\u0105 rol\u0105 nauczyciela akademickiego oraz kluczowymi kompetencjami przysz\u0142o\u015bci.<\/p>\n\n\n\n<p>O prowadz\u0105cym szkolenie:<\/p>\n\n\n\n<p><strong>Dr Grzegorz D. Stun\u017ca<\/strong>&nbsp;\u2013 adiunkt na Uniwersytecie Gda\u0144skim, badacz i edukator zajmuj\u0105cy si\u0119 wykorzystaniem sztucznej inteligencji w edukacji, pedagogik\u0105 krytyczn\u0105 i przysz\u0142o\u015bci\u0105 medi\u00f3w. Prezes Zarz\u0105du Polskiego Towarzystwa Edukacji Medialnej (2020\u20132024). Dwukrotny stypendysta Ministra Kultury i Dziedzictwa Narodowego w zakresie edukacji i animacji kultury (2014, 2017) na projekty z pogranicza edukacji kulturalnej i technologiczno-medialnej. Autor publikacji naukowych i popularnonaukowych. Prowadzi podcast i fanpejd\u017c EdFuture. Realizuje szkolenia i warsztaty dla uczelni, szk\u00f3\u0142 i instytucji edukacyjnych w ca\u0142ej Polsce. Prowadzi\u0142 szkolenia dla kadry badawczo-dydaktycznej Uniwersytetu Gda\u0144skiego, Uniwersytetu \u0141\u00f3dzkiego, Uniwersytetu Warszawskiego, a tak\u017ce dla dydaktyk\u00f3w akademickich w ramach szkole\u0144 zamawianych przez organizacje pozarz\u0105dowe.<\/p>\n\n\n\n<figure class=\"wp-block-image\"><img decoding=\"async\" src=\"https:\/\/pans.krosno.pl\/fa\/wp-content\/uploads\/sites\/13\/2026\/01\/Zrzut-ekranu-29-1024x527.png\" alt=\"\" class=\"wp-image-6031\" \/><\/figure>\n\n\n\n<figure class=\"wp-block-image\"><img decoding=\"async\" src=\"https:\/\/pans.krosno.pl\/fa\/wp-content\/uploads\/sites\/13\/2026\/01\/Zrzut-ekranu-31-1024x527.png\" alt=\"\" class=\"wp-image-6033\" \/><\/figure>\n\n\n\n<figure class=\"wp-block-image\"><img decoding=\"async\" src=\"https:\/\/pans.krosno.pl\/fa\/wp-content\/uploads\/sites\/13\/2026\/01\/Zrzut-ekranu-32-1024x762.png\" alt=\"\" class=\"wp-image-6035\" \/><\/figure>\n\n\n\n<figure class=\"wp-block-image\"><img decoding=\"async\" src=\"https:\/\/pans.krosno.pl\/fa\/wp-content\/uploads\/sites\/13\/2026\/01\/Zrzut-ekranu-35-1024x508.png\" alt=\"\" class=\"wp-image-6037\" \/><\/figure>\n\n\n\n<p><\/p>\n\n\n\n<h4 class=\"wp-block-heading\" id=\"h-\"><\/h4>\n","protected":false},"excerpt":{"rendered":"<p>AI w dydaktyce akademickiej W sobot\u0119, 17 stycznia pracownicy dydaktyczni mieli mo\u017cliwo\u015b\u0107 udzia\u0142u w warto\u015bciowym szkoleniu. Szkolenie \u201eSztuczna inteligencja w dydaktyce akademickiej. Wprowadzenie do przysz\u0142o\u015bci edukacji\u201d, prowadzone przez dr. Grzegorza D. Stun\u017c\u0119, po\u015bwi\u0119cone by\u0142o praktycznemu zastosowaniu narz\u0119dzi generatywnej AI w edukacji akademickiej. Uczestnicy poznali aktualny stan rozwoju modeli generatywnych (m.in. [\u2026] <\/p>\n<div class=\"clear\"><\/div>\n<p><a class=\"more_link clearfix\" href=\"https:\/\/pans.krosno.pl\/lingwistyka-praktyczna\/aktualnosci\/\" rel=\"nofollow\">Read More<\/a><\/p>\n","protected":false},"author":27,"featured_media":280,"parent":0,"menu_order":0,"comment_status":"closed","ping_status":"closed","template":"page-templates\/template-full-width.php","meta":{"ngg_post_thumbnail":0,"footnotes":""},"class_list":["post-26","page","type-page","status-publish","has-post-thumbnail","hentry"],"yoast_head":"<!-- This site is optimized with the Yoast SEO Premium plugin v27.4 (Yoast SEO v27.4) - https:\/\/yoast.com\/product\/yoast-seo-premium-wordpress\/ -->\n<title>Aktualno\u015bci - Lingwistyka Praktyczna PANS w Kro\u015bnie<\/title>\n<meta name=\"robots\" content=\"index, follow, max-snippet:-1, max-image-preview:large, max-video-preview:-1\" \/>\n<link rel=\"canonical\" href=\"https:\/\/pans.krosno.pl\/lingwistyka-praktyczna\/aktualnosci\/\" \/>\n<meta property=\"og:locale\" content=\"pl_PL\" \/>\n<meta property=\"og:type\" content=\"article\" \/>\n<meta property=\"og:title\" content=\"Aktualno\u015bci\" \/>\n<meta property=\"og:description\" content=\"AI w dydaktyce akademickiej W sobot\u0119, 17 stycznia pracownicy dydaktyczni mieli mo\u017cliwo\u015b\u0107 udzia\u0142u w warto\u015bciowym szkoleniu. Szkolenie \u201eSztuczna inteligencja w dydaktyce akademickiej. Wprowadzenie do przysz\u0142o\u015bci edukacji\u201d, prowadzone przez dr. Grzegorza D. Stun\u017c\u0119, po\u015bwi\u0119cone by\u0142o praktycznemu zastosowaniu narz\u0119dzi generatywnej AI w edukacji akademickiej. Uczestnicy poznali aktualny stan rozwoju modeli generatywnych (m.in. [\u2026] Read More\" \/>\n<meta property=\"og:url\" content=\"https:\/\/pans.krosno.pl\/lingwistyka-praktyczna\/aktualnosci\/\" \/>\n<meta property=\"og:site_name\" content=\"Lingwistyka Praktyczna PANS w Kro\u015bnie\" \/>\n<meta property=\"article:publisher\" content=\"https:\/\/www.facebook.com\/StudiaKrosno\/\" \/>\n<meta property=\"article:modified_time\" content=\"2026-01-25T19:57:29+00:00\" \/>\n<meta property=\"og:image\" content=\"https:\/\/pans.krosno.pl\/lingwistyka-praktyczna\/wp-content\/uploads\/sites\/58\/2026\/01\/DVffQnnibMWmNpx2Wfb5Se.jpg\" \/>\n\t<meta property=\"og:image:width\" content=\"1920\" \/>\n\t<meta property=\"og:image:height\" content=\"1080\" \/>\n\t<meta property=\"og:image:type\" content=\"image\/jpeg\" \/>\n<meta name=\"twitter:card\" content=\"summary_large_image\" \/>\n<meta name=\"twitter:label1\" content=\"Szacowany czas czytania\" \/>\n\t<meta name=\"twitter:data1\" content=\"3 minuty\" \/>\n<script type=\"application\/ld+json\" class=\"yoast-schema-graph\">{\"@context\":\"https:\\\/\\\/schema.org\",\"@graph\":[{\"@type\":\"WebPage\",\"@id\":\"https:\\\/\\\/pans.krosno.pl\\\/lingwistyka-praktyczna\\\/aktualnosci\\\/\",\"url\":\"https:\\\/\\\/pans.krosno.pl\\\/lingwistyka-praktyczna\\\/aktualnosci\\\/\",\"name\":\"Aktualno\u015bci - Lingwistyka Praktyczna PANS w Kro\u015bnie\",\"isPartOf\":{\"@id\":\"https:\\\/\\\/pans.krosno.pl\\\/lingwistyka-praktyczna\\\/#website\"},\"primaryImageOfPage\":{\"@id\":\"https:\\\/\\\/pans.krosno.pl\\\/lingwistyka-praktyczna\\\/aktualnosci\\\/#primaryimage\"},\"image\":{\"@id\":\"https:\\\/\\\/pans.krosno.pl\\\/lingwistyka-praktyczna\\\/aktualnosci\\\/#primaryimage\"},\"thumbnailUrl\":\"https:\\\/\\\/pans.krosno.pl\\\/lingwistyka-praktyczna\\\/wp-content\\\/uploads\\\/sites\\\/58\\\/2026\\\/01\\\/DVffQnnibMWmNpx2Wfb5Se.jpg\",\"datePublished\":\"2021-06-21T07:14:32+00:00\",\"dateModified\":\"2026-01-25T19:57:29+00:00\",\"breadcrumb\":{\"@id\":\"https:\\\/\\\/pans.krosno.pl\\\/lingwistyka-praktyczna\\\/aktualnosci\\\/#breadcrumb\"},\"inLanguage\":\"pl-PL\",\"potentialAction\":[{\"@type\":\"ReadAction\",\"target\":[\"https:\\\/\\\/pans.krosno.pl\\\/lingwistyka-praktyczna\\\/aktualnosci\\\/\"]}]},{\"@type\":\"ImageObject\",\"inLanguage\":\"pl-PL\",\"@id\":\"https:\\\/\\\/pans.krosno.pl\\\/lingwistyka-praktyczna\\\/aktualnosci\\\/#primaryimage\",\"url\":\"https:\\\/\\\/pans.krosno.pl\\\/lingwistyka-praktyczna\\\/wp-content\\\/uploads\\\/sites\\\/58\\\/2026\\\/01\\\/DVffQnnibMWmNpx2Wfb5Se.jpg\",\"contentUrl\":\"https:\\\/\\\/pans.krosno.pl\\\/lingwistyka-praktyczna\\\/wp-content\\\/uploads\\\/sites\\\/58\\\/2026\\\/01\\\/DVffQnnibMWmNpx2Wfb5Se.jpg\",\"width\":1920,\"height\":1080,\"caption\":\"xr:d:DAFQsi0yP_M:124,j:582486024080386008,t:23070711\"},{\"@type\":\"BreadcrumbList\",\"@id\":\"https:\\\/\\\/pans.krosno.pl\\\/lingwistyka-praktyczna\\\/aktualnosci\\\/#breadcrumb\",\"itemListElement\":[{\"@type\":\"ListItem\",\"position\":1,\"name\":\"Strona g\u0142\u00f3wna\",\"item\":\"https:\\\/\\\/pans.krosno.pl\\\/lingwistyka-praktyczna\\\/\"},{\"@type\":\"ListItem\",\"position\":2,\"name\":\"Aktualno\u015bci\"}]},{\"@type\":\"WebSite\",\"@id\":\"https:\\\/\\\/pans.krosno.pl\\\/lingwistyka-praktyczna\\\/#website\",\"url\":\"https:\\\/\\\/pans.krosno.pl\\\/lingwistyka-praktyczna\\\/\",\"name\":\"KPU w Kro\u015bnie\",\"description\":\"Lingwistyka Praktyczna - Pa\u0144stwowa Akademia Nauk Stosowanych\",\"publisher\":{\"@id\":\"https:\\\/\\\/pans.krosno.pl\\\/lingwistyka-praktyczna\\\/#organization\"},\"potentialAction\":[{\"@type\":\"SearchAction\",\"target\":{\"@type\":\"EntryPoint\",\"urlTemplate\":\"https:\\\/\\\/pans.krosno.pl\\\/lingwistyka-praktyczna\\\/?s={search_term_string}\"},\"query-input\":{\"@type\":\"PropertyValueSpecification\",\"valueRequired\":true,\"valueName\":\"search_term_string\"}}],\"inLanguage\":\"pl-PL\"},{\"@type\":\"Organization\",\"@id\":\"https:\\\/\\\/pans.krosno.pl\\\/lingwistyka-praktyczna\\\/#organization\",\"name\":\"Karpacka Pa\u0144stwowa Uczelnia w Kro\u015bnie\",\"url\":\"https:\\\/\\\/pans.krosno.pl\\\/lingwistyka-praktyczna\\\/\",\"logo\":{\"@type\":\"ImageObject\",\"inLanguage\":\"pl-PL\",\"@id\":\"https:\\\/\\\/pans.krosno.pl\\\/lingwistyka-praktyczna\\\/#\\\/schema\\\/logo\\\/image\\\/\",\"url\":\"\",\"contentUrl\":\"\",\"caption\":\"Karpacka Pa\u0144stwowa Uczelnia w Kro\u015bnie\"},\"image\":{\"@id\":\"https:\\\/\\\/pans.krosno.pl\\\/lingwistyka-praktyczna\\\/#\\\/schema\\\/logo\\\/image\\\/\"},\"sameAs\":[\"https:\\\/\\\/www.facebook.com\\\/StudiaKrosno\\\/\",\"https:\\\/\\\/www.instagram.com\\\/studia.krosno\",\"https:\\\/\\\/pl.linkedin.com\\\/company\\\/pwsz-krosno\",\"https:\\\/\\\/www.youtube.com\\\/user\\\/pwszkrosno\\\/\",\"https:\\\/\\\/pl.wikipedia.org\\\/wiki\\\/Pa\u0144stwowa_Wy\u017csza_Szko\u0142a_Zawodowa_im._Stanis\u0142awa_Pigonia_w_Kro\u015bnie\"]}]}<\/script>\n<!-- \/ Yoast SEO Premium plugin. -->","yoast_head_json":{"title":"Aktualno\u015bci - Lingwistyka Praktyczna PANS w Kro\u015bnie","robots":{"index":"index","follow":"follow","max-snippet":"max-snippet:-1","max-image-preview":"max-image-preview:large","max-video-preview":"max-video-preview:-1"},"canonical":"https:\/\/pans.krosno.pl\/lingwistyka-praktyczna\/aktualnosci\/","og_locale":"pl_PL","og_type":"article","og_title":"Aktualno\u015bci","og_description":"AI w dydaktyce akademickiej W sobot\u0119, 17 stycznia pracownicy dydaktyczni mieli mo\u017cliwo\u015b\u0107 udzia\u0142u w warto\u015bciowym szkoleniu. Szkolenie \u201eSztuczna inteligencja w dydaktyce akademickiej. Wprowadzenie do przysz\u0142o\u015bci edukacji\u201d, prowadzone przez dr. Grzegorza D. Stun\u017c\u0119, po\u015bwi\u0119cone by\u0142o praktycznemu zastosowaniu narz\u0119dzi generatywnej AI w edukacji akademickiej. Uczestnicy poznali aktualny stan rozwoju modeli generatywnych (m.in. [\u2026] Read More","og_url":"https:\/\/pans.krosno.pl\/lingwistyka-praktyczna\/aktualnosci\/","og_site_name":"Lingwistyka Praktyczna PANS w Kro\u015bnie","article_publisher":"https:\/\/www.facebook.com\/StudiaKrosno\/","article_modified_time":"2026-01-25T19:57:29+00:00","og_image":[{"width":1920,"height":1080,"url":"https:\/\/pans.krosno.pl\/lingwistyka-praktyczna\/wp-content\/uploads\/sites\/58\/2026\/01\/DVffQnnibMWmNpx2Wfb5Se.jpg","type":"image\/jpeg"}],"twitter_card":"summary_large_image","twitter_misc":{"Szacowany czas czytania":"3 minuty"},"schema":{"@context":"https:\/\/schema.org","@graph":[{"@type":"WebPage","@id":"https:\/\/pans.krosno.pl\/lingwistyka-praktyczna\/aktualnosci\/","url":"https:\/\/pans.krosno.pl\/lingwistyka-praktyczna\/aktualnosci\/","name":"Aktualno\u015bci - Lingwistyka Praktyczna PANS w Kro\u015bnie","isPartOf":{"@id":"https:\/\/pans.krosno.pl\/lingwistyka-praktyczna\/#website"},"primaryImageOfPage":{"@id":"https:\/\/pans.krosno.pl\/lingwistyka-praktyczna\/aktualnosci\/#primaryimage"},"image":{"@id":"https:\/\/pans.krosno.pl\/lingwistyka-praktyczna\/aktualnosci\/#primaryimage"},"thumbnailUrl":"https:\/\/pans.krosno.pl\/lingwistyka-praktyczna\/wp-content\/uploads\/sites\/58\/2026\/01\/DVffQnnibMWmNpx2Wfb5Se.jpg","datePublished":"2021-06-21T07:14:32+00:00","dateModified":"2026-01-25T19:57:29+00:00","breadcrumb":{"@id":"https:\/\/pans.krosno.pl\/lingwistyka-praktyczna\/aktualnosci\/#breadcrumb"},"inLanguage":"pl-PL","potentialAction":[{"@type":"ReadAction","target":["https:\/\/pans.krosno.pl\/lingwistyka-praktyczna\/aktualnosci\/"]}]},{"@type":"ImageObject","inLanguage":"pl-PL","@id":"https:\/\/pans.krosno.pl\/lingwistyka-praktyczna\/aktualnosci\/#primaryimage","url":"https:\/\/pans.krosno.pl\/lingwistyka-praktyczna\/wp-content\/uploads\/sites\/58\/2026\/01\/DVffQnnibMWmNpx2Wfb5Se.jpg","contentUrl":"https:\/\/pans.krosno.pl\/lingwistyka-praktyczna\/wp-content\/uploads\/sites\/58\/2026\/01\/DVffQnnibMWmNpx2Wfb5Se.jpg","width":1920,"height":1080,"caption":"xr:d:DAFQsi0yP_M:124,j:582486024080386008,t:23070711"},{"@type":"BreadcrumbList","@id":"https:\/\/pans.krosno.pl\/lingwistyka-praktyczna\/aktualnosci\/#breadcrumb","itemListElement":[{"@type":"ListItem","position":1,"name":"Strona g\u0142\u00f3wna","item":"https:\/\/pans.krosno.pl\/lingwistyka-praktyczna\/"},{"@type":"ListItem","position":2,"name":"Aktualno\u015bci"}]},{"@type":"WebSite","@id":"https:\/\/pans.krosno.pl\/lingwistyka-praktyczna\/#website","url":"https:\/\/pans.krosno.pl\/lingwistyka-praktyczna\/","name":"KPU w Kro\u015bnie","description":"Lingwistyka Praktyczna - Pa\u0144stwowa Akademia Nauk Stosowanych","publisher":{"@id":"https:\/\/pans.krosno.pl\/lingwistyka-praktyczna\/#organization"},"potentialAction":[{"@type":"SearchAction","target":{"@type":"EntryPoint","urlTemplate":"https:\/\/pans.krosno.pl\/lingwistyka-praktyczna\/?s={search_term_string}"},"query-input":{"@type":"PropertyValueSpecification","valueRequired":true,"valueName":"search_term_string"}}],"inLanguage":"pl-PL"},{"@type":"Organization","@id":"https:\/\/pans.krosno.pl\/lingwistyka-praktyczna\/#organization","name":"Karpacka Pa\u0144stwowa Uczelnia w Kro\u015bnie","url":"https:\/\/pans.krosno.pl\/lingwistyka-praktyczna\/","logo":{"@type":"ImageObject","inLanguage":"pl-PL","@id":"https:\/\/pans.krosno.pl\/lingwistyka-praktyczna\/#\/schema\/logo\/image\/","url":"","contentUrl":"","caption":"Karpacka Pa\u0144stwowa Uczelnia w Kro\u015bnie"},"image":{"@id":"https:\/\/pans.krosno.pl\/lingwistyka-praktyczna\/#\/schema\/logo\/image\/"},"sameAs":["https:\/\/www.facebook.com\/StudiaKrosno\/","https:\/\/www.instagram.com\/studia.krosno","https:\/\/pl.linkedin.com\/company\/pwsz-krosno","https:\/\/www.youtube.com\/user\/pwszkrosno\/","https:\/\/pl.wikipedia.org\/wiki\/Pa\u0144stwowa_Wy\u017csza_Szko\u0142a_Zawodowa_im._Stanis\u0142awa_Pigonia_w_Kro\u015bnie"]}]}},"_links":{"self":[{"href":"https:\/\/pans.krosno.pl\/lingwistyka-praktyczna\/wp-json\/wp\/v2\/pages\/26","targetHints":{"allow":["GET"]}}],"collection":[{"href":"https:\/\/pans.krosno.pl\/lingwistyka-praktyczna\/wp-json\/wp\/v2\/pages"}],"about":[{"href":"https:\/\/pans.krosno.pl\/lingwistyka-praktyczna\/wp-json\/wp\/v2\/types\/page"}],"author":[{"embeddable":true,"href":"https:\/\/pans.krosno.pl\/lingwistyka-praktyczna\/wp-json\/wp\/v2\/users\/27"}],"replies":[{"embeddable":true,"href":"https:\/\/pans.krosno.pl\/lingwistyka-praktyczna\/wp-json\/wp\/v2\/comments?post=26"}],"version-history":[{"count":3,"href":"https:\/\/pans.krosno.pl\/lingwistyka-praktyczna\/wp-json\/wp\/v2\/pages\/26\/revisions"}],"predecessor-version":[{"id":279,"href":"https:\/\/pans.krosno.pl\/lingwistyka-praktyczna\/wp-json\/wp\/v2\/pages\/26\/revisions\/279"}],"wp:featuredmedia":[{"embeddable":true,"href":"https:\/\/pans.krosno.pl\/lingwistyka-praktyczna\/wp-json\/wp\/v2\/media\/280"}],"wp:attachment":[{"href":"https:\/\/pans.krosno.pl\/lingwistyka-praktyczna\/wp-json\/wp\/v2\/media?parent=26"}],"curies":[{"name":"wp","href":"https:\/\/api.w.org\/{rel}","templated":true}]}}