{"id":4085,"date":"2021-05-04T10:36:59","date_gmt":"2021-05-04T08:36:59","guid":{"rendered":"https:\/\/pans.krosno.pl\/kola-naukowe\/?page_id=4085"},"modified":"2021-05-10T10:00:43","modified_gmt":"2021-05-10T08:00:43","slug":"kolo-naukowe-tworczych-pedagogow-regulamin-kola","status":"publish","type":"page","link":"https:\/\/pans.krosno.pl\/kola-naukowe\/kolo-naukowe-tworczych-pedagogow\/kolo-naukowe-tworczych-pedagogow-regulamin-kola\/","title":{"rendered":"Regulamin Ko\u0142a Naukowego Tw\u00f3rczych Pedagog\u00f3w"},"content":{"rendered":"<p style=\"text-align: center\"><strong>1<\/strong><\/p>\n<ol>\n<li style=\"text-align: justify\">Ko\u0142o nosi nazw\u0119 \u201eStudenckie Ko\u0142o Naukowe Tw\u00f3rczych Pedagog\u00f3w\u201d.<\/li>\n<li style=\"text-align: justify\">Ko\u0142o Naukowe Tw\u00f3rczych Pedagog\u00f3w dzia\u0142a przy zak\u0142adzie Pedagogiki, w Instytucie Humanistycznym KPU w Kro\u015bnie.<\/li>\n<li style=\"text-align: justify\">Opiekunem naukowym ko\u0142a jest dr Ma\u0142gorzata W\u00f3jcik, wyk\u0142adowca KPU w Kro\u015bnie.<\/li>\n<\/ol>\n<p style=\"text-align: center\"><strong>2<\/strong><\/p>\n<ol>\n<li style=\"text-align: justify\">Ko\u0142o jest uczelnian\u0105 organizacja studenck\u0105.<\/li>\n<li style=\"text-align: justify\">Ko\u0142o zrzesza student\u00f3w Pedagogiki i Pedagogiki Przedszkolnej i Wczesnoszkolnej na zasadach dobrowolnego, tw\u00f3rczego uczestnictwa.<\/li>\n<li style=\"text-align: justify\">Zarz\u0105d ko\u0142a jest powo\u0142ywany spo\u015br\u00f3d jego najaktywniejszych cz\u0142onk\u00f3w, dzia\u0142aj\u0105c nie d\u0142u\u017cej ni\u017c do 31 marca ostatniego roku studi\u00f3w w KPU.<\/li>\n<\/ol>\n<p style=\"text-align: center\"><strong>3<br \/>\n<\/strong><\/p>\n<p style=\"text-align: justify\">Cele i zadania ko\u0142a:<\/p>\n<ol>\n<li style=\"text-align: justify\">Realizacja r\u00f3\u017cnych typ\u00f3w bada\u0144 pedagogicznych, w tym bada\u0144 ilo\u015bciowych, jako\u015bciowych, terenowych i por\u00f3wnawczych,<\/li>\n<li style=\"text-align: justify\">Uczestnictwo w konferencjach naukowych o zasi\u0119gu og\u00f3lnopolskim i mi\u0119dzynarodowym,<\/li>\n<li style=\"text-align: justify\">Publikacja artyku\u0142\u00f3w naukowych w wydawnictwach pokonferencyjnych i monografiach naukowych,<\/li>\n<li style=\"text-align: justify\">Promocja kierunku pedagogika oraz promocja Uczelni w \u015brodowisku lokalnym,<\/li>\n<li style=\"text-align: justify\">Uczestnictwo w wa\u017cnych wydarzeniach uczelni KPU w Kro\u015bnie<\/li>\n<li style=\"text-align: justify\">Dzia\u0142ania na rzecz \u015brodowiska lokalnego, w szczeg\u00f3lno\u015bci dla dzieci w wieku przedszkolnym, wczesnoszkolnym i szkolnym;<\/li>\n<\/ol>\n<p style=\"text-align: center\">4<\/p>\n<p style=\"text-align: justify\">Cz\u0142onkiem Studenckiego Ko\u0142a Tw\u00f3rczych Pedagog\u00f3w mog\u0105 by\u0107 studenci studi\u00f3w stacjonarnych i niestacjonarnych kierunku Pedagogika oraz Pedagogika Przedszkolna i Wczesnoszkolna.<\/p>\n<p style=\"text-align: center\"><strong>5 <\/strong><\/p>\n<p style=\"text-align: justify\">Cz\u0142onkowie zobowi\u0105zani s\u0105 do sta\u0142ego komunikowania si\u0119 z opiekunem ko\u0142a poprzez kontakt bezpo\u015bredni, maile, platform\u0119 Zoom, MS Teams oraz do anga\u017cowania si\u0119 w g\u0142\u00f3wne obszary dzia\u0142alno\u015bci ko\u0142a naukowego Tw\u00f3rczych Pedagog\u00f3w.<\/p>\n","protected":false},"excerpt":{"rendered":"<p>1 Ko\u0142o nosi nazw\u0119 \u201eStudenckie Ko\u0142o Naukowe Tw\u00f3rczych Pedagog\u00f3w\u201d. Ko\u0142o Naukowe Tw\u00f3rczych Pedagog\u00f3w dzia\u0142a przy zak\u0142adzie Pedagogiki, w Instytucie Humanistycznym KPU w Kro\u015bnie. Opiekunem naukowym ko\u0142a jest dr Ma\u0142gorzata W\u00f3jcik, wyk\u0142adowca KPU w Kro\u015bnie. 2 Ko\u0142o jest uczelnian\u0105 organizacja studenck\u0105. Ko\u0142o zrzesza student\u00f3w Pedagogiki i Pedagogiki Przedszkolnej i Wczesnoszkolnej na [\u2026] <\/p>\n<div class=\"clear\"><\/div>\n<p><a class=\"more_link clearfix\" href=\"https:\/\/pans.krosno.pl\/kola-naukowe\/kolo-naukowe-tworczych-pedagogow\/kolo-naukowe-tworczych-pedagogow-regulamin-kola\/\" rel=\"nofollow\">Read More<\/a><\/p>\n","protected":false},"author":27,"featured_media":0,"parent":4080,"menu_order":0,"comment_status":"closed","ping_status":"closed","template":"page-templates\/template-full-width.php","meta":{"ngg_post_thumbnail":0,"footnotes":""},"class_list":["post-4085","page","type-page","status-publish","hentry"],"yoast_head":"<!-- This site is optimized with the Yoast SEO Premium plugin v27.4 (Yoast SEO v27.4) - https:\/\/yoast.com\/product\/yoast-seo-premium-wordpress\/ -->\n<title>Regulamin Ko\u0142a Naukowego Tw\u00f3rczych Pedagog\u00f3w - Studenckie Ko\u0142a Naukowe PANS w Kro\u015bnie<\/title>\n<meta name=\"robots\" content=\"index, follow, max-snippet:-1, max-image-preview:large, max-video-preview:-1\" \/>\n<link rel=\"canonical\" href=\"https:\/\/pans.krosno.pl\/kola-naukowe\/kolo-naukowe-tworczych-pedagogow\/kolo-naukowe-tworczych-pedagogow-regulamin-kola\/\" \/>\n<meta property=\"og:locale\" content=\"pl_PL\" \/>\n<meta property=\"og:type\" content=\"article\" \/>\n<meta property=\"og:title\" content=\"Regulamin Ko\u0142a Naukowego Tw\u00f3rczych Pedagog\u00f3w\" \/>\n<meta property=\"og:description\" content=\"1 Ko\u0142o nosi nazw\u0119 \u201eStudenckie Ko\u0142o Naukowe Tw\u00f3rczych Pedagog\u00f3w\u201d. Ko\u0142o Naukowe Tw\u00f3rczych Pedagog\u00f3w dzia\u0142a przy zak\u0142adzie Pedagogiki, w Instytucie Humanistycznym KPU w Kro\u015bnie. Opiekunem naukowym ko\u0142a jest dr Ma\u0142gorzata W\u00f3jcik, wyk\u0142adowca KPU w Kro\u015bnie. 2 Ko\u0142o jest uczelnian\u0105 organizacja studenck\u0105. Ko\u0142o zrzesza student\u00f3w Pedagogiki i Pedagogiki Przedszkolnej i Wczesnoszkolnej na [\u2026] Read More\" \/>\n<meta property=\"og:url\" content=\"https:\/\/pans.krosno.pl\/kola-naukowe\/kolo-naukowe-tworczych-pedagogow\/kolo-naukowe-tworczych-pedagogow-regulamin-kola\/\" \/>\n<meta property=\"og:site_name\" content=\"Studenckie Ko\u0142a Naukowe PANS w Kro\u015bnie\" \/>\n<meta property=\"article:modified_time\" content=\"2021-05-10T08:00:43+00:00\" \/>\n<meta name=\"twitter:card\" content=\"summary_large_image\" \/>\n<meta name=\"twitter:label1\" content=\"Szacowany czas czytania\" \/>\n\t<meta name=\"twitter:data1\" content=\"1 minuta\" \/>\n<script type=\"application\/ld+json\" class=\"yoast-schema-graph\">{\"@context\":\"https:\\\/\\\/schema.org\",\"@graph\":[{\"@type\":\"WebPage\",\"@id\":\"https:\\\/\\\/pans.krosno.pl\\\/kola-naukowe\\\/kolo-naukowe-tworczych-pedagogow\\\/kolo-naukowe-tworczych-pedagogow-regulamin-kola\\\/\",\"url\":\"https:\\\/\\\/pans.krosno.pl\\\/kola-naukowe\\\/kolo-naukowe-tworczych-pedagogow\\\/kolo-naukowe-tworczych-pedagogow-regulamin-kola\\\/\",\"name\":\"Regulamin Ko\u0142a Naukowego Tw\u00f3rczych Pedagog\u00f3w - Studenckie Ko\u0142a Naukowe PANS w Kro\u015bnie\",\"isPartOf\":{\"@id\":\"https:\\\/\\\/pans.krosno.pl\\\/kola-naukowe\\\/#website\"},\"datePublished\":\"2021-05-04T08:36:59+00:00\",\"dateModified\":\"2021-05-10T08:00:43+00:00\",\"breadcrumb\":{\"@id\":\"https:\\\/\\\/pans.krosno.pl\\\/kola-naukowe\\\/kolo-naukowe-tworczych-pedagogow\\\/kolo-naukowe-tworczych-pedagogow-regulamin-kola\\\/#breadcrumb\"},\"inLanguage\":\"pl-PL\",\"potentialAction\":[{\"@type\":\"ReadAction\",\"target\":[\"https:\\\/\\\/pans.krosno.pl\\\/kola-naukowe\\\/kolo-naukowe-tworczych-pedagogow\\\/kolo-naukowe-tworczych-pedagogow-regulamin-kola\\\/\"]}]},{\"@type\":\"BreadcrumbList\",\"@id\":\"https:\\\/\\\/pans.krosno.pl\\\/kola-naukowe\\\/kolo-naukowe-tworczych-pedagogow\\\/kolo-naukowe-tworczych-pedagogow-regulamin-kola\\\/#breadcrumb\",\"itemListElement\":[{\"@type\":\"ListItem\",\"position\":1,\"name\":\"Strona g\u0142\u00f3wna\",\"item\":\"https:\\\/\\\/pans.krosno.pl\\\/kola-naukowe\\\/\"},{\"@type\":\"ListItem\",\"position\":2,\"name\":\"Ko\u0142o Naukowe Tw\u00f3rczych Pedagog\u00f3w\",\"item\":\"https:\\\/\\\/pans.krosno.pl\\\/kola-naukowe\\\/kolo-naukowe-tworczych-pedagogow\\\/\"},{\"@type\":\"ListItem\",\"position\":3,\"name\":\"Regulamin Ko\u0142a Naukowego Tw\u00f3rczych Pedagog\u00f3w\"}]},{\"@type\":\"WebSite\",\"@id\":\"https:\\\/\\\/pans.krosno.pl\\\/kola-naukowe\\\/#website\",\"url\":\"https:\\\/\\\/pans.krosno.pl\\\/kola-naukowe\\\/\",\"name\":\"Studenckie Ko\u0142a Naukowe PANS w Kro\u015bnie\",\"description\":\"Studenckie Ko\u0142a Naukowe - Pa\u0144stwowa Akademia Nauk Stosowanych\",\"publisher\":{\"@id\":\"https:\\\/\\\/pans.krosno.pl\\\/kola-naukowe\\\/#organization\"},\"potentialAction\":[{\"@type\":\"SearchAction\",\"target\":{\"@type\":\"EntryPoint\",\"urlTemplate\":\"https:\\\/\\\/pans.krosno.pl\\\/kola-naukowe\\\/?s={search_term_string}\"},\"query-input\":{\"@type\":\"PropertyValueSpecification\",\"valueRequired\":true,\"valueName\":\"search_term_string\"}}],\"inLanguage\":\"pl-PL\"},{\"@type\":\"Organization\",\"@id\":\"https:\\\/\\\/pans.krosno.pl\\\/kola-naukowe\\\/#organization\",\"name\":\"Studenckie Ko\u0142a Naukowe PANS w Kro\u015bnie\",\"url\":\"https:\\\/\\\/pans.krosno.pl\\\/kola-naukowe\\\/\",\"logo\":{\"@type\":\"ImageObject\",\"inLanguage\":\"pl-PL\",\"@id\":\"https:\\\/\\\/pans.krosno.pl\\\/kola-naukowe\\\/#\\\/schema\\\/logo\\\/image\\\/\",\"url\":\"https:\\\/\\\/pans.krosno.pl\\\/kola-naukowe\\\/wp-content\\\/uploads\\\/sites\\\/48\\\/2023\\\/01\\\/Logo-PANS-2022-pelne.png\",\"contentUrl\":\"https:\\\/\\\/pans.krosno.pl\\\/kola-naukowe\\\/wp-content\\\/uploads\\\/sites\\\/48\\\/2023\\\/01\\\/Logo-PANS-2022-pelne.png\",\"width\":3096,\"height\":696,\"caption\":\"Studenckie Ko\u0142a Naukowe PANS w Kro\u015bnie\"},\"image\":{\"@id\":\"https:\\\/\\\/pans.krosno.pl\\\/kola-naukowe\\\/#\\\/schema\\\/logo\\\/image\\\/\"}}]}<\/script>\n<!-- \/ Yoast SEO Premium plugin. -->","yoast_head_json":{"title":"Regulamin Ko\u0142a Naukowego Tw\u00f3rczych Pedagog\u00f3w - Studenckie Ko\u0142a Naukowe PANS w Kro\u015bnie","robots":{"index":"index","follow":"follow","max-snippet":"max-snippet:-1","max-image-preview":"max-image-preview:large","max-video-preview":"max-video-preview:-1"},"canonical":"https:\/\/pans.krosno.pl\/kola-naukowe\/kolo-naukowe-tworczych-pedagogow\/kolo-naukowe-tworczych-pedagogow-regulamin-kola\/","og_locale":"pl_PL","og_type":"article","og_title":"Regulamin Ko\u0142a Naukowego Tw\u00f3rczych Pedagog\u00f3w","og_description":"1 Ko\u0142o nosi nazw\u0119 \u201eStudenckie Ko\u0142o Naukowe Tw\u00f3rczych Pedagog\u00f3w\u201d. Ko\u0142o Naukowe Tw\u00f3rczych Pedagog\u00f3w dzia\u0142a przy zak\u0142adzie Pedagogiki, w Instytucie Humanistycznym KPU w Kro\u015bnie. Opiekunem naukowym ko\u0142a jest dr Ma\u0142gorzata W\u00f3jcik, wyk\u0142adowca KPU w Kro\u015bnie. 2 Ko\u0142o jest uczelnian\u0105 organizacja studenck\u0105. Ko\u0142o zrzesza student\u00f3w Pedagogiki i Pedagogiki Przedszkolnej i Wczesnoszkolnej na [\u2026] Read More","og_url":"https:\/\/pans.krosno.pl\/kola-naukowe\/kolo-naukowe-tworczych-pedagogow\/kolo-naukowe-tworczych-pedagogow-regulamin-kola\/","og_site_name":"Studenckie Ko\u0142a Naukowe PANS w Kro\u015bnie","article_modified_time":"2021-05-10T08:00:43+00:00","twitter_card":"summary_large_image","twitter_misc":{"Szacowany czas czytania":"1 minuta"},"schema":{"@context":"https:\/\/schema.org","@graph":[{"@type":"WebPage","@id":"https:\/\/pans.krosno.pl\/kola-naukowe\/kolo-naukowe-tworczych-pedagogow\/kolo-naukowe-tworczych-pedagogow-regulamin-kola\/","url":"https:\/\/pans.krosno.pl\/kola-naukowe\/kolo-naukowe-tworczych-pedagogow\/kolo-naukowe-tworczych-pedagogow-regulamin-kola\/","name":"Regulamin Ko\u0142a Naukowego Tw\u00f3rczych Pedagog\u00f3w - Studenckie Ko\u0142a Naukowe PANS w Kro\u015bnie","isPartOf":{"@id":"https:\/\/pans.krosno.pl\/kola-naukowe\/#website"},"datePublished":"2021-05-04T08:36:59+00:00","dateModified":"2021-05-10T08:00:43+00:00","breadcrumb":{"@id":"https:\/\/pans.krosno.pl\/kola-naukowe\/kolo-naukowe-tworczych-pedagogow\/kolo-naukowe-tworczych-pedagogow-regulamin-kola\/#breadcrumb"},"inLanguage":"pl-PL","potentialAction":[{"@type":"ReadAction","target":["https:\/\/pans.krosno.pl\/kola-naukowe\/kolo-naukowe-tworczych-pedagogow\/kolo-naukowe-tworczych-pedagogow-regulamin-kola\/"]}]},{"@type":"BreadcrumbList","@id":"https:\/\/pans.krosno.pl\/kola-naukowe\/kolo-naukowe-tworczych-pedagogow\/kolo-naukowe-tworczych-pedagogow-regulamin-kola\/#breadcrumb","itemListElement":[{"@type":"ListItem","position":1,"name":"Strona g\u0142\u00f3wna","item":"https:\/\/pans.krosno.pl\/kola-naukowe\/"},{"@type":"ListItem","position":2,"name":"Ko\u0142o Naukowe Tw\u00f3rczych Pedagog\u00f3w","item":"https:\/\/pans.krosno.pl\/kola-naukowe\/kolo-naukowe-tworczych-pedagogow\/"},{"@type":"ListItem","position":3,"name":"Regulamin Ko\u0142a Naukowego Tw\u00f3rczych Pedagog\u00f3w"}]},{"@type":"WebSite","@id":"https:\/\/pans.krosno.pl\/kola-naukowe\/#website","url":"https:\/\/pans.krosno.pl\/kola-naukowe\/","name":"Studenckie Ko\u0142a Naukowe PANS w Kro\u015bnie","description":"Studenckie Ko\u0142a Naukowe - Pa\u0144stwowa Akademia Nauk Stosowanych","publisher":{"@id":"https:\/\/pans.krosno.pl\/kola-naukowe\/#organization"},"potentialAction":[{"@type":"SearchAction","target":{"@type":"EntryPoint","urlTemplate":"https:\/\/pans.krosno.pl\/kola-naukowe\/?s={search_term_string}"},"query-input":{"@type":"PropertyValueSpecification","valueRequired":true,"valueName":"search_term_string"}}],"inLanguage":"pl-PL"},{"@type":"Organization","@id":"https:\/\/pans.krosno.pl\/kola-naukowe\/#organization","name":"Studenckie Ko\u0142a Naukowe PANS w Kro\u015bnie","url":"https:\/\/pans.krosno.pl\/kola-naukowe\/","logo":{"@type":"ImageObject","inLanguage":"pl-PL","@id":"https:\/\/pans.krosno.pl\/kola-naukowe\/#\/schema\/logo\/image\/","url":"https:\/\/pans.krosno.pl\/kola-naukowe\/wp-content\/uploads\/sites\/48\/2023\/01\/Logo-PANS-2022-pelne.png","contentUrl":"https:\/\/pans.krosno.pl\/kola-naukowe\/wp-content\/uploads\/sites\/48\/2023\/01\/Logo-PANS-2022-pelne.png","width":3096,"height":696,"caption":"Studenckie Ko\u0142a Naukowe PANS w Kro\u015bnie"},"image":{"@id":"https:\/\/pans.krosno.pl\/kola-naukowe\/#\/schema\/logo\/image\/"}}]}},"_links":{"self":[{"href":"https:\/\/pans.krosno.pl\/kola-naukowe\/wp-json\/wp\/v2\/pages\/4085","targetHints":{"allow":["GET"]}}],"collection":[{"href":"https:\/\/pans.krosno.pl\/kola-naukowe\/wp-json\/wp\/v2\/pages"}],"about":[{"href":"https:\/\/pans.krosno.pl\/kola-naukowe\/wp-json\/wp\/v2\/types\/page"}],"author":[{"embeddable":true,"href":"https:\/\/pans.krosno.pl\/kola-naukowe\/wp-json\/wp\/v2\/users\/27"}],"replies":[{"embeddable":true,"href":"https:\/\/pans.krosno.pl\/kola-naukowe\/wp-json\/wp\/v2\/comments?post=4085"}],"version-history":[{"count":3,"href":"https:\/\/pans.krosno.pl\/kola-naukowe\/wp-json\/wp\/v2\/pages\/4085\/revisions"}],"predecessor-version":[{"id":4156,"href":"https:\/\/pans.krosno.pl\/kola-naukowe\/wp-json\/wp\/v2\/pages\/4085\/revisions\/4156"}],"up":[{"embeddable":true,"href":"https:\/\/pans.krosno.pl\/kola-naukowe\/wp-json\/wp\/v2\/pages\/4080"}],"wp:attachment":[{"href":"https:\/\/pans.krosno.pl\/kola-naukowe\/wp-json\/wp\/v2\/media?parent=4085"}],"curies":[{"name":"wp","href":"https:\/\/api.w.org\/{rel}","templated":true}]}}