{"id":39,"date":"2020-04-20T15:41:32","date_gmt":"2020-04-20T13:41:32","guid":{"rendered":"https:\/\/pans.krosno.pl\/kola-naukowe\/?page_id=39"},"modified":"2025-01-03T09:12:50","modified_gmt":"2025-01-03T08:12:50","slug":"kolo-naukowe-temida-opis","status":"publish","type":"page","link":"https:\/\/pans.krosno.pl\/kola-naukowe\/studenckie-kola-naukowe\/kolo-naukowe-temida\/kolo-naukowe-temida-opis\/","title":{"rendered":"Ko\u0142o Naukowe Temida &#8211; opis"},"content":{"rendered":"<p>Interdyscyplinarne Ko\u0142o Naukowe \u201eTemida\u201d<\/p>\n<p>G\u0142\u00f3wna dzia\u0142alno\u015b\u0107 ko\u0142a opiera si\u0119 na poszerzaniu wiedzy i pasji student\u00f3w zwi\u0105zanymi z r\u00f3\u017cnymi dziedzinami nauki. Ko\u0142o jest interdyscyplinarne, wi\u0119c jego cz\u0142onkiem mo\u017ce by\u0107 ka\u017cdy student Pa\u0144stwowej Akademii Nauk Stosowanych w Kro\u015bnie. Cz\u0142onkowie Ko\u0142a uczestnicz\u0105 w konferencjach naukowych, pisz\u0105 artyku\u0142y naukowe oraz wsp\u00f3lnie uczestnicz\u0105 w r\u00f3\u017cnych wydarzeniach kulturalnych, a tak\u017ce jako pomoc w organizacji konferencji i wydarze\u0144 uczelnianych. Ko\u0142o powsta\u0142o w roku akademickim 2017\/2018 z inicjatywy student\u00f3w pragn\u0105cych poszerza\u0107 swoje zainteresowania oraz uczestniczy\u0107 w \u017cyciu naukowym i kulturalnym uczelni oraz jej partner\u00f3w. Do tej pory cz\u0142onkowie IKN \u201eTemida\u201d uczestniczyli w kilkudziesi\u0119ciu konferencjach naukowych og\u00f3lnopolskich oraz mi\u0119dzynarodowych. Napisali r\u00f3wnie\u017c kilka artyku\u0142\u00f3w naukowych.<\/p>\n","protected":false},"excerpt":{"rendered":"<p>Interdyscyplinarne Ko\u0142o Naukowe \u201eTemida\u201d G\u0142\u00f3wna dzia\u0142alno\u015b\u0107 ko\u0142a opiera si\u0119 na poszerzaniu wiedzy i pasji student\u00f3w zwi\u0105zanymi z r\u00f3\u017cnymi dziedzinami nauki. Ko\u0142o jest interdyscyplinarne, wi\u0119c jego cz\u0142onkiem mo\u017ce by\u0107 ka\u017cdy student Pa\u0144stwowej Akademii Nauk Stosowanych w Kro\u015bnie. Cz\u0142onkowie Ko\u0142a uczestnicz\u0105 w konferencjach naukowych, pisz\u0105 artyku\u0142y naukowe oraz wsp\u00f3lnie uczestnicz\u0105 w r\u00f3\u017cnych [\u2026] <\/p>\n<div class=\"clear\"><\/div>\n<p><a class=\"more_link clearfix\" href=\"https:\/\/pans.krosno.pl\/kola-naukowe\/studenckie-kola-naukowe\/kolo-naukowe-temida\/kolo-naukowe-temida-opis\/\" rel=\"nofollow\">Read More<\/a><\/p>\n","protected":false},"author":27,"featured_media":0,"parent":34,"menu_order":0,"comment_status":"closed","ping_status":"closed","template":"page-templates\/template-full-width.php","meta":{"ngg_post_thumbnail":0,"footnotes":""},"class_list":["post-39","page","type-page","status-publish","hentry"],"yoast_head":"<!-- This site is optimized with the Yoast SEO Premium plugin v27.3 (Yoast SEO v27.3) - https:\/\/yoast.com\/product\/yoast-seo-premium-wordpress\/ -->\n<title>Ko\u0142o Naukowe Temida - opis - Studenckie Ko\u0142a Naukowe PANS w Kro\u015bnie<\/title>\n<meta name=\"robots\" content=\"index, follow, max-snippet:-1, max-image-preview:large, max-video-preview:-1\" \/>\n<link rel=\"canonical\" href=\"https:\/\/pans.krosno.pl\/kola-naukowe\/studenckie-kola-naukowe\/kolo-naukowe-temida\/kolo-naukowe-temida-opis\/\" \/>\n<meta property=\"og:locale\" content=\"pl_PL\" \/>\n<meta property=\"og:type\" content=\"article\" \/>\n<meta property=\"og:title\" content=\"Ko\u0142o Naukowe Temida - opis\" \/>\n<meta property=\"og:description\" content=\"Interdyscyplinarne Ko\u0142o Naukowe \u201eTemida\u201d G\u0142\u00f3wna dzia\u0142alno\u015b\u0107 ko\u0142a opiera si\u0119 na poszerzaniu wiedzy i pasji student\u00f3w zwi\u0105zanymi z r\u00f3\u017cnymi dziedzinami nauki. Ko\u0142o jest interdyscyplinarne, wi\u0119c jego cz\u0142onkiem mo\u017ce by\u0107 ka\u017cdy student Pa\u0144stwowej Akademii Nauk Stosowanych w Kro\u015bnie. Cz\u0142onkowie Ko\u0142a uczestnicz\u0105 w konferencjach naukowych, pisz\u0105 artyku\u0142y naukowe oraz wsp\u00f3lnie uczestnicz\u0105 w r\u00f3\u017cnych [\u2026] Read More\" \/>\n<meta property=\"og:url\" content=\"https:\/\/pans.krosno.pl\/kola-naukowe\/studenckie-kola-naukowe\/kolo-naukowe-temida\/kolo-naukowe-temida-opis\/\" \/>\n<meta property=\"og:site_name\" content=\"Studenckie Ko\u0142a Naukowe PANS w Kro\u015bnie\" \/>\n<meta property=\"article:modified_time\" content=\"2025-01-03T08:12:50+00:00\" \/>\n<meta name=\"twitter:card\" content=\"summary_large_image\" \/>\n<meta name=\"twitter:label1\" content=\"Szacowany czas czytania\" \/>\n\t<meta name=\"twitter:data1\" content=\"1 minuta\" \/>\n<script type=\"application\/ld+json\" class=\"yoast-schema-graph\">{\"@context\":\"https:\\\/\\\/schema.org\",\"@graph\":[{\"@type\":\"WebPage\",\"@id\":\"https:\\\/\\\/pans.krosno.pl\\\/kola-naukowe\\\/studenckie-kola-naukowe\\\/kolo-naukowe-temida\\\/kolo-naukowe-temida-opis\\\/\",\"url\":\"https:\\\/\\\/pans.krosno.pl\\\/kola-naukowe\\\/studenckie-kola-naukowe\\\/kolo-naukowe-temida\\\/kolo-naukowe-temida-opis\\\/\",\"name\":\"Ko\u0142o Naukowe Temida - opis - Studenckie Ko\u0142a Naukowe PANS w Kro\u015bnie\",\"isPartOf\":{\"@id\":\"https:\\\/\\\/pans.krosno.pl\\\/kola-naukowe\\\/#website\"},\"datePublished\":\"2020-04-20T13:41:32+00:00\",\"dateModified\":\"2025-01-03T08:12:50+00:00\",\"breadcrumb\":{\"@id\":\"https:\\\/\\\/pans.krosno.pl\\\/kola-naukowe\\\/studenckie-kola-naukowe\\\/kolo-naukowe-temida\\\/kolo-naukowe-temida-opis\\\/#breadcrumb\"},\"inLanguage\":\"pl-PL\",\"potentialAction\":[{\"@type\":\"ReadAction\",\"target\":[\"https:\\\/\\\/pans.krosno.pl\\\/kola-naukowe\\\/studenckie-kola-naukowe\\\/kolo-naukowe-temida\\\/kolo-naukowe-temida-opis\\\/\"]}]},{\"@type\":\"BreadcrumbList\",\"@id\":\"https:\\\/\\\/pans.krosno.pl\\\/kola-naukowe\\\/studenckie-kola-naukowe\\\/kolo-naukowe-temida\\\/kolo-naukowe-temida-opis\\\/#breadcrumb\",\"itemListElement\":[{\"@type\":\"ListItem\",\"position\":1,\"name\":\"Strona g\u0142\u00f3wna\",\"item\":\"https:\\\/\\\/pans.krosno.pl\\\/kola-naukowe\\\/\"},{\"@type\":\"ListItem\",\"position\":2,\"name\":\"Studenckie Ko\u0142a Naukowe\",\"item\":\"https:\\\/\\\/pans.krosno.pl\\\/kola-naukowe\\\/studenckie-kola-naukowe\\\/\"},{\"@type\":\"ListItem\",\"position\":3,\"name\":\"Ko\u0142o Naukowe Temida\",\"item\":\"https:\\\/\\\/pans.krosno.pl\\\/kola-naukowe\\\/studenckie-kola-naukowe\\\/kolo-naukowe-temida\\\/\"},{\"@type\":\"ListItem\",\"position\":4,\"name\":\"Ko\u0142o Naukowe Temida &#8211; opis\"}]},{\"@type\":\"WebSite\",\"@id\":\"https:\\\/\\\/pans.krosno.pl\\\/kola-naukowe\\\/#website\",\"url\":\"https:\\\/\\\/pans.krosno.pl\\\/kola-naukowe\\\/\",\"name\":\"Studenckie Ko\u0142a Naukowe PANS w Kro\u015bnie\",\"description\":\"Studenckie Ko\u0142a Naukowe - Pa\u0144stwowa Akademia Nauk Stosowanych\",\"publisher\":{\"@id\":\"https:\\\/\\\/pans.krosno.pl\\\/kola-naukowe\\\/#organization\"},\"potentialAction\":[{\"@type\":\"SearchAction\",\"target\":{\"@type\":\"EntryPoint\",\"urlTemplate\":\"https:\\\/\\\/pans.krosno.pl\\\/kola-naukowe\\\/?s={search_term_string}\"},\"query-input\":{\"@type\":\"PropertyValueSpecification\",\"valueRequired\":true,\"valueName\":\"search_term_string\"}}],\"inLanguage\":\"pl-PL\"},{\"@type\":\"Organization\",\"@id\":\"https:\\\/\\\/pans.krosno.pl\\\/kola-naukowe\\\/#organization\",\"name\":\"Studenckie Ko\u0142a Naukowe PANS w Kro\u015bnie\",\"url\":\"https:\\\/\\\/pans.krosno.pl\\\/kola-naukowe\\\/\",\"logo\":{\"@type\":\"ImageObject\",\"inLanguage\":\"pl-PL\",\"@id\":\"https:\\\/\\\/pans.krosno.pl\\\/kola-naukowe\\\/#\\\/schema\\\/logo\\\/image\\\/\",\"url\":\"https:\\\/\\\/pans.krosno.pl\\\/kola-naukowe\\\/wp-content\\\/uploads\\\/sites\\\/48\\\/2023\\\/01\\\/Logo-PANS-2022-pelne.png\",\"contentUrl\":\"https:\\\/\\\/pans.krosno.pl\\\/kola-naukowe\\\/wp-content\\\/uploads\\\/sites\\\/48\\\/2023\\\/01\\\/Logo-PANS-2022-pelne.png\",\"width\":3096,\"height\":696,\"caption\":\"Studenckie Ko\u0142a Naukowe PANS w Kro\u015bnie\"},\"image\":{\"@id\":\"https:\\\/\\\/pans.krosno.pl\\\/kola-naukowe\\\/#\\\/schema\\\/logo\\\/image\\\/\"}}]}<\/script>\n<!-- \/ Yoast SEO Premium plugin. -->","yoast_head_json":{"title":"Ko\u0142o Naukowe Temida - opis - Studenckie Ko\u0142a Naukowe PANS w Kro\u015bnie","robots":{"index":"index","follow":"follow","max-snippet":"max-snippet:-1","max-image-preview":"max-image-preview:large","max-video-preview":"max-video-preview:-1"},"canonical":"https:\/\/pans.krosno.pl\/kola-naukowe\/studenckie-kola-naukowe\/kolo-naukowe-temida\/kolo-naukowe-temida-opis\/","og_locale":"pl_PL","og_type":"article","og_title":"Ko\u0142o Naukowe Temida - opis","og_description":"Interdyscyplinarne Ko\u0142o Naukowe \u201eTemida\u201d G\u0142\u00f3wna dzia\u0142alno\u015b\u0107 ko\u0142a opiera si\u0119 na poszerzaniu wiedzy i pasji student\u00f3w zwi\u0105zanymi z r\u00f3\u017cnymi dziedzinami nauki. Ko\u0142o jest interdyscyplinarne, wi\u0119c jego cz\u0142onkiem mo\u017ce by\u0107 ka\u017cdy student Pa\u0144stwowej Akademii Nauk Stosowanych w Kro\u015bnie. Cz\u0142onkowie Ko\u0142a uczestnicz\u0105 w konferencjach naukowych, pisz\u0105 artyku\u0142y naukowe oraz wsp\u00f3lnie uczestnicz\u0105 w r\u00f3\u017cnych [\u2026] Read More","og_url":"https:\/\/pans.krosno.pl\/kola-naukowe\/studenckie-kola-naukowe\/kolo-naukowe-temida\/kolo-naukowe-temida-opis\/","og_site_name":"Studenckie Ko\u0142a Naukowe PANS w Kro\u015bnie","article_modified_time":"2025-01-03T08:12:50+00:00","twitter_card":"summary_large_image","twitter_misc":{"Szacowany czas czytania":"1 minuta"},"schema":{"@context":"https:\/\/schema.org","@graph":[{"@type":"WebPage","@id":"https:\/\/pans.krosno.pl\/kola-naukowe\/studenckie-kola-naukowe\/kolo-naukowe-temida\/kolo-naukowe-temida-opis\/","url":"https:\/\/pans.krosno.pl\/kola-naukowe\/studenckie-kola-naukowe\/kolo-naukowe-temida\/kolo-naukowe-temida-opis\/","name":"Ko\u0142o Naukowe Temida - opis - Studenckie Ko\u0142a Naukowe PANS w Kro\u015bnie","isPartOf":{"@id":"https:\/\/pans.krosno.pl\/kola-naukowe\/#website"},"datePublished":"2020-04-20T13:41:32+00:00","dateModified":"2025-01-03T08:12:50+00:00","breadcrumb":{"@id":"https:\/\/pans.krosno.pl\/kola-naukowe\/studenckie-kola-naukowe\/kolo-naukowe-temida\/kolo-naukowe-temida-opis\/#breadcrumb"},"inLanguage":"pl-PL","potentialAction":[{"@type":"ReadAction","target":["https:\/\/pans.krosno.pl\/kola-naukowe\/studenckie-kola-naukowe\/kolo-naukowe-temida\/kolo-naukowe-temida-opis\/"]}]},{"@type":"BreadcrumbList","@id":"https:\/\/pans.krosno.pl\/kola-naukowe\/studenckie-kola-naukowe\/kolo-naukowe-temida\/kolo-naukowe-temida-opis\/#breadcrumb","itemListElement":[{"@type":"ListItem","position":1,"name":"Strona g\u0142\u00f3wna","item":"https:\/\/pans.krosno.pl\/kola-naukowe\/"},{"@type":"ListItem","position":2,"name":"Studenckie Ko\u0142a Naukowe","item":"https:\/\/pans.krosno.pl\/kola-naukowe\/studenckie-kola-naukowe\/"},{"@type":"ListItem","position":3,"name":"Ko\u0142o Naukowe Temida","item":"https:\/\/pans.krosno.pl\/kola-naukowe\/studenckie-kola-naukowe\/kolo-naukowe-temida\/"},{"@type":"ListItem","position":4,"name":"Ko\u0142o Naukowe Temida &#8211; opis"}]},{"@type":"WebSite","@id":"https:\/\/pans.krosno.pl\/kola-naukowe\/#website","url":"https:\/\/pans.krosno.pl\/kola-naukowe\/","name":"Studenckie Ko\u0142a Naukowe PANS w Kro\u015bnie","description":"Studenckie Ko\u0142a Naukowe - Pa\u0144stwowa Akademia Nauk Stosowanych","publisher":{"@id":"https:\/\/pans.krosno.pl\/kola-naukowe\/#organization"},"potentialAction":[{"@type":"SearchAction","target":{"@type":"EntryPoint","urlTemplate":"https:\/\/pans.krosno.pl\/kola-naukowe\/?s={search_term_string}"},"query-input":{"@type":"PropertyValueSpecification","valueRequired":true,"valueName":"search_term_string"}}],"inLanguage":"pl-PL"},{"@type":"Organization","@id":"https:\/\/pans.krosno.pl\/kola-naukowe\/#organization","name":"Studenckie Ko\u0142a Naukowe PANS w Kro\u015bnie","url":"https:\/\/pans.krosno.pl\/kola-naukowe\/","logo":{"@type":"ImageObject","inLanguage":"pl-PL","@id":"https:\/\/pans.krosno.pl\/kola-naukowe\/#\/schema\/logo\/image\/","url":"https:\/\/pans.krosno.pl\/kola-naukowe\/wp-content\/uploads\/sites\/48\/2023\/01\/Logo-PANS-2022-pelne.png","contentUrl":"https:\/\/pans.krosno.pl\/kola-naukowe\/wp-content\/uploads\/sites\/48\/2023\/01\/Logo-PANS-2022-pelne.png","width":3096,"height":696,"caption":"Studenckie Ko\u0142a Naukowe PANS w Kro\u015bnie"},"image":{"@id":"https:\/\/pans.krosno.pl\/kola-naukowe\/#\/schema\/logo\/image\/"}}]}},"_links":{"self":[{"href":"https:\/\/pans.krosno.pl\/kola-naukowe\/wp-json\/wp\/v2\/pages\/39","targetHints":{"allow":["GET"]}}],"collection":[{"href":"https:\/\/pans.krosno.pl\/kola-naukowe\/wp-json\/wp\/v2\/pages"}],"about":[{"href":"https:\/\/pans.krosno.pl\/kola-naukowe\/wp-json\/wp\/v2\/types\/page"}],"author":[{"embeddable":true,"href":"https:\/\/pans.krosno.pl\/kola-naukowe\/wp-json\/wp\/v2\/users\/27"}],"replies":[{"embeddable":true,"href":"https:\/\/pans.krosno.pl\/kola-naukowe\/wp-json\/wp\/v2\/comments?post=39"}],"version-history":[{"count":3,"href":"https:\/\/pans.krosno.pl\/kola-naukowe\/wp-json\/wp\/v2\/pages\/39\/revisions"}],"predecessor-version":[{"id":7255,"href":"https:\/\/pans.krosno.pl\/kola-naukowe\/wp-json\/wp\/v2\/pages\/39\/revisions\/7255"}],"up":[{"embeddable":true,"href":"https:\/\/pans.krosno.pl\/kola-naukowe\/wp-json\/wp\/v2\/pages\/34"}],"wp:attachment":[{"href":"https:\/\/pans.krosno.pl\/kola-naukowe\/wp-json\/wp\/v2\/media?parent=39"}],"curies":[{"name":"wp","href":"https:\/\/api.w.org\/{rel}","templated":true}]}}