{"id":240,"date":"2020-05-20T10:56:44","date_gmt":"2020-05-20T08:56:44","guid":{"rendered":"https:\/\/pans.krosno.pl\/bwm\/?page_id=240"},"modified":"2023-09-06T08:35:43","modified_gmt":"2023-09-06T06:35:43","slug":"general-information-2","status":"publish","type":"page","link":"https:\/\/pans.krosno.pl\/iro\/general-information-2\/","title":{"rendered":"Informacje og\u00f3lne"},"content":{"rendered":"\n<p><strong>Czym jest Erasmus+?<\/strong> <\/p>\n\n\n\n<p>Erasmus+ to nowa faza programu Erasmus, pozwala na wyjazdy zagraniczne dla student\u00f3w i wyk\u0142adowc\u00f3w. 33 kraje w programie pozwalaj\u0105 na szeroki wyb\u00f3r, od Islandii po Turcj\u0119, od Szwecji po Portugali\u0119. Ca\u0142a Europa w zasi\u0119gu r\u0119ki. Wystarczy odwa\u017cy\u0107 si\u0119 skorzysta\u0107. &nbsp; <\/p>\n\n\n\n<p><strong>Studia za granic\u0105<\/strong> <\/p>\n\n\n\n<p>Kro\u015bnie\u0144ska uczelnia podpisa\u0142a ponad 75 um\u00f3w z uniwersytetami z 20 kraj\u00f3w programu. Ta liczba stawia nas w pozycji lidera. Co wi\u0119cej, w ofercie jest jeszcze 6 uniwersytet\u00f3w z 5 kraj\u00f3w partnerskich, takie jak: USA, Kazahstan, Gruzja, Ukraina, a nawet odleg\u0142e Chiny! Studenci niemal wszystkich kierunk\u00f3w znajd\u0105 co\u015b dla siebie. Na tym jednak nie ko\u0144czymy, staramy si\u0119 poszerza\u0107 nasz\u0105 ofert\u0119 i w dalszym ci\u0105gu negocjujemy kolejne umowy z kilkoma krajami, a osi\u0105gni\u0119cie porozumienia z nast\u0119pnymi uczelniami jest tylko kwesti\u0105 czasu. Studenci mog\u0105 wyjecha\u0107 na wymian\u0119 na semestr lub nawet ca\u0142y rok. Wystarczy tylko chcie\u0107. Do tej pory z tych mo\u017cliwo\u015bci skorzysta\u0142o ponad 300 naszych student\u00f3w oraz podobna ilo\u015b\u0107 student\u00f3w zagranicznych. Nabory og\u0142aszane s\u0105 w dziale z aktualno\u015bciami oraz na profilu Facebook. \u00a0 <\/p>\n\n\n\n<p><strong>Mo\u017cliwo\u015bci praktyk<\/strong> <\/p>\n\n\n\n<p>A mo\u017ce wyjecha\u0107 na praktyki? Wakacje mi\u0119dzy semestrami mo\u017cna sp\u0119dzi\u0107, zdobywaj\u0105c do\u015bwiadczenie za granic\u0105, a kt\u00f3\u017c nie chcia\u0142by doda\u0107 tej informacji do swojego CV w tych trudnych dla m\u0142odzie\u017cy czasach? Erasmus+ pozwala na wyjazdy na praktyki r\u00f3wnie\u017c absolwentom w ci\u0105gu roku od zako\u0144czenia nauki. Takiej okazji nie mo\u017cna zmarnowa\u0107, zw\u0142aszcza \u017ce mo\u017cna po\u0142\u0105czy\u0107 np. pobyt na uczelni partnerskiej w kt\u00f3rym\u015b z semestr\u00f3w z wakacyjnymi praktykami, niekoniecznie w tym samym roku akademickim! Jedyny warunek to nieprzekroczenie 12 miesi\u0119cy pobyt\u00f3w zagranicznych podczas ca\u0142ego cyklu kszta\u0142cenia. W przypadku praktyk dla absolwent\u00f3w musz\u0105 one zako\u0144czy\u0107 si\u0119 w ci\u0105gu 12 miesi\u0119cy od daty uko\u0144czenia studi\u00f3w (konkurs wniosk\u00f3w dla absolwent\u00f3w trwa w tym samym czasie co dla aktualnych student\u00f3w). Nabory og\u0142aszane s\u0105 w dziale z aktualno\u015bciami oraz na profilu Facebook. \u00a0 <\/p>\n\n\n\n<p><strong>Kierunek i finanse<\/strong><\/p>\n\n\n\n<p>Najcz\u0119\u015bciej wybieranymi krajami, do kt\u00f3rych udaj\u0105 si\u0119 nasi studenci, s\u0105: Hiszpania, Grecja oraz Niemcy, ale oczywi\u015bcie to nie wszystkie z nich. Student\/absolwent, kt\u00f3remu przyznane zosta\u0142o stypendium na wyjazd na studia lub praktyki w ramach Programu Erasmus+ otrzymuje dofinansowanie na pokrycie dodatkowych koszt\u00f3w zwi\u0105zanych z pobytem w uczelni\/ instytucji przyjmuj\u0105cej. Stypendium nie obejmuje pe\u0142nych koszt\u00f3w podr\u00f3\u017cy i utrzymania za granic\u0105.<\/p>\n\n\n\n<p><strong>Erasmusi w Kro\u015bnie<\/strong> <\/p>\n\n\n\n<p>Erasmus+ to nie tylko wyjazdy naszych student\u00f3w, to r\u00f3wnie\u017c przyjazdy m\u0142odzie\u017cy z zagranicy. Od pocz\u0105tku program\u00f3w wymiany zagranicznej wymiana mi\u0119dzynarodowa stale ros\u0142a, obecnie w ka\u017cdym semestrze go\u015bcimy oko\u0142o 30 student\u00f3w. Nasza uczelnia wybierana jest najcz\u0119\u015bciej przez student\u00f3w z Turcji, Hiszpanii, ale te\u017c z Grecji i Portugalii, W\u0119gier i W\u0142och. \u201eWyjazd na Erasmusa\u201d jest dla nich \u015bwietn\u0105 przygod\u0105. To du\u017co nauki, nowych do\u015bwiadcze\u0144, zabawy i zwiedzania nowych miejsc. Ten \u015bwiat jest otwarty przed ka\u017cdym studentem z programu Erasmus+ niezale\u017cnie od narodowo\u015bci. &nbsp;<\/p>\n\n\n\n<p><strong>Wyk\u0142ady, zaj\u0119cia \u2013 czyli Erasmus+ dla wyk\u0142adowc\u00f3w<\/strong> <\/p>\n\n\n\n<p>Wymiana student\u00f3w to nie wszystko, co ma do zaoferowania program Erasmus+. Nasi wyk\u0142adowcy co roku wyje\u017cd\u017caj\u0105 do zaprzyja\u017anionych uczelni, prowadz\u0105c wyk\u0142ady i zaj\u0119cia dydaktyczne oraz zapoznaj\u0105c si\u0119 z miejscow\u0105 metodologi\u0105. Jednak nie tylko my wysy\u0142amy kadr\u0119 akademick\u0105 w \u015bwiat, ale r\u00f3wnie\u017c wyk\u0142adowcy przyje\u017cd\u017caj\u0105 do nas. J\u0119zyk angielski jest podstawowym j\u0119zykiem komunikacji na \u015bwiecie, a r\u00f3\u017cne akcenty, jakie s\u0142ycha\u0107 w mowie zagranicznych wyk\u0142adowc\u00f3w pozwalaj\u0105 na poczucie multikulturowo\u015bci otaczaj\u0105cego nas \u015bwiata. Sam kontakt to jednak nie wszystko, bo czym by\u0142aby wizyta bez przekazania wiedzy? W trakcie przygotowanych wyk\u0142ad\u00f3w przekazuj\u0105 r\u00f3\u017cnorodne informacje i do\u015bwiadczenie. Dzi\u0119ki temu PANS w Kro\u015bnie by\u0142 w stanie zorganizowa\u0107 ponad 100 wyjazd\u00f3w dla wyk\u0142adowc\u00f3w oraz go\u015bcili\u015bmy ponad 30 ekspert\u00f3w z zagranicy. \u00a0<\/p>\n\n\n\n<p><strong>Dlaczego warto skorzysta\u0107 z programu Erasmus+?<\/strong> <\/p>\n\n\n\n<p>Wyjazdy za granic\u0119 s\u0105 \u015bwietn\u0105 okazj\u0105 do zdobycia wiedzy, do\u015bwiadczenia, do podszkolenia j\u0119zyka oraz uzyskania szerszego spojrzenia na \u015bwiat, s\u0142owem wszystkiego, co potrzebne studentom wyruszaj\u0105cym w doros\u0142e \u017cycie. Dlaczego tej podr\u00f3\u017cy nie zacz\u0105\u0107 od Erasmusa? Podr\u00f3\u017c za granic\u0119 z pewno\u015bci\u0105 wprowadzi zmiany w waszym \u015bwiatopogl\u0105dzie i ju\u017c nigdy nie b\u0119dziecie tacy sami. Wystarczy zapyta\u0107 student\u00f3w, kt\u00f3rzy ju\u017c byli na wyje\u017adzie \u2013 ka\u017cdy odpowie, \u017ce by\u0142o warto.<\/p>\n\n\n\n<p><\/p>\n","protected":false},"excerpt":{"rendered":"<p>Czym jest Erasmus+? Erasmus+ to nowa faza programu Erasmus, pozwala na wyjazdy zagraniczne dla student\u00f3w i wyk\u0142adowc\u00f3w. 33 kraje w programie pozwalaj\u0105 na szeroki wyb\u00f3r, od Islandii po Turcj\u0119, od Szwecji po Portugali\u0119. Ca\u0142a Europa w zasi\u0119gu r\u0119ki. Wystarczy odwa\u017cy\u0107 si\u0119 skorzysta\u0107. &nbsp; Studia za granic\u0105 Kro\u015bnie\u0144ska uczelnia podpisa\u0142a ponad [\u2026] <\/p>\n<div class=\"clear\"><\/div>\n<p><a class=\"more_link clearfix\" href=\"https:\/\/pans.krosno.pl\/iro\/general-information-2\/\" rel=\"nofollow\">Read More<\/a><\/p>\n","protected":false},"author":27,"featured_media":0,"parent":0,"menu_order":0,"comment_status":"closed","ping_status":"closed","template":"page-templates\/template-full-width.php","meta":{"ngg_post_thumbnail":0,"footnotes":""},"class_list":["post-240","page","type-page","status-publish","hentry"],"yoast_head":"<!-- This site is optimized with the Yoast SEO Premium plugin v27.3 (Yoast SEO v27.3) - https:\/\/yoast.com\/product\/yoast-seo-premium-wordpress\/ -->\n<title>Informacje og\u00f3lne - International Relations Office PANS w Kro\u015bnie<\/title>\n<meta name=\"description\" content=\"Erasmus + is a phase of the Erasmus program, allowing foreign mobilities for students and staff. 33 countries in the program allow a wide selection of destinations, from Iceland to Turkey, from Sweden to Portugal.\" \/>\n<meta name=\"robots\" content=\"index, follow, max-snippet:-1, max-image-preview:large, max-video-preview:-1\" \/>\n<link rel=\"canonical\" href=\"https:\/\/pans.krosno.pl\/iro\/general-information-2\/\" \/>\n<meta property=\"og:locale\" content=\"pl_PL\" \/>\n<meta property=\"og:type\" content=\"article\" \/>\n<meta property=\"og:title\" content=\"Informacje og\u00f3lne\" \/>\n<meta property=\"og:description\" content=\"Erasmus + is a phase of the Erasmus program, allowing foreign mobilities for students and staff. 33 countries in the program allow a wide selection of destinations, from Iceland to Turkey, from Sweden to Portugal.\" \/>\n<meta property=\"og:url\" content=\"https:\/\/pans.krosno.pl\/iro\/general-information-2\/\" \/>\n<meta property=\"og:site_name\" content=\"International Relations Office PANS w Kro\u015bnie\" \/>\n<meta property=\"article:modified_time\" content=\"2023-09-06T06:35:43+00:00\" \/>\n<meta name=\"twitter:card\" content=\"summary_large_image\" \/>\n<meta name=\"twitter:label1\" content=\"Szacowany czas czytania\" \/>\n\t<meta name=\"twitter:data1\" content=\"4 minuty\" \/>\n<script type=\"application\/ld+json\" class=\"yoast-schema-graph\">{\"@context\":\"https:\\\/\\\/schema.org\",\"@graph\":[{\"@type\":\"WebPage\",\"@id\":\"https:\\\/\\\/pans.krosno.pl\\\/iro\\\/general-information-2\\\/\",\"url\":\"https:\\\/\\\/pans.krosno.pl\\\/iro\\\/general-information-2\\\/\",\"name\":\"Informacje og\u00f3lne - International Relations Office PANS w Kro\u015bnie\",\"isPartOf\":{\"@id\":\"https:\\\/\\\/pans.krosno.pl\\\/iro\\\/#website\"},\"datePublished\":\"2020-05-20T08:56:44+00:00\",\"dateModified\":\"2023-09-06T06:35:43+00:00\",\"description\":\"Erasmus + is a phase of the Erasmus program, allowing foreign mobilities for students and staff. 33 countries in the program allow a wide selection of destinations, from Iceland to Turkey, from Sweden to Portugal.\",\"breadcrumb\":{\"@id\":\"https:\\\/\\\/pans.krosno.pl\\\/iro\\\/general-information-2\\\/#breadcrumb\"},\"inLanguage\":\"pl-PL\",\"potentialAction\":[{\"@type\":\"ReadAction\",\"target\":[\"https:\\\/\\\/pans.krosno.pl\\\/iro\\\/general-information-2\\\/\"]}]},{\"@type\":\"BreadcrumbList\",\"@id\":\"https:\\\/\\\/pans.krosno.pl\\\/iro\\\/general-information-2\\\/#breadcrumb\",\"itemListElement\":[{\"@type\":\"ListItem\",\"position\":1,\"name\":\"Strona g\u0142\u00f3wna\",\"item\":\"https:\\\/\\\/pans.krosno.pl\\\/iro\\\/\"},{\"@type\":\"ListItem\",\"position\":2,\"name\":\"Informacje og\u00f3lne\"}]},{\"@type\":\"WebSite\",\"@id\":\"https:\\\/\\\/pans.krosno.pl\\\/iro\\\/#website\",\"url\":\"https:\\\/\\\/pans.krosno.pl\\\/iro\\\/\",\"name\":\"International Relations Office PANS w Kro\u015bnie\",\"description\":\"International Relations Office - Pa\u0144stwowa Akademia Nauk Stosowanych\",\"publisher\":{\"@id\":\"https:\\\/\\\/pans.krosno.pl\\\/iro\\\/#organization\"},\"potentialAction\":[{\"@type\":\"SearchAction\",\"target\":{\"@type\":\"EntryPoint\",\"urlTemplate\":\"https:\\\/\\\/pans.krosno.pl\\\/iro\\\/?s={search_term_string}\"},\"query-input\":{\"@type\":\"PropertyValueSpecification\",\"valueRequired\":true,\"valueName\":\"search_term_string\"}}],\"inLanguage\":\"pl-PL\"},{\"@type\":\"Organization\",\"@id\":\"https:\\\/\\\/pans.krosno.pl\\\/iro\\\/#organization\",\"name\":\"International Relations Office PANS w Kro\u015bnie\",\"url\":\"https:\\\/\\\/pans.krosno.pl\\\/iro\\\/\",\"logo\":{\"@type\":\"ImageObject\",\"inLanguage\":\"pl-PL\",\"@id\":\"https:\\\/\\\/pans.krosno.pl\\\/iro\\\/#\\\/schema\\\/logo\\\/image\\\/\",\"url\":\"https:\\\/\\\/pans.krosno.pl\\\/iro\\\/wp-content\\\/uploads\\\/sites\\\/26\\\/2023\\\/01\\\/Logo-PANS-2022-pelne.png\",\"contentUrl\":\"https:\\\/\\\/pans.krosno.pl\\\/iro\\\/wp-content\\\/uploads\\\/sites\\\/26\\\/2023\\\/01\\\/Logo-PANS-2022-pelne.png\",\"width\":3096,\"height\":696,\"caption\":\"International Relations Office PANS w Kro\u015bnie\"},\"image\":{\"@id\":\"https:\\\/\\\/pans.krosno.pl\\\/iro\\\/#\\\/schema\\\/logo\\\/image\\\/\"}}]}<\/script>\n<!-- \/ Yoast SEO Premium plugin. -->","yoast_head_json":{"title":"Informacje og\u00f3lne - International Relations Office PANS w Kro\u015bnie","description":"Erasmus + is a phase of the Erasmus program, allowing foreign mobilities for students and staff. 33 countries in the program allow a wide selection of destinations, from Iceland to Turkey, from Sweden to Portugal.","robots":{"index":"index","follow":"follow","max-snippet":"max-snippet:-1","max-image-preview":"max-image-preview:large","max-video-preview":"max-video-preview:-1"},"canonical":"https:\/\/pans.krosno.pl\/iro\/general-information-2\/","og_locale":"pl_PL","og_type":"article","og_title":"Informacje og\u00f3lne","og_description":"Erasmus + is a phase of the Erasmus program, allowing foreign mobilities for students and staff. 33 countries in the program allow a wide selection of destinations, from Iceland to Turkey, from Sweden to Portugal.","og_url":"https:\/\/pans.krosno.pl\/iro\/general-information-2\/","og_site_name":"International Relations Office PANS w Kro\u015bnie","article_modified_time":"2023-09-06T06:35:43+00:00","twitter_card":"summary_large_image","twitter_misc":{"Szacowany czas czytania":"4 minuty"},"schema":{"@context":"https:\/\/schema.org","@graph":[{"@type":"WebPage","@id":"https:\/\/pans.krosno.pl\/iro\/general-information-2\/","url":"https:\/\/pans.krosno.pl\/iro\/general-information-2\/","name":"Informacje og\u00f3lne - International Relations Office PANS w Kro\u015bnie","isPartOf":{"@id":"https:\/\/pans.krosno.pl\/iro\/#website"},"datePublished":"2020-05-20T08:56:44+00:00","dateModified":"2023-09-06T06:35:43+00:00","description":"Erasmus + is a phase of the Erasmus program, allowing foreign mobilities for students and staff. 33 countries in the program allow a wide selection of destinations, from Iceland to Turkey, from Sweden to Portugal.","breadcrumb":{"@id":"https:\/\/pans.krosno.pl\/iro\/general-information-2\/#breadcrumb"},"inLanguage":"pl-PL","potentialAction":[{"@type":"ReadAction","target":["https:\/\/pans.krosno.pl\/iro\/general-information-2\/"]}]},{"@type":"BreadcrumbList","@id":"https:\/\/pans.krosno.pl\/iro\/general-information-2\/#breadcrumb","itemListElement":[{"@type":"ListItem","position":1,"name":"Strona g\u0142\u00f3wna","item":"https:\/\/pans.krosno.pl\/iro\/"},{"@type":"ListItem","position":2,"name":"Informacje og\u00f3lne"}]},{"@type":"WebSite","@id":"https:\/\/pans.krosno.pl\/iro\/#website","url":"https:\/\/pans.krosno.pl\/iro\/","name":"International Relations Office PANS w Kro\u015bnie","description":"International Relations Office - Pa\u0144stwowa Akademia Nauk Stosowanych","publisher":{"@id":"https:\/\/pans.krosno.pl\/iro\/#organization"},"potentialAction":[{"@type":"SearchAction","target":{"@type":"EntryPoint","urlTemplate":"https:\/\/pans.krosno.pl\/iro\/?s={search_term_string}"},"query-input":{"@type":"PropertyValueSpecification","valueRequired":true,"valueName":"search_term_string"}}],"inLanguage":"pl-PL"},{"@type":"Organization","@id":"https:\/\/pans.krosno.pl\/iro\/#organization","name":"International Relations Office PANS w Kro\u015bnie","url":"https:\/\/pans.krosno.pl\/iro\/","logo":{"@type":"ImageObject","inLanguage":"pl-PL","@id":"https:\/\/pans.krosno.pl\/iro\/#\/schema\/logo\/image\/","url":"https:\/\/pans.krosno.pl\/iro\/wp-content\/uploads\/sites\/26\/2023\/01\/Logo-PANS-2022-pelne.png","contentUrl":"https:\/\/pans.krosno.pl\/iro\/wp-content\/uploads\/sites\/26\/2023\/01\/Logo-PANS-2022-pelne.png","width":3096,"height":696,"caption":"International Relations Office PANS w Kro\u015bnie"},"image":{"@id":"https:\/\/pans.krosno.pl\/iro\/#\/schema\/logo\/image\/"}}]}},"_links":{"self":[{"href":"https:\/\/pans.krosno.pl\/iro\/wp-json\/wp\/v2\/pages\/240","targetHints":{"allow":["GET"]}}],"collection":[{"href":"https:\/\/pans.krosno.pl\/iro\/wp-json\/wp\/v2\/pages"}],"about":[{"href":"https:\/\/pans.krosno.pl\/iro\/wp-json\/wp\/v2\/types\/page"}],"author":[{"embeddable":true,"href":"https:\/\/pans.krosno.pl\/iro\/wp-json\/wp\/v2\/users\/27"}],"replies":[{"embeddable":true,"href":"https:\/\/pans.krosno.pl\/iro\/wp-json\/wp\/v2\/comments?post=240"}],"version-history":[{"count":18,"href":"https:\/\/pans.krosno.pl\/iro\/wp-json\/wp\/v2\/pages\/240\/revisions"}],"predecessor-version":[{"id":1976,"href":"https:\/\/pans.krosno.pl\/iro\/wp-json\/wp\/v2\/pages\/240\/revisions\/1976"}],"wp:attachment":[{"href":"https:\/\/pans.krosno.pl\/iro\/wp-json\/wp\/v2\/media?parent=240"}],"curies":[{"name":"wp","href":"https:\/\/api.w.org\/{rel}","templated":true}]}}