{"id":216,"date":"2020-05-20T10:17:00","date_gmt":"2020-05-20T08:17:00","guid":{"rendered":"https:\/\/pans.krosno.pl\/bwm\/?page_id=216"},"modified":"2023-04-24T08:20:21","modified_gmt":"2023-04-24T06:20:21","slug":"student-relations","status":"publish","type":"page","link":"https:\/\/pans.krosno.pl\/iro\/student-relations\/","title":{"rendered":"Student relations"},"content":{"rendered":"\n<p>Testimony of students from <a href=\"https:\/\/www.smucb.ac.uk\/international\/default.asp\" target=\"_blank\" rel=\"noreferrer noopener\">St Marys University College Belfast<\/a>, who came to Krosno:<\/p>\n\n\n\n<figure class=\"wp-block-embed is-type-wp-embed is-provider-pans-w-krosnie wp-block-embed-pans-w-krosnie\"><div class=\"wp-block-embed__wrapper\">\n<blockquote class=\"wp-embedded-content\" data-secret=\"N76VtKcPuW\"><a href=\"https:\/\/pans.krosno.pl\/turing-scheme-krosno-march-2023\/\">Turing scheme Krosno March 2023<\/a><\/blockquote><iframe loading=\"lazy\" class=\"wp-embedded-content\" sandbox=\"allow-scripts\" security=\"restricted\" style=\"position: absolute; clip: rect(1px, 1px, 1px, 1px);\" title=\"&#8222;Turing scheme Krosno March 2023&#8221; &#8212; PANS w Kro\u015bnie\" src=\"https:\/\/pans.krosno.pl\/turing-scheme-krosno-march-2023\/embed\/#?secret=mpRuq2OV9S#?secret=N76VtKcPuW\" data-secret=\"N76VtKcPuW\" width=\"600\" height=\"338\" frameborder=\"0\" marginwidth=\"0\" marginheight=\"0\" scrolling=\"no\"><\/iframe>\n<\/div><\/figure>\n\n\n\n<p>The relation from a student&#8217;s stay in Ireland:<\/p>\n\n\n\n<figure class=\"wp-block-embed is-type-wp-embed is-provider-pans-w-krosnie wp-block-embed-pans-w-krosnie\"><div class=\"wp-block-embed__wrapper\">\n<blockquote class=\"wp-embedded-content\" data-secret=\"U0konzUMiq\"><a href=\"https:\/\/pans.krosno.pl\/an-account-by-a-student-of-the-state-academy-of-applied-sciences-in-krosno-from-an-erasmus-abroad-scholarship-in-northern-ireland\/\">Relacja ze stypendium zagranicznego Erasmus w Irlandii P\u00f3\u0142nocnej studenta PANS w Kro\u015bnie<\/a><\/blockquote><iframe loading=\"lazy\" class=\"wp-embedded-content\" sandbox=\"allow-scripts\" security=\"restricted\" style=\"position: absolute; clip: rect(1px, 1px, 1px, 1px);\" title=\"&#8222;Relacja ze stypendium zagranicznego Erasmus w Irlandii P\u00f3\u0142nocnej studenta PANS w Kro\u015bnie&#8221; &#8212; PANS w Kro\u015bnie\" src=\"https:\/\/pans.krosno.pl\/an-account-by-a-student-of-the-state-academy-of-applied-sciences-in-krosno-from-an-erasmus-abroad-scholarship-in-northern-ireland\/embed\/#?secret=KEi9iifmeL#?secret=U0konzUMiq\" data-secret=\"U0konzUMiq\" width=\"600\" height=\"338\" frameborder=\"0\" marginwidth=\"0\" marginheight=\"0\" scrolling=\"no\"><\/iframe>\n<\/div><\/figure>\n\n\n\n<p>Other relations:<\/p>\n\n\n\n<div class=\"wp-block-file\"><a id=\"wp-block-file--media-6b1472fd-6cec-4998-9372-af7431192ed1\" href=\"https:\/\/pans.krosno.pl\/iro\/wp-content\/uploads\/sites\/26\/2020\/06\/damra_belemir_bykfirat_-_zakopane.pdf\">Trip to Zakopane<\/a><a href=\"https:\/\/pans.krosno.pl\/iro\/wp-content\/uploads\/sites\/26\/2020\/06\/damra_belemir_bykfirat_-_zakopane.pdf\" class=\"wp-block-file__button wp-element-button\" download aria-describedby=\"wp-block-file--media-6b1472fd-6cec-4998-9372-af7431192ed1\">Pobierz<\/a><\/div>\n\n\n\n<div class=\"wp-block-file\"><a id=\"wp-block-file--media-5da33dd6-4710-42ce-957b-2169f8f2d336\" href=\"https:\/\/pans.krosno.pl\/iro\/wp-content\/uploads\/sites\/26\/2020\/06\/elif_akyol_-_lancut_castle.pdf\">Trip to \u0141a\u0144cut castle<\/a><a href=\"https:\/\/pans.krosno.pl\/iro\/wp-content\/uploads\/sites\/26\/2020\/06\/elif_akyol_-_lancut_castle.pdf\" class=\"wp-block-file__button wp-element-button\" download aria-describedby=\"wp-block-file--media-5da33dd6-4710-42ce-957b-2169f8f2d336\">Pobierz<\/a><\/div>\n\n\n\n<div class=\"wp-block-file\"><a id=\"wp-block-file--media-cbd1e3d9-99ce-4f04-838f-4091cbfe358d\" href=\"https:\/\/pans.krosno.pl\/iro\/wp-content\/uploads\/sites\/26\/2020\/06\/erasmus_guide.pdf\">Erasmus guide<\/a><a href=\"https:\/\/pans.krosno.pl\/iro\/wp-content\/uploads\/sites\/26\/2020\/06\/erasmus_guide.pdf\" class=\"wp-block-file__button wp-element-button\" download aria-describedby=\"wp-block-file--media-cbd1e3d9-99ce-4f04-838f-4091cbfe358d\">Pobierz<\/a><\/div>\n\n\n\n<div class=\"wp-block-file\"><a id=\"wp-block-file--media-d67eb526-bafa-42e2-ac3a-e04990561dc7\" href=\"https:\/\/pans.krosno.pl\/iro\/wp-content\/uploads\/sites\/26\/2020\/06\/erasmus_guide_by_eduardo.pdf\">Erasmus guide 2<\/a><a href=\"https:\/\/pans.krosno.pl\/iro\/wp-content\/uploads\/sites\/26\/2020\/06\/erasmus_guide_by_eduardo.pdf\" class=\"wp-block-file__button wp-element-button\" download aria-describedby=\"wp-block-file--media-d67eb526-bafa-42e2-ac3a-e04990561dc7\">Pobierz<\/a><\/div>\n","protected":false},"excerpt":{"rendered":"<p>Testimony of students from St Marys University College Belfast, who came to Krosno: The relation from a student&#8217;s stay in Ireland: Other relations:<\/p>\n","protected":false},"author":27,"featured_media":0,"parent":0,"menu_order":0,"comment_status":"closed","ping_status":"closed","template":"page-templates\/template-full-width.php","meta":{"ngg_post_thumbnail":0,"footnotes":""},"class_list":["post-216","page","type-page","status-publish","hentry"],"yoast_head":"<!-- This site is optimized with the Yoast SEO Premium plugin v27.4 (Yoast SEO v27.4) - https:\/\/yoast.com\/product\/yoast-seo-premium-wordpress\/ -->\n<title>Student relations - International Relations Office PANS w Kro\u015bnie<\/title>\n<meta name=\"description\" content=\"KPU w Kro\u015bnie\" \/>\n<meta name=\"robots\" content=\"index, follow, max-snippet:-1, max-image-preview:large, max-video-preview:-1\" \/>\n<link rel=\"canonical\" href=\"https:\/\/pans.krosno.pl\/iro\/student-relations\/\" \/>\n<meta property=\"og:locale\" content=\"pl_PL\" \/>\n<meta property=\"og:type\" content=\"article\" \/>\n<meta property=\"og:title\" content=\"Student relations\" \/>\n<meta property=\"og:description\" content=\"KPU w Kro\u015bnie\" \/>\n<meta property=\"og:url\" content=\"https:\/\/pans.krosno.pl\/iro\/student-relations\/\" \/>\n<meta property=\"og:site_name\" content=\"International Relations Office PANS w Kro\u015bnie\" \/>\n<meta property=\"article:modified_time\" content=\"2023-04-24T06:20:21+00:00\" \/>\n<meta name=\"twitter:card\" content=\"summary_large_image\" \/>\n<meta name=\"twitter:label1\" content=\"Szacowany czas czytania\" \/>\n\t<meta name=\"twitter:data1\" content=\"1 minuta\" \/>\n<script type=\"application\/ld+json\" class=\"yoast-schema-graph\">{\"@context\":\"https:\\\/\\\/schema.org\",\"@graph\":[{\"@type\":\"WebPage\",\"@id\":\"https:\\\/\\\/pans.krosno.pl\\\/iro\\\/student-relations\\\/\",\"url\":\"https:\\\/\\\/pans.krosno.pl\\\/iro\\\/student-relations\\\/\",\"name\":\"Student relations - International Relations Office PANS w Kro\u015bnie\",\"isPartOf\":{\"@id\":\"https:\\\/\\\/pans.krosno.pl\\\/iro\\\/#website\"},\"datePublished\":\"2020-05-20T08:17:00+00:00\",\"dateModified\":\"2023-04-24T06:20:21+00:00\",\"description\":\"KPU w Kro\u015bnie\",\"breadcrumb\":{\"@id\":\"https:\\\/\\\/pans.krosno.pl\\\/iro\\\/student-relations\\\/#breadcrumb\"},\"inLanguage\":\"pl-PL\",\"potentialAction\":[{\"@type\":\"ReadAction\",\"target\":[\"https:\\\/\\\/pans.krosno.pl\\\/iro\\\/student-relations\\\/\"]}]},{\"@type\":\"BreadcrumbList\",\"@id\":\"https:\\\/\\\/pans.krosno.pl\\\/iro\\\/student-relations\\\/#breadcrumb\",\"itemListElement\":[{\"@type\":\"ListItem\",\"position\":1,\"name\":\"Strona g\u0142\u00f3wna\",\"item\":\"https:\\\/\\\/pans.krosno.pl\\\/iro\\\/\"},{\"@type\":\"ListItem\",\"position\":2,\"name\":\"Student relations\"}]},{\"@type\":\"WebSite\",\"@id\":\"https:\\\/\\\/pans.krosno.pl\\\/iro\\\/#website\",\"url\":\"https:\\\/\\\/pans.krosno.pl\\\/iro\\\/\",\"name\":\"International Relations Office PANS w Kro\u015bnie\",\"description\":\"International Relations Office - Pa\u0144stwowa Akademia Nauk Stosowanych\",\"publisher\":{\"@id\":\"https:\\\/\\\/pans.krosno.pl\\\/iro\\\/#organization\"},\"potentialAction\":[{\"@type\":\"SearchAction\",\"target\":{\"@type\":\"EntryPoint\",\"urlTemplate\":\"https:\\\/\\\/pans.krosno.pl\\\/iro\\\/?s={search_term_string}\"},\"query-input\":{\"@type\":\"PropertyValueSpecification\",\"valueRequired\":true,\"valueName\":\"search_term_string\"}}],\"inLanguage\":\"pl-PL\"},{\"@type\":\"Organization\",\"@id\":\"https:\\\/\\\/pans.krosno.pl\\\/iro\\\/#organization\",\"name\":\"International Relations Office PANS w Kro\u015bnie\",\"url\":\"https:\\\/\\\/pans.krosno.pl\\\/iro\\\/\",\"logo\":{\"@type\":\"ImageObject\",\"inLanguage\":\"pl-PL\",\"@id\":\"https:\\\/\\\/pans.krosno.pl\\\/iro\\\/#\\\/schema\\\/logo\\\/image\\\/\",\"url\":\"https:\\\/\\\/pans.krosno.pl\\\/iro\\\/wp-content\\\/uploads\\\/sites\\\/26\\\/2023\\\/01\\\/Logo-PANS-2022-pelne.png\",\"contentUrl\":\"https:\\\/\\\/pans.krosno.pl\\\/iro\\\/wp-content\\\/uploads\\\/sites\\\/26\\\/2023\\\/01\\\/Logo-PANS-2022-pelne.png\",\"width\":3096,\"height\":696,\"caption\":\"International Relations Office PANS w Kro\u015bnie\"},\"image\":{\"@id\":\"https:\\\/\\\/pans.krosno.pl\\\/iro\\\/#\\\/schema\\\/logo\\\/image\\\/\"}}]}<\/script>\n<!-- \/ Yoast SEO Premium plugin. -->","yoast_head_json":{"title":"Student relations - International Relations Office PANS w Kro\u015bnie","description":"KPU w Kro\u015bnie","robots":{"index":"index","follow":"follow","max-snippet":"max-snippet:-1","max-image-preview":"max-image-preview:large","max-video-preview":"max-video-preview:-1"},"canonical":"https:\/\/pans.krosno.pl\/iro\/student-relations\/","og_locale":"pl_PL","og_type":"article","og_title":"Student relations","og_description":"KPU w Kro\u015bnie","og_url":"https:\/\/pans.krosno.pl\/iro\/student-relations\/","og_site_name":"International Relations Office PANS w Kro\u015bnie","article_modified_time":"2023-04-24T06:20:21+00:00","twitter_card":"summary_large_image","twitter_misc":{"Szacowany czas czytania":"1 minuta"},"schema":{"@context":"https:\/\/schema.org","@graph":[{"@type":"WebPage","@id":"https:\/\/pans.krosno.pl\/iro\/student-relations\/","url":"https:\/\/pans.krosno.pl\/iro\/student-relations\/","name":"Student relations - International Relations Office PANS w Kro\u015bnie","isPartOf":{"@id":"https:\/\/pans.krosno.pl\/iro\/#website"},"datePublished":"2020-05-20T08:17:00+00:00","dateModified":"2023-04-24T06:20:21+00:00","description":"KPU w Kro\u015bnie","breadcrumb":{"@id":"https:\/\/pans.krosno.pl\/iro\/student-relations\/#breadcrumb"},"inLanguage":"pl-PL","potentialAction":[{"@type":"ReadAction","target":["https:\/\/pans.krosno.pl\/iro\/student-relations\/"]}]},{"@type":"BreadcrumbList","@id":"https:\/\/pans.krosno.pl\/iro\/student-relations\/#breadcrumb","itemListElement":[{"@type":"ListItem","position":1,"name":"Strona g\u0142\u00f3wna","item":"https:\/\/pans.krosno.pl\/iro\/"},{"@type":"ListItem","position":2,"name":"Student relations"}]},{"@type":"WebSite","@id":"https:\/\/pans.krosno.pl\/iro\/#website","url":"https:\/\/pans.krosno.pl\/iro\/","name":"International Relations Office PANS w Kro\u015bnie","description":"International Relations Office - Pa\u0144stwowa Akademia Nauk Stosowanych","publisher":{"@id":"https:\/\/pans.krosno.pl\/iro\/#organization"},"potentialAction":[{"@type":"SearchAction","target":{"@type":"EntryPoint","urlTemplate":"https:\/\/pans.krosno.pl\/iro\/?s={search_term_string}"},"query-input":{"@type":"PropertyValueSpecification","valueRequired":true,"valueName":"search_term_string"}}],"inLanguage":"pl-PL"},{"@type":"Organization","@id":"https:\/\/pans.krosno.pl\/iro\/#organization","name":"International Relations Office PANS w Kro\u015bnie","url":"https:\/\/pans.krosno.pl\/iro\/","logo":{"@type":"ImageObject","inLanguage":"pl-PL","@id":"https:\/\/pans.krosno.pl\/iro\/#\/schema\/logo\/image\/","url":"https:\/\/pans.krosno.pl\/iro\/wp-content\/uploads\/sites\/26\/2023\/01\/Logo-PANS-2022-pelne.png","contentUrl":"https:\/\/pans.krosno.pl\/iro\/wp-content\/uploads\/sites\/26\/2023\/01\/Logo-PANS-2022-pelne.png","width":3096,"height":696,"caption":"International Relations Office PANS w Kro\u015bnie"},"image":{"@id":"https:\/\/pans.krosno.pl\/iro\/#\/schema\/logo\/image\/"}}]}},"_links":{"self":[{"href":"https:\/\/pans.krosno.pl\/iro\/wp-json\/wp\/v2\/pages\/216","targetHints":{"allow":["GET"]}}],"collection":[{"href":"https:\/\/pans.krosno.pl\/iro\/wp-json\/wp\/v2\/pages"}],"about":[{"href":"https:\/\/pans.krosno.pl\/iro\/wp-json\/wp\/v2\/types\/page"}],"author":[{"embeddable":true,"href":"https:\/\/pans.krosno.pl\/iro\/wp-json\/wp\/v2\/users\/27"}],"replies":[{"embeddable":true,"href":"https:\/\/pans.krosno.pl\/iro\/wp-json\/wp\/v2\/comments?post=216"}],"version-history":[{"count":7,"href":"https:\/\/pans.krosno.pl\/iro\/wp-json\/wp\/v2\/pages\/216\/revisions"}],"predecessor-version":[{"id":1818,"href":"https:\/\/pans.krosno.pl\/iro\/wp-json\/wp\/v2\/pages\/216\/revisions\/1818"}],"wp:attachment":[{"href":"https:\/\/pans.krosno.pl\/iro\/wp-json\/wp\/v2\/media?parent=216"}],"curies":[{"name":"wp","href":"https:\/\/api.w.org\/{rel}","templated":true}]}}