{"id":1676,"date":"2023-04-21T13:25:28","date_gmt":"2023-04-21T11:25:28","guid":{"rendered":"https:\/\/pans.krosno.pl\/iro\/?page_id=1676"},"modified":"2025-10-28T14:36:42","modified_gmt":"2025-10-28T13:36:42","slug":"wyjazd-na-praktyki","status":"publish","type":"page","link":"https:\/\/pans.krosno.pl\/iro\/wyjazd-na-praktyki\/","title":{"rendered":"Wyjazd na praktyki"},"content":{"rendered":"\n<p>Rekrutacja student\u00f3w na praktyki, w tym praktyki absolwenckie, odbywa si\u0119 w nast\u0119puj\u0105cych terminach:<\/p>\n\n\n\n<p>sk\u0142adanie wymaganych dokument\u00f3w w sekcji ds. wsp\u00f3\u0142pracy mi\u0119dzynarodowej do <strong>28 lutego<\/strong>.<\/p>\n\n\n\n<p>og\u0142oszenie wynik\u00f3w post\u0119powania kwalifikacyjnego do <strong>15 marca.<\/strong><\/p>\n\n\n\n<h2 class=\"wp-block-heading\" id=\"h-postepowanie-przed-wyjazdem-na-stypendium\"><strong>POST\u0118POWANIE PRZED WYJAZDEM<\/strong> <strong>NA STYPENDIUM<\/strong><\/h2>\n\n\n\n<p><strong>Krok 1: PRZYJD\u0179 NA SPOTKANIE INFORMACYJNE<\/strong><\/p>\n\n\n\n<p>Spotkania informacyjne odbywa si\u0119 co najmniej raz na semestr.<\/p>\n\n\n\n<p>Biuro BWM PANS w Kro\u015bnie organizuje r\u00f3wnie\u017c raz na semestr <strong>\u201eInternational Afternoon\u201d<\/strong>, jest to wydarzenie, na kt\u00f3rym studenci programu Erasmus+ prezentuj\u0105 sw\u00f3j kraj, uczelni\u0119, potrawy narodowe, ta\u0144ce, muzyk\u0119 i inne zwyczaje. Dzi\u0119ki temu wszyscy uczestnicy mog\u0105 za\u015bwiadczy\u0107 multikulturowo\u015bci i pozna\u0107 opinie innych student\u00f3w bior\u0105cych udzia\u0142 w mobilno\u015bciach zagranicznych.<\/p>\n\n\n\n<p><strong>Krok 2: WYBIERZ INSTYTUCJ\u0118<\/strong><\/p>\n\n\n\n<p><strong>Studenci zainteresowani wyjazdem na praktyk\u0119 sami kontaktuj\u0105 si\u0119 z instytucjami, w kt\u00f3rych chcieliby odby\u0107 praktyk\u0119.&nbsp;<\/strong><\/p>\n\n\n\n<p>W programie Erasmus+ na praktyk\u0119 studenck\u0105 <strong>mo\u017cna<\/strong> wyjecha\u0107 do zagranicznego przedsi\u0119biorstwa\/firmy, plac\u00f3wki naukowo-badawczej, organizacji non-profit i do innych instytucji (jednostki administracji pa\u0144stwowej, muzea, biblioteki, szpitale itp.). <strong>Nie mo\u017cna<\/strong> odby\u0107 praktyk Erasmusa w instytucjach unijnych, w instytucjach odpowiedzialnych za zarz\u0105dzanie unijnymi programami.<br>Instytucja przyjmuj\u0105ca na praktyk\u0119 musi znajdowa\u0107 si\u0119 w kraju uczestnicz\u0105cym w programie Erasmus+.&nbsp;<\/p>\n\n\n\n<p>Informacje o organizacjach, kt\u00f3re pomagaj\u0105 w znalezieniu miejsca praktyk:<\/p>\n\n\n\n<ul class=\"wp-block-list\">\n<li><a href=\"https:\/\/algoos.com\/\">Algoos<\/a><\/li>\n\n\n\n<li><a href=\"https:\/\/www.animafestexperience.net\/internshipsabroad\/en\/\">Animafest Experience<\/a><\/li>\n\n\n\n<li><a href=\"https:\/\/www.trainingexperience.org\/\">Baza praktyk zagranicznych<\/a><\/li>\n<\/ul>\n\n\n\n<p>Wi\u0119cej informacji: <a href=\"https:\/\/erasmus-plus.ec.europa.eu\/pl\/opportunities\/opportunities-for-individuals\/students\/traineeships-abroad-for-students\" target=\"_blank\" rel=\"noreferrer noopener\">https:\/\/erasmus-plus.ec.europa.eu\/pl\/opportunities\/opportunities-for-individuals\/students\/traineeships-abroad-for-students<\/a><br><\/p>\n\n\n\n<p><strong>Krok 3: SPRAWD\u0179 KRYTERIA KWALIFIKACJI<\/strong><\/p>\n\n\n\n<p>Przeczytaj regulamin i zasady kwalifikacji.<\/p>\n\n\n\n<p><br><strong>Krok 4: <strong>FORMALNO\u015aCI W BIURZE WSP\u00d3\u0141PRACY MI\u0118DZYNARODOWEJ<\/strong><\/strong><\/p>\n\n\n\n<p>Na tym etapie musisz wype\u0142ni\u0107 <a href=\"https:\/\/pans.krosno.pl\/ic\/wp-content\/uploads\/sites\/49\/2023\/09\/Zal.-1-Formularz-aplikacyjny-studenta.docx\" target=\"_blank\" rel=\"noreferrer noopener\">formularz zg\u0142oszeniowy na praktyki<\/a>, <a href=\"https:\/\/pans.krosno.pl\/iro\/wp-content\/uploads\/sites\/26\/2023\/02\/RODO-i-zgoda.docx\" target=\"_blank\" rel=\"noreferrer noopener\">zgod\u0119 i RODO<\/a>, list motywacyjny oraz (je\u015bli dotyczy) dostarczy\u0107 za\u015bwiadczenie o pobieraniu stypendium socjalnego lub o stopniu niepe\u0142nosprawno\u015bci. W za\u0142\u0105czonym powy\u017cej formularzu zg\u0142oszeniowym znajduj\u0105 si\u0119 formularz aplikacyjny, za\u015bwiadczenie o \u015bredniej arytmetycznej ocen z zaliczonych semestr\u00f3w, oraz \u015bredniej arytmetycznej ocen z lektoratu j\u0119zyka obcego. \u015arednia arytmetyczna powinna by\u0107 podawana do dw\u00f3ch miejsc po przecinku, bez zaokr\u0105glania.<\/p>\n\n\n\n<p><strong>Krok 5: DECYZJA<\/strong><\/p>\n\n\n\n<p>Wiadomo\u015b\u0107 z informacj\u0105 o decyzji jest przekazywana na adres email wymieniony we wniosku.<\/p>\n\n\n\n<p>Je\u017celi decyzja jest pozytywna, nale\u017cy przeczyta\u0107 dalsze kroki. Je\u017celi decyzja jest negatywna, mo\u017cliwa jest aplikacja na kolejny semestr, lub skorzystanie z odwo\u0142ania.<\/p>\n\n\n\n<p><strong>PRAWO DO ODWO\u0141ANIA<\/strong><\/p>\n\n\n\n<p>Od decyzji Komisji, dotycz\u0105cej nieprzyznania stypendium na wyjazd z programu Erasmus+, studentowi przys\u0142uguje odwo\u0142anie do Rektora w terminie 14 dni od daty wys\u0142ania przez Biuro wsp\u00f3\u0142pracy mi\u0119dzynarodowej maila z informacj\u0105 o wynikach. Postanowienie Rektora jest ostateczne.<\/p>\n\n\n\n<p><strong>Krok 6: OBOWI\u0104ZKOWE SPOTKANIE ORGANIZACYJNE<\/strong><\/p>\n\n\n\n<p>Spotkanie b\u0119dzie mia\u0142o charakter organizacyjny i&nbsp;b\u0119dzie po\u015bwi\u0119cone sprawom zwi\u0105zanym z&nbsp;wyjazdem m.in. wype\u0142nianie formularzy, wizy i&nbsp;formalno\u015bci wyjazdowe, sprawa ubezpieczenia, podr\u00f3\u017c itp.<\/p>\n\n\n\n<p>Informacja o&nbsp;spotkaniu b\u0119dzie rozes\u0142ana na adresy e-mail.<\/p>\n\n\n\n<p><strong>Krok 7: KARTA ORGANIZACJI PRAKTYK<\/strong><\/p>\n\n\n\n<p>Po otrzymaniu potwierdzenia przyj\u0119cia studenta\/absolwenta przez instytucj\u0119 zagraniczn\u0105 kandydat dokonuje uzgodnie\u0144 z dyrektorem w\u0142a\u015bciwego instytutu odno\u015bnie organizacji i zaliczenia praktyk. Porozumienie stanowi podstaw\u0119 do zaliczenia studentowi praktyki w PANS w Kro\u015bnie. <\/p>\n\n\n\n<p><a href=\"https:\/\/pans.krosno.pl\/ic\/wp-content\/uploads\/sites\/49\/2023\/09\/Zal.-3-Karty-organizacji-praktyk.docx\">Wz\u00f3r karty organizacji praktyk w ramach Programu Erasmus+.<\/a><\/p>\n\n\n\n<p><strong>Krok 8: LEARNING AGREEMENT<\/strong><\/p>\n\n\n\n<p>Na podstawie karty organizacji praktyk realizowanych w ramach Programu Erasmus+ student zobowi\u0105zany jest przygotowa\u0107 <em><a href=\"https:\/\/pans.krosno.pl\/ic\/wp-content\/uploads\/sites\/49\/2023\/09\/Zal.-5-Learning-Agreement-Traineeships.docx\">Learning Agreement Student Mobility for Traineeships<\/a><\/em>. Przygotowany dokument student przesy\u0142a w edytowalnej wersji cyfrowej do sekcji ds. wsp\u00f3\u0142pracy mi\u0119dzynarodowej Uczelni w celu akceptacji.<\/p>\n\n\n\n<p><strong>Krok 9: CZEKAJ NA ODPOWIED\u0179 Z&nbsp;INSTYTUCJI<\/strong><\/p>\n\n\n\n<p>Dokumenty s\u0105 przesy\u0142ane do instytucji docelowej, dopiero gdy druga strona podpisze dokumenty, student uzyskuje pewno\u015b\u0107, \u017ce zosta\u0142 zakwalifikowany do wyjazdu i czas si\u0119 przygotowywa\u0107.<\/p>\n\n\n\n<p><strong>Krok 10: DOKUMENTY DO Z\u0141O\u017bENIA W BWM PANS<\/strong><\/p>\n\n\n\n<p>Student przed wyjazdem powinien z\u0142o\u017cy\u0107 w Biurze Wsp\u00f3\u0142pracy Mi\u0119dzynarodowej PANS w Kro\u015bnie nast\u0119puj\u0105ce dokumenty:<\/p>\n\n\n\n<ul class=\"wp-block-list\">\n<li>kopia dokumentacji potwierdzaj\u0105cej posiadanie ubezpieczenia zdrowotnego, NNW, oraz ubezpieczenia OC<\/li>\n<\/ul>\n\n\n\n<ul class=\"wp-block-list\">\n<li><a href=\"https:\/\/pans.krosno.pl\/ic\/wp-content\/uploads\/sites\/49\/2023\/09\/Zal.-6-Dane-do-umowy.docx\">o\u015bwiadczenie o numerze konta<\/a>, na kt\u00f3re ma zosta\u0107 przekazane stypendium<\/li>\n<\/ul>\n\n\n\n<p><strong>Krok 11: PRZYGOTOWANIE DO WYJAZDU<\/strong><\/p>\n\n\n\n<ul class=\"wp-block-list\">\n<li>\u0107wicz j\u0119zyk obcy&nbsp;(Zach\u0119camy do skorzystania z platformy OLS, na kt\u00f3rej dost\u0119pne s\u0105 kursy j\u0119zykowe: <a href=\"https:\/\/academy.europa.eu\/local\/euacademy\/pages\/course\/community-overview.php?title=learn-the-basics-of-22-languages-with-the-online-language-support\">https:\/\/academy.europa.eu\/local\/euacademy\/pages\/course\/community-overview.php?title=learn-the-basics-of-22-languages-with-the-online-language-support<\/a>),<\/li>\n\n\n\n<li>odbierz z&nbsp;Biura Wsp\u00f3\u0142pracy Mi\u0119dzynarodowej za\u015bwiadczenie do NFZ,<\/li>\n\n\n\n<li>zorganizuj swoje zakwaterowanie,<\/li>\n\n\n\n<li>zabierz kilka dodatkowych zdj\u0119\u0107 \u2013 by\u0107 mo\u017ce b\u0119d\u0105 potrzebne np. do legitymacji, biletu,<\/li>\n\n\n\n<li>zbierz informacje o&nbsp;miejscu, do kt\u00f3rego jedziesz (pogoda, kultura, zwyczaje).<\/li>\n<\/ul>\n\n\n\n<p><strong>Krok 12: PODPISZ UMOW\u0118<\/strong><\/p>\n\n\n\n<p>Na oko\u0142o dwa tygodnie przed wyjazdem, BWM przygotuje umow\u0119, oraz poinformuje studenta o jej gotowo\u015bci do podpisu. Umowa b\u0119dzie zawiera\u0107 najpotrzebniejsze informacje takie jak: d\u0142ugo\u015b\u0107 pobytu, miejsce oraz wysoko\u015b\u0107 grantu.<\/p>\n\n\n\n<p><strong>Krok 13: WYPE\u0141NIJ TEST J\u0118ZYKOWY<\/strong><\/p>\n\n\n\n<p>Test j\u0119zykowy zostanie do Ciebie przes\u0142any automatycznie po wprowadzeniu Twoich danych do systemu. <\/p>\n\n\n\n<p><strong>Krok 14: ODBIERZ GRANT<\/strong><\/p>\n\n\n\n<p>Stypendia wyp\u0142acane s\u0105 na konto. Wysoko\u015b\u0107 stypendium Erasmus+ jest ustalana corocznie i uzale\u017cniona jest od \u015brodk\u00f3w, jakimi dysponuje Polska, od liczby i okresu studi\u00f3w, na jaki wyje\u017cd\u017caj\u0105 studenci polscy oraz kryteri\u00f3w, wed\u0142ug kt\u00f3rych uczelnia macierzysta dzieli przyznane fundusze. Przed wyjazdem uczelnia wyp\u0142aca 80% grantu a pozosta\u0142e 20% po powrocie studenta i z\u0142o\u017ceniu ankiety online stypendysty.<\/p>\n\n\n\n<p>Kwota zale\u017cna jest od grupy, w kt\u00f3rej znajduje si\u0119 kraj:<\/p>\n\n\n\n<figure class=\"wp-block-image size-full\"><img loading=\"lazy\" decoding=\"async\" width=\"813\" height=\"448\" src=\"https:\/\/pans.krosno.pl\/iro\/wp-content\/uploads\/sites\/26\/2025\/10\/Zrzut-ekranu-2025-10-28-132949.png\" alt=\"\" class=\"wp-image-5055\" srcset=\"https:\/\/pans.krosno.pl\/iro\/wp-content\/uploads\/sites\/26\/2025\/10\/Zrzut-ekranu-2025-10-28-132949.png 813w, https:\/\/pans.krosno.pl\/iro\/wp-content\/uploads\/sites\/26\/2025\/10\/Zrzut-ekranu-2025-10-28-132949-300x165.png 300w, https:\/\/pans.krosno.pl\/iro\/wp-content\/uploads\/sites\/26\/2025\/10\/Zrzut-ekranu-2025-10-28-132949-768x423.png 768w, https:\/\/pans.krosno.pl\/iro\/wp-content\/uploads\/sites\/26\/2025\/10\/Zrzut-ekranu-2025-10-28-132949-800x441.png 800w, https:\/\/pans.krosno.pl\/iro\/wp-content\/uploads\/sites\/26\/2025\/10\/Zrzut-ekranu-2025-10-28-132949-580x320.png 580w\" sizes=\"auto, (max-width: 813px) 100vw, 813px\" \/><\/figure>\n\n\n\n<p>D\u0142ugoterminowa mobilno\u015b\u0107 student\u00f3w w celu odbycia praktyki do pa\u0144stw cz\u0142onkowskich UE i pa\u0144stw trzecich stowarzyszonych z programem oraz pa\u0144stw trzecich niestowarzyszonych z programem z region\u00f3w 13 i 14: dodatkowa dop\u0142ata uzupe\u0142niaj\u0105ca podstawow\u0105 kwot\u0119 wsparcia indywidualnego wynosi 150 EUR miesi\u0119cznie. Zatem powy\u017csze kwoty, nale\u017cy w przypadku odbywania praktyk zwi\u0119kszy\u0107 o 150 EUR na miesi\u0105c.<\/p>\n\n\n\n<p>Dla os\u00f3b (studenci i absolwenci) spe\u0142niaj\u0105cych kryteria uj\u0119te w definicji <strong>\u201eos\u00f3b z mniejszymi szansami\u201d<\/strong> b\u0119d\u0105 otrzymywa\u0107 dodatkowo kwot\u0119 <strong>250 \u20ac<\/strong> na ka\u017cdy miesi\u0105c pobytu niezale\u017cnie od rodzaju wyjazdu. Aby zakwalifikowa\u0107 si\u0119 na wspomniane dofinansowanie, nale\u017cy pobiera\u0107 stypendium socjalne lub posiada\u0107 orzeczenie o stopniu niepe\u0142nosprawno\u015bci.<\/p>\n\n\n\n<p>W zwi\u0105zku z wyjazdem nale\u017cy przygotowa\u0107 si\u0119 na wydatki, stypendium Erasmusa+ jest przeznaczone jedynie na pokrycie r\u00f3\u017cnic pomi\u0119dzy kosztami utrzymania w kraju ojczystym a kosztami w kraju przyjmuj\u0105cym, nie za\u015b na pokrycie ca\u0142kowitych koszt\u00f3w ponoszonych przez studenta za granic\u0105.<\/p>\n\n\n\n<p>Wysoko\u015b\u0107 stypendium jest zale\u017cna od wysoko\u015bci og\u00f3lnej kwoty subwencji stypendialnej, przyznanej uczelni na dany rok akademicki z&nbsp;funduszy Komisji Europejskiej za po\u015brednictwem Narodowej Agencji Programu Erasmus+. Podzia\u0142 funduszu stypendialnego odbywa si\u0119 proporcjonalnie z&nbsp;uwzgl\u0119dnieniem jednostek obliczeniowych przyporz\u0105dkowanych poszczeg\u00f3lnym grupom kraj\u00f3w docelowych.<\/p>\n\n\n\n<hr class=\"wp-block-separator has-css-opacity\" \/>\n\n\n\n<h2 class=\"wp-block-heading\" id=\"h-postepowanie-podczas-pobytu-na-stypendium\">POST\u0118POWANIE PODCZAS POBYTU NA STYPENDIUM<\/h2>\n\n\n\n<p><strong>ZMIANY DO LEARNING AGREEMENT<\/strong><\/p>\n\n\n\n<p>Po przyje\u017adzie mo\u017ce si\u0119 okaza\u0107, \u017ce b\u0119dziesz musia\u0142 zmieni\u0107 sw\u00f3j Learning Agreement. W&nbsp;tym celu wype\u0142niasz sekcj\u0119 \u201eDuring the mobility\u201d. Pami\u0119taj, \u017ce zmiany musz\u0105 zosta\u0107 zaakceptowane przez koordynatora w instytucji partnerskiej, a&nbsp;dopiero p\u00f3\u017aniej s\u0105 wysy\u0142ane do uczelni macierzystej. Na dokonanie zmian w LA masz miesi\u0105c od daty rozpocz\u0119cia mobilno\u015bci!<\/p>\n\n\n\n<hr class=\"wp-block-separator has-css-opacity\" \/>\n\n\n\n<h2 class=\"wp-block-heading\" id=\"h-zakonczenie-mobilnosci\">ZAKO\u0143CZENIE MOBILNO\u015aCI<\/h2>\n\n\n\n<p><strong>ANKIETA ONLINE<\/strong><\/p>\n\n\n\n<p>Ankieta zostanie automatycznie wygenerowana i przes\u0142ana przez system Beneficiary Module w kilka dni po zako\u0144czeniu mobilno\u015bci. Wype\u0142nienie i wys\u0142anie ankiety jest wymagane do ostatecznego rozliczenia stypendium.<br><br><strong>ZA\u015aWIADCZENIE O\u00a0D\u0141UGO\u015aCI POBYTU<\/strong><\/p>\n\n\n\n<p>Takie za\u015bwiadczenie wystawia instytucja przyjmuj\u0105ca, daty na tym za\u015bwiadczeniu powinny by\u0107 zgodne z czasem trwania stypendium. Za\u015bwiadczenie trzeba z\u0142o\u017cy\u0107 do BWM. Ostateczna kwota pozosta\u0142ej cz\u0119\u015bci stypendium zostanie obliczona na podstawie potwierdzenie pobytu. W przypadku kr\u00f3tszego potwierdzenia ni\u017c na okres zawarty w umowie pozosta\u0142a kwota zostanie odpowiednio pomniejszona.<\/p>\n\n\n\n<p><a href=\"https:\/\/pans.krosno.pl\/iro\/wp-content\/uploads\/sites\/26\/2023\/03\/potwierdzenie_pobytu_praktyki-2.docx\">Potwierdzenie pobytu &#8211; praktyki<\/a><\/p>\n","protected":false},"excerpt":{"rendered":"<p>Rekrutacja student\u00f3w na praktyki, w tym praktyki absolwenckie, odbywa si\u0119 w nast\u0119puj\u0105cych terminach: sk\u0142adanie wymaganych dokument\u00f3w w sekcji ds. wsp\u00f3\u0142pracy mi\u0119dzynarodowej do 28 lutego. og\u0142oszenie wynik\u00f3w post\u0119powania kwalifikacyjnego do 15 marca. POST\u0118POWANIE PRZED WYJAZDEM NA STYPENDIUM Krok 1: PRZYJD\u0179 NA SPOTKANIE INFORMACYJNE Spotkania informacyjne odbywa si\u0119 co najmniej raz na [\u2026] <\/p>\n<div class=\"clear\"><\/div>\n<p><a class=\"more_link clearfix\" href=\"https:\/\/pans.krosno.pl\/iro\/wyjazd-na-praktyki\/\" rel=\"nofollow\">Read More<\/a><\/p>\n","protected":false},"author":27,"featured_media":0,"parent":0,"menu_order":0,"comment_status":"closed","ping_status":"closed","template":"","meta":{"ngg_post_thumbnail":0,"footnotes":""},"class_list":["post-1676","page","type-page","status-publish","hentry"],"yoast_head":"<!-- This site is optimized with the Yoast SEO Premium plugin v27.4 (Yoast SEO v27.4) - https:\/\/yoast.com\/product\/yoast-seo-premium-wordpress\/ -->\n<title>Wyjazd na praktyki - International Relations Office PANS w Kro\u015bnie<\/title>\n<meta name=\"robots\" content=\"index, follow, max-snippet:-1, max-image-preview:large, max-video-preview:-1\" \/>\n<link rel=\"canonical\" href=\"https:\/\/pans.krosno.pl\/iro\/wyjazd-na-praktyki\/\" \/>\n<meta property=\"og:locale\" content=\"pl_PL\" \/>\n<meta property=\"og:type\" content=\"article\" \/>\n<meta property=\"og:title\" content=\"Wyjazd na praktyki\" \/>\n<meta property=\"og:description\" content=\"Rekrutacja student\u00f3w na praktyki, w tym praktyki absolwenckie, odbywa si\u0119 w nast\u0119puj\u0105cych terminach: sk\u0142adanie wymaganych dokument\u00f3w w sekcji ds. wsp\u00f3\u0142pracy mi\u0119dzynarodowej do 28 lutego. og\u0142oszenie wynik\u00f3w post\u0119powania kwalifikacyjnego do 15 marca. POST\u0118POWANIE PRZED WYJAZDEM NA STYPENDIUM Krok 1: PRZYJD\u0179 NA SPOTKANIE INFORMACYJNE Spotkania informacyjne odbywa si\u0119 co najmniej raz na [\u2026] Read More\" \/>\n<meta property=\"og:url\" content=\"https:\/\/pans.krosno.pl\/iro\/wyjazd-na-praktyki\/\" \/>\n<meta property=\"og:site_name\" content=\"International Relations Office PANS w Kro\u015bnie\" \/>\n<meta property=\"article:modified_time\" content=\"2025-10-28T13:36:42+00:00\" \/>\n<meta property=\"og:image\" content=\"https:\/\/pans.krosno.pl\/iro\/wp-content\/uploads\/sites\/26\/2025\/10\/Zrzut-ekranu-2025-10-28-132949.png\" \/>\n\t<meta property=\"og:image:width\" content=\"813\" \/>\n\t<meta property=\"og:image:height\" content=\"448\" \/>\n\t<meta property=\"og:image:type\" content=\"image\/png\" \/>\n<meta name=\"twitter:card\" content=\"summary_large_image\" \/>\n<meta name=\"twitter:label1\" content=\"Szacowany czas czytania\" \/>\n\t<meta name=\"twitter:data1\" content=\"7 minut\" \/>\n<script type=\"application\/ld+json\" class=\"yoast-schema-graph\">{\"@context\":\"https:\\\/\\\/schema.org\",\"@graph\":[{\"@type\":\"WebPage\",\"@id\":\"https:\\\/\\\/pans.krosno.pl\\\/iro\\\/wyjazd-na-praktyki\\\/\",\"url\":\"https:\\\/\\\/pans.krosno.pl\\\/iro\\\/wyjazd-na-praktyki\\\/\",\"name\":\"Wyjazd na praktyki - International Relations Office PANS w Kro\u015bnie\",\"isPartOf\":{\"@id\":\"https:\\\/\\\/pans.krosno.pl\\\/iro\\\/#website\"},\"primaryImageOfPage\":{\"@id\":\"https:\\\/\\\/pans.krosno.pl\\\/iro\\\/wyjazd-na-praktyki\\\/#primaryimage\"},\"image\":{\"@id\":\"https:\\\/\\\/pans.krosno.pl\\\/iro\\\/wyjazd-na-praktyki\\\/#primaryimage\"},\"thumbnailUrl\":\"https:\\\/\\\/pans.krosno.pl\\\/iro\\\/wp-content\\\/uploads\\\/sites\\\/26\\\/2025\\\/10\\\/Zrzut-ekranu-2025-10-28-132949.png\",\"datePublished\":\"2023-04-21T11:25:28+00:00\",\"dateModified\":\"2025-10-28T13:36:42+00:00\",\"breadcrumb\":{\"@id\":\"https:\\\/\\\/pans.krosno.pl\\\/iro\\\/wyjazd-na-praktyki\\\/#breadcrumb\"},\"inLanguage\":\"pl-PL\",\"potentialAction\":[{\"@type\":\"ReadAction\",\"target\":[\"https:\\\/\\\/pans.krosno.pl\\\/iro\\\/wyjazd-na-praktyki\\\/\"]}]},{\"@type\":\"ImageObject\",\"inLanguage\":\"pl-PL\",\"@id\":\"https:\\\/\\\/pans.krosno.pl\\\/iro\\\/wyjazd-na-praktyki\\\/#primaryimage\",\"url\":\"https:\\\/\\\/pans.krosno.pl\\\/iro\\\/wp-content\\\/uploads\\\/sites\\\/26\\\/2025\\\/10\\\/Zrzut-ekranu-2025-10-28-132949.png\",\"contentUrl\":\"https:\\\/\\\/pans.krosno.pl\\\/iro\\\/wp-content\\\/uploads\\\/sites\\\/26\\\/2025\\\/10\\\/Zrzut-ekranu-2025-10-28-132949.png\",\"width\":813,\"height\":448},{\"@type\":\"BreadcrumbList\",\"@id\":\"https:\\\/\\\/pans.krosno.pl\\\/iro\\\/wyjazd-na-praktyki\\\/#breadcrumb\",\"itemListElement\":[{\"@type\":\"ListItem\",\"position\":1,\"name\":\"Strona g\u0142\u00f3wna\",\"item\":\"https:\\\/\\\/pans.krosno.pl\\\/iro\\\/\"},{\"@type\":\"ListItem\",\"position\":2,\"name\":\"Wyjazd na praktyki\"}]},{\"@type\":\"WebSite\",\"@id\":\"https:\\\/\\\/pans.krosno.pl\\\/iro\\\/#website\",\"url\":\"https:\\\/\\\/pans.krosno.pl\\\/iro\\\/\",\"name\":\"International Relations Office PANS w Kro\u015bnie\",\"description\":\"International Relations Office - Pa\u0144stwowa Akademia Nauk Stosowanych\",\"publisher\":{\"@id\":\"https:\\\/\\\/pans.krosno.pl\\\/iro\\\/#organization\"},\"potentialAction\":[{\"@type\":\"SearchAction\",\"target\":{\"@type\":\"EntryPoint\",\"urlTemplate\":\"https:\\\/\\\/pans.krosno.pl\\\/iro\\\/?s={search_term_string}\"},\"query-input\":{\"@type\":\"PropertyValueSpecification\",\"valueRequired\":true,\"valueName\":\"search_term_string\"}}],\"inLanguage\":\"pl-PL\"},{\"@type\":\"Organization\",\"@id\":\"https:\\\/\\\/pans.krosno.pl\\\/iro\\\/#organization\",\"name\":\"International Relations Office PANS w Kro\u015bnie\",\"url\":\"https:\\\/\\\/pans.krosno.pl\\\/iro\\\/\",\"logo\":{\"@type\":\"ImageObject\",\"inLanguage\":\"pl-PL\",\"@id\":\"https:\\\/\\\/pans.krosno.pl\\\/iro\\\/#\\\/schema\\\/logo\\\/image\\\/\",\"url\":\"https:\\\/\\\/pans.krosno.pl\\\/iro\\\/wp-content\\\/uploads\\\/sites\\\/26\\\/2023\\\/01\\\/Logo-PANS-2022-pelne.png\",\"contentUrl\":\"https:\\\/\\\/pans.krosno.pl\\\/iro\\\/wp-content\\\/uploads\\\/sites\\\/26\\\/2023\\\/01\\\/Logo-PANS-2022-pelne.png\",\"width\":3096,\"height\":696,\"caption\":\"International Relations Office PANS w Kro\u015bnie\"},\"image\":{\"@id\":\"https:\\\/\\\/pans.krosno.pl\\\/iro\\\/#\\\/schema\\\/logo\\\/image\\\/\"}}]}<\/script>\n<!-- \/ Yoast SEO Premium plugin. -->","yoast_head_json":{"title":"Wyjazd na praktyki - International Relations Office PANS w Kro\u015bnie","robots":{"index":"index","follow":"follow","max-snippet":"max-snippet:-1","max-image-preview":"max-image-preview:large","max-video-preview":"max-video-preview:-1"},"canonical":"https:\/\/pans.krosno.pl\/iro\/wyjazd-na-praktyki\/","og_locale":"pl_PL","og_type":"article","og_title":"Wyjazd na praktyki","og_description":"Rekrutacja student\u00f3w na praktyki, w tym praktyki absolwenckie, odbywa si\u0119 w nast\u0119puj\u0105cych terminach: sk\u0142adanie wymaganych dokument\u00f3w w sekcji ds. wsp\u00f3\u0142pracy mi\u0119dzynarodowej do 28 lutego. og\u0142oszenie wynik\u00f3w post\u0119powania kwalifikacyjnego do 15 marca. POST\u0118POWANIE PRZED WYJAZDEM NA STYPENDIUM Krok 1: PRZYJD\u0179 NA SPOTKANIE INFORMACYJNE Spotkania informacyjne odbywa si\u0119 co najmniej raz na [\u2026] Read More","og_url":"https:\/\/pans.krosno.pl\/iro\/wyjazd-na-praktyki\/","og_site_name":"International Relations Office PANS w Kro\u015bnie","article_modified_time":"2025-10-28T13:36:42+00:00","og_image":[{"width":813,"height":448,"url":"https:\/\/pans.krosno.pl\/iro\/wp-content\/uploads\/sites\/26\/2025\/10\/Zrzut-ekranu-2025-10-28-132949.png","type":"image\/png"}],"twitter_card":"summary_large_image","twitter_misc":{"Szacowany czas czytania":"7 minut"},"schema":{"@context":"https:\/\/schema.org","@graph":[{"@type":"WebPage","@id":"https:\/\/pans.krosno.pl\/iro\/wyjazd-na-praktyki\/","url":"https:\/\/pans.krosno.pl\/iro\/wyjazd-na-praktyki\/","name":"Wyjazd na praktyki - International Relations Office PANS w Kro\u015bnie","isPartOf":{"@id":"https:\/\/pans.krosno.pl\/iro\/#website"},"primaryImageOfPage":{"@id":"https:\/\/pans.krosno.pl\/iro\/wyjazd-na-praktyki\/#primaryimage"},"image":{"@id":"https:\/\/pans.krosno.pl\/iro\/wyjazd-na-praktyki\/#primaryimage"},"thumbnailUrl":"https:\/\/pans.krosno.pl\/iro\/wp-content\/uploads\/sites\/26\/2025\/10\/Zrzut-ekranu-2025-10-28-132949.png","datePublished":"2023-04-21T11:25:28+00:00","dateModified":"2025-10-28T13:36:42+00:00","breadcrumb":{"@id":"https:\/\/pans.krosno.pl\/iro\/wyjazd-na-praktyki\/#breadcrumb"},"inLanguage":"pl-PL","potentialAction":[{"@type":"ReadAction","target":["https:\/\/pans.krosno.pl\/iro\/wyjazd-na-praktyki\/"]}]},{"@type":"ImageObject","inLanguage":"pl-PL","@id":"https:\/\/pans.krosno.pl\/iro\/wyjazd-na-praktyki\/#primaryimage","url":"https:\/\/pans.krosno.pl\/iro\/wp-content\/uploads\/sites\/26\/2025\/10\/Zrzut-ekranu-2025-10-28-132949.png","contentUrl":"https:\/\/pans.krosno.pl\/iro\/wp-content\/uploads\/sites\/26\/2025\/10\/Zrzut-ekranu-2025-10-28-132949.png","width":813,"height":448},{"@type":"BreadcrumbList","@id":"https:\/\/pans.krosno.pl\/iro\/wyjazd-na-praktyki\/#breadcrumb","itemListElement":[{"@type":"ListItem","position":1,"name":"Strona g\u0142\u00f3wna","item":"https:\/\/pans.krosno.pl\/iro\/"},{"@type":"ListItem","position":2,"name":"Wyjazd na praktyki"}]},{"@type":"WebSite","@id":"https:\/\/pans.krosno.pl\/iro\/#website","url":"https:\/\/pans.krosno.pl\/iro\/","name":"International Relations Office PANS w Kro\u015bnie","description":"International Relations Office - Pa\u0144stwowa Akademia Nauk Stosowanych","publisher":{"@id":"https:\/\/pans.krosno.pl\/iro\/#organization"},"potentialAction":[{"@type":"SearchAction","target":{"@type":"EntryPoint","urlTemplate":"https:\/\/pans.krosno.pl\/iro\/?s={search_term_string}"},"query-input":{"@type":"PropertyValueSpecification","valueRequired":true,"valueName":"search_term_string"}}],"inLanguage":"pl-PL"},{"@type":"Organization","@id":"https:\/\/pans.krosno.pl\/iro\/#organization","name":"International Relations Office PANS w Kro\u015bnie","url":"https:\/\/pans.krosno.pl\/iro\/","logo":{"@type":"ImageObject","inLanguage":"pl-PL","@id":"https:\/\/pans.krosno.pl\/iro\/#\/schema\/logo\/image\/","url":"https:\/\/pans.krosno.pl\/iro\/wp-content\/uploads\/sites\/26\/2023\/01\/Logo-PANS-2022-pelne.png","contentUrl":"https:\/\/pans.krosno.pl\/iro\/wp-content\/uploads\/sites\/26\/2023\/01\/Logo-PANS-2022-pelne.png","width":3096,"height":696,"caption":"International Relations Office PANS w Kro\u015bnie"},"image":{"@id":"https:\/\/pans.krosno.pl\/iro\/#\/schema\/logo\/image\/"}}]}},"_links":{"self":[{"href":"https:\/\/pans.krosno.pl\/iro\/wp-json\/wp\/v2\/pages\/1676","targetHints":{"allow":["GET"]}}],"collection":[{"href":"https:\/\/pans.krosno.pl\/iro\/wp-json\/wp\/v2\/pages"}],"about":[{"href":"https:\/\/pans.krosno.pl\/iro\/wp-json\/wp\/v2\/types\/page"}],"author":[{"embeddable":true,"href":"https:\/\/pans.krosno.pl\/iro\/wp-json\/wp\/v2\/users\/27"}],"replies":[{"embeddable":true,"href":"https:\/\/pans.krosno.pl\/iro\/wp-json\/wp\/v2\/comments?post=1676"}],"version-history":[{"count":41,"href":"https:\/\/pans.krosno.pl\/iro\/wp-json\/wp\/v2\/pages\/1676\/revisions"}],"predecessor-version":[{"id":5067,"href":"https:\/\/pans.krosno.pl\/iro\/wp-json\/wp\/v2\/pages\/1676\/revisions\/5067"}],"wp:attachment":[{"href":"https:\/\/pans.krosno.pl\/iro\/wp-json\/wp\/v2\/media?parent=1676"}],"curies":[{"name":"wp","href":"https:\/\/api.w.org\/{rel}","templated":true}]}}