{"id":1167,"date":"2023-03-01T15:24:05","date_gmt":"2023-03-01T14:24:05","guid":{"rendered":"https:\/\/pans.krosno.pl\/iro\/?page_id=1167"},"modified":"2024-04-25T08:47:41","modified_gmt":"2024-04-25T06:47:41","slug":"instrukcje-dla-pracownikow","status":"publish","type":"page","link":"https:\/\/pans.krosno.pl\/iro\/instrukcje-dla-pracownikow\/","title":{"rendered":"Instrukcja dla pracownik\u00f3w"},"content":{"rendered":"\n<p>Rekrutacja pracownik\u00f3w na wyjazdy szkoleniowe i dydaktyczne odbywa si\u0119 w nast\u0119puj\u0105cych terminach:<\/p>\n\n\n\n<ul class=\"wp-block-list\">\n<li>sk\u0142adanie formularzy aplikacyjnych w biurze sekcji ds. wsp\u00f3\u0142pracy mi\u0119dzynarodowej, zgodnie z za\u0142\u0105cznikiem 11 do regulaminu &#8211; do 15 pa\u017adziernika;<\/li>\n<\/ul>\n\n\n\n<ul class=\"wp-block-list\">\n<li>og\u0142oszenie wynik\u00f3w post\u0119powania kwalifikacyjnego &#8211; do 30 pa\u017adziernika.<\/li>\n<\/ul>\n\n\n\n<h1 class=\"wp-block-heading\" id=\"h-sta-staff-teaching-assignments\">STA \u2013 Staff Teaching Assignments<\/h1>\n\n\n\n<h2 class=\"wp-block-heading\" id=\"h-wyjazdy-pracownikow-dydaktycznych-uczelni\">(wyjazdy pracownik\u00f3w dydaktycznych uczelni)<\/h2>\n\n\n\n<ol class=\"wp-block-list\">\n<li>Wyjazdy nauczycieli akademickich s\u0105 realizowane do uczelni zagranicznych, z&nbsp;kt\u00f3rymi PANS w&nbsp;Kro\u015bnie&nbsp; podpisa\u0142a umowy o&nbsp;wymianie kadry naukowo-dydaktycznej w&nbsp;ramach Erasmusa w&nbsp;celu przeprowadzenia zaj\u0119\u0107 dydaktycznych dla tamtejszych student\u00f3w (wyk\u0142ad\u00f3w, seminari\u00f3w, warsztat\u00f3w).<br>&nbsp;<\/li>\n\n\n\n<li><strong>D\u0142ugo\u015b\u0107 pobytu:&nbsp;<\/strong>od 2 do 60 dni fizycznej mobilno\u015bci, z wy\u0142\u0105czeniem czasu podr\u00f3\u017cy. Pobyt pracownika w uczelni\/instytucji przyjmuj\u0105cej musi by\u0107 rozpocz\u0119ty i zako\u0144czony w okresie pomi\u0119dzy 1 pa\u017adziernika a 30 wrze\u015bnia roku akademickiego, na kt\u00f3ry zosta\u0142o przyznane stypendium.<br><br><\/li>\n\n\n\n<li>Stypendium otrzymane przez pracownika uczelni jest przeznaczone na pokrycie dodatkowych koszt\u00f3w zwi\u0105zanych z&nbsp;wyjazdem i&nbsp;pobytem w&nbsp;uczelni\/instytucji przyjmuj\u0105cej, t.j koszty podr\u00f3\u017cy, ubezpieczenie, przygotowania j\u0119zykowego, zwi\u0119kszone koszty utrzymania za granic\u0105. W przypadku podr\u00f3\u017cy z wykorzystaniem niskoemisyjnych \u015brodk\u00f3w transportu (tzw. green travel), takich jak autobus, poci\u0105g lub wsp\u00f3lne korzystanie z samochodu (car-pooling), pracownicy uprawnieni s\u0105 do otrzymania wsparcia indywidualnego na koszty utrzymania podczas podr\u00f3\u017cy, zgodnie z zasadami okre\u015blonymi przez Komisj\u0119 Europejsk\u0105. Przed podpisaniem umowy o dofinansowanie pracownik zobowi\u0105zany jest z\u0142o\u017cy\u0107 do sekcji ds. rozwoju o\u015bwiadczenie, kt\u00f3rego wz\u00f3r stanowi <a href=\"https:\/\/pans.krosno.pl\/ic\/wp-content\/uploads\/sites\/49\/2023\/09\/Zal.-7-Green-Travel.docx\">za\u0142\u0105cznik nr 7<\/a> do regulaminu.<br>&nbsp;<\/li>\n\n\n\n<li>Grant (90%) jest wyp\u0142acany po podpisaniu umowy na konto bankowe beneficjenta. Pozosta\u0142a cz\u0119\u015b\u0107 grantu wyp\u0142acana jest po powrocie i z\u0142o\u017ceniu ankiety online. Szczeg\u00f3\u0142owe stawki grantu Erasmus+ znajduj\u0105 si\u0119 na dole strony.<br><\/li>\n\n\n\n<li>Decyzja w sprawie wynik\u00f3w post\u0119powania kwalifikacyjnego przekazywana jest kandydatowi w formie pisemnej.<br>&nbsp;<\/li>\n\n\n\n<li><strong>Dokumenty przed wyjazdem:<\/strong><br>\n<ul class=\"wp-block-list\">\n<li>Nale\u017cy wype\u0142ni\u0107 i przedstawi\u0107 zaakceptowany przez uczelni\u0119 partnersk\u0105 indywidualny program mobilno\u015bci (<a href=\"https:\/\/pans.krosno.pl\/ic\/wp-content\/uploads\/sites\/49\/2023\/09\/Zal.-12-Learning-Agreement-for-Teaching.docx\">Mobility Agreement STA<\/a>),<\/li>\n\n\n\n<li>Pracownik zobowi\u0105zany jest posiada\u0107 w okresie mobilno\u015bci ubezpieczenie zdrowotne oraz ubezpieczenie NNW. Uczelnia mo\u017ce za\u017c\u0105da\u0107 potwierdzenia posiadania ww. ubezpiecze\u0144.<\/li>\n\n\n\n<li>Umowa pomi\u0119dzy Uczelni\u0105 a&nbsp;pracownikiem.<br><\/li>\n<\/ul>\n<\/li>\n\n\n\n<li><strong>Podstawa rozliczenia wyjazdu:<\/strong><br>\n<ul class=\"wp-block-list\">\n<li>Dokument potwierdzaj\u0105cy czas pobytu w&nbsp;instytucji przyjmuj\u0105cej i&nbsp;zrealizowanie programu nauczania (<a href=\"https:\/\/pans.krosno.pl\/ic\/wp-content\/uploads\/sites\/49\/2023\/09\/Zal.-15-CONFIRMATION-OF-TEACHING.docx\">Potwierdzenie pobytu STA<\/a>),<\/li>\n\n\n\n<li>Wype\u0142nienie ankiety online automatycznie generowanej i wysy\u0142anej przez system Beneficiary Module.<br><\/li>\n<\/ul>\n<\/li>\n<\/ol>\n\n\n\n<hr class=\"wp-block-separator has-css-opacity\" \/>\n\n\n\n<h1 class=\"wp-block-heading\" id=\"h-stt-staff-for-training\">STT \u2013 Staff for Training<\/h1>\n\n\n\n<h2 class=\"wp-block-heading\" id=\"h-wyjazdy-pracownikow-uczelni-w-nbsp-celach-szkoleniowych\">(wyjazdy pracownik\u00f3w uczelni w&nbsp;celach szkoleniowych)<\/h2>\n\n\n\n<ol class=\"wp-block-list\">\n<li>Wyjazdy realizowane do instytucji zagranicznych (np. przedsi\u0119biorstw, organizacji, instytucji edukacyjnych, w&nbsp;tym uczelni) w&nbsp;celu doskonalenia umiej\u0119tno\u015bci i&nbsp;kwalifikacji potrzebnych w&nbsp;pracy, wymiany do\u015bwiadcze\u0144, poszerzenia wiedzy w&nbsp;danej dziedzinie (udzia\u0142 w&nbsp;szkoleniu, seminarium, warsztacie z&nbsp;elementami szkolenia, wizyta typu \u201ework shadowing\u201d). Szkolenie powinno by\u0107 \u015bci\u015ble zwi\u0105zane z&nbsp;obejmowanym stanowiskiem pracy i&nbsp;zakresem obowi\u0105zk\u00f3w s\u0142u\u017cbowych.<br>&nbsp;<\/li>\n\n\n\n<li><strong>D\u0142ugo\u015b\u0107 pobytu<\/strong>: od 2 do 60 dni fizycznej mobilno\u015bci, z wy\u0142\u0105czeniem czasu podr\u00f3\u017cy. Pobyt pracownika w uczelni\/instytucji przyjmuj\u0105cej musi by\u0107 rozpocz\u0119ty i zako\u0144czony w okresie pomi\u0119dzy 1 pa\u017adziernika a 30 wrze\u015bnia roku akademickiego, na kt\u00f3ry zosta\u0142o przyznane stypendium.<br>&nbsp;<\/li>\n\n\n\n<li>Stypendium otrzymane przez pracownika uczelni jest przeznaczone na pokrycie dodatkowych koszt\u00f3w zwi\u0105zanych z&nbsp;wyjazdem i&nbsp;pobytem w&nbsp;uczelni\/instytucji przyjmuj\u0105cej, t.j koszty podr\u00f3\u017cy, ubezpieczenie, przygotowania j\u0119zykowego, zwi\u0119kszone koszty utrzymania za granic\u0105. W przypadku podr\u00f3\u017cy z wykorzystaniem niskoemisyjnych \u015brodk\u00f3w transportu (tzw. green travel), takich jak autobus, poci\u0105g lub wsp\u00f3lne korzystanie z samochodu (car-pooling), pracownicy uprawnieni s\u0105 do otrzymania wsparcia indywidualnego na koszty utrzymania podczas podr\u00f3\u017cy, zgodnie z zasadami okre\u015blonymi przez Komisj\u0119 Europejsk\u0105. Przed podpisaniem umowy o dofinansowanie pracownik zobowi\u0105zany jest z\u0142o\u017cy\u0107 do sekcji ds. rozwoju o\u015bwiadczenie, kt\u00f3rego wz\u00f3r stanowi <a href=\"https:\/\/pans.krosno.pl\/ic\/wp-content\/uploads\/sites\/49\/2023\/09\/Zal.-7-Green-Travel.docx\">za\u0142\u0105cznik nr 7<\/a> do regulaminu.<br>&nbsp;<\/li>\n\n\n\n<li>Przy wyborze kandydat\u00f3w na wyjazdy brane s\u0105 pod uwag\u0119, w&nbsp;szczeg\u00f3lno\u015bci:\n<ul class=\"wp-block-list\">\n<li>kompetencje j\u0119zykowe &#8211; znajomo\u015b\u0107 j\u0119zyka obcego, w&nbsp;kt\u00f3rym prowadzone b\u0119dzie szkolenie w&nbsp;instytucji przyjmuj\u0105cej,<\/li>\n\n\n\n<li>temat szkolenia &#8211; wysoki stopie\u0144 powi\u0105zania z&nbsp;zajmowanym stanowiskiem s\u0142u\u017cbowym oraz wp\u0142yw szkolenia na podniesienie kwalifikacji z&nbsp;zakresu wykonywanych obowi\u0105zk\u00f3w s\u0142u\u017cbowych,<\/li>\n\n\n\n<li>umiej\u0119tno\u015b\u0107 umotywowania ch\u0119ci wyjazdu.<br><br><\/li>\n<\/ul>\n<\/li>\n\n\n\n<li>Decyzja w sprawie wynik\u00f3w post\u0119powania kwalifikacyjnego przekazywana jest kandydatowi w formie pisemnej.<br><br><\/li>\n\n\n\n<li><strong>Dokumenty przed wyjazdem:<\/strong><br>Wniosek nale\u017cy z\u0142o\u017cy\u0107 w&nbsp;Biurze Wsp\u00f3\u0142pracy Mi\u0119dzynarodowej przed up\u0142ywem wyznaczonego terminu. Indywidualny program szkolenia (<a href=\"https:\/\/pans.krosno.pl\/ic\/wp-content\/uploads\/sites\/49\/2023\/09\/Zal.-13-Learning-Agreement-for-Training.docx\">Mobility Agreement STT<\/a>) zak\u0142adane cele i&nbsp;oczekiwane rezultaty realizowanego szkolenia oraz harmonogram pracy i&nbsp;zadania pracownika. Program szkolenia musi by\u0107 podpisany najpierw przez stron\u0119 przyjmuj\u0105ca a&nbsp;dopiero wtedy przez PANS w&nbsp;Kro\u015bnie. Umowa pomi\u0119dzy Uczelni\u0105 a&nbsp;pracownikiem \u2013 podpisywana w&nbsp;BWM Pracownik powinien by\u0107 ubezpieczony na czas podr\u00f3\u017cy i&nbsp;pobytu w&nbsp;uczelni\/instytucji przyjmuj\u0105cej.<br><br>Pracownik zobowi\u0105zany jest posiada\u0107 w okresie mobilno\u015bci ubezpieczenie zdrowotne oraz ubezpieczenie NNW. <br><br>Uczelnia mo\u017ce za\u017c\u0105da\u0107 potwierdzenia posiadania ww. ubezpiecze\u0144. Umowa pomi\u0119dzy Uczelni\u0105 a&nbsp;pracownikiem.<br><\/li>\n\n\n\n<li><strong>Podstawa rozliczenia wyjazdu:<\/strong>\n<ul class=\"wp-block-list\">\n<li>Dokument potwierdzaj\u0105cy czas pobytu w&nbsp;instytucji przyjmuj\u0105cej i&nbsp;zrealizowanie programu szkolenia (<a href=\"https:\/\/pans.krosno.pl\/ic\/wp-content\/uploads\/sites\/49\/2023\/09\/Zal.-14-CONFIRMATION-OF-TRAINING.docx\">Potwierdzenie pobytu STT<\/a>),<\/li>\n\n\n\n<li>Wype\u0142nienie ankiety online automatycznie generowanej i wysy\u0142anej przez system Beneficiary Module.<\/li>\n<\/ul>\n<\/li>\n<\/ol>\n\n\n\n<hr class=\"wp-block-separator has-css-opacity\" \/>\n\n\n\n<h2 class=\"wp-block-heading\" id=\"h-prawo-do-odwolania\">Prawo do odwo\u0142ania<\/h2>\n\n\n\n<p>Od decyzji Komisji, dotycz\u0105cej nieprzyznania stypendium na wyjazd z programu Erasmus+, pracownikowi przys\u0142uguje odwo\u0142anie do Rektora w terminie 14 dni od daty wys\u0142ania przez Biuro wsp\u00f3\u0142pracy mi\u0119dzynarodowej maila z informacj\u0105 o wynikach. Postanowienie Rektora jest ostateczne.<\/p>\n\n\n\n<hr class=\"wp-block-separator has-css-opacity\" \/>\n\n\n\n<h2 class=\"wp-block-heading\" id=\"h-stawki-obowiazujace-na-wyjazdy-pracownikow\">Stawki obowi\u0105zuj\u0105ce na wyjazdy pracownik\u00f3w<\/h2>\n\n\n\n<figure class=\"wp-block-image size-full\"><img loading=\"lazy\" decoding=\"async\" width=\"815\" height=\"505\" src=\"https:\/\/pans.krosno.pl\/iro\/wp-content\/uploads\/sites\/26\/2024\/04\/PRACOWNICY-2023-STAWKI.jpg\" alt=\"\" class=\"wp-image-3185\" srcset=\"https:\/\/pans.krosno.pl\/iro\/wp-content\/uploads\/sites\/26\/2024\/04\/PRACOWNICY-2023-STAWKI.jpg 815w, https:\/\/pans.krosno.pl\/iro\/wp-content\/uploads\/sites\/26\/2024\/04\/PRACOWNICY-2023-STAWKI-300x186.jpg 300w, https:\/\/pans.krosno.pl\/iro\/wp-content\/uploads\/sites\/26\/2024\/04\/PRACOWNICY-2023-STAWKI-768x476.jpg 768w, https:\/\/pans.krosno.pl\/iro\/wp-content\/uploads\/sites\/26\/2024\/04\/PRACOWNICY-2023-STAWKI-800x496.jpg 800w, https:\/\/pans.krosno.pl\/iro\/wp-content\/uploads\/sites\/26\/2024\/04\/PRACOWNICY-2023-STAWKI-580x359.jpg 580w\" sizes=\"auto, (max-width: 815px) 100vw, 815px\" \/><\/figure>\n\n\n\n<p>Do obliczenia wysoko\u015bci rycza\u0142tu na koszt podr\u00f3\u017cy potrzebna jest odleg\u0142o\u015b\u0107 pomi\u0119dzy PANS w Kro\u015bnie a instytucj\u0105, do kt\u00f3rej jest wyjazd. Dok\u0142adn\u0105 odleg\u0142o\u015b\u0107 wyliczy\u0107 na stronie NA: <a href=\"https:\/\/erasmus-plus.ec.europa.eu\/resources-and-tools\/distance-calculator\" target=\"_blank\" rel=\"noreferrer noopener\">https:\/\/erasmus-plus.ec.europa.eu\/resources-and-tools\/distance-calculator<\/a><\/p>\n\n\n\n<figure class=\"wp-block-image size-full\"><img loading=\"lazy\" decoding=\"async\" width=\"810\" height=\"252\" src=\"https:\/\/pans.krosno.pl\/iro\/wp-content\/uploads\/sites\/26\/2024\/04\/KOSZTY-PODROZY-STAWKI-2023.jpg\" alt=\"\" class=\"wp-image-3187\" srcset=\"https:\/\/pans.krosno.pl\/iro\/wp-content\/uploads\/sites\/26\/2024\/04\/KOSZTY-PODROZY-STAWKI-2023.jpg 810w, https:\/\/pans.krosno.pl\/iro\/wp-content\/uploads\/sites\/26\/2024\/04\/KOSZTY-PODROZY-STAWKI-2023-300x93.jpg 300w, https:\/\/pans.krosno.pl\/iro\/wp-content\/uploads\/sites\/26\/2024\/04\/KOSZTY-PODROZY-STAWKI-2023-768x239.jpg 768w, https:\/\/pans.krosno.pl\/iro\/wp-content\/uploads\/sites\/26\/2024\/04\/KOSZTY-PODROZY-STAWKI-2023-800x249.jpg 800w, https:\/\/pans.krosno.pl\/iro\/wp-content\/uploads\/sites\/26\/2024\/04\/KOSZTY-PODROZY-STAWKI-2023-580x180.jpg 580w\" sizes=\"auto, (max-width: 810px) 100vw, 810px\" \/><\/figure>\n\n\n\n<hr class=\"wp-block-separator has-alpha-channel-opacity\" \/>\n\n\n\n<h2 class=\"wp-block-heading\" id=\"h-wsparcie-jezykowe\">Wsparcie j\u0119zykowe<\/h2>\n\n\n\n<p>Zach\u0119camy do skorzystania z platformy OLS, na kt\u00f3rej dost\u0119pne s\u0105 kursy i testy j\u0119zykowe: <a href=\"https:\/\/academy.europa.eu\/local\/euacademy\/pages\/course\/community-overview.php?title=learn-the-basics-of-22-languages-with-the-online-language-support\">https:\/\/academy.europa.eu\/local\/euacademy\/pages\/course\/community-overview.php?title=learn-the-basics-of-22-languages-with-the-online-language-support<\/a>),<\/p>\n","protected":false},"excerpt":{"rendered":"<p>Rekrutacja pracownik\u00f3w na wyjazdy szkoleniowe i dydaktyczne odbywa si\u0119 w nast\u0119puj\u0105cych terminach: STA \u2013 Staff Teaching Assignments (wyjazdy pracownik\u00f3w dydaktycznych uczelni) STT \u2013 Staff for Training (wyjazdy pracownik\u00f3w uczelni w&nbsp;celach szkoleniowych) Prawo do odwo\u0142ania Od decyzji Komisji, dotycz\u0105cej nieprzyznania stypendium na wyjazd z programu Erasmus+, pracownikowi przys\u0142uguje odwo\u0142anie do Rektora [\u2026] <\/p>\n<div class=\"clear\"><\/div>\n<p><a class=\"more_link clearfix\" href=\"https:\/\/pans.krosno.pl\/iro\/instrukcje-dla-pracownikow\/\" rel=\"nofollow\">Read More<\/a><\/p>\n","protected":false},"author":27,"featured_media":0,"parent":0,"menu_order":0,"comment_status":"closed","ping_status":"closed","template":"page-templates\/template-full-width.php","meta":{"ngg_post_thumbnail":0,"footnotes":""},"class_list":["post-1167","page","type-page","status-publish","hentry"],"yoast_head":"<!-- This site is optimized with the Yoast SEO Premium plugin v27.4 (Yoast SEO v27.4) - https:\/\/yoast.com\/product\/yoast-seo-premium-wordpress\/ -->\n<title>Instrukcja dla pracownik\u00f3w - International Relations Office PANS w Kro\u015bnie<\/title>\n<meta name=\"robots\" content=\"index, follow, max-snippet:-1, max-image-preview:large, max-video-preview:-1\" \/>\n<link rel=\"canonical\" href=\"https:\/\/pans.krosno.pl\/iro\/instrukcje-dla-pracownikow\/\" \/>\n<meta property=\"og:locale\" content=\"pl_PL\" \/>\n<meta property=\"og:type\" content=\"article\" \/>\n<meta property=\"og:title\" content=\"Instrukcja dla pracownik\u00f3w\" \/>\n<meta property=\"og:description\" content=\"Rekrutacja pracownik\u00f3w na wyjazdy szkoleniowe i dydaktyczne odbywa si\u0119 w nast\u0119puj\u0105cych terminach: STA \u2013 Staff Teaching Assignments (wyjazdy pracownik\u00f3w dydaktycznych uczelni) STT \u2013 Staff for Training (wyjazdy pracownik\u00f3w uczelni w&nbsp;celach szkoleniowych) Prawo do odwo\u0142ania Od decyzji Komisji, dotycz\u0105cej nieprzyznania stypendium na wyjazd z programu Erasmus+, pracownikowi przys\u0142uguje odwo\u0142anie do Rektora [\u2026] Read More\" \/>\n<meta property=\"og:url\" content=\"https:\/\/pans.krosno.pl\/iro\/instrukcje-dla-pracownikow\/\" \/>\n<meta property=\"og:site_name\" content=\"International Relations Office PANS w Kro\u015bnie\" \/>\n<meta property=\"article:modified_time\" content=\"2024-04-25T06:47:41+00:00\" \/>\n<meta property=\"og:image\" content=\"https:\/\/pans.krosno.pl\/iro\/wp-content\/uploads\/sites\/26\/2024\/04\/PRACOWNICY-2023-STAWKI.jpg\" \/>\n<meta name=\"twitter:card\" content=\"summary_large_image\" \/>\n<meta name=\"twitter:label1\" content=\"Szacowany czas czytania\" \/>\n\t<meta name=\"twitter:data1\" content=\"6 minut\" \/>\n<script type=\"application\/ld+json\" class=\"yoast-schema-graph\">{\"@context\":\"https:\\\/\\\/schema.org\",\"@graph\":[{\"@type\":\"WebPage\",\"@id\":\"https:\\\/\\\/pans.krosno.pl\\\/iro\\\/instrukcje-dla-pracownikow\\\/\",\"url\":\"https:\\\/\\\/pans.krosno.pl\\\/iro\\\/instrukcje-dla-pracownikow\\\/\",\"name\":\"Instrukcja dla pracownik\u00f3w - International Relations Office PANS w Kro\u015bnie\",\"isPartOf\":{\"@id\":\"https:\\\/\\\/pans.krosno.pl\\\/iro\\\/#website\"},\"primaryImageOfPage\":{\"@id\":\"https:\\\/\\\/pans.krosno.pl\\\/iro\\\/instrukcje-dla-pracownikow\\\/#primaryimage\"},\"image\":{\"@id\":\"https:\\\/\\\/pans.krosno.pl\\\/iro\\\/instrukcje-dla-pracownikow\\\/#primaryimage\"},\"thumbnailUrl\":\"https:\\\/\\\/pans.krosno.pl\\\/iro\\\/wp-content\\\/uploads\\\/sites\\\/26\\\/2024\\\/04\\\/PRACOWNICY-2023-STAWKI.jpg\",\"datePublished\":\"2023-03-01T14:24:05+00:00\",\"dateModified\":\"2024-04-25T06:47:41+00:00\",\"breadcrumb\":{\"@id\":\"https:\\\/\\\/pans.krosno.pl\\\/iro\\\/instrukcje-dla-pracownikow\\\/#breadcrumb\"},\"inLanguage\":\"pl-PL\",\"potentialAction\":[{\"@type\":\"ReadAction\",\"target\":[\"https:\\\/\\\/pans.krosno.pl\\\/iro\\\/instrukcje-dla-pracownikow\\\/\"]}]},{\"@type\":\"ImageObject\",\"inLanguage\":\"pl-PL\",\"@id\":\"https:\\\/\\\/pans.krosno.pl\\\/iro\\\/instrukcje-dla-pracownikow\\\/#primaryimage\",\"url\":\"https:\\\/\\\/pans.krosno.pl\\\/iro\\\/wp-content\\\/uploads\\\/sites\\\/26\\\/2024\\\/04\\\/PRACOWNICY-2023-STAWKI.jpg\",\"contentUrl\":\"https:\\\/\\\/pans.krosno.pl\\\/iro\\\/wp-content\\\/uploads\\\/sites\\\/26\\\/2024\\\/04\\\/PRACOWNICY-2023-STAWKI.jpg\",\"width\":815,\"height\":505},{\"@type\":\"BreadcrumbList\",\"@id\":\"https:\\\/\\\/pans.krosno.pl\\\/iro\\\/instrukcje-dla-pracownikow\\\/#breadcrumb\",\"itemListElement\":[{\"@type\":\"ListItem\",\"position\":1,\"name\":\"Strona g\u0142\u00f3wna\",\"item\":\"https:\\\/\\\/pans.krosno.pl\\\/iro\\\/\"},{\"@type\":\"ListItem\",\"position\":2,\"name\":\"Instrukcja dla pracownik\u00f3w\"}]},{\"@type\":\"WebSite\",\"@id\":\"https:\\\/\\\/pans.krosno.pl\\\/iro\\\/#website\",\"url\":\"https:\\\/\\\/pans.krosno.pl\\\/iro\\\/\",\"name\":\"International Relations Office PANS w Kro\u015bnie\",\"description\":\"International Relations Office - Pa\u0144stwowa Akademia Nauk Stosowanych\",\"publisher\":{\"@id\":\"https:\\\/\\\/pans.krosno.pl\\\/iro\\\/#organization\"},\"potentialAction\":[{\"@type\":\"SearchAction\",\"target\":{\"@type\":\"EntryPoint\",\"urlTemplate\":\"https:\\\/\\\/pans.krosno.pl\\\/iro\\\/?s={search_term_string}\"},\"query-input\":{\"@type\":\"PropertyValueSpecification\",\"valueRequired\":true,\"valueName\":\"search_term_string\"}}],\"inLanguage\":\"pl-PL\"},{\"@type\":\"Organization\",\"@id\":\"https:\\\/\\\/pans.krosno.pl\\\/iro\\\/#organization\",\"name\":\"International Relations Office PANS w Kro\u015bnie\",\"url\":\"https:\\\/\\\/pans.krosno.pl\\\/iro\\\/\",\"logo\":{\"@type\":\"ImageObject\",\"inLanguage\":\"pl-PL\",\"@id\":\"https:\\\/\\\/pans.krosno.pl\\\/iro\\\/#\\\/schema\\\/logo\\\/image\\\/\",\"url\":\"https:\\\/\\\/pans.krosno.pl\\\/iro\\\/wp-content\\\/uploads\\\/sites\\\/26\\\/2023\\\/01\\\/Logo-PANS-2022-pelne.png\",\"contentUrl\":\"https:\\\/\\\/pans.krosno.pl\\\/iro\\\/wp-content\\\/uploads\\\/sites\\\/26\\\/2023\\\/01\\\/Logo-PANS-2022-pelne.png\",\"width\":3096,\"height\":696,\"caption\":\"International Relations Office PANS w Kro\u015bnie\"},\"image\":{\"@id\":\"https:\\\/\\\/pans.krosno.pl\\\/iro\\\/#\\\/schema\\\/logo\\\/image\\\/\"}}]}<\/script>\n<!-- \/ Yoast SEO Premium plugin. -->","yoast_head_json":{"title":"Instrukcja dla pracownik\u00f3w - International Relations Office PANS w Kro\u015bnie","robots":{"index":"index","follow":"follow","max-snippet":"max-snippet:-1","max-image-preview":"max-image-preview:large","max-video-preview":"max-video-preview:-1"},"canonical":"https:\/\/pans.krosno.pl\/iro\/instrukcje-dla-pracownikow\/","og_locale":"pl_PL","og_type":"article","og_title":"Instrukcja dla pracownik\u00f3w","og_description":"Rekrutacja pracownik\u00f3w na wyjazdy szkoleniowe i dydaktyczne odbywa si\u0119 w nast\u0119puj\u0105cych terminach: STA \u2013 Staff Teaching Assignments (wyjazdy pracownik\u00f3w dydaktycznych uczelni) STT \u2013 Staff for Training (wyjazdy pracownik\u00f3w uczelni w&nbsp;celach szkoleniowych) Prawo do odwo\u0142ania Od decyzji Komisji, dotycz\u0105cej nieprzyznania stypendium na wyjazd z programu Erasmus+, pracownikowi przys\u0142uguje odwo\u0142anie do Rektora [\u2026] Read More","og_url":"https:\/\/pans.krosno.pl\/iro\/instrukcje-dla-pracownikow\/","og_site_name":"International Relations Office PANS w Kro\u015bnie","article_modified_time":"2024-04-25T06:47:41+00:00","og_image":[{"url":"https:\/\/pans.krosno.pl\/iro\/wp-content\/uploads\/sites\/26\/2024\/04\/PRACOWNICY-2023-STAWKI.jpg","type":"","width":"","height":""}],"twitter_card":"summary_large_image","twitter_misc":{"Szacowany czas czytania":"6 minut"},"schema":{"@context":"https:\/\/schema.org","@graph":[{"@type":"WebPage","@id":"https:\/\/pans.krosno.pl\/iro\/instrukcje-dla-pracownikow\/","url":"https:\/\/pans.krosno.pl\/iro\/instrukcje-dla-pracownikow\/","name":"Instrukcja dla pracownik\u00f3w - International Relations Office PANS w Kro\u015bnie","isPartOf":{"@id":"https:\/\/pans.krosno.pl\/iro\/#website"},"primaryImageOfPage":{"@id":"https:\/\/pans.krosno.pl\/iro\/instrukcje-dla-pracownikow\/#primaryimage"},"image":{"@id":"https:\/\/pans.krosno.pl\/iro\/instrukcje-dla-pracownikow\/#primaryimage"},"thumbnailUrl":"https:\/\/pans.krosno.pl\/iro\/wp-content\/uploads\/sites\/26\/2024\/04\/PRACOWNICY-2023-STAWKI.jpg","datePublished":"2023-03-01T14:24:05+00:00","dateModified":"2024-04-25T06:47:41+00:00","breadcrumb":{"@id":"https:\/\/pans.krosno.pl\/iro\/instrukcje-dla-pracownikow\/#breadcrumb"},"inLanguage":"pl-PL","potentialAction":[{"@type":"ReadAction","target":["https:\/\/pans.krosno.pl\/iro\/instrukcje-dla-pracownikow\/"]}]},{"@type":"ImageObject","inLanguage":"pl-PL","@id":"https:\/\/pans.krosno.pl\/iro\/instrukcje-dla-pracownikow\/#primaryimage","url":"https:\/\/pans.krosno.pl\/iro\/wp-content\/uploads\/sites\/26\/2024\/04\/PRACOWNICY-2023-STAWKI.jpg","contentUrl":"https:\/\/pans.krosno.pl\/iro\/wp-content\/uploads\/sites\/26\/2024\/04\/PRACOWNICY-2023-STAWKI.jpg","width":815,"height":505},{"@type":"BreadcrumbList","@id":"https:\/\/pans.krosno.pl\/iro\/instrukcje-dla-pracownikow\/#breadcrumb","itemListElement":[{"@type":"ListItem","position":1,"name":"Strona g\u0142\u00f3wna","item":"https:\/\/pans.krosno.pl\/iro\/"},{"@type":"ListItem","position":2,"name":"Instrukcja dla pracownik\u00f3w"}]},{"@type":"WebSite","@id":"https:\/\/pans.krosno.pl\/iro\/#website","url":"https:\/\/pans.krosno.pl\/iro\/","name":"International Relations Office PANS w Kro\u015bnie","description":"International Relations Office - Pa\u0144stwowa Akademia Nauk Stosowanych","publisher":{"@id":"https:\/\/pans.krosno.pl\/iro\/#organization"},"potentialAction":[{"@type":"SearchAction","target":{"@type":"EntryPoint","urlTemplate":"https:\/\/pans.krosno.pl\/iro\/?s={search_term_string}"},"query-input":{"@type":"PropertyValueSpecification","valueRequired":true,"valueName":"search_term_string"}}],"inLanguage":"pl-PL"},{"@type":"Organization","@id":"https:\/\/pans.krosno.pl\/iro\/#organization","name":"International Relations Office PANS w Kro\u015bnie","url":"https:\/\/pans.krosno.pl\/iro\/","logo":{"@type":"ImageObject","inLanguage":"pl-PL","@id":"https:\/\/pans.krosno.pl\/iro\/#\/schema\/logo\/image\/","url":"https:\/\/pans.krosno.pl\/iro\/wp-content\/uploads\/sites\/26\/2023\/01\/Logo-PANS-2022-pelne.png","contentUrl":"https:\/\/pans.krosno.pl\/iro\/wp-content\/uploads\/sites\/26\/2023\/01\/Logo-PANS-2022-pelne.png","width":3096,"height":696,"caption":"International Relations Office PANS w Kro\u015bnie"},"image":{"@id":"https:\/\/pans.krosno.pl\/iro\/#\/schema\/logo\/image\/"}}]}},"_links":{"self":[{"href":"https:\/\/pans.krosno.pl\/iro\/wp-json\/wp\/v2\/pages\/1167","targetHints":{"allow":["GET"]}}],"collection":[{"href":"https:\/\/pans.krosno.pl\/iro\/wp-json\/wp\/v2\/pages"}],"about":[{"href":"https:\/\/pans.krosno.pl\/iro\/wp-json\/wp\/v2\/types\/page"}],"author":[{"embeddable":true,"href":"https:\/\/pans.krosno.pl\/iro\/wp-json\/wp\/v2\/users\/27"}],"replies":[{"embeddable":true,"href":"https:\/\/pans.krosno.pl\/iro\/wp-json\/wp\/v2\/comments?post=1167"}],"version-history":[{"count":42,"href":"https:\/\/pans.krosno.pl\/iro\/wp-json\/wp\/v2\/pages\/1167\/revisions"}],"predecessor-version":[{"id":3189,"href":"https:\/\/pans.krosno.pl\/iro\/wp-json\/wp\/v2\/pages\/1167\/revisions\/3189"}],"wp:attachment":[{"href":"https:\/\/pans.krosno.pl\/iro\/wp-json\/wp\/v2\/media?parent=1167"}],"curies":[{"name":"wp","href":"https:\/\/api.w.org\/{rel}","templated":true}]}}