{"id":100,"date":"2019-08-13T14:30:45","date_gmt":"2019-08-13T12:30:45","guid":{"rendered":"https:\/\/pans.krosno.pl\/instytut\/?page_id=100"},"modified":"2024-09-06T13:38:24","modified_gmt":"2024-09-06T11:38:24","slug":"o-instytucie","status":"publish","type":"page","link":"https:\/\/pans.krosno.pl\/instytut-humanistyczny\/o-instytucie\/","title":{"rendered":"O Instytucie Humanistycznym"},"content":{"rendered":"<p>Instytut Humanistyczny PANS w Kro\u015bnie mie\u015bci si\u0119 w budynku Collegium Pigonianum przy ulicy Kazimierza Wielkiego 4-8 w Kro\u015bnie.&nbsp;<strong><a href=\"https:\/\/pans.krosno.pl\/instytut-humanistyczny\/o-instytucie\/\">Czytaj wi\u0119cej<\/a><\/strong><\/p>\n\n\n<hr class=\"wp-block-separator has-css-opacity\"\/>\n\n\n\n<p><strong>Kontakt do zak\u0142ad\u00f3w:<\/strong><\/p>\n\n\n\n<ul class=\"wp-block-list\">\n<li><a href=\"https:\/\/pans.krosno.pl\/dsdt\/\">Dwuj\u0119zykowe studia dla t\u0142umaczy<\/a>\u00a0(licencjackie)<\/li>\n\n\n\n<li><a href=\"https:\/\/pans.krosno.pl\/fa\/\">Filologia w zakresie filologia angielska<\/a>\u00a0(licencjackie)<\/li>\n\n\n\n<li><a href=\"https:\/\/pans.krosno.pl\/mi\/\">Marketing internetowy\u00a0<\/a>\u00a0(licencjackie)<\/li>\n\n\n\n<li><a href=\"https:\/\/pans.krosno.pl\/pedagogika\/\">Pedagogika<\/a>\u00a0(licencjackie)<\/li>\n\n\n\n<li><a href=\"https:\/\/pans.krosno.pl\/pedagogika\/\">Pedagogika przedszkolna i wczesnoszkolna<\/a> (Studia 5-letnie magisterskie)<\/li>\n<\/ul>\n\n\n\n<hr class=\"wp-block-separator has-alpha-channel-opacity\"\/>\n\n\n\n<p><a href=\"https:\/\/pans.krosno.pl\/instytut-humanistyczny\/e-skrzynka-postulatow-i-wnioskow-ih\/\">E-skrzynka postulat\u00f3w i wniosk\u00f3w<\/a><\/p>\n\n\n\n<!--more-->\n<!--noteaser-->\n\n\n\n<p>Instytut Humanistyczny PANS w Kro\u015bnie mie\u015bci si\u0119 w budynku<em>&nbsp;Collegium Pigonianum&nbsp;<\/em>przy ulicy Kazimierza Wielkiego 4-8 w Kro\u015bnie.<\/p>\n\n\n\n<p>To najstarszy budynek uczelni z tradycj\u0105 si\u0119gaj\u0105c\u0105 XVII stulecia, w kt\u00f3rym sw\u0105 siedzib\u0119 mia\u0142o niegdy\u015b Kolegium jezuickie. Mie\u015bci\u0142y si\u0119 tu tak\u017ce: Krajowa Szko\u0142a Tkacka oraz Szko\u0142a Podstawowa nr 1. Po przej\u0119ciu budynk\u00f3w przez PWSZ \u2013 obecnie PANS w Kro\u015bnie \u2013 w latach 2003-2005, z inicjatywy w\u0142adz uczelni i dzi\u0119ki pozyskaniu \u015brodk\u00f3w europejskich obiekt zosta\u0142 poddany kapitalnemu remontowi. Dzi\u015b studenci i wyk\u0142adowcy korzystaj\u0105cy z nowoczesnej infrastruktury&nbsp;<em>Collegium Pigonianum&nbsp;<\/em>szczeg\u00f3lnie ceni\u0105 sobie atmosfer\u0119, swoisty&nbsp;<em>genius loci<\/em>, kt\u00f3rej \u017ar\u00f3d\u0142em jest bogata przesz\u0142o\u015b\u0107 tego wyj\u0105tkowego miejsca.<\/p>\n\n\n\n<p>9 pa\u017adziernika 2006 roku na budynku Instytutu&nbsp;&nbsp;zosta\u0142a ods\u0142oni\u0119ta tablica pami\u0105tkowa po\u015bwi\u0119cona patronowi tego korpusu, Stanis\u0142awowi Pigoniowi \u2013 wybitnemu poloni\u015bcie, cz\u0142owiekowi zwi\u0105zanemu z kro\u015bnie\u0144sk\u0105 ziemi\u0105. W uroczysto\u015bci przy ulicy Kazimierza Wielkiego 8, udzia\u0142 wzi\u0119li mi\u0119dzy innymi prezydent miasta Krosna Piotr Przytocki oraz \u00f3wcze\u015bni w\u0142odarze uczelni \u2013 rektor PWSZ prof. Janusz Grucha\u0142a oraz prorektorzy profesor Maria Ruda oraz dr W\u0142adys\u0142aw Witalisz. Wydarzenie u\u015bwietni\u0142 sw\u0105 obecno\u015bci\u0105 r\u00f3wnie\u017c&nbsp; profesor Franciszek Ziejka, rektor Uniwersytetu Jagiello\u0144skiego w latach 1999-2005.<\/p>\n\n\n\n<p>Sze\u015b\u0107 lat p\u00f3\u017aniej, na wniosek Senatu uczelni, Stanis\u0142aw Pigo\u0144 decyzj\u0105 Ministra Nauki i Szkolnictwa Wy\u017cszego zosta\u0142 patronem uczelni, kt\u00f3ra od 2012 roku nosi jego imi\u0119. Cz\u0142onkowie Senatu wybrali uczonego, cz\u0142owieka pracowitego, rzetelnego i prawego, profesora uniwersytet\u00f3w w Poznaniu, Wilnie, Krakowie, nauczyciela, ale i \u017co\u0142nierza, nak\u0142adaj\u0105cego mundur oficerski i w wojennej potrzebie s\u0142u\u017c\u0105cego Ojczy\u017anie.<\/p>\n\n\n\n<p>W pocz\u0105tkowej fazie istnienie przysz\u0142ego Instytutu Humanistycznego zwi\u0105zane by\u0142o z realizacj\u0105 idei kolegium nauczycielskiego zorganizowanego wok\u00f3\u0142 studi\u00f3w pedagogicznych i polonistycznych, a nast\u0119pnie tak\u017ce filologii obcych. Na tym etapie rozwoju kro\u015bnie\u0144skiej humanistyki istotn\u0105 rol\u0119 odegra\u0142a prof. dr hab. Halina Kurek, opiekun naukowy Kolegium J\u0119zyka Polskiego im. Stanis\u0142awa Pigonia w Kro\u015bnie (1992 \u2013 2000), Dziekan Wydzia\u0142u Filologicznego UJ w latach 1999-2005. Niebagateln\u0105 rol\u0119 odegra\u0142 w rozwoju tej instytucji r\u00f3wnie\u017c polonista, spo\u0142ecznik i organizator o\u015bwiaty mgr Franciszek Tereszkiewicz, pe\u0142ni\u0105cy od&nbsp;sierpnia 1992 roku do lipca 1999 funkcj\u0119 dyrektora&nbsp; w Kolegium Nauczycielskim w Kro\u015bnie.<\/p>\n\n\n\n<p>W 1999 roku powsta\u0142a w Kro\u015bnie Pa\u0144stwowa Wy\u017csza Szko\u0142a Zawodowa (na podstawie Rozporz\u0105dzenia Rady Ministr\u00f3w z dnia 15. czerwca 1999 r. Dz. U. Nr 55, poz. 575), kt\u00f3ra prowadz\u0105c 3-letnie i 3,5-letnie studia umo\u017cliwia absolwentom uzyskanie tytu\u0142u zawodowego licencjata lub in\u017cyniera.<\/p>\n\n\n\n<p>W strukturze uczelni od samego pocz\u0105tku istnia\u0142 Instytut Humanistyczny. Obok pierwotnie dw\u00f3ch podstawowych struktur organizacyjnych Instytutu \u2013 Zak\u0142adu Filologii Polskiej oraz Zak\u0142adu Pedagogiki, kolejno w jego ramach powsta\u0142y tak\u017ce&nbsp;zak\u0142ady:<a href=\"https:\/\/pans.krosno.pl\/fa\/\" target=\"_blank\" rel=\"noreferrer noopener\">Filologii Angielskiej,&nbsp;Filologii Germa\u0144skiej,&nbsp;Filologii Rosyjskiej&nbsp;<\/a>oraz<a href=\"https:\/\/pans.krosno.pl\/fa\/\" target=\"_blank\" rel=\"noreferrer noopener\">&nbsp;Translatoryki.<\/a>&nbsp;Dynamicznie zmieniaj\u0105ce si\u0119 otoczenie, wyzwania spo\u0142eczne i dydaktyczne&nbsp; oraz potrzeby organizacyjne uczelni spowodowa\u0142y,&nbsp; i\u017c obecnie w Instytucie funkcjonuj\u0105 trzy Zak\u0142ady \u2013 Filologii Angielskiej, Pedagogiki oraz Studi\u00f3w Dwuj\u0119zykowych.<\/p>\n\n\n\n<p>Instytutem Humanistycznym kierowali kolejno: polonista dr Janusz Grucha\u0142a prof. PWSZ (nast\u0119pnie rektor PWSZ w latach 2004-2012, aktualnie kierownik Katedry Edytorstwa i Nauk Pomocniczych na Uniwersytecie Jagiello\u0144skim), anglista dr W\u0142adys\u0142aw Witalisz prof. PWSZ (p\u00f3\u017aniejszy prorektor ds. rozwoju PWSZ w latach 2004-2012, obecnie prodziekan Wydzia\u0142u Filologicznego UJ), polonista dr hab. Kazimierz Sikora (dyrektor w latach 2004-2012),&nbsp; anglista doktor W\u0142adys\u0142aw Ch\u0142opicki (dyrektor w kadencji 2012-2016) oraz rusycysta dr Bartosz Go\u0142\u0105bek (dyrektor w latach 2016-2022). W roku 2022 stanowisko dyrektora objela anglistka i tlumaczka, dr Joanna Ziobro-Strzepek. Ze \u015brodowiska Instytutu wywodzil si\u0119 tak\u017ce byly rektor uczelni, rusycysta, profesor Grzegorz Przebinda.<\/p>\n\n\n\n<p>Do najwa\u017cniejszych osi\u0105gni\u0119\u0107 w dzia\u0142alno\u015bci Instytutu, obok pracy dydaktycznej i naukowej, nale\u017cy zaliczy\u0107 wiele inicjatyw popularyzatorskich zwi\u0105zanych z szeroko rozumian\u0105 pedagogik\u0105, kultur\u0105 i tradycj\u0105 ojczystego s\u0142owa oraz j\u0119zyk\u00f3w obcych.<\/p>\n\n\n\n<p>Wa\u017cnym wydarzeniem dla kro\u015bnie\u0144skiej uczelni by\u0142 zorganizowany przez Instytut Humanistyczny&nbsp;<a href=\"https:\/\/humanistykakrosno.wordpress.com\/\" target=\"_blank\" rel=\"noreferrer noopener\">Og\u00f3lnopolski Kongres Nowoczesna Humanistyka w Pa\u0144stwowych Wy\u017cszych Szko\u0142ach Zawodowych (13-14 maja 2015 roku)<\/a>. W trakcie Kongresu w Bibliotece PWSZ im. Stanis\u0142awa Pigonia w Kro\u015bnie zosta\u0142 otwarty&nbsp;<a href=\"https:\/\/pans.krosno.pl\/biblioteka\/czytelnia-im-pika-mirandoli\/\" target=\"_blank\" rel=\"noreferrer noopener\">salonik-czytelnia<\/a>&nbsp;nosz\u0105cy imi\u0119&nbsp;<a href=\"http:\/\/www.pwsz.krosno.pl\/gfx\/pwszkrosno\/userfiles\/golabek.bartosz\/ih\/franciszek_pik.pdf\" target=\"_blank\" rel=\"noreferrer noopener\">Pika Mirandoli<\/a>, kro\u015bnie\u0144skiego literata, t\u0142umacza i&nbsp; wybitnego humanisty.<\/p>\n\n\n\n<p>Instytut organizuje tak\u017ce konferencje naukowe, w tym maj\u0105ce najwi\u0119ksz\u0105 tradycj\u0119 mi\u0119dzynarodowe konferencje <a href=\"https:\/\/pans.krosno.pl\/fa\/konferencje-naukowe\/\">Across Borders<\/a>, kt\u00f3re odbywaj\u0105 si\u0119 od roku 2004 raz na dwa lata w Kro\u015bnie lub w zagranicznym o\u015brodku naukowym (na S\u0142owacji, W\u0119grzech, Estonii czy Stanach Zjednoczonych). Instytut patronuje tak\u017ce r\u00f3\u017cnych warsztatom popularyzatorskim na kt\u00f3re zapraszana jest m\u0142odzie\u017c ze szk\u00f3\u0142 \u015brednich, takim jak <a href=\"https:\/\/pans.krosno.pl\/dsdt\/xi-warsztaty-przekladowe-przestrzen-tlumacza\/\">Warsztaty Przek\u0142adowe<\/a> (odby\u0142o si\u0119 ich ju\u017c 11 edycji), <a href=\"https:\/\/pans.krosno.pl\/fa\/dzien-hiszpanski-za-nami\/\">Dni Hiszpa\u0144skie<\/a> (w roku 2023 odby\u0142y si\u0119 ju\u017c po raz pi\u0105ty) czy wrze\u015bniowy <a href=\"https:\/\/pans.krosno.pl\/dsdt\/xi-warsztaty-przekladowe-przestrzen-tlumacza\/\">Mi\u0119dzynarodowy Dzie\u0144 J\u0119zyk\u00f3w<\/a>. Instytut nie zapomina tak\u017ce o najm\u0142odszych &#8211; odbywaj\u0105 si\u0119 u nas cyklicznie spotkania z Miko\u0142ajem dla dzieci<\/p>\n\n\n\n<figure class=\"wp-block-image size-large\"><img loading=\"lazy\" decoding=\"async\" width=\"960\" height=\"640\" src=\"https:\/\/pans.krosno.pl\/instytut-humanistyczny\/wp-content\/uploads\/sites\/9\/2020\/04\/kazimierza_1.jpg\" alt=\"\" class=\"wp-image-291\" srcset=\"https:\/\/pans.krosno.pl\/instytut-humanistyczny\/wp-content\/uploads\/sites\/9\/2020\/04\/kazimierza_1.jpg 960w, https:\/\/pans.krosno.pl\/instytut-humanistyczny\/wp-content\/uploads\/sites\/9\/2020\/04\/kazimierza_1-300x200.jpg 300w, https:\/\/pans.krosno.pl\/instytut-humanistyczny\/wp-content\/uploads\/sites\/9\/2020\/04\/kazimierza_1-768x512.jpg 768w, https:\/\/pans.krosno.pl\/instytut-humanistyczny\/wp-content\/uploads\/sites\/9\/2020\/04\/kazimierza_1-800x533.jpg 800w, https:\/\/pans.krosno.pl\/instytut-humanistyczny\/wp-content\/uploads\/sites\/9\/2020\/04\/kazimierza_1-580x387.jpg 580w\" sizes=\"auto, (max-width: 960px) 100vw, 960px\" \/><\/figure>\n","protected":false},"excerpt":{"rendered":"<p>Instytut Humanistyczny PANS w Kro\u015bnie mie\u015bci si\u0119 w budynku Collegium Pigonianum przy ulicy Kazimierza Wielkiego 4-8 w Kro\u015bnie.&nbsp;Czytaj wi\u0119cej Kontakt do zak\u0142ad\u00f3w: E-skrzynka postulat\u00f3w i wniosk\u00f3w<\/p>\n","protected":false},"author":1,"featured_media":104,"parent":0,"menu_order":0,"comment_status":"closed","ping_status":"closed","template":"page-templates\/template-full-width.php","meta":{"ngg_post_thumbnail":0,"footnotes":""},"class_list":["post-100","page","type-page","status-publish","has-post-thumbnail","hentry"],"yoast_head":"<!-- This site is optimized with the Yoast SEO Premium plugin v27.3 (Yoast SEO v27.3) - https:\/\/yoast.com\/product\/yoast-seo-premium-wordpress\/ -->\n<title>O Instytucie Humanistycznym - Instytut Humanistyczny PANS w Kro\u015bnie<\/title>\n<meta name=\"description\" content=\"O Instytucie Humanistycznym\" \/>\n<meta name=\"robots\" content=\"index, follow, max-snippet:-1, max-image-preview:large, max-video-preview:-1\" \/>\n<link rel=\"canonical\" href=\"https:\/\/pans.krosno.pl\/instytut-humanistyczny\/o-instytucie\/\" \/>\n<meta property=\"og:locale\" content=\"pl_PL\" \/>\n<meta property=\"og:type\" content=\"article\" \/>\n<meta property=\"og:title\" content=\"O Instytucie Humanistycznym\" \/>\n<meta property=\"og:description\" content=\"O Instytucie Humanistycznym\" \/>\n<meta property=\"og:url\" content=\"https:\/\/pans.krosno.pl\/instytut-humanistyczny\/o-instytucie\/\" \/>\n<meta property=\"og:site_name\" content=\"Instytut Humanistyczny PANS w Kro\u015bnie\" \/>\n<meta property=\"article:modified_time\" content=\"2024-09-06T11:38:24+00:00\" \/>\n<meta property=\"og:image\" content=\"https:\/\/pans.krosno.pl\/instytut-humanistyczny\/wp-content\/uploads\/sites\/9\/2019\/08\/ih.jpg\" \/>\n\t<meta property=\"og:image:width\" content=\"700\" \/>\n\t<meta property=\"og:image:height\" content=\"464\" \/>\n\t<meta property=\"og:image:type\" content=\"image\/jpeg\" \/>\n<meta name=\"twitter:card\" content=\"summary_large_image\" \/>\n<meta name=\"twitter:label1\" content=\"Szacowany czas czytania\" \/>\n\t<meta name=\"twitter:data1\" content=\"5 minut\" \/>\n<script type=\"application\/ld+json\" class=\"yoast-schema-graph\">{\"@context\":\"https:\\\/\\\/schema.org\",\"@graph\":[{\"@type\":\"WebPage\",\"@id\":\"https:\\\/\\\/pans.krosno.pl\\\/instytut-humanistyczny\\\/o-instytucie\\\/\",\"url\":\"https:\\\/\\\/pans.krosno.pl\\\/instytut-humanistyczny\\\/o-instytucie\\\/\",\"name\":\"O Instytucie Humanistycznym - Instytut Humanistyczny PANS w Kro\u015bnie\",\"isPartOf\":{\"@id\":\"https:\\\/\\\/pans.krosno.pl\\\/instytut-humanistyczny\\\/#website\"},\"primaryImageOfPage\":{\"@id\":\"https:\\\/\\\/pans.krosno.pl\\\/instytut-humanistyczny\\\/o-instytucie\\\/#primaryimage\"},\"image\":{\"@id\":\"https:\\\/\\\/pans.krosno.pl\\\/instytut-humanistyczny\\\/o-instytucie\\\/#primaryimage\"},\"thumbnailUrl\":\"https:\\\/\\\/pans.krosno.pl\\\/instytut-humanistyczny\\\/wp-content\\\/uploads\\\/sites\\\/9\\\/2019\\\/08\\\/ih.jpg\",\"datePublished\":\"2019-08-13T12:30:45+00:00\",\"dateModified\":\"2024-09-06T11:38:24+00:00\",\"description\":\"O Instytucie Humanistycznym\",\"breadcrumb\":{\"@id\":\"https:\\\/\\\/pans.krosno.pl\\\/instytut-humanistyczny\\\/o-instytucie\\\/#breadcrumb\"},\"inLanguage\":\"pl-PL\",\"potentialAction\":[{\"@type\":\"ReadAction\",\"target\":[\"https:\\\/\\\/pans.krosno.pl\\\/instytut-humanistyczny\\\/o-instytucie\\\/\"]}]},{\"@type\":\"ImageObject\",\"inLanguage\":\"pl-PL\",\"@id\":\"https:\\\/\\\/pans.krosno.pl\\\/instytut-humanistyczny\\\/o-instytucie\\\/#primaryimage\",\"url\":\"https:\\\/\\\/pans.krosno.pl\\\/instytut-humanistyczny\\\/wp-content\\\/uploads\\\/sites\\\/9\\\/2019\\\/08\\\/ih.jpg\",\"contentUrl\":\"https:\\\/\\\/pans.krosno.pl\\\/instytut-humanistyczny\\\/wp-content\\\/uploads\\\/sites\\\/9\\\/2019\\\/08\\\/ih.jpg\",\"width\":700,\"height\":464,\"caption\":\"https:\\\/\\\/www.youtube.com\\\/watch?v=2hgtLMP-UQ8\"},{\"@type\":\"BreadcrumbList\",\"@id\":\"https:\\\/\\\/pans.krosno.pl\\\/instytut-humanistyczny\\\/o-instytucie\\\/#breadcrumb\",\"itemListElement\":[{\"@type\":\"ListItem\",\"position\":1,\"name\":\"Strona g\u0142\u00f3wna\",\"item\":\"https:\\\/\\\/pans.krosno.pl\\\/instytut-humanistyczny\\\/\"},{\"@type\":\"ListItem\",\"position\":2,\"name\":\"O Instytucie Humanistycznym\"}]},{\"@type\":\"WebSite\",\"@id\":\"https:\\\/\\\/pans.krosno.pl\\\/instytut-humanistyczny\\\/#website\",\"url\":\"https:\\\/\\\/pans.krosno.pl\\\/instytut-humanistyczny\\\/\",\"name\":\"Instytut Humanistyczny PANS w Kro\u015bnie\",\"description\":\"Instytut Humanistyczny - Pa\u0144stwowa Akademia Nauk Stosowanych\",\"publisher\":{\"@id\":\"https:\\\/\\\/pans.krosno.pl\\\/instytut-humanistyczny\\\/#organization\"},\"potentialAction\":[{\"@type\":\"SearchAction\",\"target\":{\"@type\":\"EntryPoint\",\"urlTemplate\":\"https:\\\/\\\/pans.krosno.pl\\\/instytut-humanistyczny\\\/?s={search_term_string}\"},\"query-input\":{\"@type\":\"PropertyValueSpecification\",\"valueRequired\":true,\"valueName\":\"search_term_string\"}}],\"inLanguage\":\"pl-PL\"},{\"@type\":\"Organization\",\"@id\":\"https:\\\/\\\/pans.krosno.pl\\\/instytut-humanistyczny\\\/#organization\",\"name\":\"Instytut Humanistyczny PANS w Kro\u015bnie\",\"url\":\"https:\\\/\\\/pans.krosno.pl\\\/instytut-humanistyczny\\\/\",\"logo\":{\"@type\":\"ImageObject\",\"inLanguage\":\"pl-PL\",\"@id\":\"https:\\\/\\\/pans.krosno.pl\\\/instytut-humanistyczny\\\/#\\\/schema\\\/logo\\\/image\\\/\",\"url\":\"https:\\\/\\\/pans.krosno.pl\\\/instytut-humanistyczny\\\/wp-content\\\/uploads\\\/sites\\\/9\\\/2023\\\/01\\\/Logo-PANS-2022-pelne.png\",\"contentUrl\":\"https:\\\/\\\/pans.krosno.pl\\\/instytut-humanistyczny\\\/wp-content\\\/uploads\\\/sites\\\/9\\\/2023\\\/01\\\/Logo-PANS-2022-pelne.png\",\"width\":3096,\"height\":696,\"caption\":\"Instytut Humanistyczny PANS w Kro\u015bnie\"},\"image\":{\"@id\":\"https:\\\/\\\/pans.krosno.pl\\\/instytut-humanistyczny\\\/#\\\/schema\\\/logo\\\/image\\\/\"}}]}<\/script>\n<!-- \/ Yoast SEO Premium plugin. -->","yoast_head_json":{"title":"O Instytucie Humanistycznym - Instytut Humanistyczny PANS w Kro\u015bnie","description":"O Instytucie Humanistycznym","robots":{"index":"index","follow":"follow","max-snippet":"max-snippet:-1","max-image-preview":"max-image-preview:large","max-video-preview":"max-video-preview:-1"},"canonical":"https:\/\/pans.krosno.pl\/instytut-humanistyczny\/o-instytucie\/","og_locale":"pl_PL","og_type":"article","og_title":"O Instytucie Humanistycznym","og_description":"O Instytucie Humanistycznym","og_url":"https:\/\/pans.krosno.pl\/instytut-humanistyczny\/o-instytucie\/","og_site_name":"Instytut Humanistyczny PANS w Kro\u015bnie","article_modified_time":"2024-09-06T11:38:24+00:00","og_image":[{"width":700,"height":464,"url":"https:\/\/pans.krosno.pl\/instytut-humanistyczny\/wp-content\/uploads\/sites\/9\/2019\/08\/ih.jpg","type":"image\/jpeg"}],"twitter_card":"summary_large_image","twitter_misc":{"Szacowany czas czytania":"5 minut"},"schema":{"@context":"https:\/\/schema.org","@graph":[{"@type":"WebPage","@id":"https:\/\/pans.krosno.pl\/instytut-humanistyczny\/o-instytucie\/","url":"https:\/\/pans.krosno.pl\/instytut-humanistyczny\/o-instytucie\/","name":"O Instytucie Humanistycznym - Instytut Humanistyczny PANS w Kro\u015bnie","isPartOf":{"@id":"https:\/\/pans.krosno.pl\/instytut-humanistyczny\/#website"},"primaryImageOfPage":{"@id":"https:\/\/pans.krosno.pl\/instytut-humanistyczny\/o-instytucie\/#primaryimage"},"image":{"@id":"https:\/\/pans.krosno.pl\/instytut-humanistyczny\/o-instytucie\/#primaryimage"},"thumbnailUrl":"https:\/\/pans.krosno.pl\/instytut-humanistyczny\/wp-content\/uploads\/sites\/9\/2019\/08\/ih.jpg","datePublished":"2019-08-13T12:30:45+00:00","dateModified":"2024-09-06T11:38:24+00:00","description":"O Instytucie Humanistycznym","breadcrumb":{"@id":"https:\/\/pans.krosno.pl\/instytut-humanistyczny\/o-instytucie\/#breadcrumb"},"inLanguage":"pl-PL","potentialAction":[{"@type":"ReadAction","target":["https:\/\/pans.krosno.pl\/instytut-humanistyczny\/o-instytucie\/"]}]},{"@type":"ImageObject","inLanguage":"pl-PL","@id":"https:\/\/pans.krosno.pl\/instytut-humanistyczny\/o-instytucie\/#primaryimage","url":"https:\/\/pans.krosno.pl\/instytut-humanistyczny\/wp-content\/uploads\/sites\/9\/2019\/08\/ih.jpg","contentUrl":"https:\/\/pans.krosno.pl\/instytut-humanistyczny\/wp-content\/uploads\/sites\/9\/2019\/08\/ih.jpg","width":700,"height":464,"caption":"https:\/\/www.youtube.com\/watch?v=2hgtLMP-UQ8"},{"@type":"BreadcrumbList","@id":"https:\/\/pans.krosno.pl\/instytut-humanistyczny\/o-instytucie\/#breadcrumb","itemListElement":[{"@type":"ListItem","position":1,"name":"Strona g\u0142\u00f3wna","item":"https:\/\/pans.krosno.pl\/instytut-humanistyczny\/"},{"@type":"ListItem","position":2,"name":"O Instytucie Humanistycznym"}]},{"@type":"WebSite","@id":"https:\/\/pans.krosno.pl\/instytut-humanistyczny\/#website","url":"https:\/\/pans.krosno.pl\/instytut-humanistyczny\/","name":"Instytut Humanistyczny PANS w Kro\u015bnie","description":"Instytut Humanistyczny - Pa\u0144stwowa Akademia Nauk Stosowanych","publisher":{"@id":"https:\/\/pans.krosno.pl\/instytut-humanistyczny\/#organization"},"potentialAction":[{"@type":"SearchAction","target":{"@type":"EntryPoint","urlTemplate":"https:\/\/pans.krosno.pl\/instytut-humanistyczny\/?s={search_term_string}"},"query-input":{"@type":"PropertyValueSpecification","valueRequired":true,"valueName":"search_term_string"}}],"inLanguage":"pl-PL"},{"@type":"Organization","@id":"https:\/\/pans.krosno.pl\/instytut-humanistyczny\/#organization","name":"Instytut Humanistyczny PANS w Kro\u015bnie","url":"https:\/\/pans.krosno.pl\/instytut-humanistyczny\/","logo":{"@type":"ImageObject","inLanguage":"pl-PL","@id":"https:\/\/pans.krosno.pl\/instytut-humanistyczny\/#\/schema\/logo\/image\/","url":"https:\/\/pans.krosno.pl\/instytut-humanistyczny\/wp-content\/uploads\/sites\/9\/2023\/01\/Logo-PANS-2022-pelne.png","contentUrl":"https:\/\/pans.krosno.pl\/instytut-humanistyczny\/wp-content\/uploads\/sites\/9\/2023\/01\/Logo-PANS-2022-pelne.png","width":3096,"height":696,"caption":"Instytut Humanistyczny PANS w Kro\u015bnie"},"image":{"@id":"https:\/\/pans.krosno.pl\/instytut-humanistyczny\/#\/schema\/logo\/image\/"}}]}},"_links":{"self":[{"href":"https:\/\/pans.krosno.pl\/instytut-humanistyczny\/wp-json\/wp\/v2\/pages\/100","targetHints":{"allow":["GET"]}}],"collection":[{"href":"https:\/\/pans.krosno.pl\/instytut-humanistyczny\/wp-json\/wp\/v2\/pages"}],"about":[{"href":"https:\/\/pans.krosno.pl\/instytut-humanistyczny\/wp-json\/wp\/v2\/types\/page"}],"author":[{"embeddable":true,"href":"https:\/\/pans.krosno.pl\/instytut-humanistyczny\/wp-json\/wp\/v2\/users\/1"}],"replies":[{"embeddable":true,"href":"https:\/\/pans.krosno.pl\/instytut-humanistyczny\/wp-json\/wp\/v2\/comments?post=100"}],"version-history":[{"count":21,"href":"https:\/\/pans.krosno.pl\/instytut-humanistyczny\/wp-json\/wp\/v2\/pages\/100\/revisions"}],"predecessor-version":[{"id":1788,"href":"https:\/\/pans.krosno.pl\/instytut-humanistyczny\/wp-json\/wp\/v2\/pages\/100\/revisions\/1788"}],"wp:featuredmedia":[{"embeddable":true,"href":"https:\/\/pans.krosno.pl\/instytut-humanistyczny\/wp-json\/wp\/v2\/media\/104"}],"wp:attachment":[{"href":"https:\/\/pans.krosno.pl\/instytut-humanistyczny\/wp-json\/wp\/v2\/media?parent=100"}],"curies":[{"name":"wp","href":"https:\/\/api.w.org\/{rel}","templated":true}]}}