{"id":83,"date":"2019-11-06T13:37:56","date_gmt":"2019-11-06T12:37:56","guid":{"rendered":"https:\/\/pans.krosno.pl\/informatyka\/?page_id=83"},"modified":"2025-02-11T20:57:32","modified_gmt":"2025-02-11T19:57:32","slug":"egzamin-dyplomowy","status":"publish","type":"page","link":"https:\/\/pans.krosno.pl\/informatyka\/egzamin-dyplomowy\/","title":{"rendered":"Egzamin dyplomowy"},"content":{"rendered":"<p><em>Zasady dyplomowania oraz wymagania edytorskie pracy dyplomowej przedstawione s\u0105 w poni\u017cszych plikach:<\/em><\/p>\n\n\n<div class=\"wp-block-file\"><a id=\"wp-block-file--media-565730b9-689d-4d30-a578-9736f73ae6d1\" href=\"https:\/\/pans.krosno.pl\/informatyka\/wp-content\/uploads\/sites\/6\/2025\/01\/regulamin-dyplomowania.pdf\" target=\"_blank\" rel=\"noreferrer noopener\">Regulamin dyplomowania<\/a><a href=\"https:\/\/pans.krosno.pl\/informatyka\/wp-content\/uploads\/sites\/6\/2025\/01\/regulamin-dyplomowania.pdf\" class=\"wp-block-file__button wp-element-button\" download aria-describedby=\"wp-block-file--media-565730b9-689d-4d30-a578-9736f73ae6d1\">Pobierz<\/a><\/div>\n\n\n\n<div class=\"wp-block-file\"><a id=\"wp-block-file--media-04d73b4d-9f9e-4c13-b732-781bb8d4bbb5\" href=\"https:\/\/pans.krosno.pl\/informatyka\/wp-content\/uploads\/sites\/6\/2023\/01\/Wzor-strony-tytulowej-PANS.docx\">Wz\u00f3r strony tytu\u0142owej<\/a><a href=\"https:\/\/pans.krosno.pl\/informatyka\/wp-content\/uploads\/sites\/6\/2023\/01\/Wzor-strony-tytulowej-PANS.docx\" class=\"wp-block-file__button wp-element-button\" download aria-describedby=\"wp-block-file--media-04d73b4d-9f9e-4c13-b732-781bb8d4bbb5\">Pobierz<\/a><\/div>\n\n\n\n<div class=\"wp-block-file\"><a id=\"wp-block-file--media-0f60b8d5-0275-4f9a-902b-0e093eb808be\" href=\"https:\/\/pans.krosno.pl\/informatyka\/wp-content\/uploads\/sites\/6\/2025\/02\/Wymagania-edytorskie-pracy-dyplomowej.pdf\">Wymagania edytorskie pracy dyplomowej<\/a><a href=\"https:\/\/pans.krosno.pl\/informatyka\/wp-content\/uploads\/sites\/6\/2025\/02\/Wymagania-edytorskie-pracy-dyplomowej.pdf\" class=\"wp-block-file__button wp-element-button\" download aria-describedby=\"wp-block-file--media-0f60b8d5-0275-4f9a-902b-0e093eb808be\">Pobierz<\/a><\/div>\n\n\n\n<div class=\"wp-block-file\"><a id=\"wp-block-file--media-9c4b464f-e050-46a3-b7e4-4a6288e058c4\" href=\"https:\/\/pans.krosno.pl\/informatyka\/wp-content\/uploads\/sites\/6\/2022\/12\/pytania-egzamin.pdf\">Pytania na egzamin dyplomowy<br><\/a><a href=\"https:\/\/pans.krosno.pl\/informatyka\/wp-content\/uploads\/sites\/6\/2022\/12\/pytania-egzamin.pdf\" class=\"wp-block-file__button wp-element-button\" download aria-describedby=\"wp-block-file--media-9c4b464f-e050-46a3-b7e4-4a6288e058c4\">Pobierz<\/a><\/div>\n\n\n\n<div class=\"wp-block-file\"><a id=\"wp-block-file--media-f36374d7-ebe4-4d06-92ef-92a2c3e8df11\" href=\"https:\/\/pans.krosno.pl\/informatyka\/wp-content\/uploads\/sites\/6\/2022\/12\/Szczegolowe-kryteria-oceny-egzamnu-dyplomwoego-.pdf\"> Szczeg\u00f3\u0142owe kryteria oceny egzaminu dyplomowego<\/a><a href=\"https:\/\/pans.krosno.pl\/informatyka\/wp-content\/uploads\/sites\/6\/2022\/12\/Szczegolowe-kryteria-oceny-egzamnu-dyplomwoego-.pdf\" class=\"wp-block-file__button wp-element-button\" download aria-describedby=\"wp-block-file--media-f36374d7-ebe4-4d06-92ef-92a2c3e8df11\">Pobierz<\/a><\/div>\n\n\n\n<p>Instrukcja korzystania z aplikacji APD znajduje si\u0119 pod linkiem:<\/p>\n\n\n\n<p><a href=\"https:\/\/pans.krosno.pl\/wp-content\/uploads\/2024\/10\/APD-dla-studentow.pdf\" target=\"_blank\" rel=\"noreferrer noopener\">https:\/\/pans.krosno.pl\/wp-content\/uploads\/2024\/10\/APD-dla-studentow.pdf<\/a><\/p>\n\n\n\n<p><\/p>\n","protected":false},"excerpt":{"rendered":"<p>Zasady dyplomowania oraz wymagania edytorskie pracy dyplomowej przedstawione s\u0105 w poni\u017cszych plikach: Instrukcja korzystania z aplikacji APD znajduje si\u0119 pod linkiem: https:\/\/pans.krosno.pl\/wp-content\/uploads\/2024\/10\/APD-dla-studentow.pdf<\/p>\n","protected":false},"author":27,"featured_media":0,"parent":0,"menu_order":0,"comment_status":"closed","ping_status":"closed","template":"page-templates\/template-full-width.php","meta":{"ngg_post_thumbnail":0,"footnotes":""},"class_list":["post-83","page","type-page","status-publish","hentry"],"yoast_head":"<!-- This site is optimized with the Yoast SEO Premium plugin v27.3 (Yoast SEO v27.3) - https:\/\/yoast.com\/product\/yoast-seo-premium-wordpress\/ -->\n<title>Egzamin dyplomowy - Informatyka PANS w Kro\u015bnie<\/title>\n<meta name=\"robots\" content=\"index, follow, max-snippet:-1, max-image-preview:large, max-video-preview:-1\" \/>\n<link rel=\"canonical\" href=\"https:\/\/pans.krosno.pl\/informatyka\/egzamin-dyplomowy\/\" \/>\n<meta property=\"og:locale\" content=\"pl_PL\" \/>\n<meta property=\"og:type\" content=\"article\" \/>\n<meta property=\"og:title\" content=\"Egzamin dyplomowy\" \/>\n<meta property=\"og:description\" content=\"Zasady dyplomowania oraz wymagania edytorskie pracy dyplomowej przedstawione s\u0105 w poni\u017cszych plikach: Instrukcja korzystania z aplikacji APD znajduje si\u0119 pod linkiem: https:\/\/pans.krosno.pl\/wp-content\/uploads\/2024\/10\/APD-dla-studentow.pdf\" \/>\n<meta property=\"og:url\" content=\"https:\/\/pans.krosno.pl\/informatyka\/egzamin-dyplomowy\/\" \/>\n<meta property=\"og:site_name\" content=\"Informatyka PANS w Kro\u015bnie\" \/>\n<meta property=\"article:publisher\" content=\"https:\/\/www.facebook.com\/INF.PWSZ.Krosno\/\" \/>\n<meta property=\"article:modified_time\" content=\"2025-02-11T19:57:32+00:00\" \/>\n<meta name=\"twitter:card\" content=\"summary_large_image\" \/>\n<meta name=\"twitter:label1\" content=\"Szacowany czas czytania\" \/>\n\t<meta name=\"twitter:data1\" content=\"1 minuta\" \/>\n<script type=\"application\/ld+json\" class=\"yoast-schema-graph\">{\"@context\":\"https:\\\/\\\/schema.org\",\"@graph\":[{\"@type\":\"WebPage\",\"@id\":\"https:\\\/\\\/pans.krosno.pl\\\/informatyka\\\/egzamin-dyplomowy\\\/\",\"url\":\"https:\\\/\\\/pans.krosno.pl\\\/informatyka\\\/egzamin-dyplomowy\\\/\",\"name\":\"Egzamin dyplomowy - Informatyka PANS w Kro\u015bnie\",\"isPartOf\":{\"@id\":\"https:\\\/\\\/pans.krosno.pl\\\/informatyka\\\/#website\"},\"datePublished\":\"2019-11-06T12:37:56+00:00\",\"dateModified\":\"2025-02-11T19:57:32+00:00\",\"breadcrumb\":{\"@id\":\"https:\\\/\\\/pans.krosno.pl\\\/informatyka\\\/egzamin-dyplomowy\\\/#breadcrumb\"},\"inLanguage\":\"pl-PL\",\"potentialAction\":[{\"@type\":\"ReadAction\",\"target\":[\"https:\\\/\\\/pans.krosno.pl\\\/informatyka\\\/egzamin-dyplomowy\\\/\"]}]},{\"@type\":\"BreadcrumbList\",\"@id\":\"https:\\\/\\\/pans.krosno.pl\\\/informatyka\\\/egzamin-dyplomowy\\\/#breadcrumb\",\"itemListElement\":[{\"@type\":\"ListItem\",\"position\":1,\"name\":\"Strona g\u0142\u00f3wna\",\"item\":\"https:\\\/\\\/pans.krosno.pl\\\/informatyka\\\/\"},{\"@type\":\"ListItem\",\"position\":2,\"name\":\"Egzamin dyplomowy\"}]},{\"@type\":\"WebSite\",\"@id\":\"https:\\\/\\\/pans.krosno.pl\\\/informatyka\\\/#website\",\"url\":\"https:\\\/\\\/pans.krosno.pl\\\/informatyka\\\/\",\"name\":\"Kierunek Informatyka\",\"description\":\"Informatyka - Pa\u0144stwowa Akademia Nauk Stosowanych\",\"publisher\":{\"@id\":\"https:\\\/\\\/pans.krosno.pl\\\/informatyka\\\/#organization\"},\"potentialAction\":[{\"@type\":\"SearchAction\",\"target\":{\"@type\":\"EntryPoint\",\"urlTemplate\":\"https:\\\/\\\/pans.krosno.pl\\\/informatyka\\\/?s={search_term_string}\"},\"query-input\":{\"@type\":\"PropertyValueSpecification\",\"valueRequired\":true,\"valueName\":\"search_term_string\"}}],\"inLanguage\":\"pl-PL\"},{\"@type\":\"Organization\",\"@id\":\"https:\\\/\\\/pans.krosno.pl\\\/informatyka\\\/#organization\",\"name\":\"Informatyka KPU w Kro\u015bnie\",\"url\":\"https:\\\/\\\/pans.krosno.pl\\\/informatyka\\\/\",\"logo\":{\"@type\":\"ImageObject\",\"inLanguage\":\"pl-PL\",\"@id\":\"https:\\\/\\\/pans.krosno.pl\\\/informatyka\\\/#\\\/schema\\\/logo\\\/image\\\/\",\"url\":\"https:\\\/\\\/pans.krosno.pl\\\/informatyka\\\/wp-content\\\/uploads\\\/sites\\\/6\\\/2020\\\/05\\\/96735643_906333539807912_5732186373989859328_n-1.gif\",\"contentUrl\":\"https:\\\/\\\/pans.krosno.pl\\\/informatyka\\\/wp-content\\\/uploads\\\/sites\\\/6\\\/2020\\\/05\\\/96735643_906333539807912_5732186373989859328_n-1.gif\",\"width\":762,\"height\":137,\"caption\":\"Informatyka KPU w Kro\u015bnie\"},\"image\":{\"@id\":\"https:\\\/\\\/pans.krosno.pl\\\/informatyka\\\/#\\\/schema\\\/logo\\\/image\\\/\"},\"sameAs\":[\"https:\\\/\\\/www.facebook.com\\\/INF.PWSZ.Krosno\\\/\"]}]}<\/script>\n<!-- \/ Yoast SEO Premium plugin. -->","yoast_head_json":{"title":"Egzamin dyplomowy - Informatyka PANS w Kro\u015bnie","robots":{"index":"index","follow":"follow","max-snippet":"max-snippet:-1","max-image-preview":"max-image-preview:large","max-video-preview":"max-video-preview:-1"},"canonical":"https:\/\/pans.krosno.pl\/informatyka\/egzamin-dyplomowy\/","og_locale":"pl_PL","og_type":"article","og_title":"Egzamin dyplomowy","og_description":"Zasady dyplomowania oraz wymagania edytorskie pracy dyplomowej przedstawione s\u0105 w poni\u017cszych plikach: Instrukcja korzystania z aplikacji APD znajduje si\u0119 pod linkiem: https:\/\/pans.krosno.pl\/wp-content\/uploads\/2024\/10\/APD-dla-studentow.pdf","og_url":"https:\/\/pans.krosno.pl\/informatyka\/egzamin-dyplomowy\/","og_site_name":"Informatyka PANS w Kro\u015bnie","article_publisher":"https:\/\/www.facebook.com\/INF.PWSZ.Krosno\/","article_modified_time":"2025-02-11T19:57:32+00:00","twitter_card":"summary_large_image","twitter_misc":{"Szacowany czas czytania":"1 minuta"},"schema":{"@context":"https:\/\/schema.org","@graph":[{"@type":"WebPage","@id":"https:\/\/pans.krosno.pl\/informatyka\/egzamin-dyplomowy\/","url":"https:\/\/pans.krosno.pl\/informatyka\/egzamin-dyplomowy\/","name":"Egzamin dyplomowy - Informatyka PANS w Kro\u015bnie","isPartOf":{"@id":"https:\/\/pans.krosno.pl\/informatyka\/#website"},"datePublished":"2019-11-06T12:37:56+00:00","dateModified":"2025-02-11T19:57:32+00:00","breadcrumb":{"@id":"https:\/\/pans.krosno.pl\/informatyka\/egzamin-dyplomowy\/#breadcrumb"},"inLanguage":"pl-PL","potentialAction":[{"@type":"ReadAction","target":["https:\/\/pans.krosno.pl\/informatyka\/egzamin-dyplomowy\/"]}]},{"@type":"BreadcrumbList","@id":"https:\/\/pans.krosno.pl\/informatyka\/egzamin-dyplomowy\/#breadcrumb","itemListElement":[{"@type":"ListItem","position":1,"name":"Strona g\u0142\u00f3wna","item":"https:\/\/pans.krosno.pl\/informatyka\/"},{"@type":"ListItem","position":2,"name":"Egzamin dyplomowy"}]},{"@type":"WebSite","@id":"https:\/\/pans.krosno.pl\/informatyka\/#website","url":"https:\/\/pans.krosno.pl\/informatyka\/","name":"Kierunek Informatyka","description":"Informatyka - Pa\u0144stwowa Akademia Nauk Stosowanych","publisher":{"@id":"https:\/\/pans.krosno.pl\/informatyka\/#organization"},"potentialAction":[{"@type":"SearchAction","target":{"@type":"EntryPoint","urlTemplate":"https:\/\/pans.krosno.pl\/informatyka\/?s={search_term_string}"},"query-input":{"@type":"PropertyValueSpecification","valueRequired":true,"valueName":"search_term_string"}}],"inLanguage":"pl-PL"},{"@type":"Organization","@id":"https:\/\/pans.krosno.pl\/informatyka\/#organization","name":"Informatyka KPU w Kro\u015bnie","url":"https:\/\/pans.krosno.pl\/informatyka\/","logo":{"@type":"ImageObject","inLanguage":"pl-PL","@id":"https:\/\/pans.krosno.pl\/informatyka\/#\/schema\/logo\/image\/","url":"https:\/\/pans.krosno.pl\/informatyka\/wp-content\/uploads\/sites\/6\/2020\/05\/96735643_906333539807912_5732186373989859328_n-1.gif","contentUrl":"https:\/\/pans.krosno.pl\/informatyka\/wp-content\/uploads\/sites\/6\/2020\/05\/96735643_906333539807912_5732186373989859328_n-1.gif","width":762,"height":137,"caption":"Informatyka KPU w Kro\u015bnie"},"image":{"@id":"https:\/\/pans.krosno.pl\/informatyka\/#\/schema\/logo\/image\/"},"sameAs":["https:\/\/www.facebook.com\/INF.PWSZ.Krosno\/"]}]}},"_links":{"self":[{"href":"https:\/\/pans.krosno.pl\/informatyka\/wp-json\/wp\/v2\/pages\/83","targetHints":{"allow":["GET"]}}],"collection":[{"href":"https:\/\/pans.krosno.pl\/informatyka\/wp-json\/wp\/v2\/pages"}],"about":[{"href":"https:\/\/pans.krosno.pl\/informatyka\/wp-json\/wp\/v2\/types\/page"}],"author":[{"embeddable":true,"href":"https:\/\/pans.krosno.pl\/informatyka\/wp-json\/wp\/v2\/users\/27"}],"replies":[{"embeddable":true,"href":"https:\/\/pans.krosno.pl\/informatyka\/wp-json\/wp\/v2\/comments?post=83"}],"version-history":[{"count":26,"href":"https:\/\/pans.krosno.pl\/informatyka\/wp-json\/wp\/v2\/pages\/83\/revisions"}],"predecessor-version":[{"id":3561,"href":"https:\/\/pans.krosno.pl\/informatyka\/wp-json\/wp\/v2\/pages\/83\/revisions\/3561"}],"wp:attachment":[{"href":"https:\/\/pans.krosno.pl\/informatyka\/wp-json\/wp\/v2\/media?parent=83"}],"curies":[{"name":"wp","href":"https:\/\/api.w.org\/{rel}","templated":true}]}}