{"id":250,"date":"2020-02-12T08:48:36","date_gmt":"2020-02-12T07:48:36","guid":{"rendered":"https:\/\/pans.krosno.pl\/informatyka\/?page_id=250"},"modified":"2025-06-02T10:53:41","modified_gmt":"2025-06-02T08:53:41","slug":"kadra-naukowa","status":"publish","type":"page","link":"https:\/\/pans.krosno.pl\/informatyka\/kadra-naukowa\/","title":{"rendered":"Pracownicy"},"content":{"rendered":"<h3 class=\"tytul4\">Kadra naukowo &#8211; dydaktyczna Zak\u0142adu Informatyki:<\/h3>\n<p><a href=\"https:\/\/pans.krosno.pl\/pracownicy\/agnieszka-kubacka\/\">dr in\u017c. Agnieszka Kubacka &#8211; kierownik Zak\u0142adu&nbsp;<\/a><\/p>\n<p><a href=\"https:\/\/pans.krosno.pl\/pracownicy\/piotr-wais\/\" target=\"_blank\" rel=\"noopener noreferrer\">dr in\u017c. Piotr Wais<\/a><\/p>\n<p><a href=\"https:\/\/pans.krosno.pl\/pracownicy\/jan-g-bazan\/\" target=\"_blank\" rel=\"noopener noreferrer\">dr hab. Jan Bazan<\/a><\/p>\n<p><a href=\"https:\/\/pans.krosno.pl\/pracownicy\/adrian-horzyk\/\" target=\"_blank\" rel=\"noopener noreferrer\">dr hab. Adrian Horzyk<\/a><\/p>\n<p><a href=\"https:\/\/pans.krosno.pl\/pracownicy\/miroslaw-rymar\/\" target=\"_blank\" rel=\"noopener noreferrer\">dr Miros\u0142aw Rymar<\/a><\/p>\n<p><a href=\"https:\/\/pans.krosno.pl\/pracownicy\/marcin-skuba\/\" target=\"_blank\" rel=\"noopener noreferrer\">dr Marcin Skuba<\/a><\/p>\n<p><a href=\"https:\/\/pans.krosno.pl\/pracownicy\/bartosz-trybus\/\" target=\"_blank\" rel=\"noopener noreferrer\">dr in\u017c. Bartosz Trybus<\/a><\/p>\n<p><a href=\"https:\/\/pans.krosno.pl\/pracownicy\/boguslaw-wisniewski\/\" target=\"_blank\" rel=\"noopener noreferrer\">dr in\u017c. Bogus\u0142aw Wi\u015bniewski<\/a><\/p>\n<p><a href=\"https:\/\/pans.krosno.pl\/pracownicy\/jolanta-wojtowicz\/\" target=\"_blank\" rel=\"noopener noreferrer\">dr Jolanta Wojtowicz<\/a><\/p>\n<p><a href=\"https:\/\/pans.krosno.pl\/pracownicy\/hubert-wojtowicz\/\" target=\"_blank\" rel=\"noopener noreferrer\">dr in\u017c. Hubert Wojtowicz<\/a><\/p>\n<p><a href=\"https:\/\/pans.krosno.pl\/pracownicy\/radoslaw-golab\/\" target=\"_blank\" rel=\"noopener noreferrer\">mgr Rados\u0142aw Go\u0142\u0105b<\/a><\/p>\n<p><a href=\"https:\/\/pans.krosno.pl\/pracownicy\/daniel-bialy\/\">mgr in\u017c. Daniel Bia\u0142y<\/a><\/p>\n\n\n<p><\/p>\n","protected":false},"excerpt":{"rendered":"<p>Kadra naukowo &#8211; dydaktyczna Zak\u0142adu Informatyki: dr in\u017c. Agnieszka Kubacka &#8211; kierownik Zak\u0142adu&nbsp; dr in\u017c. Piotr Wais dr hab. Jan Bazan dr hab. Adrian Horzyk dr Miros\u0142aw Rymar dr Marcin Skuba dr in\u017c. Bartosz Trybus dr in\u017c. Bogus\u0142aw Wi\u015bniewski dr Jolanta Wojtowicz dr in\u017c. Hubert Wojtowicz mgr Rados\u0142aw Go\u0142\u0105b mgr [\u2026] <\/p>\n<div class=\"clear\"><\/div>\n<p><a class=\"more_link clearfix\" href=\"https:\/\/pans.krosno.pl\/informatyka\/kadra-naukowa\/\" rel=\"nofollow\">Read More<\/a><\/p>\n","protected":false},"author":27,"featured_media":0,"parent":0,"menu_order":0,"comment_status":"closed","ping_status":"closed","template":"page-templates\/template-full-width.php","meta":{"ngg_post_thumbnail":0,"footnotes":""},"class_list":["post-250","page","type-page","status-publish","hentry"],"yoast_head":"<!-- This site is optimized with the Yoast SEO Premium plugin v27.4 (Yoast SEO v27.4) - https:\/\/yoast.com\/product\/yoast-seo-premium-wordpress\/ -->\n<title>Pracownicy - Informatyka PANS w Kro\u015bnie<\/title>\n<meta name=\"robots\" content=\"index, follow, max-snippet:-1, max-image-preview:large, max-video-preview:-1\" \/>\n<link rel=\"canonical\" href=\"https:\/\/pans.krosno.pl\/informatyka\/kadra-naukowa\/\" \/>\n<meta property=\"og:locale\" content=\"pl_PL\" \/>\n<meta property=\"og:type\" content=\"article\" \/>\n<meta property=\"og:title\" content=\"Pracownicy\" \/>\n<meta property=\"og:description\" content=\"Kadra naukowo &#8211; dydaktyczna Zak\u0142adu Informatyki: dr in\u017c. Agnieszka Kubacka &#8211; kierownik Zak\u0142adu&nbsp; dr in\u017c. Piotr Wais dr hab. Jan Bazan dr hab. Adrian Horzyk dr Miros\u0142aw Rymar dr Marcin Skuba dr in\u017c. Bartosz Trybus dr in\u017c. Bogus\u0142aw Wi\u015bniewski dr Jolanta Wojtowicz dr in\u017c. Hubert Wojtowicz mgr Rados\u0142aw Go\u0142\u0105b mgr [\u2026] Read More\" \/>\n<meta property=\"og:url\" content=\"https:\/\/pans.krosno.pl\/informatyka\/kadra-naukowa\/\" \/>\n<meta property=\"og:site_name\" content=\"Informatyka PANS w Kro\u015bnie\" \/>\n<meta property=\"article:publisher\" content=\"https:\/\/www.facebook.com\/INF.PWSZ.Krosno\/\" \/>\n<meta property=\"article:modified_time\" content=\"2025-06-02T08:53:41+00:00\" \/>\n<meta name=\"twitter:card\" content=\"summary_large_image\" \/>\n<meta name=\"twitter:label1\" content=\"Szacowany czas czytania\" \/>\n\t<meta name=\"twitter:data1\" content=\"1 minuta\" \/>\n<script type=\"application\/ld+json\" class=\"yoast-schema-graph\">{\"@context\":\"https:\\\/\\\/schema.org\",\"@graph\":[{\"@type\":\"WebPage\",\"@id\":\"https:\\\/\\\/pans.krosno.pl\\\/informatyka\\\/kadra-naukowa\\\/\",\"url\":\"https:\\\/\\\/pans.krosno.pl\\\/informatyka\\\/kadra-naukowa\\\/\",\"name\":\"Pracownicy - Informatyka PANS w Kro\u015bnie\",\"isPartOf\":{\"@id\":\"https:\\\/\\\/pans.krosno.pl\\\/informatyka\\\/#website\"},\"datePublished\":\"2020-02-12T07:48:36+00:00\",\"dateModified\":\"2025-06-02T08:53:41+00:00\",\"breadcrumb\":{\"@id\":\"https:\\\/\\\/pans.krosno.pl\\\/informatyka\\\/kadra-naukowa\\\/#breadcrumb\"},\"inLanguage\":\"pl-PL\",\"potentialAction\":[{\"@type\":\"ReadAction\",\"target\":[\"https:\\\/\\\/pans.krosno.pl\\\/informatyka\\\/kadra-naukowa\\\/\"]}]},{\"@type\":\"BreadcrumbList\",\"@id\":\"https:\\\/\\\/pans.krosno.pl\\\/informatyka\\\/kadra-naukowa\\\/#breadcrumb\",\"itemListElement\":[{\"@type\":\"ListItem\",\"position\":1,\"name\":\"Strona g\u0142\u00f3wna\",\"item\":\"https:\\\/\\\/pans.krosno.pl\\\/informatyka\\\/\"},{\"@type\":\"ListItem\",\"position\":2,\"name\":\"Pracownicy\"}]},{\"@type\":\"WebSite\",\"@id\":\"https:\\\/\\\/pans.krosno.pl\\\/informatyka\\\/#website\",\"url\":\"https:\\\/\\\/pans.krosno.pl\\\/informatyka\\\/\",\"name\":\"Kierunek Informatyka\",\"description\":\"Informatyka - Pa\u0144stwowa Akademia Nauk Stosowanych\",\"publisher\":{\"@id\":\"https:\\\/\\\/pans.krosno.pl\\\/informatyka\\\/#organization\"},\"potentialAction\":[{\"@type\":\"SearchAction\",\"target\":{\"@type\":\"EntryPoint\",\"urlTemplate\":\"https:\\\/\\\/pans.krosno.pl\\\/informatyka\\\/?s={search_term_string}\"},\"query-input\":{\"@type\":\"PropertyValueSpecification\",\"valueRequired\":true,\"valueName\":\"search_term_string\"}}],\"inLanguage\":\"pl-PL\"},{\"@type\":\"Organization\",\"@id\":\"https:\\\/\\\/pans.krosno.pl\\\/informatyka\\\/#organization\",\"name\":\"Informatyka KPU w Kro\u015bnie\",\"url\":\"https:\\\/\\\/pans.krosno.pl\\\/informatyka\\\/\",\"logo\":{\"@type\":\"ImageObject\",\"inLanguage\":\"pl-PL\",\"@id\":\"https:\\\/\\\/pans.krosno.pl\\\/informatyka\\\/#\\\/schema\\\/logo\\\/image\\\/\",\"url\":\"https:\\\/\\\/pans.krosno.pl\\\/informatyka\\\/wp-content\\\/uploads\\\/sites\\\/6\\\/2020\\\/05\\\/96735643_906333539807912_5732186373989859328_n-1.gif\",\"contentUrl\":\"https:\\\/\\\/pans.krosno.pl\\\/informatyka\\\/wp-content\\\/uploads\\\/sites\\\/6\\\/2020\\\/05\\\/96735643_906333539807912_5732186373989859328_n-1.gif\",\"width\":762,\"height\":137,\"caption\":\"Informatyka KPU w Kro\u015bnie\"},\"image\":{\"@id\":\"https:\\\/\\\/pans.krosno.pl\\\/informatyka\\\/#\\\/schema\\\/logo\\\/image\\\/\"},\"sameAs\":[\"https:\\\/\\\/www.facebook.com\\\/INF.PWSZ.Krosno\\\/\"]}]}<\/script>\n<!-- \/ Yoast SEO Premium plugin. -->","yoast_head_json":{"title":"Pracownicy - Informatyka PANS w Kro\u015bnie","robots":{"index":"index","follow":"follow","max-snippet":"max-snippet:-1","max-image-preview":"max-image-preview:large","max-video-preview":"max-video-preview:-1"},"canonical":"https:\/\/pans.krosno.pl\/informatyka\/kadra-naukowa\/","og_locale":"pl_PL","og_type":"article","og_title":"Pracownicy","og_description":"Kadra naukowo &#8211; dydaktyczna Zak\u0142adu Informatyki: dr in\u017c. Agnieszka Kubacka &#8211; kierownik Zak\u0142adu&nbsp; dr in\u017c. Piotr Wais dr hab. Jan Bazan dr hab. Adrian Horzyk dr Miros\u0142aw Rymar dr Marcin Skuba dr in\u017c. Bartosz Trybus dr in\u017c. Bogus\u0142aw Wi\u015bniewski dr Jolanta Wojtowicz dr in\u017c. Hubert Wojtowicz mgr Rados\u0142aw Go\u0142\u0105b mgr [\u2026] Read More","og_url":"https:\/\/pans.krosno.pl\/informatyka\/kadra-naukowa\/","og_site_name":"Informatyka PANS w Kro\u015bnie","article_publisher":"https:\/\/www.facebook.com\/INF.PWSZ.Krosno\/","article_modified_time":"2025-06-02T08:53:41+00:00","twitter_card":"summary_large_image","twitter_misc":{"Szacowany czas czytania":"1 minuta"},"schema":{"@context":"https:\/\/schema.org","@graph":[{"@type":"WebPage","@id":"https:\/\/pans.krosno.pl\/informatyka\/kadra-naukowa\/","url":"https:\/\/pans.krosno.pl\/informatyka\/kadra-naukowa\/","name":"Pracownicy - Informatyka PANS w Kro\u015bnie","isPartOf":{"@id":"https:\/\/pans.krosno.pl\/informatyka\/#website"},"datePublished":"2020-02-12T07:48:36+00:00","dateModified":"2025-06-02T08:53:41+00:00","breadcrumb":{"@id":"https:\/\/pans.krosno.pl\/informatyka\/kadra-naukowa\/#breadcrumb"},"inLanguage":"pl-PL","potentialAction":[{"@type":"ReadAction","target":["https:\/\/pans.krosno.pl\/informatyka\/kadra-naukowa\/"]}]},{"@type":"BreadcrumbList","@id":"https:\/\/pans.krosno.pl\/informatyka\/kadra-naukowa\/#breadcrumb","itemListElement":[{"@type":"ListItem","position":1,"name":"Strona g\u0142\u00f3wna","item":"https:\/\/pans.krosno.pl\/informatyka\/"},{"@type":"ListItem","position":2,"name":"Pracownicy"}]},{"@type":"WebSite","@id":"https:\/\/pans.krosno.pl\/informatyka\/#website","url":"https:\/\/pans.krosno.pl\/informatyka\/","name":"Kierunek Informatyka","description":"Informatyka - Pa\u0144stwowa Akademia Nauk Stosowanych","publisher":{"@id":"https:\/\/pans.krosno.pl\/informatyka\/#organization"},"potentialAction":[{"@type":"SearchAction","target":{"@type":"EntryPoint","urlTemplate":"https:\/\/pans.krosno.pl\/informatyka\/?s={search_term_string}"},"query-input":{"@type":"PropertyValueSpecification","valueRequired":true,"valueName":"search_term_string"}}],"inLanguage":"pl-PL"},{"@type":"Organization","@id":"https:\/\/pans.krosno.pl\/informatyka\/#organization","name":"Informatyka KPU w Kro\u015bnie","url":"https:\/\/pans.krosno.pl\/informatyka\/","logo":{"@type":"ImageObject","inLanguage":"pl-PL","@id":"https:\/\/pans.krosno.pl\/informatyka\/#\/schema\/logo\/image\/","url":"https:\/\/pans.krosno.pl\/informatyka\/wp-content\/uploads\/sites\/6\/2020\/05\/96735643_906333539807912_5732186373989859328_n-1.gif","contentUrl":"https:\/\/pans.krosno.pl\/informatyka\/wp-content\/uploads\/sites\/6\/2020\/05\/96735643_906333539807912_5732186373989859328_n-1.gif","width":762,"height":137,"caption":"Informatyka KPU w Kro\u015bnie"},"image":{"@id":"https:\/\/pans.krosno.pl\/informatyka\/#\/schema\/logo\/image\/"},"sameAs":["https:\/\/www.facebook.com\/INF.PWSZ.Krosno\/"]}]}},"_links":{"self":[{"href":"https:\/\/pans.krosno.pl\/informatyka\/wp-json\/wp\/v2\/pages\/250","targetHints":{"allow":["GET"]}}],"collection":[{"href":"https:\/\/pans.krosno.pl\/informatyka\/wp-json\/wp\/v2\/pages"}],"about":[{"href":"https:\/\/pans.krosno.pl\/informatyka\/wp-json\/wp\/v2\/types\/page"}],"author":[{"embeddable":true,"href":"https:\/\/pans.krosno.pl\/informatyka\/wp-json\/wp\/v2\/users\/27"}],"replies":[{"embeddable":true,"href":"https:\/\/pans.krosno.pl\/informatyka\/wp-json\/wp\/v2\/comments?post=250"}],"version-history":[{"count":25,"href":"https:\/\/pans.krosno.pl\/informatyka\/wp-json\/wp\/v2\/pages\/250\/revisions"}],"predecessor-version":[{"id":3586,"href":"https:\/\/pans.krosno.pl\/informatyka\/wp-json\/wp\/v2\/pages\/250\/revisions\/3586"}],"wp:attachment":[{"href":"https:\/\/pans.krosno.pl\/informatyka\/wp-json\/wp\/v2\/media?parent=250"}],"curies":[{"name":"wp","href":"https:\/\/api.w.org\/{rel}","templated":true}]}}