{"id":951,"date":"2020-05-13T20:07:18","date_gmt":"2020-05-13T18:07:18","guid":{"rendered":"https:\/\/pans.krosno.pl\/fundusze-europejskie-kursy\/?page_id=951"},"modified":"2022-05-25T09:44:27","modified_gmt":"2022-05-25T07:44:27","slug":"rozbudowa-przebudowa-i-wyposazenie-obiektow-panstwowej-wyzszej-szkoly-zawodowej-w-krosnie","status":"publish","type":"page","link":"https:\/\/pans.krosno.pl\/fundusze-zewnetrzne\/projekty-zrealizowane\/rozbudowa-przebudowa-i-wyposazenie-obiektow-panstwowej-wyzszej-szkoly-zawodowej-w-krosnie\/","title":{"rendered":"Rozbudowa, przebudowa i wyposa\u017cenie obiekt\u00f3w Pa\u0144stwowej Wy\u017cszej Szko\u0142y Zawodowej w Kro\u015bnie"},"content":{"rendered":"\n<p>Pa\u0144stwowa Wy\u017csza Szko\u0142a Zawodowa w&nbsp;Kro\u015bnie realizuje projekt na terenie Krosna w&nbsp;obiektach zlokalizowanych przy Rynku 1 i&nbsp;1a (I Etap) oraz przy ulicy Dmochowskiego (II etap).<\/p>\n\n\n\n<p>W ramach projektu zaplanowano:<br>&#8211; budow\u0119 nowoczesnej biblioteki naukowej &#8211; o\u015brodka dydaktyki, samokszta\u0142cenia, informacji naukowej i&nbsp;szerokopasmowego dost\u0119pu do Internetu; (I Etap),<br>&#8211; przebudow\u0119 i&nbsp;restauracj\u0119 zabytkowych kamienic wchodz\u0105cych w&nbsp;sk\u0142ad kro\u015bnie\u0144skiego rynku po\u0142\u0105czon\u0105 z&nbsp;adaptacj\u0105 na siedzib\u0119 w\u0142adz administracyjnych uczelni (I Etap),<br>&#8211; utworzenie Kampusu Technicznego poprzez przebudow\u0119 i&nbsp;adaptacj\u0119 budynk\u00f3w dydaktyczno-laboratoryjnych przeznaczonych dla in\u017cynierskich kierunk\u00f3w studi\u00f3w, (II Etap),<br>&#8211; zagospodarowanie terenu wok\u00f3\u0142 oraz wyposa\u017cenie przebudowanych obiekt\u00f3w (I i&nbsp;II Etap).<br><br>Warto\u015b\u0107 ca\u0142kowita projektu: 34 734 094,35 PLN,<br><br>Warto\u015b\u0107 dofinansowania z&nbsp;Europejskiego Funduszu Rozwoju Regionalnego:<br>23 019 519,80 PLN,<br><br>Okres realizacji projektu: 01.02.2007-30.06.2011.<br><br>Obecnie trwa realizacja I&nbsp;etapu projektu. Stopie\u0144 zaawansowania prac i&nbsp;p\u0142atno\u015bci szacuje si\u0119 na 80%.<br>Planowany termin oddania cz\u0119\u015bci administracyjnej uczelni: 26.02.2010,<br>Planowany termin oddania biblioteki naukowej: 30.06.2010 (zako\u0144czenie I&nbsp;etapu).<br><br>Planowany stan zaawansowania rob\u00f3t&nbsp; do ko\u0144ca&nbsp; 2009 r.<br><br>1. Zako\u0144czenie realizacji prac budowlanych \u0142\u0105cznie z&nbsp;wykonaniem nowych elewacji<br>2. Zainstalowanie stolarki okiennej<br>3. Wykonanie instalacji:<br>&#8211; centralnego ogrzewania,<br>&#8211; wodno- kanalizacyjn\u0105,<br>&#8211; elektryczn\u0105.<br>4. Wykonywanie posadzek oraz ok\u0142adzin \u015bcian, monta\u017c sufit\u00f3w podwieszanych,<br>5. Monta\u017c grzejnik\u00f3w,<br>6. Monta\u017c lamp o\u015bwietleniowych.<br><br><br>Fotografie z&nbsp;przebiegu budowy:<br><br><\/p>\n\n\n\n<figure class=\"wp-block-image size-large\"><img loading=\"lazy\" decoding=\"async\" width=\"500\" height=\"304\" src=\"https:\/\/pans.krosno.pl\/fundusze-europejskie-kursy\/wp-content\/uploads\/sites\/14\/2020\/05\/1-2.jpg\" alt=\"\" class=\"wp-image-952\" srcset=\"https:\/\/pans.krosno.pl\/fundusze-zewnetrzne\/wp-content\/uploads\/sites\/14\/2020\/05\/1-2.jpg 500w, https:\/\/pans.krosno.pl\/fundusze-zewnetrzne\/wp-content\/uploads\/sites\/14\/2020\/05\/1-2-300x182.jpg 300w\" sizes=\"auto, (max-width: 500px) 100vw, 500px\" \/><\/figure>\n\n\n\n<p>Roboty budowlane I&nbsp;etap sierpie\u0144 2009 r.<em>Widok od frontu<\/em><\/p>\n\n\n\n<figure class=\"wp-block-image size-large\"><img loading=\"lazy\" decoding=\"async\" width=\"500\" height=\"335\" src=\"https:\/\/pans.krosno.pl\/fundusze-europejskie-kursy\/wp-content\/uploads\/sites\/14\/2020\/05\/2-1.jpg\" alt=\"\" class=\"wp-image-953\" srcset=\"https:\/\/pans.krosno.pl\/fundusze-zewnetrzne\/wp-content\/uploads\/sites\/14\/2020\/05\/2-1.jpg 500w, https:\/\/pans.krosno.pl\/fundusze-zewnetrzne\/wp-content\/uploads\/sites\/14\/2020\/05\/2-1-300x201.jpg 300w\" sizes=\"auto, (max-width: 500px) 100vw, 500px\" \/><\/figure>\n\n\n\n<p>Roboty budowlane I&nbsp;etap sierpie\u0144 2009 r.<em>Widok z&nbsp;g\u00f3ry.<\/em><\/p>\n\n\n\n<figure class=\"wp-block-image size-large\"><img loading=\"lazy\" decoding=\"async\" width=\"500\" height=\"80\" src=\"https:\/\/pans.krosno.pl\/fundusze-europejskie-kursy\/wp-content\/uploads\/sites\/14\/2020\/05\/rozwoj_polski_wschodniej.jpg\" alt=\"\" class=\"wp-image-954\" srcset=\"https:\/\/pans.krosno.pl\/fundusze-zewnetrzne\/wp-content\/uploads\/sites\/14\/2020\/05\/rozwoj_polski_wschodniej.jpg 500w, https:\/\/pans.krosno.pl\/fundusze-zewnetrzne\/wp-content\/uploads\/sites\/14\/2020\/05\/rozwoj_polski_wschodniej-300x48.jpg 300w\" sizes=\"auto, (max-width: 500px) 100vw, 500px\" \/><\/figure>\n","protected":false},"excerpt":{"rendered":"<p>Pa\u0144stwowa Wy\u017csza Szko\u0142a Zawodowa w&nbsp;Kro\u015bnie realizuje projekt na terenie Krosna w&nbsp;obiektach zlokalizowanych przy Rynku 1 i&nbsp;1a (I Etap) oraz przy ulicy Dmochowskiego (II etap). W ramach projektu zaplanowano:&#8211; budow\u0119 nowoczesnej biblioteki naukowej &#8211; o\u015brodka dydaktyki, samokszta\u0142cenia, informacji naukowej i&nbsp;szerokopasmowego dost\u0119pu do Internetu; (I Etap),&#8211; przebudow\u0119 i&nbsp;restauracj\u0119 zabytkowych kamienic wchodz\u0105cych w&nbsp;sk\u0142ad [\u2026] <\/p>\n<div class=\"clear\"><\/div>\n<p><a class=\"more_link clearfix\" href=\"https:\/\/pans.krosno.pl\/fundusze-zewnetrzne\/projekty-zrealizowane\/rozbudowa-przebudowa-i-wyposazenie-obiektow-panstwowej-wyzszej-szkoly-zawodowej-w-krosnie\/\" rel=\"nofollow\">Read More<\/a><\/p>\n","protected":false},"author":27,"featured_media":0,"parent":13,"menu_order":0,"comment_status":"closed","ping_status":"closed","template":"page-templates\/template-full-width.php","meta":{"ngg_post_thumbnail":0,"footnotes":""},"class_list":["post-951","page","type-page","status-publish","hentry"],"yoast_head":"<!-- This site is optimized with the Yoast SEO Premium plugin v27.3 (Yoast SEO v27.3) - https:\/\/yoast.com\/product\/yoast-seo-premium-wordpress\/ -->\n<title>Rozbudowa, przebudowa i wyposa\u017cenie obiekt\u00f3w Pa\u0144stwowej Wy\u017cszej Szko\u0142y Zawodowej w Kro\u015bnie - Fundusze zewn\u0119trzne PANS w Kro\u015bnie<\/title>\n<meta name=\"robots\" content=\"index, follow, max-snippet:-1, max-image-preview:large, max-video-preview:-1\" \/>\n<link rel=\"canonical\" href=\"https:\/\/pans.krosno.pl\/fundusze-zewnetrzne\/projekty-zrealizowane\/rozbudowa-przebudowa-i-wyposazenie-obiektow-panstwowej-wyzszej-szkoly-zawodowej-w-krosnie\/\" \/>\n<meta property=\"og:locale\" content=\"pl_PL\" \/>\n<meta property=\"og:type\" content=\"article\" \/>\n<meta property=\"og:title\" content=\"Rozbudowa, przebudowa i wyposa\u017cenie obiekt\u00f3w Pa\u0144stwowej Wy\u017cszej Szko\u0142y Zawodowej w Kro\u015bnie\" \/>\n<meta property=\"og:description\" content=\"Pa\u0144stwowa Wy\u017csza Szko\u0142a Zawodowa w&nbsp;Kro\u015bnie realizuje projekt na terenie Krosna w&nbsp;obiektach zlokalizowanych przy Rynku 1 i&nbsp;1a (I Etap) oraz przy ulicy Dmochowskiego (II etap). W ramach projektu zaplanowano:&#8211; budow\u0119 nowoczesnej biblioteki naukowej &#8211; o\u015brodka dydaktyki, samokszta\u0142cenia, informacji naukowej i&nbsp;szerokopasmowego dost\u0119pu do Internetu; (I Etap),&#8211; przebudow\u0119 i&nbsp;restauracj\u0119 zabytkowych kamienic wchodz\u0105cych w&nbsp;sk\u0142ad [\u2026] Read More\" \/>\n<meta property=\"og:url\" content=\"https:\/\/pans.krosno.pl\/fundusze-zewnetrzne\/projekty-zrealizowane\/rozbudowa-przebudowa-i-wyposazenie-obiektow-panstwowej-wyzszej-szkoly-zawodowej-w-krosnie\/\" \/>\n<meta property=\"og:site_name\" content=\"Fundusze zewn\u0119trzne PANS w Kro\u015bnie\" \/>\n<meta property=\"article:modified_time\" content=\"2022-05-25T07:44:27+00:00\" \/>\n<meta property=\"og:image\" content=\"https:\/\/pans.krosno.pl\/fundusze-europejskie-kursy\/wp-content\/uploads\/sites\/14\/2020\/05\/1-2.jpg\" \/>\n<meta name=\"twitter:card\" content=\"summary_large_image\" \/>\n<meta name=\"twitter:label1\" content=\"Szacowany czas czytania\" \/>\n\t<meta name=\"twitter:data1\" content=\"2 minuty\" \/>\n<script type=\"application\/ld+json\" class=\"yoast-schema-graph\">{\"@context\":\"https:\\\/\\\/schema.org\",\"@graph\":[{\"@type\":\"WebPage\",\"@id\":\"https:\\\/\\\/pans.krosno.pl\\\/fundusze-zewnetrzne\\\/projekty-zrealizowane\\\/rozbudowa-przebudowa-i-wyposazenie-obiektow-panstwowej-wyzszej-szkoly-zawodowej-w-krosnie\\\/\",\"url\":\"https:\\\/\\\/pans.krosno.pl\\\/fundusze-zewnetrzne\\\/projekty-zrealizowane\\\/rozbudowa-przebudowa-i-wyposazenie-obiektow-panstwowej-wyzszej-szkoly-zawodowej-w-krosnie\\\/\",\"name\":\"Rozbudowa, przebudowa i wyposa\u017cenie obiekt\u00f3w Pa\u0144stwowej Wy\u017cszej Szko\u0142y Zawodowej w Kro\u015bnie - Fundusze zewn\u0119trzne PANS w Kro\u015bnie\",\"isPartOf\":{\"@id\":\"https:\\\/\\\/pans.krosno.pl\\\/fundusze-zewnetrzne\\\/#website\"},\"primaryImageOfPage\":{\"@id\":\"https:\\\/\\\/pans.krosno.pl\\\/fundusze-zewnetrzne\\\/projekty-zrealizowane\\\/rozbudowa-przebudowa-i-wyposazenie-obiektow-panstwowej-wyzszej-szkoly-zawodowej-w-krosnie\\\/#primaryimage\"},\"image\":{\"@id\":\"https:\\\/\\\/pans.krosno.pl\\\/fundusze-zewnetrzne\\\/projekty-zrealizowane\\\/rozbudowa-przebudowa-i-wyposazenie-obiektow-panstwowej-wyzszej-szkoly-zawodowej-w-krosnie\\\/#primaryimage\"},\"thumbnailUrl\":\"https:\\\/\\\/pans.krosno.pl\\\/fundusze-europejskie-kursy\\\/wp-content\\\/uploads\\\/sites\\\/14\\\/2020\\\/05\\\/1-2.jpg\",\"datePublished\":\"2020-05-13T18:07:18+00:00\",\"dateModified\":\"2022-05-25T07:44:27+00:00\",\"breadcrumb\":{\"@id\":\"https:\\\/\\\/pans.krosno.pl\\\/fundusze-zewnetrzne\\\/projekty-zrealizowane\\\/rozbudowa-przebudowa-i-wyposazenie-obiektow-panstwowej-wyzszej-szkoly-zawodowej-w-krosnie\\\/#breadcrumb\"},\"inLanguage\":\"pl-PL\",\"potentialAction\":[{\"@type\":\"ReadAction\",\"target\":[\"https:\\\/\\\/pans.krosno.pl\\\/fundusze-zewnetrzne\\\/projekty-zrealizowane\\\/rozbudowa-przebudowa-i-wyposazenie-obiektow-panstwowej-wyzszej-szkoly-zawodowej-w-krosnie\\\/\"]}]},{\"@type\":\"ImageObject\",\"inLanguage\":\"pl-PL\",\"@id\":\"https:\\\/\\\/pans.krosno.pl\\\/fundusze-zewnetrzne\\\/projekty-zrealizowane\\\/rozbudowa-przebudowa-i-wyposazenie-obiektow-panstwowej-wyzszej-szkoly-zawodowej-w-krosnie\\\/#primaryimage\",\"url\":\"https:\\\/\\\/pans.krosno.pl\\\/fundusze-europejskie-kursy\\\/wp-content\\\/uploads\\\/sites\\\/14\\\/2020\\\/05\\\/1-2.jpg\",\"contentUrl\":\"https:\\\/\\\/pans.krosno.pl\\\/fundusze-europejskie-kursy\\\/wp-content\\\/uploads\\\/sites\\\/14\\\/2020\\\/05\\\/1-2.jpg\"},{\"@type\":\"BreadcrumbList\",\"@id\":\"https:\\\/\\\/pans.krosno.pl\\\/fundusze-zewnetrzne\\\/projekty-zrealizowane\\\/rozbudowa-przebudowa-i-wyposazenie-obiektow-panstwowej-wyzszej-szkoly-zawodowej-w-krosnie\\\/#breadcrumb\",\"itemListElement\":[{\"@type\":\"ListItem\",\"position\":1,\"name\":\"Strona g\u0142\u00f3wna\",\"item\":\"https:\\\/\\\/pans.krosno.pl\\\/fundusze-zewnetrzne\\\/\"},{\"@type\":\"ListItem\",\"position\":2,\"name\":\"Projekty zrealizowane\",\"item\":\"https:\\\/\\\/pans.krosno.pl\\\/fundusze-zewnetrzne\\\/projekty-zrealizowane\\\/\"},{\"@type\":\"ListItem\",\"position\":3,\"name\":\"Rozbudowa, przebudowa i wyposa\u017cenie obiekt\u00f3w Pa\u0144stwowej Wy\u017cszej Szko\u0142y Zawodowej w Kro\u015bnie\"}]},{\"@type\":\"WebSite\",\"@id\":\"https:\\\/\\\/pans.krosno.pl\\\/fundusze-zewnetrzne\\\/#website\",\"url\":\"https:\\\/\\\/pans.krosno.pl\\\/fundusze-zewnetrzne\\\/\",\"name\":\"Fundusze zewn\u0119trzne PANS w Kro\u015bnie\",\"description\":\"Fundusze zewn\u0119trzne  - Pa\u0144stwowa Akademia Nauk Stosowanych\",\"publisher\":{\"@id\":\"https:\\\/\\\/pans.krosno.pl\\\/fundusze-zewnetrzne\\\/#organization\"},\"potentialAction\":[{\"@type\":\"SearchAction\",\"target\":{\"@type\":\"EntryPoint\",\"urlTemplate\":\"https:\\\/\\\/pans.krosno.pl\\\/fundusze-zewnetrzne\\\/?s={search_term_string}\"},\"query-input\":{\"@type\":\"PropertyValueSpecification\",\"valueRequired\":true,\"valueName\":\"search_term_string\"}}],\"inLanguage\":\"pl-PL\"},{\"@type\":\"Organization\",\"@id\":\"https:\\\/\\\/pans.krosno.pl\\\/fundusze-zewnetrzne\\\/#organization\",\"name\":\"Fundusze zewn\u0119trzne PANS w Kro\u015bnie\",\"url\":\"https:\\\/\\\/pans.krosno.pl\\\/fundusze-zewnetrzne\\\/\",\"logo\":{\"@type\":\"ImageObject\",\"inLanguage\":\"pl-PL\",\"@id\":\"https:\\\/\\\/pans.krosno.pl\\\/fundusze-zewnetrzne\\\/#\\\/schema\\\/logo\\\/image\\\/\",\"url\":\"https:\\\/\\\/pans.krosno.pl\\\/fundusze-zewnetrzne\\\/wp-content\\\/uploads\\\/sites\\\/14\\\/2023\\\/01\\\/Logo-PANS-2022-pelne.png\",\"contentUrl\":\"https:\\\/\\\/pans.krosno.pl\\\/fundusze-zewnetrzne\\\/wp-content\\\/uploads\\\/sites\\\/14\\\/2023\\\/01\\\/Logo-PANS-2022-pelne.png\",\"width\":3096,\"height\":696,\"caption\":\"Fundusze zewn\u0119trzne PANS w Kro\u015bnie\"},\"image\":{\"@id\":\"https:\\\/\\\/pans.krosno.pl\\\/fundusze-zewnetrzne\\\/#\\\/schema\\\/logo\\\/image\\\/\"}}]}<\/script>\n<!-- \/ Yoast SEO Premium plugin. -->","yoast_head_json":{"title":"Rozbudowa, przebudowa i wyposa\u017cenie obiekt\u00f3w Pa\u0144stwowej Wy\u017cszej Szko\u0142y Zawodowej w Kro\u015bnie - Fundusze zewn\u0119trzne PANS w Kro\u015bnie","robots":{"index":"index","follow":"follow","max-snippet":"max-snippet:-1","max-image-preview":"max-image-preview:large","max-video-preview":"max-video-preview:-1"},"canonical":"https:\/\/pans.krosno.pl\/fundusze-zewnetrzne\/projekty-zrealizowane\/rozbudowa-przebudowa-i-wyposazenie-obiektow-panstwowej-wyzszej-szkoly-zawodowej-w-krosnie\/","og_locale":"pl_PL","og_type":"article","og_title":"Rozbudowa, przebudowa i wyposa\u017cenie obiekt\u00f3w Pa\u0144stwowej Wy\u017cszej Szko\u0142y Zawodowej w Kro\u015bnie","og_description":"Pa\u0144stwowa Wy\u017csza Szko\u0142a Zawodowa w&nbsp;Kro\u015bnie realizuje projekt na terenie Krosna w&nbsp;obiektach zlokalizowanych przy Rynku 1 i&nbsp;1a (I Etap) oraz przy ulicy Dmochowskiego (II etap). W ramach projektu zaplanowano:&#8211; budow\u0119 nowoczesnej biblioteki naukowej &#8211; o\u015brodka dydaktyki, samokszta\u0142cenia, informacji naukowej i&nbsp;szerokopasmowego dost\u0119pu do Internetu; (I Etap),&#8211; przebudow\u0119 i&nbsp;restauracj\u0119 zabytkowych kamienic wchodz\u0105cych w&nbsp;sk\u0142ad [\u2026] Read More","og_url":"https:\/\/pans.krosno.pl\/fundusze-zewnetrzne\/projekty-zrealizowane\/rozbudowa-przebudowa-i-wyposazenie-obiektow-panstwowej-wyzszej-szkoly-zawodowej-w-krosnie\/","og_site_name":"Fundusze zewn\u0119trzne PANS w Kro\u015bnie","article_modified_time":"2022-05-25T07:44:27+00:00","og_image":[{"url":"https:\/\/pans.krosno.pl\/fundusze-europejskie-kursy\/wp-content\/uploads\/sites\/14\/2020\/05\/1-2.jpg","type":"","width":"","height":""}],"twitter_card":"summary_large_image","twitter_misc":{"Szacowany czas czytania":"2 minuty"},"schema":{"@context":"https:\/\/schema.org","@graph":[{"@type":"WebPage","@id":"https:\/\/pans.krosno.pl\/fundusze-zewnetrzne\/projekty-zrealizowane\/rozbudowa-przebudowa-i-wyposazenie-obiektow-panstwowej-wyzszej-szkoly-zawodowej-w-krosnie\/","url":"https:\/\/pans.krosno.pl\/fundusze-zewnetrzne\/projekty-zrealizowane\/rozbudowa-przebudowa-i-wyposazenie-obiektow-panstwowej-wyzszej-szkoly-zawodowej-w-krosnie\/","name":"Rozbudowa, przebudowa i wyposa\u017cenie obiekt\u00f3w Pa\u0144stwowej Wy\u017cszej Szko\u0142y Zawodowej w Kro\u015bnie - Fundusze zewn\u0119trzne PANS w Kro\u015bnie","isPartOf":{"@id":"https:\/\/pans.krosno.pl\/fundusze-zewnetrzne\/#website"},"primaryImageOfPage":{"@id":"https:\/\/pans.krosno.pl\/fundusze-zewnetrzne\/projekty-zrealizowane\/rozbudowa-przebudowa-i-wyposazenie-obiektow-panstwowej-wyzszej-szkoly-zawodowej-w-krosnie\/#primaryimage"},"image":{"@id":"https:\/\/pans.krosno.pl\/fundusze-zewnetrzne\/projekty-zrealizowane\/rozbudowa-przebudowa-i-wyposazenie-obiektow-panstwowej-wyzszej-szkoly-zawodowej-w-krosnie\/#primaryimage"},"thumbnailUrl":"https:\/\/pans.krosno.pl\/fundusze-europejskie-kursy\/wp-content\/uploads\/sites\/14\/2020\/05\/1-2.jpg","datePublished":"2020-05-13T18:07:18+00:00","dateModified":"2022-05-25T07:44:27+00:00","breadcrumb":{"@id":"https:\/\/pans.krosno.pl\/fundusze-zewnetrzne\/projekty-zrealizowane\/rozbudowa-przebudowa-i-wyposazenie-obiektow-panstwowej-wyzszej-szkoly-zawodowej-w-krosnie\/#breadcrumb"},"inLanguage":"pl-PL","potentialAction":[{"@type":"ReadAction","target":["https:\/\/pans.krosno.pl\/fundusze-zewnetrzne\/projekty-zrealizowane\/rozbudowa-przebudowa-i-wyposazenie-obiektow-panstwowej-wyzszej-szkoly-zawodowej-w-krosnie\/"]}]},{"@type":"ImageObject","inLanguage":"pl-PL","@id":"https:\/\/pans.krosno.pl\/fundusze-zewnetrzne\/projekty-zrealizowane\/rozbudowa-przebudowa-i-wyposazenie-obiektow-panstwowej-wyzszej-szkoly-zawodowej-w-krosnie\/#primaryimage","url":"https:\/\/pans.krosno.pl\/fundusze-europejskie-kursy\/wp-content\/uploads\/sites\/14\/2020\/05\/1-2.jpg","contentUrl":"https:\/\/pans.krosno.pl\/fundusze-europejskie-kursy\/wp-content\/uploads\/sites\/14\/2020\/05\/1-2.jpg"},{"@type":"BreadcrumbList","@id":"https:\/\/pans.krosno.pl\/fundusze-zewnetrzne\/projekty-zrealizowane\/rozbudowa-przebudowa-i-wyposazenie-obiektow-panstwowej-wyzszej-szkoly-zawodowej-w-krosnie\/#breadcrumb","itemListElement":[{"@type":"ListItem","position":1,"name":"Strona g\u0142\u00f3wna","item":"https:\/\/pans.krosno.pl\/fundusze-zewnetrzne\/"},{"@type":"ListItem","position":2,"name":"Projekty zrealizowane","item":"https:\/\/pans.krosno.pl\/fundusze-zewnetrzne\/projekty-zrealizowane\/"},{"@type":"ListItem","position":3,"name":"Rozbudowa, przebudowa i wyposa\u017cenie obiekt\u00f3w Pa\u0144stwowej Wy\u017cszej Szko\u0142y Zawodowej w Kro\u015bnie"}]},{"@type":"WebSite","@id":"https:\/\/pans.krosno.pl\/fundusze-zewnetrzne\/#website","url":"https:\/\/pans.krosno.pl\/fundusze-zewnetrzne\/","name":"Fundusze zewn\u0119trzne PANS w Kro\u015bnie","description":"Fundusze zewn\u0119trzne  - Pa\u0144stwowa Akademia Nauk Stosowanych","publisher":{"@id":"https:\/\/pans.krosno.pl\/fundusze-zewnetrzne\/#organization"},"potentialAction":[{"@type":"SearchAction","target":{"@type":"EntryPoint","urlTemplate":"https:\/\/pans.krosno.pl\/fundusze-zewnetrzne\/?s={search_term_string}"},"query-input":{"@type":"PropertyValueSpecification","valueRequired":true,"valueName":"search_term_string"}}],"inLanguage":"pl-PL"},{"@type":"Organization","@id":"https:\/\/pans.krosno.pl\/fundusze-zewnetrzne\/#organization","name":"Fundusze zewn\u0119trzne PANS w Kro\u015bnie","url":"https:\/\/pans.krosno.pl\/fundusze-zewnetrzne\/","logo":{"@type":"ImageObject","inLanguage":"pl-PL","@id":"https:\/\/pans.krosno.pl\/fundusze-zewnetrzne\/#\/schema\/logo\/image\/","url":"https:\/\/pans.krosno.pl\/fundusze-zewnetrzne\/wp-content\/uploads\/sites\/14\/2023\/01\/Logo-PANS-2022-pelne.png","contentUrl":"https:\/\/pans.krosno.pl\/fundusze-zewnetrzne\/wp-content\/uploads\/sites\/14\/2023\/01\/Logo-PANS-2022-pelne.png","width":3096,"height":696,"caption":"Fundusze zewn\u0119trzne PANS w Kro\u015bnie"},"image":{"@id":"https:\/\/pans.krosno.pl\/fundusze-zewnetrzne\/#\/schema\/logo\/image\/"}}]}},"_links":{"self":[{"href":"https:\/\/pans.krosno.pl\/fundusze-zewnetrzne\/wp-json\/wp\/v2\/pages\/951","targetHints":{"allow":["GET"]}}],"collection":[{"href":"https:\/\/pans.krosno.pl\/fundusze-zewnetrzne\/wp-json\/wp\/v2\/pages"}],"about":[{"href":"https:\/\/pans.krosno.pl\/fundusze-zewnetrzne\/wp-json\/wp\/v2\/types\/page"}],"author":[{"embeddable":true,"href":"https:\/\/pans.krosno.pl\/fundusze-zewnetrzne\/wp-json\/wp\/v2\/users\/27"}],"replies":[{"embeddable":true,"href":"https:\/\/pans.krosno.pl\/fundusze-zewnetrzne\/wp-json\/wp\/v2\/comments?post=951"}],"version-history":[{"count":2,"href":"https:\/\/pans.krosno.pl\/fundusze-zewnetrzne\/wp-json\/wp\/v2\/pages\/951\/revisions"}],"predecessor-version":[{"id":3261,"href":"https:\/\/pans.krosno.pl\/fundusze-zewnetrzne\/wp-json\/wp\/v2\/pages\/951\/revisions\/3261"}],"up":[{"embeddable":true,"href":"https:\/\/pans.krosno.pl\/fundusze-zewnetrzne\/wp-json\/wp\/v2\/pages\/13"}],"wp:attachment":[{"href":"https:\/\/pans.krosno.pl\/fundusze-zewnetrzne\/wp-json\/wp\/v2\/media?parent=951"}],"curies":[{"name":"wp","href":"https:\/\/api.w.org\/{rel}","templated":true}]}}