{"id":478,"date":"2020-05-13T16:39:45","date_gmt":"2020-05-13T14:39:45","guid":{"rendered":"https:\/\/pans.krosno.pl\/fundusze-europejskie-kursy\/?page_id=478"},"modified":"2022-05-25T09:33:31","modified_gmt":"2022-05-25T07:33:31","slug":"akademia-kreatywnego-ucznia-o-projekcie","status":"publish","type":"page","link":"https:\/\/pans.krosno.pl\/fundusze-zewnetrzne\/projekty-zrealizowane\/akademia-kreatywnego-ucznia\/akademia-kreatywnego-ucznia-o-projekcie\/","title":{"rendered":"Akademia kreatywnego ucznia w PWSZ w Kro\u015bnie &#8211; O projekcie"},"content":{"rendered":"<hr>\n<p><img loading=\"lazy\" decoding=\"async\" class=\"size-large wp-image-1158 aligncenter\" src=\"https:\/\/pans.krosno.pl\/fundusze-europejskie-kursy\/wp-content\/uploads\/sites\/14\/2020\/05\/FE_Wiedza_Edukacja_Rozwoj_rgb-1-1024x200.jpg\" alt=\"\" width=\"740\" height=\"145\" srcset=\"https:\/\/pans.krosno.pl\/fundusze-zewnetrzne\/wp-content\/uploads\/sites\/14\/2020\/05\/FE_Wiedza_Edukacja_Rozwoj_rgb-1-1024x200.jpg 1024w, https:\/\/pans.krosno.pl\/fundusze-zewnetrzne\/wp-content\/uploads\/sites\/14\/2020\/05\/FE_Wiedza_Edukacja_Rozwoj_rgb-1-300x59.jpg 300w, https:\/\/pans.krosno.pl\/fundusze-zewnetrzne\/wp-content\/uploads\/sites\/14\/2020\/05\/FE_Wiedza_Edukacja_Rozwoj_rgb-1-768x150.jpg 768w, https:\/\/pans.krosno.pl\/fundusze-zewnetrzne\/wp-content\/uploads\/sites\/14\/2020\/05\/FE_Wiedza_Edukacja_Rozwoj_rgb-1-1536x301.jpg 1536w, https:\/\/pans.krosno.pl\/fundusze-zewnetrzne\/wp-content\/uploads\/sites\/14\/2020\/05\/FE_Wiedza_Edukacja_Rozwoj_rgb-1-2048x401.jpg 2048w, https:\/\/pans.krosno.pl\/fundusze-zewnetrzne\/wp-content\/uploads\/sites\/14\/2020\/05\/FE_Wiedza_Edukacja_Rozwoj_rgb-1-2000x392.jpg 2000w, https:\/\/pans.krosno.pl\/fundusze-zewnetrzne\/wp-content\/uploads\/sites\/14\/2020\/05\/FE_Wiedza_Edukacja_Rozwoj_rgb-1-800x157.jpg 800w, https:\/\/pans.krosno.pl\/fundusze-zewnetrzne\/wp-content\/uploads\/sites\/14\/2020\/05\/FE_Wiedza_Edukacja_Rozwoj_rgb-1-580x114.jpg 580w\" sizes=\"auto, (max-width: 740px) 100vw, 740px\" \/><\/p>\n\n\n<p>Od 1 lutego 2017 Pa\u0144stwowa Wy\u017csza Szko\u0142a Zawodowa w Kro\u015bnie im. Stanis\u0142awa Pigonia w Kro\u015bnie w partnerstwie z Gmin\u0105 Miasto Krosno realizuje projekt pn. \u201eAkademia kreatywnego ucznia w PWSZ w Kro\u015bnie\u201d w ramach Programu Operacyjnego Wiedza Edukacja Rozw\u00f3j 2014-2020 wsp\u00f3\u0142finansowanego z Europejskiego Funduszu Spo\u0142ecznego.<\/p>\n\n\n\n<p>G\u0142\u00f3wnym celem projektu jest rozw\u00f3j kompetencji uczestnik\u00f3w projektu w zakresie komunikowania si\u0119, wsp\u00f3\u0142pracy, my\u015blenia krytycznego i kreatywnego oraz rozwi\u0105zywania problem\u00f3w i dzia\u0142ania innowacyjnego.<\/p>\n\n\n\n<p>Grup\u0119 docelow\u0105 projektu stanowi\u0105 uczniowie szk\u00f3\u0142 ponadgimnazjalnych i jednego gimnazjum:<\/p>\n\n\n\n<p>1.&nbsp;&nbsp;&nbsp;&nbsp;II Liceum Og\u00f3lnokszta\u0142c\u0105ce im. Konstytucji 3 Maja w Kro\u015bnie,<\/p>\n\n\n\n<p>2.&nbsp;&nbsp;&nbsp;&nbsp;Zesp\u00f3\u0142 Szk\u00f3\u0142 Ponadgimnazjalnych nr 1 im. Jana Szczepanika w Kro\u015bnie,<\/p>\n\n\n\n<p>3.&nbsp;&nbsp;&nbsp;&nbsp;Zesp\u00f3\u0142 Szk\u00f3\u0142 Ponadgimnazjalnych nr 3 im. Stanis\u0142awa Staszica w Kro\u015bnie,<\/p>\n\n\n\n<p>4.&nbsp;&nbsp;&nbsp;&nbsp;Zesp\u00f3\u0142 Szk\u00f3\u0142 Ponadgimnazjalnych nr 4 im. Ignacego \u0141ukasiewicza w Kro\u015bnie,<\/p>\n\n\n\n<p>5.&nbsp;&nbsp;&nbsp;&nbsp;Zesp\u00f3\u0142 Szk\u00f3\u0142 Ponadgimnazjalnych nr 5 w Kro\u015bnie,<\/p>\n\n\n\n<p>6.&nbsp;&nbsp;&nbsp;&nbsp;Zesp\u00f3l Szk\u00f3\u0142 w im. Armii Krajowej w Jedliczu,<\/p>\n\n\n\n<p>7.&nbsp;&nbsp;&nbsp;&nbsp;Miejski Zesp\u00f3\u0142 Szk\u00f3\u0142 z Oddzia\u0142ami Integracyjnymi w Kro\u015bnie.<\/p>\n\n\n\n<p>W sumie projektem zostanie obj\u0119tych 367 os\u00f3b.<\/p>\n\n\n\n<p>W ramach projektu przewidziano opracowanie i wdro\u017cenie 7 modu\u0142\u00f3w zaj\u0119\u0107 edukacyjnych:<\/p>\n\n\n\n<p>1. Serce samochodu \u2013 sterowanie i komponenty elektroniki.<\/p>\n\n\n\n<p>2. Obr\u00f3bka skrawaniem z wykorzystaniem obrabiarek sterowanych numerycznie CNC.<\/p>\n\n\n\n<p>3. Rozszyfruj matematyk\u0119.<\/p>\n\n\n\n<p>4. Podstawy programowania aplikacji desktopowych i mobilnych.<\/p>\n\n\n\n<p>5. Nowoczesne techniki \u201eGEO\u2026\u201d w in\u017cynierii i pomiarowaniu.<\/p>\n\n\n\n<p>6. Zdrowie i aktywno\u015b\u0107 fizyczna pod kontrol\u0105.<\/p>\n\n\n\n<p>7. Chemia i fizyka wok\u00f3\u0142 Ciebie.<\/p>\n\n\n\n<p>W ka\u017cdej ze szk\u00f3\u0142, kt\u00f3ra zg\u0142osi\u0142a wol\u0119 udzia\u0142u w projekcie poszczeg\u00f3lne modu\u0142y zaj\u0119\u0107 zostan\u0105 przeprowadzone dwukrotnie: pierwsza edycja od lutego do grudnia 2017 r. i druga edycja od stycznia do grudnia 2018 r.<\/p>\n\n\n\n<p>Uczniowie b\u0119d\u0105 aktywnie bra\u0107 udzia\u0142 w zaj\u0119ciach, wykonuj\u0105c pomiary, do\u015bwiadczenia, opisuj\u0105c i analizuj\u0105c wyniki pod opiek\u0105 wyk\u0142adowc\u00f3w.<\/p>\n\n\n\n<p><strong>Okres realizacji projektu:<\/strong> od 1 lutego 2017 do 31 grudnia 2018 r.<\/p>\n\n\n\n<p><strong>Warto\u015b\u0107 projektu:<\/strong> 237&nbsp;525,00 z\u0142<\/p>\n\n\n\n<p><strong>Dofinansowanie z UE: <\/strong>200 186,07 z\u0142<\/p>\n","protected":false},"excerpt":{"rendered":"<p>Od 1 lutego 2017 Pa\u0144stwowa Wy\u017csza Szko\u0142a Zawodowa w Kro\u015bnie im. Stanis\u0142awa Pigonia w Kro\u015bnie w partnerstwie z Gmin\u0105 Miasto Krosno realizuje projekt pn. \u201eAkademia kreatywnego ucznia w PWSZ w Kro\u015bnie\u201d w ramach Programu Operacyjnego Wiedza Edukacja Rozw\u00f3j 2014-2020 wsp\u00f3\u0142finansowanego z Europejskiego Funduszu Spo\u0142ecznego. G\u0142\u00f3wnym celem projektu jest rozw\u00f3j kompetencji [\u2026] <\/p>\n<div class=\"clear\"><\/div>\n<p><a class=\"more_link clearfix\" href=\"https:\/\/pans.krosno.pl\/fundusze-zewnetrzne\/projekty-zrealizowane\/akademia-kreatywnego-ucznia\/akademia-kreatywnego-ucznia-o-projekcie\/\" rel=\"nofollow\">Read More<\/a><\/p>\n","protected":false},"author":27,"featured_media":0,"parent":477,"menu_order":0,"comment_status":"closed","ping_status":"closed","template":"page-templates\/template-full-width.php","meta":{"ngg_post_thumbnail":0,"footnotes":""},"class_list":["post-478","page","type-page","status-publish","hentry"],"yoast_head":"<!-- This site is optimized with the Yoast SEO Premium plugin v27.3 (Yoast SEO v27.3) - https:\/\/yoast.com\/product\/yoast-seo-premium-wordpress\/ -->\n<title>Akademia kreatywnego ucznia w PWSZ w Kro\u015bnie - O projekcie - Fundusze zewn\u0119trzne PANS w Kro\u015bnie<\/title>\n<meta name=\"robots\" content=\"index, follow, max-snippet:-1, max-image-preview:large, max-video-preview:-1\" \/>\n<link rel=\"canonical\" href=\"https:\/\/pans.krosno.pl\/fundusze-zewnetrzne\/projekty-zrealizowane\/akademia-kreatywnego-ucznia\/akademia-kreatywnego-ucznia-o-projekcie\/\" \/>\n<meta property=\"og:locale\" content=\"pl_PL\" \/>\n<meta property=\"og:type\" content=\"article\" \/>\n<meta property=\"og:title\" content=\"Akademia kreatywnego ucznia w PWSZ w Kro\u015bnie - O projekcie\" \/>\n<meta property=\"og:description\" content=\"Od 1 lutego 2017 Pa\u0144stwowa Wy\u017csza Szko\u0142a Zawodowa w Kro\u015bnie im. Stanis\u0142awa Pigonia w Kro\u015bnie w partnerstwie z Gmin\u0105 Miasto Krosno realizuje projekt pn. \u201eAkademia kreatywnego ucznia w PWSZ w Kro\u015bnie\u201d w ramach Programu Operacyjnego Wiedza Edukacja Rozw\u00f3j 2014-2020 wsp\u00f3\u0142finansowanego z Europejskiego Funduszu Spo\u0142ecznego. G\u0142\u00f3wnym celem projektu jest rozw\u00f3j kompetencji [\u2026] Read More\" \/>\n<meta property=\"og:url\" content=\"https:\/\/pans.krosno.pl\/fundusze-zewnetrzne\/projekty-zrealizowane\/akademia-kreatywnego-ucznia\/akademia-kreatywnego-ucznia-o-projekcie\/\" \/>\n<meta property=\"og:site_name\" content=\"Fundusze zewn\u0119trzne PANS w Kro\u015bnie\" \/>\n<meta property=\"article:modified_time\" content=\"2022-05-25T07:33:31+00:00\" \/>\n<meta property=\"og:image\" content=\"https:\/\/pans.krosno.pl\/fundusze-europejskie-kursy\/wp-content\/uploads\/sites\/14\/2020\/05\/FE_Wiedza_Edukacja_Rozwoj_rgb-1-1024x200.jpg\" \/>\n<meta name=\"twitter:card\" content=\"summary_large_image\" \/>\n<meta name=\"twitter:label1\" content=\"Szacowany czas czytania\" \/>\n\t<meta name=\"twitter:data1\" content=\"2 minuty\" \/>\n<script type=\"application\/ld+json\" class=\"yoast-schema-graph\">{\"@context\":\"https:\\\/\\\/schema.org\",\"@graph\":[{\"@type\":\"WebPage\",\"@id\":\"https:\\\/\\\/pans.krosno.pl\\\/fundusze-zewnetrzne\\\/projekty-zrealizowane\\\/akademia-kreatywnego-ucznia\\\/akademia-kreatywnego-ucznia-o-projekcie\\\/\",\"url\":\"https:\\\/\\\/pans.krosno.pl\\\/fundusze-zewnetrzne\\\/projekty-zrealizowane\\\/akademia-kreatywnego-ucznia\\\/akademia-kreatywnego-ucznia-o-projekcie\\\/\",\"name\":\"Akademia kreatywnego ucznia w PWSZ w Kro\u015bnie - O projekcie - Fundusze zewn\u0119trzne PANS w Kro\u015bnie\",\"isPartOf\":{\"@id\":\"https:\\\/\\\/pans.krosno.pl\\\/fundusze-zewnetrzne\\\/#website\"},\"primaryImageOfPage\":{\"@id\":\"https:\\\/\\\/pans.krosno.pl\\\/fundusze-zewnetrzne\\\/projekty-zrealizowane\\\/akademia-kreatywnego-ucznia\\\/akademia-kreatywnego-ucznia-o-projekcie\\\/#primaryimage\"},\"image\":{\"@id\":\"https:\\\/\\\/pans.krosno.pl\\\/fundusze-zewnetrzne\\\/projekty-zrealizowane\\\/akademia-kreatywnego-ucznia\\\/akademia-kreatywnego-ucznia-o-projekcie\\\/#primaryimage\"},\"thumbnailUrl\":\"https:\\\/\\\/pans.krosno.pl\\\/fundusze-europejskie-kursy\\\/wp-content\\\/uploads\\\/sites\\\/14\\\/2020\\\/05\\\/FE_Wiedza_Edukacja_Rozwoj_rgb-1-1024x200.jpg\",\"datePublished\":\"2020-05-13T14:39:45+00:00\",\"dateModified\":\"2022-05-25T07:33:31+00:00\",\"breadcrumb\":{\"@id\":\"https:\\\/\\\/pans.krosno.pl\\\/fundusze-zewnetrzne\\\/projekty-zrealizowane\\\/akademia-kreatywnego-ucznia\\\/akademia-kreatywnego-ucznia-o-projekcie\\\/#breadcrumb\"},\"inLanguage\":\"pl-PL\",\"potentialAction\":[{\"@type\":\"ReadAction\",\"target\":[\"https:\\\/\\\/pans.krosno.pl\\\/fundusze-zewnetrzne\\\/projekty-zrealizowane\\\/akademia-kreatywnego-ucznia\\\/akademia-kreatywnego-ucznia-o-projekcie\\\/\"]}]},{\"@type\":\"ImageObject\",\"inLanguage\":\"pl-PL\",\"@id\":\"https:\\\/\\\/pans.krosno.pl\\\/fundusze-zewnetrzne\\\/projekty-zrealizowane\\\/akademia-kreatywnego-ucznia\\\/akademia-kreatywnego-ucznia-o-projekcie\\\/#primaryimage\",\"url\":\"https:\\\/\\\/pans.krosno.pl\\\/fundusze-europejskie-kursy\\\/wp-content\\\/uploads\\\/sites\\\/14\\\/2020\\\/05\\\/FE_Wiedza_Edukacja_Rozwoj_rgb-1-1024x200.jpg\",\"contentUrl\":\"https:\\\/\\\/pans.krosno.pl\\\/fundusze-europejskie-kursy\\\/wp-content\\\/uploads\\\/sites\\\/14\\\/2020\\\/05\\\/FE_Wiedza_Edukacja_Rozwoj_rgb-1-1024x200.jpg\"},{\"@type\":\"BreadcrumbList\",\"@id\":\"https:\\\/\\\/pans.krosno.pl\\\/fundusze-zewnetrzne\\\/projekty-zrealizowane\\\/akademia-kreatywnego-ucznia\\\/akademia-kreatywnego-ucznia-o-projekcie\\\/#breadcrumb\",\"itemListElement\":[{\"@type\":\"ListItem\",\"position\":1,\"name\":\"Strona g\u0142\u00f3wna\",\"item\":\"https:\\\/\\\/pans.krosno.pl\\\/fundusze-zewnetrzne\\\/\"},{\"@type\":\"ListItem\",\"position\":2,\"name\":\"Projekty zrealizowane\",\"item\":\"https:\\\/\\\/pans.krosno.pl\\\/fundusze-zewnetrzne\\\/projekty-zrealizowane\\\/\"},{\"@type\":\"ListItem\",\"position\":3,\"name\":\"Akademia kreatywnego ucznia w PWSZ w Kro\u015bnie\",\"item\":\"https:\\\/\\\/pans.krosno.pl\\\/fundusze-zewnetrzne\\\/projekty-zrealizowane\\\/akademia-kreatywnego-ucznia\\\/\"},{\"@type\":\"ListItem\",\"position\":4,\"name\":\"Akademia kreatywnego ucznia w PWSZ w Kro\u015bnie &#8211; O projekcie\"}]},{\"@type\":\"WebSite\",\"@id\":\"https:\\\/\\\/pans.krosno.pl\\\/fundusze-zewnetrzne\\\/#website\",\"url\":\"https:\\\/\\\/pans.krosno.pl\\\/fundusze-zewnetrzne\\\/\",\"name\":\"Fundusze zewn\u0119trzne PANS w Kro\u015bnie\",\"description\":\"Fundusze zewn\u0119trzne  - Pa\u0144stwowa Akademia Nauk Stosowanych\",\"publisher\":{\"@id\":\"https:\\\/\\\/pans.krosno.pl\\\/fundusze-zewnetrzne\\\/#organization\"},\"potentialAction\":[{\"@type\":\"SearchAction\",\"target\":{\"@type\":\"EntryPoint\",\"urlTemplate\":\"https:\\\/\\\/pans.krosno.pl\\\/fundusze-zewnetrzne\\\/?s={search_term_string}\"},\"query-input\":{\"@type\":\"PropertyValueSpecification\",\"valueRequired\":true,\"valueName\":\"search_term_string\"}}],\"inLanguage\":\"pl-PL\"},{\"@type\":\"Organization\",\"@id\":\"https:\\\/\\\/pans.krosno.pl\\\/fundusze-zewnetrzne\\\/#organization\",\"name\":\"Fundusze zewn\u0119trzne PANS w Kro\u015bnie\",\"url\":\"https:\\\/\\\/pans.krosno.pl\\\/fundusze-zewnetrzne\\\/\",\"logo\":{\"@type\":\"ImageObject\",\"inLanguage\":\"pl-PL\",\"@id\":\"https:\\\/\\\/pans.krosno.pl\\\/fundusze-zewnetrzne\\\/#\\\/schema\\\/logo\\\/image\\\/\",\"url\":\"https:\\\/\\\/pans.krosno.pl\\\/fundusze-zewnetrzne\\\/wp-content\\\/uploads\\\/sites\\\/14\\\/2023\\\/01\\\/Logo-PANS-2022-pelne.png\",\"contentUrl\":\"https:\\\/\\\/pans.krosno.pl\\\/fundusze-zewnetrzne\\\/wp-content\\\/uploads\\\/sites\\\/14\\\/2023\\\/01\\\/Logo-PANS-2022-pelne.png\",\"width\":3096,\"height\":696,\"caption\":\"Fundusze zewn\u0119trzne PANS w Kro\u015bnie\"},\"image\":{\"@id\":\"https:\\\/\\\/pans.krosno.pl\\\/fundusze-zewnetrzne\\\/#\\\/schema\\\/logo\\\/image\\\/\"}}]}<\/script>\n<!-- \/ Yoast SEO Premium plugin. -->","yoast_head_json":{"title":"Akademia kreatywnego ucznia w PWSZ w Kro\u015bnie - O projekcie - Fundusze zewn\u0119trzne PANS w Kro\u015bnie","robots":{"index":"index","follow":"follow","max-snippet":"max-snippet:-1","max-image-preview":"max-image-preview:large","max-video-preview":"max-video-preview:-1"},"canonical":"https:\/\/pans.krosno.pl\/fundusze-zewnetrzne\/projekty-zrealizowane\/akademia-kreatywnego-ucznia\/akademia-kreatywnego-ucznia-o-projekcie\/","og_locale":"pl_PL","og_type":"article","og_title":"Akademia kreatywnego ucznia w PWSZ w Kro\u015bnie - O projekcie","og_description":"Od 1 lutego 2017 Pa\u0144stwowa Wy\u017csza Szko\u0142a Zawodowa w Kro\u015bnie im. Stanis\u0142awa Pigonia w Kro\u015bnie w partnerstwie z Gmin\u0105 Miasto Krosno realizuje projekt pn. \u201eAkademia kreatywnego ucznia w PWSZ w Kro\u015bnie\u201d w ramach Programu Operacyjnego Wiedza Edukacja Rozw\u00f3j 2014-2020 wsp\u00f3\u0142finansowanego z Europejskiego Funduszu Spo\u0142ecznego. G\u0142\u00f3wnym celem projektu jest rozw\u00f3j kompetencji [\u2026] Read More","og_url":"https:\/\/pans.krosno.pl\/fundusze-zewnetrzne\/projekty-zrealizowane\/akademia-kreatywnego-ucznia\/akademia-kreatywnego-ucznia-o-projekcie\/","og_site_name":"Fundusze zewn\u0119trzne PANS w Kro\u015bnie","article_modified_time":"2022-05-25T07:33:31+00:00","og_image":[{"url":"https:\/\/pans.krosno.pl\/fundusze-europejskie-kursy\/wp-content\/uploads\/sites\/14\/2020\/05\/FE_Wiedza_Edukacja_Rozwoj_rgb-1-1024x200.jpg","type":"","width":"","height":""}],"twitter_card":"summary_large_image","twitter_misc":{"Szacowany czas czytania":"2 minuty"},"schema":{"@context":"https:\/\/schema.org","@graph":[{"@type":"WebPage","@id":"https:\/\/pans.krosno.pl\/fundusze-zewnetrzne\/projekty-zrealizowane\/akademia-kreatywnego-ucznia\/akademia-kreatywnego-ucznia-o-projekcie\/","url":"https:\/\/pans.krosno.pl\/fundusze-zewnetrzne\/projekty-zrealizowane\/akademia-kreatywnego-ucznia\/akademia-kreatywnego-ucznia-o-projekcie\/","name":"Akademia kreatywnego ucznia w PWSZ w Kro\u015bnie - O projekcie - Fundusze zewn\u0119trzne PANS w Kro\u015bnie","isPartOf":{"@id":"https:\/\/pans.krosno.pl\/fundusze-zewnetrzne\/#website"},"primaryImageOfPage":{"@id":"https:\/\/pans.krosno.pl\/fundusze-zewnetrzne\/projekty-zrealizowane\/akademia-kreatywnego-ucznia\/akademia-kreatywnego-ucznia-o-projekcie\/#primaryimage"},"image":{"@id":"https:\/\/pans.krosno.pl\/fundusze-zewnetrzne\/projekty-zrealizowane\/akademia-kreatywnego-ucznia\/akademia-kreatywnego-ucznia-o-projekcie\/#primaryimage"},"thumbnailUrl":"https:\/\/pans.krosno.pl\/fundusze-europejskie-kursy\/wp-content\/uploads\/sites\/14\/2020\/05\/FE_Wiedza_Edukacja_Rozwoj_rgb-1-1024x200.jpg","datePublished":"2020-05-13T14:39:45+00:00","dateModified":"2022-05-25T07:33:31+00:00","breadcrumb":{"@id":"https:\/\/pans.krosno.pl\/fundusze-zewnetrzne\/projekty-zrealizowane\/akademia-kreatywnego-ucznia\/akademia-kreatywnego-ucznia-o-projekcie\/#breadcrumb"},"inLanguage":"pl-PL","potentialAction":[{"@type":"ReadAction","target":["https:\/\/pans.krosno.pl\/fundusze-zewnetrzne\/projekty-zrealizowane\/akademia-kreatywnego-ucznia\/akademia-kreatywnego-ucznia-o-projekcie\/"]}]},{"@type":"ImageObject","inLanguage":"pl-PL","@id":"https:\/\/pans.krosno.pl\/fundusze-zewnetrzne\/projekty-zrealizowane\/akademia-kreatywnego-ucznia\/akademia-kreatywnego-ucznia-o-projekcie\/#primaryimage","url":"https:\/\/pans.krosno.pl\/fundusze-europejskie-kursy\/wp-content\/uploads\/sites\/14\/2020\/05\/FE_Wiedza_Edukacja_Rozwoj_rgb-1-1024x200.jpg","contentUrl":"https:\/\/pans.krosno.pl\/fundusze-europejskie-kursy\/wp-content\/uploads\/sites\/14\/2020\/05\/FE_Wiedza_Edukacja_Rozwoj_rgb-1-1024x200.jpg"},{"@type":"BreadcrumbList","@id":"https:\/\/pans.krosno.pl\/fundusze-zewnetrzne\/projekty-zrealizowane\/akademia-kreatywnego-ucznia\/akademia-kreatywnego-ucznia-o-projekcie\/#breadcrumb","itemListElement":[{"@type":"ListItem","position":1,"name":"Strona g\u0142\u00f3wna","item":"https:\/\/pans.krosno.pl\/fundusze-zewnetrzne\/"},{"@type":"ListItem","position":2,"name":"Projekty zrealizowane","item":"https:\/\/pans.krosno.pl\/fundusze-zewnetrzne\/projekty-zrealizowane\/"},{"@type":"ListItem","position":3,"name":"Akademia kreatywnego ucznia w PWSZ w Kro\u015bnie","item":"https:\/\/pans.krosno.pl\/fundusze-zewnetrzne\/projekty-zrealizowane\/akademia-kreatywnego-ucznia\/"},{"@type":"ListItem","position":4,"name":"Akademia kreatywnego ucznia w PWSZ w Kro\u015bnie &#8211; O projekcie"}]},{"@type":"WebSite","@id":"https:\/\/pans.krosno.pl\/fundusze-zewnetrzne\/#website","url":"https:\/\/pans.krosno.pl\/fundusze-zewnetrzne\/","name":"Fundusze zewn\u0119trzne PANS w Kro\u015bnie","description":"Fundusze zewn\u0119trzne  - Pa\u0144stwowa Akademia Nauk Stosowanych","publisher":{"@id":"https:\/\/pans.krosno.pl\/fundusze-zewnetrzne\/#organization"},"potentialAction":[{"@type":"SearchAction","target":{"@type":"EntryPoint","urlTemplate":"https:\/\/pans.krosno.pl\/fundusze-zewnetrzne\/?s={search_term_string}"},"query-input":{"@type":"PropertyValueSpecification","valueRequired":true,"valueName":"search_term_string"}}],"inLanguage":"pl-PL"},{"@type":"Organization","@id":"https:\/\/pans.krosno.pl\/fundusze-zewnetrzne\/#organization","name":"Fundusze zewn\u0119trzne PANS w Kro\u015bnie","url":"https:\/\/pans.krosno.pl\/fundusze-zewnetrzne\/","logo":{"@type":"ImageObject","inLanguage":"pl-PL","@id":"https:\/\/pans.krosno.pl\/fundusze-zewnetrzne\/#\/schema\/logo\/image\/","url":"https:\/\/pans.krosno.pl\/fundusze-zewnetrzne\/wp-content\/uploads\/sites\/14\/2023\/01\/Logo-PANS-2022-pelne.png","contentUrl":"https:\/\/pans.krosno.pl\/fundusze-zewnetrzne\/wp-content\/uploads\/sites\/14\/2023\/01\/Logo-PANS-2022-pelne.png","width":3096,"height":696,"caption":"Fundusze zewn\u0119trzne PANS w Kro\u015bnie"},"image":{"@id":"https:\/\/pans.krosno.pl\/fundusze-zewnetrzne\/#\/schema\/logo\/image\/"}}]}},"_links":{"self":[{"href":"https:\/\/pans.krosno.pl\/fundusze-zewnetrzne\/wp-json\/wp\/v2\/pages\/478","targetHints":{"allow":["GET"]}}],"collection":[{"href":"https:\/\/pans.krosno.pl\/fundusze-zewnetrzne\/wp-json\/wp\/v2\/pages"}],"about":[{"href":"https:\/\/pans.krosno.pl\/fundusze-zewnetrzne\/wp-json\/wp\/v2\/types\/page"}],"author":[{"embeddable":true,"href":"https:\/\/pans.krosno.pl\/fundusze-zewnetrzne\/wp-json\/wp\/v2\/users\/27"}],"replies":[{"embeddable":true,"href":"https:\/\/pans.krosno.pl\/fundusze-zewnetrzne\/wp-json\/wp\/v2\/comments?post=478"}],"version-history":[{"count":9,"href":"https:\/\/pans.krosno.pl\/fundusze-zewnetrzne\/wp-json\/wp\/v2\/pages\/478\/revisions"}],"predecessor-version":[{"id":3245,"href":"https:\/\/pans.krosno.pl\/fundusze-zewnetrzne\/wp-json\/wp\/v2\/pages\/478\/revisions\/3245"}],"up":[{"embeddable":true,"href":"https:\/\/pans.krosno.pl\/fundusze-zewnetrzne\/wp-json\/wp\/v2\/pages\/477"}],"wp:attachment":[{"href":"https:\/\/pans.krosno.pl\/fundusze-zewnetrzne\/wp-json\/wp\/v2\/media?parent=478"}],"curies":[{"name":"wp","href":"https:\/\/api.w.org\/{rel}","templated":true}]}}