{"id":4348,"date":"2026-01-13T14:33:54","date_gmt":"2026-01-13T13:33:54","guid":{"rendered":"https:\/\/pans.krosno.pl\/fundusze-zewnetrzne\/?page_id=4348"},"modified":"2026-02-10T14:41:44","modified_gmt":"2026-02-10T13:41:44","slug":"monografia-pedagogiczna-miejsca-i-nie-miejsca-edukacji","status":"publish","type":"page","link":"https:\/\/pans.krosno.pl\/fundusze-zewnetrzne\/projekty-realizowane\/monografia-pedagogiczna-miejsca-i-nie-miejsca-edukacji\/","title":{"rendered":"Monografia pedagogiczna \u201eMiejsca i nie &#8211; miejsca edukacji\u201d"},"content":{"rendered":"\n<hr class=\"wp-block-separator has-alpha-channel-opacity\" \/>\n\n\n\n<figure class=\"wp-block-image size-large is-resized\"><img loading=\"lazy\" decoding=\"async\" width=\"1024\" height=\"394\" src=\"https:\/\/pans.krosno.pl\/fundusze-zewnetrzne\/wp-content\/uploads\/sites\/14\/2026\/01\/Logo-Wektory-Nauki-1024x394.jpg\" alt=\"\" class=\"wp-image-4352\" style=\"width:478px;height:auto\" srcset=\"https:\/\/pans.krosno.pl\/fundusze-zewnetrzne\/wp-content\/uploads\/sites\/14\/2026\/01\/Logo-Wektory-Nauki-1024x394.jpg 1024w, https:\/\/pans.krosno.pl\/fundusze-zewnetrzne\/wp-content\/uploads\/sites\/14\/2026\/01\/Logo-Wektory-Nauki-300x115.jpg 300w, https:\/\/pans.krosno.pl\/fundusze-zewnetrzne\/wp-content\/uploads\/sites\/14\/2026\/01\/Logo-Wektory-Nauki-768x296.jpg 768w, https:\/\/pans.krosno.pl\/fundusze-zewnetrzne\/wp-content\/uploads\/sites\/14\/2026\/01\/Logo-Wektory-Nauki-1536x591.jpg 1536w, https:\/\/pans.krosno.pl\/fundusze-zewnetrzne\/wp-content\/uploads\/sites\/14\/2026\/01\/Logo-Wektory-Nauki-2048x788.jpg 2048w, https:\/\/pans.krosno.pl\/fundusze-zewnetrzne\/wp-content\/uploads\/sites\/14\/2026\/01\/Logo-Wektory-Nauki-2000x770.jpg 2000w, https:\/\/pans.krosno.pl\/fundusze-zewnetrzne\/wp-content\/uploads\/sites\/14\/2026\/01\/Logo-Wektory-Nauki-800x308.jpg 800w, https:\/\/pans.krosno.pl\/fundusze-zewnetrzne\/wp-content\/uploads\/sites\/14\/2026\/01\/Logo-Wektory-Nauki-580x223.jpg 580w, https:\/\/pans.krosno.pl\/fundusze-zewnetrzne\/wp-content\/uploads\/sites\/14\/2026\/01\/Logo-Wektory-Nauki-1170x450.jpg 1170w\" sizes=\"auto, (max-width: 1024px) 100vw, 1024px\" \/><\/figure>\n\n\n\n<hr class=\"wp-block-separator has-alpha-channel-opacity\" \/>\n\n\n\n<p>Projekt o zasi\u0119gu og\u00f3lnopolskim, obejmuj\u0105cy opublikowanie w j\u0119zyku polskim monografii pedagogicznej \u201eMiejsca i nie &#8211; miejsca edukacji\u201d pod redakcj\u0105 Kazimierza Szmyda i Barbary Lulek, w liczbie 100 egzemplarzy oraz udostepnienie publikacji w Internecie, w wolnym dost\u0119pnie i bez technicznych ogranicze\u0144 na stronie wydawnictwa i uczelni. <\/p>\n\n\n\n<p>Problematyka monografii dotyczy miejsca jako teoretycznego konstruktu zastosowanego w badaniach i umo\u017cliwiaj\u0105cego aplikacj\u0119 dla praktyki pedagogicznej. Monografia stanowi kompendium wiedzy na temat roli i znaczenia miejsca we wsp\u00f3\u0142czesnej edukacji. Ukazuje miejsce ca\u0142o\u015bciowo jako przestrze\u0144 warto\u015bci, relacji i formowania si\u0119 cz\u0142owieka jak te\u017c nie-miejsca naznaczone deprawacj\u0105 i przemoc\u0105. Przedstawiono znaczenie miejsc, w kontek\u015bcie obecno\u015bci takich podmiot\u00f3w edukacyjnych jak dziecko, ucze\u0144, rodzic, nauczyciel. Rozwa\u017cania na temat wiod\u0105cej kategorii edukacyjnej osadzone s\u0105 w kontekstach przemian cywilizacyjnych, cyfrowych i kulturowych.<\/p>\n\n\n\n<p><br>Realizacja projektu umo\u017cliwi uczestnikom procesu edukacji, szczeg\u00f3lnie akademikom, nauczycielom, dyrektorom plac\u00f3wek edukacyjnych, rodzicom, przedstawicielom w\u0142adz o\u015bwiatowych identyfikowania miejsc w kategoriach antropologiczno-aksjologicznych, wdro\u017cenie do praktyki edukacyjnej rozwi\u0105za\u0144 ukierunkowanych na dobro dziecka, jego potencja\u0142 tw\u00f3rczy i mo\u017cliwo\u015bci oraz namys\u0142 nad zak\u0142\u00f3ceniami w relacjach pedagog\u00f3w i rodzic\u00f3w w miejscach edukacji.<br><\/p>\n\n\n\n<p>Publikacja zosta\u0142a pozytywnie zrecenzowana przez prof. dr hab. Janusza Kirenko oraz prof. dr hab. Bo\u017cen\u0119 Muchack\u0105.<\/p>\n\n\n\n<p>Data podpisania umowy: 13.01.2026 r.<\/p>\n\n\n\n<p>Termin realizacji projektu: 1.12.2025 r. \u2013 31.05.2027 r.<\/p>\n\n\n\n<p>Przyznane \u015brodki: 16 170,00 z\u0142<\/p>\n\n\n\n<figure class=\"wp-block-image size-large is-resized\"><img loading=\"lazy\" decoding=\"async\" width=\"1024\" height=\"319\" src=\"https:\/\/pans.krosno.pl\/fundusze-zewnetrzne\/wp-content\/uploads\/sites\/14\/2025\/07\/01_znak_siatka_podstawowy_kolor_biale_tlo-1024x319.png\" alt=\"\" class=\"wp-image-4242\" style=\"width:632px;height:auto\" srcset=\"https:\/\/pans.krosno.pl\/fundusze-zewnetrzne\/wp-content\/uploads\/sites\/14\/2025\/07\/01_znak_siatka_podstawowy_kolor_biale_tlo-1024x319.png 1024w, https:\/\/pans.krosno.pl\/fundusze-zewnetrzne\/wp-content\/uploads\/sites\/14\/2025\/07\/01_znak_siatka_podstawowy_kolor_biale_tlo-300x93.png 300w, https:\/\/pans.krosno.pl\/fundusze-zewnetrzne\/wp-content\/uploads\/sites\/14\/2025\/07\/01_znak_siatka_podstawowy_kolor_biale_tlo-768x239.png 768w, https:\/\/pans.krosno.pl\/fundusze-zewnetrzne\/wp-content\/uploads\/sites\/14\/2025\/07\/01_znak_siatka_podstawowy_kolor_biale_tlo-800x249.png 800w, https:\/\/pans.krosno.pl\/fundusze-zewnetrzne\/wp-content\/uploads\/sites\/14\/2025\/07\/01_znak_siatka_podstawowy_kolor_biale_tlo-580x181.png 580w, https:\/\/pans.krosno.pl\/fundusze-zewnetrzne\/wp-content\/uploads\/sites\/14\/2025\/07\/01_znak_siatka_podstawowy_kolor_biale_tlo.png 1388w\" sizes=\"auto, (max-width: 1024px) 100vw, 1024px\" \/><\/figure>\n\n\n\n<hr class=\"wp-block-separator has-alpha-channel-opacity\" \/>\n\n\n\n<h2 class=\"wp-block-heading\" id=\"h-dostepnosc\">Dost\u0119pno\u015b\u0107<\/h2>\n\n\n\n<p>Wydana w ramach projektu monografia w wersji elektronicznej b\u0119dzie dost\u0119pna w formacie PDF\/UA zgodnym z WCAG 2.1 AA, co u\u0142atwi osobom korzystaj\u0105cym z czytnik\u00f3w ekranu lub innych narz\u0119dzi asystuj\u0105cych odnalezienie i pobranie materia\u0142u.<br>Dzi\u0119ki takiemu podej\u015bciu zapewniamy zgodno\u015b\u0107 z ustaw\u0105 z dnia 19 lipca 2019 r. o zapewnieniu dost\u0119pno\u015bci osobom ze szczeg\u00f3lnymi potrzebami (art. 2 pkt 3), minimalizuj\u0105c jednocze\u015bnie nak\u0142ady finansowe i organizacyjne projektu.<\/p>\n\n\n\n<p><strong>W kwestiach dotycz\u0105cych dost\u0119pno\u015bci prosimy o kontakt z wyznaczon\u0105 osob\u0105:<\/strong><\/p>\n\n\n\n<p>Dzia\u0142 pozyskiwania funduszy i zarz\u0105dzania projektami<\/p>\n\n\n\n<p>Izabela Zajdel<\/p>\n\n\n\n<p>e-mail: izabela.zajdel@pans.krosno.pl<\/p>\n\n\n\n<p>tel. 13 43&nbsp;755 19<\/p>\n\n\n\n<hr class=\"wp-block-separator has-alpha-channel-opacity\" \/>\n","protected":false},"excerpt":{"rendered":"<p>Projekt o zasi\u0119gu og\u00f3lnopolskim, obejmuj\u0105cy opublikowanie w j\u0119zyku polskim monografii pedagogicznej \u201eMiejsca i nie &#8211; miejsca edukacji\u201d pod redakcj\u0105 Kazimierza Szmyda i Barbary Lulek, w liczbie 100 egzemplarzy oraz udostepnienie publikacji w Internecie, w wolnym dost\u0119pnie i bez technicznych ogranicze\u0144 na stronie wydawnictwa i uczelni. Problematyka monografii dotyczy miejsca jako [\u2026] <\/p>\n<div class=\"clear\"><\/div>\n<p><a class=\"more_link clearfix\" href=\"https:\/\/pans.krosno.pl\/fundusze-zewnetrzne\/projekty-realizowane\/monografia-pedagogiczna-miejsca-i-nie-miejsca-edukacji\/\" rel=\"nofollow\">Read More<\/a><\/p>\n","protected":false},"author":53,"featured_media":0,"parent":12,"menu_order":0,"comment_status":"closed","ping_status":"closed","template":"","meta":{"ngg_post_thumbnail":0,"footnotes":""},"class_list":["post-4348","page","type-page","status-publish","hentry"],"yoast_head":"<!-- This site is optimized with the Yoast SEO Premium plugin v27.3 (Yoast SEO v27.3) - https:\/\/yoast.com\/product\/yoast-seo-premium-wordpress\/ -->\n<title>Monografia pedagogiczna \u201eMiejsca i nie - miejsca edukacji\u201d - Fundusze zewn\u0119trzne PANS w Kro\u015bnie<\/title>\n<meta name=\"robots\" content=\"index, follow, max-snippet:-1, max-image-preview:large, max-video-preview:-1\" \/>\n<link rel=\"canonical\" href=\"https:\/\/pans.krosno.pl\/fundusze-zewnetrzne\/projekty-realizowane\/monografia-pedagogiczna-miejsca-i-nie-miejsca-edukacji\/\" \/>\n<meta property=\"og:locale\" content=\"pl_PL\" \/>\n<meta property=\"og:type\" content=\"article\" \/>\n<meta property=\"og:title\" content=\"Monografia pedagogiczna \u201eMiejsca i nie - miejsca edukacji\u201d\" \/>\n<meta property=\"og:description\" content=\"Projekt o zasi\u0119gu og\u00f3lnopolskim, obejmuj\u0105cy opublikowanie w j\u0119zyku polskim monografii pedagogicznej \u201eMiejsca i nie &#8211; miejsca edukacji\u201d pod redakcj\u0105 Kazimierza Szmyda i Barbary Lulek, w liczbie 100 egzemplarzy oraz udostepnienie publikacji w Internecie, w wolnym dost\u0119pnie i bez technicznych ogranicze\u0144 na stronie wydawnictwa i uczelni. Problematyka monografii dotyczy miejsca jako [\u2026] Read More\" \/>\n<meta property=\"og:url\" content=\"https:\/\/pans.krosno.pl\/fundusze-zewnetrzne\/projekty-realizowane\/monografia-pedagogiczna-miejsca-i-nie-miejsca-edukacji\/\" \/>\n<meta property=\"og:site_name\" content=\"Fundusze zewn\u0119trzne PANS w Kro\u015bnie\" \/>\n<meta property=\"article:modified_time\" content=\"2026-02-10T13:41:44+00:00\" \/>\n<meta property=\"og:image\" content=\"https:\/\/pans.krosno.pl\/fundusze-zewnetrzne\/wp-content\/uploads\/sites\/14\/2026\/01\/Logo-Wektory-Nauki.jpg\" \/>\n\t<meta property=\"og:image:width\" content=\"2362\" \/>\n\t<meta property=\"og:image:height\" content=\"909\" \/>\n\t<meta property=\"og:image:type\" content=\"image\/jpeg\" \/>\n<meta name=\"twitter:card\" content=\"summary_large_image\" \/>\n<meta name=\"twitter:label1\" content=\"Szacowany czas czytania\" \/>\n\t<meta name=\"twitter:data1\" content=\"3 minuty\" \/>\n<script type=\"application\/ld+json\" class=\"yoast-schema-graph\">{\"@context\":\"https:\\\/\\\/schema.org\",\"@graph\":[{\"@type\":\"WebPage\",\"@id\":\"https:\\\/\\\/pans.krosno.pl\\\/fundusze-zewnetrzne\\\/projekty-realizowane\\\/monografia-pedagogiczna-miejsca-i-nie-miejsca-edukacji\\\/\",\"url\":\"https:\\\/\\\/pans.krosno.pl\\\/fundusze-zewnetrzne\\\/projekty-realizowane\\\/monografia-pedagogiczna-miejsca-i-nie-miejsca-edukacji\\\/\",\"name\":\"Monografia pedagogiczna \u201eMiejsca i nie - miejsca edukacji\u201d - Fundusze zewn\u0119trzne PANS w Kro\u015bnie\",\"isPartOf\":{\"@id\":\"https:\\\/\\\/pans.krosno.pl\\\/fundusze-zewnetrzne\\\/#website\"},\"primaryImageOfPage\":{\"@id\":\"https:\\\/\\\/pans.krosno.pl\\\/fundusze-zewnetrzne\\\/projekty-realizowane\\\/monografia-pedagogiczna-miejsca-i-nie-miejsca-edukacji\\\/#primaryimage\"},\"image\":{\"@id\":\"https:\\\/\\\/pans.krosno.pl\\\/fundusze-zewnetrzne\\\/projekty-realizowane\\\/monografia-pedagogiczna-miejsca-i-nie-miejsca-edukacji\\\/#primaryimage\"},\"thumbnailUrl\":\"https:\\\/\\\/pans.krosno.pl\\\/fundusze-zewnetrzne\\\/wp-content\\\/uploads\\\/sites\\\/14\\\/2026\\\/01\\\/Logo-Wektory-Nauki-1024x394.jpg\",\"datePublished\":\"2026-01-13T13:33:54+00:00\",\"dateModified\":\"2026-02-10T13:41:44+00:00\",\"breadcrumb\":{\"@id\":\"https:\\\/\\\/pans.krosno.pl\\\/fundusze-zewnetrzne\\\/projekty-realizowane\\\/monografia-pedagogiczna-miejsca-i-nie-miejsca-edukacji\\\/#breadcrumb\"},\"inLanguage\":\"pl-PL\",\"potentialAction\":[{\"@type\":\"ReadAction\",\"target\":[\"https:\\\/\\\/pans.krosno.pl\\\/fundusze-zewnetrzne\\\/projekty-realizowane\\\/monografia-pedagogiczna-miejsca-i-nie-miejsca-edukacji\\\/\"]}]},{\"@type\":\"ImageObject\",\"inLanguage\":\"pl-PL\",\"@id\":\"https:\\\/\\\/pans.krosno.pl\\\/fundusze-zewnetrzne\\\/projekty-realizowane\\\/monografia-pedagogiczna-miejsca-i-nie-miejsca-edukacji\\\/#primaryimage\",\"url\":\"https:\\\/\\\/pans.krosno.pl\\\/fundusze-zewnetrzne\\\/wp-content\\\/uploads\\\/sites\\\/14\\\/2026\\\/01\\\/Logo-Wektory-Nauki.jpg\",\"contentUrl\":\"https:\\\/\\\/pans.krosno.pl\\\/fundusze-zewnetrzne\\\/wp-content\\\/uploads\\\/sites\\\/14\\\/2026\\\/01\\\/Logo-Wektory-Nauki.jpg\",\"width\":2362,\"height\":909},{\"@type\":\"BreadcrumbList\",\"@id\":\"https:\\\/\\\/pans.krosno.pl\\\/fundusze-zewnetrzne\\\/projekty-realizowane\\\/monografia-pedagogiczna-miejsca-i-nie-miejsca-edukacji\\\/#breadcrumb\",\"itemListElement\":[{\"@type\":\"ListItem\",\"position\":1,\"name\":\"Strona g\u0142\u00f3wna\",\"item\":\"https:\\\/\\\/pans.krosno.pl\\\/fundusze-zewnetrzne\\\/\"},{\"@type\":\"ListItem\",\"position\":2,\"name\":\"Projekty realizowane\",\"item\":\"https:\\\/\\\/pans.krosno.pl\\\/fundusze-zewnetrzne\\\/projekty-realizowane\\\/\"},{\"@type\":\"ListItem\",\"position\":3,\"name\":\"Monografia pedagogiczna \u201eMiejsca i nie &#8211; miejsca edukacji\u201d\"}]},{\"@type\":\"WebSite\",\"@id\":\"https:\\\/\\\/pans.krosno.pl\\\/fundusze-zewnetrzne\\\/#website\",\"url\":\"https:\\\/\\\/pans.krosno.pl\\\/fundusze-zewnetrzne\\\/\",\"name\":\"Fundusze zewn\u0119trzne PANS w Kro\u015bnie\",\"description\":\"Fundusze zewn\u0119trzne  - Pa\u0144stwowa Akademia Nauk Stosowanych\",\"publisher\":{\"@id\":\"https:\\\/\\\/pans.krosno.pl\\\/fundusze-zewnetrzne\\\/#organization\"},\"potentialAction\":[{\"@type\":\"SearchAction\",\"target\":{\"@type\":\"EntryPoint\",\"urlTemplate\":\"https:\\\/\\\/pans.krosno.pl\\\/fundusze-zewnetrzne\\\/?s={search_term_string}\"},\"query-input\":{\"@type\":\"PropertyValueSpecification\",\"valueRequired\":true,\"valueName\":\"search_term_string\"}}],\"inLanguage\":\"pl-PL\"},{\"@type\":\"Organization\",\"@id\":\"https:\\\/\\\/pans.krosno.pl\\\/fundusze-zewnetrzne\\\/#organization\",\"name\":\"Fundusze zewn\u0119trzne PANS w Kro\u015bnie\",\"url\":\"https:\\\/\\\/pans.krosno.pl\\\/fundusze-zewnetrzne\\\/\",\"logo\":{\"@type\":\"ImageObject\",\"inLanguage\":\"pl-PL\",\"@id\":\"https:\\\/\\\/pans.krosno.pl\\\/fundusze-zewnetrzne\\\/#\\\/schema\\\/logo\\\/image\\\/\",\"url\":\"https:\\\/\\\/pans.krosno.pl\\\/fundusze-zewnetrzne\\\/wp-content\\\/uploads\\\/sites\\\/14\\\/2023\\\/01\\\/Logo-PANS-2022-pelne.png\",\"contentUrl\":\"https:\\\/\\\/pans.krosno.pl\\\/fundusze-zewnetrzne\\\/wp-content\\\/uploads\\\/sites\\\/14\\\/2023\\\/01\\\/Logo-PANS-2022-pelne.png\",\"width\":3096,\"height\":696,\"caption\":\"Fundusze zewn\u0119trzne PANS w Kro\u015bnie\"},\"image\":{\"@id\":\"https:\\\/\\\/pans.krosno.pl\\\/fundusze-zewnetrzne\\\/#\\\/schema\\\/logo\\\/image\\\/\"}}]}<\/script>\n<!-- \/ Yoast SEO Premium plugin. -->","yoast_head_json":{"title":"Monografia pedagogiczna \u201eMiejsca i nie - miejsca edukacji\u201d - Fundusze zewn\u0119trzne PANS w Kro\u015bnie","robots":{"index":"index","follow":"follow","max-snippet":"max-snippet:-1","max-image-preview":"max-image-preview:large","max-video-preview":"max-video-preview:-1"},"canonical":"https:\/\/pans.krosno.pl\/fundusze-zewnetrzne\/projekty-realizowane\/monografia-pedagogiczna-miejsca-i-nie-miejsca-edukacji\/","og_locale":"pl_PL","og_type":"article","og_title":"Monografia pedagogiczna \u201eMiejsca i nie - miejsca edukacji\u201d","og_description":"Projekt o zasi\u0119gu og\u00f3lnopolskim, obejmuj\u0105cy opublikowanie w j\u0119zyku polskim monografii pedagogicznej \u201eMiejsca i nie &#8211; miejsca edukacji\u201d pod redakcj\u0105 Kazimierza Szmyda i Barbary Lulek, w liczbie 100 egzemplarzy oraz udostepnienie publikacji w Internecie, w wolnym dost\u0119pnie i bez technicznych ogranicze\u0144 na stronie wydawnictwa i uczelni. Problematyka monografii dotyczy miejsca jako [\u2026] Read More","og_url":"https:\/\/pans.krosno.pl\/fundusze-zewnetrzne\/projekty-realizowane\/monografia-pedagogiczna-miejsca-i-nie-miejsca-edukacji\/","og_site_name":"Fundusze zewn\u0119trzne PANS w Kro\u015bnie","article_modified_time":"2026-02-10T13:41:44+00:00","og_image":[{"width":2362,"height":909,"url":"https:\/\/pans.krosno.pl\/fundusze-zewnetrzne\/wp-content\/uploads\/sites\/14\/2026\/01\/Logo-Wektory-Nauki.jpg","type":"image\/jpeg"}],"twitter_card":"summary_large_image","twitter_misc":{"Szacowany czas czytania":"3 minuty"},"schema":{"@context":"https:\/\/schema.org","@graph":[{"@type":"WebPage","@id":"https:\/\/pans.krosno.pl\/fundusze-zewnetrzne\/projekty-realizowane\/monografia-pedagogiczna-miejsca-i-nie-miejsca-edukacji\/","url":"https:\/\/pans.krosno.pl\/fundusze-zewnetrzne\/projekty-realizowane\/monografia-pedagogiczna-miejsca-i-nie-miejsca-edukacji\/","name":"Monografia pedagogiczna \u201eMiejsca i nie - miejsca edukacji\u201d - Fundusze zewn\u0119trzne PANS w Kro\u015bnie","isPartOf":{"@id":"https:\/\/pans.krosno.pl\/fundusze-zewnetrzne\/#website"},"primaryImageOfPage":{"@id":"https:\/\/pans.krosno.pl\/fundusze-zewnetrzne\/projekty-realizowane\/monografia-pedagogiczna-miejsca-i-nie-miejsca-edukacji\/#primaryimage"},"image":{"@id":"https:\/\/pans.krosno.pl\/fundusze-zewnetrzne\/projekty-realizowane\/monografia-pedagogiczna-miejsca-i-nie-miejsca-edukacji\/#primaryimage"},"thumbnailUrl":"https:\/\/pans.krosno.pl\/fundusze-zewnetrzne\/wp-content\/uploads\/sites\/14\/2026\/01\/Logo-Wektory-Nauki-1024x394.jpg","datePublished":"2026-01-13T13:33:54+00:00","dateModified":"2026-02-10T13:41:44+00:00","breadcrumb":{"@id":"https:\/\/pans.krosno.pl\/fundusze-zewnetrzne\/projekty-realizowane\/monografia-pedagogiczna-miejsca-i-nie-miejsca-edukacji\/#breadcrumb"},"inLanguage":"pl-PL","potentialAction":[{"@type":"ReadAction","target":["https:\/\/pans.krosno.pl\/fundusze-zewnetrzne\/projekty-realizowane\/monografia-pedagogiczna-miejsca-i-nie-miejsca-edukacji\/"]}]},{"@type":"ImageObject","inLanguage":"pl-PL","@id":"https:\/\/pans.krosno.pl\/fundusze-zewnetrzne\/projekty-realizowane\/monografia-pedagogiczna-miejsca-i-nie-miejsca-edukacji\/#primaryimage","url":"https:\/\/pans.krosno.pl\/fundusze-zewnetrzne\/wp-content\/uploads\/sites\/14\/2026\/01\/Logo-Wektory-Nauki.jpg","contentUrl":"https:\/\/pans.krosno.pl\/fundusze-zewnetrzne\/wp-content\/uploads\/sites\/14\/2026\/01\/Logo-Wektory-Nauki.jpg","width":2362,"height":909},{"@type":"BreadcrumbList","@id":"https:\/\/pans.krosno.pl\/fundusze-zewnetrzne\/projekty-realizowane\/monografia-pedagogiczna-miejsca-i-nie-miejsca-edukacji\/#breadcrumb","itemListElement":[{"@type":"ListItem","position":1,"name":"Strona g\u0142\u00f3wna","item":"https:\/\/pans.krosno.pl\/fundusze-zewnetrzne\/"},{"@type":"ListItem","position":2,"name":"Projekty realizowane","item":"https:\/\/pans.krosno.pl\/fundusze-zewnetrzne\/projekty-realizowane\/"},{"@type":"ListItem","position":3,"name":"Monografia pedagogiczna \u201eMiejsca i nie &#8211; miejsca edukacji\u201d"}]},{"@type":"WebSite","@id":"https:\/\/pans.krosno.pl\/fundusze-zewnetrzne\/#website","url":"https:\/\/pans.krosno.pl\/fundusze-zewnetrzne\/","name":"Fundusze zewn\u0119trzne PANS w Kro\u015bnie","description":"Fundusze zewn\u0119trzne  - Pa\u0144stwowa Akademia Nauk Stosowanych","publisher":{"@id":"https:\/\/pans.krosno.pl\/fundusze-zewnetrzne\/#organization"},"potentialAction":[{"@type":"SearchAction","target":{"@type":"EntryPoint","urlTemplate":"https:\/\/pans.krosno.pl\/fundusze-zewnetrzne\/?s={search_term_string}"},"query-input":{"@type":"PropertyValueSpecification","valueRequired":true,"valueName":"search_term_string"}}],"inLanguage":"pl-PL"},{"@type":"Organization","@id":"https:\/\/pans.krosno.pl\/fundusze-zewnetrzne\/#organization","name":"Fundusze zewn\u0119trzne PANS w Kro\u015bnie","url":"https:\/\/pans.krosno.pl\/fundusze-zewnetrzne\/","logo":{"@type":"ImageObject","inLanguage":"pl-PL","@id":"https:\/\/pans.krosno.pl\/fundusze-zewnetrzne\/#\/schema\/logo\/image\/","url":"https:\/\/pans.krosno.pl\/fundusze-zewnetrzne\/wp-content\/uploads\/sites\/14\/2023\/01\/Logo-PANS-2022-pelne.png","contentUrl":"https:\/\/pans.krosno.pl\/fundusze-zewnetrzne\/wp-content\/uploads\/sites\/14\/2023\/01\/Logo-PANS-2022-pelne.png","width":3096,"height":696,"caption":"Fundusze zewn\u0119trzne PANS w Kro\u015bnie"},"image":{"@id":"https:\/\/pans.krosno.pl\/fundusze-zewnetrzne\/#\/schema\/logo\/image\/"}}]}},"_links":{"self":[{"href":"https:\/\/pans.krosno.pl\/fundusze-zewnetrzne\/wp-json\/wp\/v2\/pages\/4348","targetHints":{"allow":["GET"]}}],"collection":[{"href":"https:\/\/pans.krosno.pl\/fundusze-zewnetrzne\/wp-json\/wp\/v2\/pages"}],"about":[{"href":"https:\/\/pans.krosno.pl\/fundusze-zewnetrzne\/wp-json\/wp\/v2\/types\/page"}],"author":[{"embeddable":true,"href":"https:\/\/pans.krosno.pl\/fundusze-zewnetrzne\/wp-json\/wp\/v2\/users\/53"}],"replies":[{"embeddable":true,"href":"https:\/\/pans.krosno.pl\/fundusze-zewnetrzne\/wp-json\/wp\/v2\/comments?post=4348"}],"version-history":[{"count":4,"href":"https:\/\/pans.krosno.pl\/fundusze-zewnetrzne\/wp-json\/wp\/v2\/pages\/4348\/revisions"}],"predecessor-version":[{"id":4402,"href":"https:\/\/pans.krosno.pl\/fundusze-zewnetrzne\/wp-json\/wp\/v2\/pages\/4348\/revisions\/4402"}],"up":[{"embeddable":true,"href":"https:\/\/pans.krosno.pl\/fundusze-zewnetrzne\/wp-json\/wp\/v2\/pages\/12"}],"wp:attachment":[{"href":"https:\/\/pans.krosno.pl\/fundusze-zewnetrzne\/wp-json\/wp\/v2\/media?parent=4348"}],"curies":[{"name":"wp","href":"https:\/\/api.w.org\/{rel}","templated":true}]}}