{"id":4208,"date":"2025-04-01T08:58:49","date_gmt":"2025-04-01T06:58:49","guid":{"rendered":"https:\/\/pans.krosno.pl\/fundusze-zewnetrzne\/?page_id=4208"},"modified":"2025-04-01T08:58:50","modified_gmt":"2025-04-01T06:58:50","slug":"opis-projektu","status":"publish","type":"page","link":"https:\/\/pans.krosno.pl\/fundusze-zewnetrzne\/projekty-realizowane\/rozwoj-krosnienskiego-klastra-energii-etap-i\/opis-projektu\/","title":{"rendered":"Opis projektu"},"content":{"rendered":"\n<figure class=\"wp-block-image size-full\"><img loading=\"lazy\" decoding=\"async\" width=\"1009\" height=\"124\" src=\"https:\/\/pans.krosno.pl\/fundusze-zewnetrzne\/wp-content\/uploads\/sites\/14\/2024\/09\/logo.jpg\" alt=\"\" class=\"wp-image-4086\" srcset=\"https:\/\/pans.krosno.pl\/fundusze-zewnetrzne\/wp-content\/uploads\/sites\/14\/2024\/09\/logo.jpg 1009w, https:\/\/pans.krosno.pl\/fundusze-zewnetrzne\/wp-content\/uploads\/sites\/14\/2024\/09\/logo-300x37.jpg 300w, https:\/\/pans.krosno.pl\/fundusze-zewnetrzne\/wp-content\/uploads\/sites\/14\/2024\/09\/logo-768x94.jpg 768w, https:\/\/pans.krosno.pl\/fundusze-zewnetrzne\/wp-content\/uploads\/sites\/14\/2024\/09\/logo-800x98.jpg 800w, https:\/\/pans.krosno.pl\/fundusze-zewnetrzne\/wp-content\/uploads\/sites\/14\/2024\/09\/logo-580x71.jpg 580w\" sizes=\"auto, (max-width: 1009px) 100vw, 1009px\" \/><\/figure>\n\n\n\n<hr class=\"wp-block-separator has-alpha-channel-opacity\" \/>\n\n\n\n<p class=\"has-text-align-center\"><strong>Przedsi\u0119wzi\u0119cie \u201eRozw\u00f3j Kro\u015bnie\u0144skiego Klastra Energii \u2013 etap I\u201d realizowane jest w ramach Inwestycji B.2.2.2\/G1.1.2 Krajowego Planu Odbudowy i Zwi\u0119kszania Odporno\u015bci (KPO):<br>Instalacje OZE realizowane przez spo\u0142eczno\u015bci energetyczne<br>Cz\u0119\u015b\u0107 A (wsparcie przedinwestycyjne).<\/strong><\/p>\n\n\n\n<p><strong>Cel przedsi\u0119wzi\u0119cia:<\/strong><\/p>\n\n\n\n<p>Celem przedsi\u0119wzi\u0119cia jest budowa nadrz\u0119dnego systemu zarz\u0105dzania energi\u0105 w Kro\u015bnie\u0144skim Klastrze Energii, kt\u00f3ry dodatkowo b\u0119dzie wsp\u00f3\u0142pracowa\u0142 z lokalnymi systemami zarzadzania energi\u0105 znajduj\u0105cymi si\u0119 w poszczeg\u00f3lnych obiektach Klastra. G\u0142\u00f3wnym dzia\u0142aniem przedsi\u0119wzi\u0119cia jest pozyskanie informacji pomiarowej z obiekt\u00f3w Klastra, wykonanie bilansu energii oraz uzyskanie narz\u0119dzi pozwalaj\u0105cych na popraw\u0119 efektywno\u015bci i elastyczno\u015bci energetycznej Klastra. R\u00f3wnorz\u0119dnym celem przedsi\u0119wzi\u0119cia jest wykonanie analiz i projekt\u00f3w dotycz\u0105cych rozwoju infrastruktury energetycznej w Klastrze oraz zwi\u0105zanych z wykorzystaniem zielonego wodoru i elektromobilno\u015bci\u0105.<\/p>\n\n\n\n<p>Informacja pomiarowa z obiekt\u00f3w Kro\u015bnie\u0144skiego Klastra Energii jest niezb\u0119dna do prawid\u0142owego wykonania bilansu energii w Klastrze. Pozyskana w ten spos\u00f3b wiedza b\u0119dzie kluczowa w podejmowaniu dalszych decyzji i dzia\u0142a\u0144, kt\u00f3rych celem ma by\u0107 optymalizacja produkcji i zu\u017cycia energii obni\u017cenie koszt\u00f3w funkcjonowania klastra, poprawa efektu ekologicznego. Wiedza nabyta w wyniku analiz i opracowa\u0144 zwi\u0105zanych z wodorem oraz elektromobilno\u015bci\u0105 pozwoli na lepsze wykorzystanie energii wytwarzanej we w\u0142asnym zakresie i w konsekwencji umo\u017cliwi dalszy rozw\u00f3j Klastra.<\/p>\n\n\n\n<p><strong>Zadania realizowane w ramach przedsi\u0119wzi\u0119cia:<\/strong><\/p>\n\n\n\n<ol class=\"wp-block-list\">\n<li>Budowa inteligentnego systemu centralnego umo\u017cliwiaj\u0105cego monitorowanie i zarz\u0105dzanie energi\u0105 w Kro\u015bnie\u0144skim Klastrze Energii [PP].<\/li>\n\n\n\n<li>Budowa systemu zarz\u0105dzania energi\u0105 i wizualizacji proces\u00f3w energetycznych w Oczyszczalni \u015aciek\u00f3w w Kro\u015bnie [PP].<\/li>\n\n\n\n<li>Budowa lokalnego systemu zarz\u0105dzania energi\u0105 w Regionalnym Centrum Odzysku Odpad\u00f3w w Kro\u015bnie [PP].<\/li>\n\n\n\n<li>Budowa systemu zarz\u0105dzania energi\u0105 w Budynku Administracyjnym MPGK Krosno [PP].<\/li>\n\n\n\n<li>Budowa systemu zarz\u0105dzania energi\u0105 w Regionalnym Centrum Kultur Pogranicza w Kro\u015bnie.<\/li>\n\n\n\n<li>Budowa systemu zarz\u0105dzania energi\u0105 w obiektach Pa\u0144stwowej Akademii Nauk Stosowanych przy ulicy Dmochowskiego w Kro\u015bnie.<\/li>\n\n\n\n<li>Budowa systemu zarz\u0105dzania energi\u0105 w budynku P\u0142ywalnia nr 2 przy ulicy Wojska Polskiego 45A w Kro\u015bnie.<\/li>\n\n\n\n<li>Budowa systemu zarz\u0105dzania energi\u0105 w obiektach MOSiR przy ulicy Bursaki w Kro\u015bnie.<\/li>\n\n\n\n<li>Budowa systemu zarz\u0105dzania energi\u0105 w Elektrociep\u0142owni Krosno przy ulicy Sikorskiego 19 [PP].<\/li>\n\n\n\n<li>Budowa systemu zarz\u0105dzania energi\u0105 w ZUW Szczepa\u0144cowa [PP].<\/li>\n\n\n\n<li>Budowa systemu zarz\u0105dzania energi\u0105 w ZUW Iskrzynia [PP].<\/li>\n\n\n\n<li>Analiza op\u0142acalno\u015bci budowy sieci elektroenergetycznej pomi\u0119dzy obiektami Kro\u015bnie\u0144skiego Klastra Energii [PP].<\/li>\n\n\n\n<li>Wykonanie projektu budowlanego sieci elektroenergetycznej pomi\u0119dzy wybranymi obiektami Kro\u015bnie\u0144skiego Klastra Energii [PP].<\/li>\n\n\n\n<li>Analiza mo\u017cliwo\u015bci wykorzystania produkcji wodoru jako elementu optymalizacji systemu energetycznego klastra [PP].<\/li>\n\n\n\n<li>Opracowanie koncepcji optymalizacji produkcji wodoru i energii elektryczne na cele transportu publicznego [PP].<\/li>\n\n\n\n<li>Wykonanie dokumentacji projektowej dla budowy turbiny wodnej na wylocie \u015bciek\u00f3w oczyszczonych w Oczyszczalni \u015aciek\u00f3w w Kro\u015bnie [PP].<\/li>\n<\/ol>\n\n\n\n<p><strong>Efekty przedsi\u0119wzi\u0119cia:<\/strong><\/p>\n\n\n\n<p>W wyniku realizacji przedsi\u0119wzi\u0119cia, odbiorcy wsparcia zostan\u0105 wyposa\u017ceni w narz\u0119dzia, pozwalaj\u0105ce im w efektywny spos\u00f3b zarz\u0105dza\u0107 energi\u0105 we w\u0142asnych obiektach. Procesy produkcji oraz wykorzystania energii wytwarzanej we w\u0142asnym zakresie zostan\u0105 zoptymalizowane, zwi\u0119kszy si\u0119 udzia\u0142 energii w\u0142asnej w og\u00f3lnym bilansie energii Klastra, obni\u017cone zostan\u0105 koszty funkcjonowania Klastra, w tym koszty zakupu energii elektrycznej z rynk\u00f3w zewn\u0119trznych. Cz\u0142onkowie Klastra pozyskaj\u0105 wiedz\u0119 oraz informacje o nowych technologiach, kt\u00f3re b\u0119dzie mo\u017cna wykorzysta\u0107 w procesach decyzyjnych zwi\u0105zanych z dalszym rozwojem Klastra.<\/p>\n\n\n\n<p><strong>Termin realizacji:<\/strong><\/p>\n\n\n\n<p>Przedsi\u0119wzi\u0119cie realizowane b\u0119dzie w okresie od 19.09.2023 r. do 30.06.2026 r.<\/p>\n\n\n\n<p><strong>Koszt przedsi\u0119wzi\u0119cia:<\/strong><\/p>\n\n\n\n<p>Planowany ca\u0142kowity koszt realizacji przedsi\u0119wzi\u0119cia \u2013 2 498 071,75 z\u0142<\/p>\n\n\n\n<p>Maksymalna kwota wydatk\u00f3w kwalifikowalnych \u2013 1 963 225,00 z\u0142, w&nbsp;tym:<\/p>\n\n\n\n<p>\u2013 maksymalna kwota wydatk\u00f3w kwalifikowalnych bezpo\u015brednich \u2013 1 945 725,00 z\u0142<\/p>\n\n\n\n<p>\u2013 maksymalna kwota wydatk\u00f3w kwalifikowalnych po\u015brednich \u2013 17 500,00 z\u0142<\/p>\n\n\n\n<p>\u2013 \u0141\u0105czna warto\u015b\u0107 wsparcia og\u00f3\u0142em z planu rozwojowego \u2013 1 369 721,25 z\u0142, w tym warto\u015b\u0107 koszt\u00f3w po\u015brednich wynosi 17 500,00 z\u0142.<\/p>\n\n\n\n<hr class=\"wp-block-separator has-alpha-channel-opacity\" \/>\n","protected":false},"excerpt":{"rendered":"<p>Przedsi\u0119wzi\u0119cie \u201eRozw\u00f3j Kro\u015bnie\u0144skiego Klastra Energii \u2013 etap I\u201d realizowane jest w ramach Inwestycji B.2.2.2\/G1.1.2 Krajowego Planu Odbudowy i Zwi\u0119kszania Odporno\u015bci (KPO):Instalacje OZE realizowane przez spo\u0142eczno\u015bci energetyczneCz\u0119\u015b\u0107 A (wsparcie przedinwestycyjne). Cel przedsi\u0119wzi\u0119cia: Celem przedsi\u0119wzi\u0119cia jest budowa nadrz\u0119dnego systemu zarz\u0105dzania energi\u0105 w Kro\u015bnie\u0144skim Klastrze Energii, kt\u00f3ry dodatkowo b\u0119dzie wsp\u00f3\u0142pracowa\u0142 z lokalnymi systemami [\u2026] <\/p>\n<div class=\"clear\"><\/div>\n<p><a class=\"more_link clearfix\" href=\"https:\/\/pans.krosno.pl\/fundusze-zewnetrzne\/projekty-realizowane\/rozwoj-krosnienskiego-klastra-energii-etap-i\/opis-projektu\/\" rel=\"nofollow\">Read More<\/a><\/p>\n","protected":false},"author":53,"featured_media":0,"parent":4204,"menu_order":0,"comment_status":"closed","ping_status":"closed","template":"","meta":{"ngg_post_thumbnail":0,"footnotes":""},"class_list":["post-4208","page","type-page","status-publish","hentry"],"yoast_head":"<!-- This site is optimized with the Yoast SEO Premium plugin v27.3 (Yoast SEO v27.3) - https:\/\/yoast.com\/product\/yoast-seo-premium-wordpress\/ -->\n<title>Opis projektu - Fundusze zewn\u0119trzne PANS w Kro\u015bnie<\/title>\n<meta name=\"robots\" content=\"index, follow, max-snippet:-1, max-image-preview:large, max-video-preview:-1\" \/>\n<link rel=\"canonical\" href=\"https:\/\/pans.krosno.pl\/fundusze-zewnetrzne\/projekty-realizowane\/rozwoj-krosnienskiego-klastra-energii-etap-i\/opis-projektu\/\" \/>\n<meta property=\"og:locale\" content=\"pl_PL\" \/>\n<meta property=\"og:type\" content=\"article\" \/>\n<meta property=\"og:title\" content=\"Opis projektu\" \/>\n<meta property=\"og:description\" content=\"Przedsi\u0119wzi\u0119cie \u201eRozw\u00f3j Kro\u015bnie\u0144skiego Klastra Energii \u2013 etap I\u201d realizowane jest w ramach Inwestycji B.2.2.2\/G1.1.2 Krajowego Planu Odbudowy i Zwi\u0119kszania Odporno\u015bci (KPO):Instalacje OZE realizowane przez spo\u0142eczno\u015bci energetyczneCz\u0119\u015b\u0107 A (wsparcie przedinwestycyjne). Cel przedsi\u0119wzi\u0119cia: Celem przedsi\u0119wzi\u0119cia jest budowa nadrz\u0119dnego systemu zarz\u0105dzania energi\u0105 w Kro\u015bnie\u0144skim Klastrze Energii, kt\u00f3ry dodatkowo b\u0119dzie wsp\u00f3\u0142pracowa\u0142 z lokalnymi systemami [\u2026] Read More\" \/>\n<meta property=\"og:url\" content=\"https:\/\/pans.krosno.pl\/fundusze-zewnetrzne\/projekty-realizowane\/rozwoj-krosnienskiego-klastra-energii-etap-i\/opis-projektu\/\" \/>\n<meta property=\"og:site_name\" content=\"Fundusze zewn\u0119trzne PANS w Kro\u015bnie\" \/>\n<meta property=\"article:modified_time\" content=\"2025-04-01T06:58:50+00:00\" \/>\n<meta property=\"og:image\" content=\"https:\/\/pans.krosno.pl\/fundusze-zewnetrzne\/wp-content\/uploads\/sites\/14\/2024\/09\/logo.jpg\" \/>\n\t<meta property=\"og:image:width\" content=\"1009\" \/>\n\t<meta property=\"og:image:height\" content=\"124\" \/>\n\t<meta property=\"og:image:type\" content=\"image\/jpeg\" \/>\n<meta name=\"twitter:card\" content=\"summary_large_image\" \/>\n<meta name=\"twitter:label1\" content=\"Szacowany czas czytania\" \/>\n\t<meta name=\"twitter:data1\" content=\"4 minuty\" \/>\n<script type=\"application\/ld+json\" class=\"yoast-schema-graph\">{\"@context\":\"https:\\\/\\\/schema.org\",\"@graph\":[{\"@type\":\"WebPage\",\"@id\":\"https:\\\/\\\/pans.krosno.pl\\\/fundusze-zewnetrzne\\\/projekty-realizowane\\\/rozwoj-krosnienskiego-klastra-energii-etap-i\\\/opis-projektu\\\/\",\"url\":\"https:\\\/\\\/pans.krosno.pl\\\/fundusze-zewnetrzne\\\/projekty-realizowane\\\/rozwoj-krosnienskiego-klastra-energii-etap-i\\\/opis-projektu\\\/\",\"name\":\"Opis projektu - Fundusze zewn\u0119trzne PANS w Kro\u015bnie\",\"isPartOf\":{\"@id\":\"https:\\\/\\\/pans.krosno.pl\\\/fundusze-zewnetrzne\\\/#website\"},\"primaryImageOfPage\":{\"@id\":\"https:\\\/\\\/pans.krosno.pl\\\/fundusze-zewnetrzne\\\/projekty-realizowane\\\/rozwoj-krosnienskiego-klastra-energii-etap-i\\\/opis-projektu\\\/#primaryimage\"},\"image\":{\"@id\":\"https:\\\/\\\/pans.krosno.pl\\\/fundusze-zewnetrzne\\\/projekty-realizowane\\\/rozwoj-krosnienskiego-klastra-energii-etap-i\\\/opis-projektu\\\/#primaryimage\"},\"thumbnailUrl\":\"https:\\\/\\\/pans.krosno.pl\\\/fundusze-zewnetrzne\\\/wp-content\\\/uploads\\\/sites\\\/14\\\/2024\\\/09\\\/logo.jpg\",\"datePublished\":\"2025-04-01T06:58:49+00:00\",\"dateModified\":\"2025-04-01T06:58:50+00:00\",\"breadcrumb\":{\"@id\":\"https:\\\/\\\/pans.krosno.pl\\\/fundusze-zewnetrzne\\\/projekty-realizowane\\\/rozwoj-krosnienskiego-klastra-energii-etap-i\\\/opis-projektu\\\/#breadcrumb\"},\"inLanguage\":\"pl-PL\",\"potentialAction\":[{\"@type\":\"ReadAction\",\"target\":[\"https:\\\/\\\/pans.krosno.pl\\\/fundusze-zewnetrzne\\\/projekty-realizowane\\\/rozwoj-krosnienskiego-klastra-energii-etap-i\\\/opis-projektu\\\/\"]}]},{\"@type\":\"ImageObject\",\"inLanguage\":\"pl-PL\",\"@id\":\"https:\\\/\\\/pans.krosno.pl\\\/fundusze-zewnetrzne\\\/projekty-realizowane\\\/rozwoj-krosnienskiego-klastra-energii-etap-i\\\/opis-projektu\\\/#primaryimage\",\"url\":\"https:\\\/\\\/pans.krosno.pl\\\/fundusze-zewnetrzne\\\/wp-content\\\/uploads\\\/sites\\\/14\\\/2024\\\/09\\\/logo.jpg\",\"contentUrl\":\"https:\\\/\\\/pans.krosno.pl\\\/fundusze-zewnetrzne\\\/wp-content\\\/uploads\\\/sites\\\/14\\\/2024\\\/09\\\/logo.jpg\",\"width\":1009,\"height\":124},{\"@type\":\"BreadcrumbList\",\"@id\":\"https:\\\/\\\/pans.krosno.pl\\\/fundusze-zewnetrzne\\\/projekty-realizowane\\\/rozwoj-krosnienskiego-klastra-energii-etap-i\\\/opis-projektu\\\/#breadcrumb\",\"itemListElement\":[{\"@type\":\"ListItem\",\"position\":1,\"name\":\"Strona g\u0142\u00f3wna\",\"item\":\"https:\\\/\\\/pans.krosno.pl\\\/fundusze-zewnetrzne\\\/\"},{\"@type\":\"ListItem\",\"position\":2,\"name\":\"Projekty realizowane\",\"item\":\"https:\\\/\\\/pans.krosno.pl\\\/fundusze-zewnetrzne\\\/projekty-realizowane\\\/\"},{\"@type\":\"ListItem\",\"position\":3,\"name\":\"Rozw\u00f3j Kro\u015bnie\u0144skiego Klastra Energii \u2013 etap I\",\"item\":\"https:\\\/\\\/pans.krosno.pl\\\/fundusze-zewnetrzne\\\/projekty-realizowane\\\/rozwoj-krosnienskiego-klastra-energii-etap-i\\\/\"},{\"@type\":\"ListItem\",\"position\":4,\"name\":\"Opis projektu\"}]},{\"@type\":\"WebSite\",\"@id\":\"https:\\\/\\\/pans.krosno.pl\\\/fundusze-zewnetrzne\\\/#website\",\"url\":\"https:\\\/\\\/pans.krosno.pl\\\/fundusze-zewnetrzne\\\/\",\"name\":\"Fundusze zewn\u0119trzne PANS w Kro\u015bnie\",\"description\":\"Fundusze zewn\u0119trzne  - Pa\u0144stwowa Akademia Nauk Stosowanych\",\"publisher\":{\"@id\":\"https:\\\/\\\/pans.krosno.pl\\\/fundusze-zewnetrzne\\\/#organization\"},\"potentialAction\":[{\"@type\":\"SearchAction\",\"target\":{\"@type\":\"EntryPoint\",\"urlTemplate\":\"https:\\\/\\\/pans.krosno.pl\\\/fundusze-zewnetrzne\\\/?s={search_term_string}\"},\"query-input\":{\"@type\":\"PropertyValueSpecification\",\"valueRequired\":true,\"valueName\":\"search_term_string\"}}],\"inLanguage\":\"pl-PL\"},{\"@type\":\"Organization\",\"@id\":\"https:\\\/\\\/pans.krosno.pl\\\/fundusze-zewnetrzne\\\/#organization\",\"name\":\"Fundusze zewn\u0119trzne PANS w Kro\u015bnie\",\"url\":\"https:\\\/\\\/pans.krosno.pl\\\/fundusze-zewnetrzne\\\/\",\"logo\":{\"@type\":\"ImageObject\",\"inLanguage\":\"pl-PL\",\"@id\":\"https:\\\/\\\/pans.krosno.pl\\\/fundusze-zewnetrzne\\\/#\\\/schema\\\/logo\\\/image\\\/\",\"url\":\"https:\\\/\\\/pans.krosno.pl\\\/fundusze-zewnetrzne\\\/wp-content\\\/uploads\\\/sites\\\/14\\\/2023\\\/01\\\/Logo-PANS-2022-pelne.png\",\"contentUrl\":\"https:\\\/\\\/pans.krosno.pl\\\/fundusze-zewnetrzne\\\/wp-content\\\/uploads\\\/sites\\\/14\\\/2023\\\/01\\\/Logo-PANS-2022-pelne.png\",\"width\":3096,\"height\":696,\"caption\":\"Fundusze zewn\u0119trzne PANS w Kro\u015bnie\"},\"image\":{\"@id\":\"https:\\\/\\\/pans.krosno.pl\\\/fundusze-zewnetrzne\\\/#\\\/schema\\\/logo\\\/image\\\/\"}}]}<\/script>\n<!-- \/ Yoast SEO Premium plugin. -->","yoast_head_json":{"title":"Opis projektu - Fundusze zewn\u0119trzne PANS w Kro\u015bnie","robots":{"index":"index","follow":"follow","max-snippet":"max-snippet:-1","max-image-preview":"max-image-preview:large","max-video-preview":"max-video-preview:-1"},"canonical":"https:\/\/pans.krosno.pl\/fundusze-zewnetrzne\/projekty-realizowane\/rozwoj-krosnienskiego-klastra-energii-etap-i\/opis-projektu\/","og_locale":"pl_PL","og_type":"article","og_title":"Opis projektu","og_description":"Przedsi\u0119wzi\u0119cie \u201eRozw\u00f3j Kro\u015bnie\u0144skiego Klastra Energii \u2013 etap I\u201d realizowane jest w ramach Inwestycji B.2.2.2\/G1.1.2 Krajowego Planu Odbudowy i Zwi\u0119kszania Odporno\u015bci (KPO):Instalacje OZE realizowane przez spo\u0142eczno\u015bci energetyczneCz\u0119\u015b\u0107 A (wsparcie przedinwestycyjne). Cel przedsi\u0119wzi\u0119cia: Celem przedsi\u0119wzi\u0119cia jest budowa nadrz\u0119dnego systemu zarz\u0105dzania energi\u0105 w Kro\u015bnie\u0144skim Klastrze Energii, kt\u00f3ry dodatkowo b\u0119dzie wsp\u00f3\u0142pracowa\u0142 z lokalnymi systemami [\u2026] Read More","og_url":"https:\/\/pans.krosno.pl\/fundusze-zewnetrzne\/projekty-realizowane\/rozwoj-krosnienskiego-klastra-energii-etap-i\/opis-projektu\/","og_site_name":"Fundusze zewn\u0119trzne PANS w Kro\u015bnie","article_modified_time":"2025-04-01T06:58:50+00:00","og_image":[{"width":1009,"height":124,"url":"https:\/\/pans.krosno.pl\/fundusze-zewnetrzne\/wp-content\/uploads\/sites\/14\/2024\/09\/logo.jpg","type":"image\/jpeg"}],"twitter_card":"summary_large_image","twitter_misc":{"Szacowany czas czytania":"4 minuty"},"schema":{"@context":"https:\/\/schema.org","@graph":[{"@type":"WebPage","@id":"https:\/\/pans.krosno.pl\/fundusze-zewnetrzne\/projekty-realizowane\/rozwoj-krosnienskiego-klastra-energii-etap-i\/opis-projektu\/","url":"https:\/\/pans.krosno.pl\/fundusze-zewnetrzne\/projekty-realizowane\/rozwoj-krosnienskiego-klastra-energii-etap-i\/opis-projektu\/","name":"Opis projektu - Fundusze zewn\u0119trzne PANS w Kro\u015bnie","isPartOf":{"@id":"https:\/\/pans.krosno.pl\/fundusze-zewnetrzne\/#website"},"primaryImageOfPage":{"@id":"https:\/\/pans.krosno.pl\/fundusze-zewnetrzne\/projekty-realizowane\/rozwoj-krosnienskiego-klastra-energii-etap-i\/opis-projektu\/#primaryimage"},"image":{"@id":"https:\/\/pans.krosno.pl\/fundusze-zewnetrzne\/projekty-realizowane\/rozwoj-krosnienskiego-klastra-energii-etap-i\/opis-projektu\/#primaryimage"},"thumbnailUrl":"https:\/\/pans.krosno.pl\/fundusze-zewnetrzne\/wp-content\/uploads\/sites\/14\/2024\/09\/logo.jpg","datePublished":"2025-04-01T06:58:49+00:00","dateModified":"2025-04-01T06:58:50+00:00","breadcrumb":{"@id":"https:\/\/pans.krosno.pl\/fundusze-zewnetrzne\/projekty-realizowane\/rozwoj-krosnienskiego-klastra-energii-etap-i\/opis-projektu\/#breadcrumb"},"inLanguage":"pl-PL","potentialAction":[{"@type":"ReadAction","target":["https:\/\/pans.krosno.pl\/fundusze-zewnetrzne\/projekty-realizowane\/rozwoj-krosnienskiego-klastra-energii-etap-i\/opis-projektu\/"]}]},{"@type":"ImageObject","inLanguage":"pl-PL","@id":"https:\/\/pans.krosno.pl\/fundusze-zewnetrzne\/projekty-realizowane\/rozwoj-krosnienskiego-klastra-energii-etap-i\/opis-projektu\/#primaryimage","url":"https:\/\/pans.krosno.pl\/fundusze-zewnetrzne\/wp-content\/uploads\/sites\/14\/2024\/09\/logo.jpg","contentUrl":"https:\/\/pans.krosno.pl\/fundusze-zewnetrzne\/wp-content\/uploads\/sites\/14\/2024\/09\/logo.jpg","width":1009,"height":124},{"@type":"BreadcrumbList","@id":"https:\/\/pans.krosno.pl\/fundusze-zewnetrzne\/projekty-realizowane\/rozwoj-krosnienskiego-klastra-energii-etap-i\/opis-projektu\/#breadcrumb","itemListElement":[{"@type":"ListItem","position":1,"name":"Strona g\u0142\u00f3wna","item":"https:\/\/pans.krosno.pl\/fundusze-zewnetrzne\/"},{"@type":"ListItem","position":2,"name":"Projekty realizowane","item":"https:\/\/pans.krosno.pl\/fundusze-zewnetrzne\/projekty-realizowane\/"},{"@type":"ListItem","position":3,"name":"Rozw\u00f3j Kro\u015bnie\u0144skiego Klastra Energii \u2013 etap I","item":"https:\/\/pans.krosno.pl\/fundusze-zewnetrzne\/projekty-realizowane\/rozwoj-krosnienskiego-klastra-energii-etap-i\/"},{"@type":"ListItem","position":4,"name":"Opis projektu"}]},{"@type":"WebSite","@id":"https:\/\/pans.krosno.pl\/fundusze-zewnetrzne\/#website","url":"https:\/\/pans.krosno.pl\/fundusze-zewnetrzne\/","name":"Fundusze zewn\u0119trzne PANS w Kro\u015bnie","description":"Fundusze zewn\u0119trzne  - Pa\u0144stwowa Akademia Nauk Stosowanych","publisher":{"@id":"https:\/\/pans.krosno.pl\/fundusze-zewnetrzne\/#organization"},"potentialAction":[{"@type":"SearchAction","target":{"@type":"EntryPoint","urlTemplate":"https:\/\/pans.krosno.pl\/fundusze-zewnetrzne\/?s={search_term_string}"},"query-input":{"@type":"PropertyValueSpecification","valueRequired":true,"valueName":"search_term_string"}}],"inLanguage":"pl-PL"},{"@type":"Organization","@id":"https:\/\/pans.krosno.pl\/fundusze-zewnetrzne\/#organization","name":"Fundusze zewn\u0119trzne PANS w Kro\u015bnie","url":"https:\/\/pans.krosno.pl\/fundusze-zewnetrzne\/","logo":{"@type":"ImageObject","inLanguage":"pl-PL","@id":"https:\/\/pans.krosno.pl\/fundusze-zewnetrzne\/#\/schema\/logo\/image\/","url":"https:\/\/pans.krosno.pl\/fundusze-zewnetrzne\/wp-content\/uploads\/sites\/14\/2023\/01\/Logo-PANS-2022-pelne.png","contentUrl":"https:\/\/pans.krosno.pl\/fundusze-zewnetrzne\/wp-content\/uploads\/sites\/14\/2023\/01\/Logo-PANS-2022-pelne.png","width":3096,"height":696,"caption":"Fundusze zewn\u0119trzne PANS w Kro\u015bnie"},"image":{"@id":"https:\/\/pans.krosno.pl\/fundusze-zewnetrzne\/#\/schema\/logo\/image\/"}}]}},"_links":{"self":[{"href":"https:\/\/pans.krosno.pl\/fundusze-zewnetrzne\/wp-json\/wp\/v2\/pages\/4208","targetHints":{"allow":["GET"]}}],"collection":[{"href":"https:\/\/pans.krosno.pl\/fundusze-zewnetrzne\/wp-json\/wp\/v2\/pages"}],"about":[{"href":"https:\/\/pans.krosno.pl\/fundusze-zewnetrzne\/wp-json\/wp\/v2\/types\/page"}],"author":[{"embeddable":true,"href":"https:\/\/pans.krosno.pl\/fundusze-zewnetrzne\/wp-json\/wp\/v2\/users\/53"}],"replies":[{"embeddable":true,"href":"https:\/\/pans.krosno.pl\/fundusze-zewnetrzne\/wp-json\/wp\/v2\/comments?post=4208"}],"version-history":[{"count":1,"href":"https:\/\/pans.krosno.pl\/fundusze-zewnetrzne\/wp-json\/wp\/v2\/pages\/4208\/revisions"}],"predecessor-version":[{"id":4209,"href":"https:\/\/pans.krosno.pl\/fundusze-zewnetrzne\/wp-json\/wp\/v2\/pages\/4208\/revisions\/4209"}],"up":[{"embeddable":true,"href":"https:\/\/pans.krosno.pl\/fundusze-zewnetrzne\/wp-json\/wp\/v2\/pages\/4204"}],"wp:attachment":[{"href":"https:\/\/pans.krosno.pl\/fundusze-zewnetrzne\/wp-json\/wp\/v2\/media?parent=4208"}],"curies":[{"name":"wp","href":"https:\/\/api.w.org\/{rel}","templated":true}]}}