{"id":4099,"date":"2024-10-07T10:48:55","date_gmt":"2024-10-07T08:48:55","guid":{"rendered":"https:\/\/pans.krosno.pl\/fundusze-zewnetrzne\/?page_id=4099"},"modified":"2024-10-07T10:48:56","modified_gmt":"2024-10-07T08:48:56","slug":"dobre-praktyki","status":"publish","type":"page","link":"https:\/\/pans.krosno.pl\/fundusze-zewnetrzne\/miejsca-i-nie-miejsca-edukacji\/dobre-praktyki\/","title":{"rendered":"Dobre praktyki"},"content":{"rendered":"\n<p><strong>Kanon dobrych praktyk, wynikaj\u0105cych z prowadzonych bada\u0144<\/strong>:<\/p>\n\n\n\n<ol class=\"wp-block-list\">\n<li>Szko\u0142a jako miejsce to przestrze\u0144 zorganizowana wok\u00f3\u0142 modeli edukacyjnych o charakterze nie dyrektywnym, ale dyskursywnym, problemowym i prospektywnym rozumieniem w\u0142asnego osobowego \u015bwiata i otaczaj\u0105cej rzeczywisto\u015bci.<\/li>\n\n\n\n<li>Szko\u0142a jako miejsce jest przestrzeni\u0105 \u201erozwoju osobowo\u015bci\u201d wychowanka, umiej\u0105cego kierowa\u0107 w\u0142asnym rozwojem i przygotowanego do oceny istniej\u0105cej rzeczywisto\u015bci i tw\u00f3rczego jej przekszta\u0142cania, zgodnie z potrzebami i oczekiwaniami ludzi a tak\u017ce do wykorzystania tych mo\u017cliwo\u015bci jakie niesie szybki post\u0119p naukowo &#8211; techniczny<\/li>\n\n\n\n<li>Szko\u0142a jako miejsce jest zakotwiczona g\u0142\u0119boko w spo\u0142ecze\u0144stwie i szeroko w historycznym do\u015bwiadczeniu, w atmosferze i postaci ucz\u0142owieczonej wiedzy i kompetencji w duchu humanistycznej i pragmatycznej praktyce edukacyjnej.<\/li>\n\n\n\n<li>Proces edukacji wymaga relacji osobowej jako podstawowego \u201emiejsca\u201d wychowania. Spotkania os\u00f3b pozwala na budowanie wspieraj\u0105cej relacji wychowawczej zar\u00f3wno w rodzinie, szkole, jak i instytucji kultury. Tworzenie relacji pomi\u0119dzy uczestnikami spotkania w ka\u017cdym wieku, z uwzgl\u0119dnieniem ich zmieniaj\u0105cych si\u0119 potrzeb i poziomu funkcjonalno\u015bci, sprzyja dzia\u0142aniom na rzecz w\u0142\u0105czenia spo\u0142ecznego oraz przyczynia si\u0119 do budowania to\u017csamo\u015bci, poznawania dziedzictwa regionu i zafascynowania si\u0119 nim.<\/li>\n\n\n\n<li>Edukacja jest relacj\u0105 w miejscu.Umo\u017cliwia przechodzenie od kultury b\u0142\u0119du do kultury wspierania rozwoju w szkole, w kt\u00f3rej kluczowa rol\u0119 pe\u0142ni nauczyciel. Wa\u017cn\u0105 kwesti\u0105 dla jako\u015bci miejsca jest znajomo\u015b\u0107 oczekiwa\u0144 uczestnik\u00f3w procesu edukacji oraz w\u0142asnych obowi\u0105zk\u00f3w.\u00a0<\/li>\n\n\n\n<li>Odbieranie szko\u0142y jako miejsca wymaga dzieci\u0119cego zaanga\u017cowania w przestrzeni szkolnej, zw\u0142aszcza w kontek\u015bcie uczni\u00f3w w m\u0142odszym wieku szkolnym. Odpowiednio zaprojektowane przestrzenie szkolne integruj\u0105 natur\u0119, interdyscyplinarno\u015b\u0107, relacyjno\u015b\u0107 i porozumienie bez przemocy. Przenosz\u0105c zaj\u0119cia do naturalnych \u015brodowisk, takich jak lasy czy jutowe namioty, ograniczaj\u0105c nat\u0119\u017cenie ha\u0142asu stymulujemy kreatywno\u015b\u0107 i rozw\u00f3j zmys\u0142\u00f3w uczni\u00f3w. Interdyscyplinarno\u015b\u0107 przedmiot\u00f3w umo\u017cliwia zrozumienie zwi\u0105zk\u00f3w mi\u0119dzy r\u00f3\u017cnymi dziedzinami i promuje holistyczne podej\u015bcie do edukacji.<\/li>\n\n\n\n<li>Projektowanie przestrzeni sprzyjaj\u0105cych interakcji i wsp\u00f3\u0142pracy wzmacnia relacje mi\u0119dzy uczniami i nauczycielami, co skutkuje wzajemnym wsparciem w procesie uczenia si\u0119. Warunki edukacyjne zar\u00f3wno w miejscach, jak i nie-miejscach edukacji, oddzia\u0142ywaj\u0105 na proces odr\u00f3\u017cniania poj\u0119\u0107 u dzieci wczesnoszkolnych.<\/li>\n\n\n\n<li>\u015arodowisko r\u00f3wie\u015bnicze &#8211; jest jednym ze znacz\u0105cych miejsc, w kt\u00f3rych przebiega proces socjalizacji. To w\u0142a\u015bnie po\u015br\u00f3d swoich r\u00f3wie\u015bnik\u00f3w dziecko \u0107wiczy nabyte umiej\u0119tno\u015bci interpersonalne, jak: rozmowa, dyskusja, rozwi\u0105zywanie konflikt\u00f3w, kreowanie swoich zainteresowa\u0144, podejmowanie konstruktywnego wsp\u00f3\u0142zawodnictwa, nawi\u0105zywanie i podtrzymywanie wi\u0119zi z innymi lud\u017ami, zaspokajanie potrzeby akceptacji i uznania, czy te\u017c mi\u0142e sp\u0119dzanie swojego czasu wolnego poza rodzin\u0105. Znacz\u0105ce oddzia\u0142ywanie spo\u0142eczne i integracyjne, a tak\u017ce zdrowotne i wychowawcze dla relacji r\u00f3wie\u015bniczych ma sport.<\/li>\n\n\n\n<li>Rodzice odgrywaj\u0105 istotn\u0105 rol\u0119 w procesie edukacji w\u0142asnych dzieci. Kategoria miejsca rodzic\u00f3w w edukacji szkolnej dziecka \u0142\u0105czy lokalizacj\u0119, wyposa\u017cenie i poczucie miejsca (uczucia i emocje oraz ich reprezentacje) z wzajemnymi relacjami spo\u0142ecznymi budowanymi na terenie plac\u00f3wki w okre\u015blonym czasie. Rodzice do\u015bwiadczaj\u0105<a> <\/a>miejsc oswojonych &#8211; relacyjnych, zaj\u0119tych, pozytywnych emocji i uczu\u0107 oraz miejsc nie-oswojonych zaliczono: u\u017cytkowanych, pustych, negatywnych emocji i afekt\u00f3w. Rodzicielskie przywi\u0105zania do miejsca jakim jest szko\u0142a cz\u0119sto przybiera posta\u0107 narratora, obserwatora, bywalca, w\u0142a\u015bciciela i kreatora. Funkcjonowanie rodzic\u00f3w jako w\u0142a\u015bcicieli i kreator\u00f3w w \u015brodowisku szkolnym podnosi jako\u015b\u0107 edukacji.<\/li>\n\n\n\n<li>Wspieraj\u0105ce relacje rodzic\u00f3w z dorastaj\u0105c\u0105 m\u0142odzie\u017c\u0105 zmniejszaj\u0105 ryzyko podejmowania zachowa\u0144 szkodliwych dla zdrowia. Poczucie dorastaj\u0105cej m\u0142odzie\u017cy, bycia wspieranym przez rodzic\u00f3w przyczynia si\u0119 do podejmowania zachowa\u0144 prozdrowotnych.<\/li>\n\n\n\n<li>\u0141atwo\u015b\u0107 komunikacji dorastaj\u0105cej m\u0142odzie\u017cy z rodzicami, rodze\u0144stwem, jest pozytywnym wska\u017anikiem relacji w rodzinie a\u00a0 jednocze\u015bnie czynnikiem chroni\u0105cym m\u0142odzie\u017c przed podejmowaniem zachowa\u0144 szkodliwych dla jej zdrowia.<\/li>\n\n\n\n<li>Istotnym elementem edukacji jest wspieranie jednostek i grup w procesie uodporniania na zagro\u017cenia p\u0142yn\u0105ce z deprawacji wobec os\u00f3b ucz\u0105cych si\u0119.<\/li>\n\n\n\n<li>Miejscem spotkania nauczycieli i uczni\u00f3w w przestrzeni szkolnej w sytuacji konflikt\u00f3w jest mediacja szkolna i r\u00f3wie\u015bnicza, odwo\u0142uj\u0105ca si\u0119 do .poszanowania praw cz\u0142owieka, tolerancji, odpowiedzialno\u015bci, d\u0105\u017cenia do sprawiedliwo\u015bci.<\/li>\n\n\n\n<li>Miejsca edukacji to tak\u017ce podmioty \u015brodowiskowe, w tym Towarzystwo Przyjaci\u00f3\u0142 Dzieci, Uniwersytet Trzeciego Wieku, Poradnia Pedagogiczno-Psychologiczna. Szeroko-zakresowa i wieloaspektowa dzia\u0142alno\u015b\u0107 wymienionych podmiot\u00f3w w obszarach opieki i edukacji, rozwijania pasji i integracji \u015brodowiskowej umo\u017cliwia zakorzenienie w miejscu.<\/li>\n\n\n\n<li>Technologie cyfrowe i sztuczna inteligencja jako swoiste przestrzenie mog\u0105 przyczyni\u0107 si\u0119 do budowania atrakcyjnych sposob\u00f3w uczenia si\u0119. Potencja\u0142 AI tkwi w przekszta\u0142caniu tradycyjnych modeli nauczania w samodzielne, spersonalizowane do\u015bwiadczenia, promuj\u0105c inkluzywno\u015b\u0107 i dost\u0119pno\u015b\u0107, szczeg\u00f3lnie dla uczni\u00f3w z niepe\u0142nosprawno\u015bciami.<\/li>\n\n\n\n<li>Istotn\u0105 rol\u0119 w poznawaniu miejsc i nie-miejsc edukacji odgrywa literatura dzieci\u0119ca. W ostatnich latach w polskiej literaturze dla dzieci pojawi\u0142y si\u0119 utwory, w kt\u00f3rych \u015brodowiska rodzinne lub szkolne bywaj\u0105 przedstawione jako nie-miejsca, przyjmuj\u0105 aspekt binarny (dychotomiczny). Do tej grupy nale\u017c\u0105, powie\u015bci Ma\u0142gorzaty Str\u0119kowskiej-Zaremby: <em>Dom nie z tej ziemi<\/em>, <em>Z\u0142odzieje sn\u00f3w<\/em>, <em>Lilana<\/em>. We wszystkich tych utworach dziecko nara\u017cone jest na kontakty z doros\u0142ymi, kt\u00f3rzy tworz\u0105 nie-miejsca w rozumieniu nadanym im przez pedagog\u00f3w. Zwykle pisarka ukazuje rodzic\u00f3w, kt\u00f3rzy nie radz\u0105 sobie ze swoj\u0105 rol\u0105.<\/li>\n<\/ol>\n","protected":false},"excerpt":{"rendered":"<p>Kanon dobrych praktyk, wynikaj\u0105cych z prowadzonych bada\u0144:<\/p>\n","protected":false},"author":53,"featured_media":0,"parent":3748,"menu_order":0,"comment_status":"closed","ping_status":"closed","template":"","meta":{"ngg_post_thumbnail":0,"footnotes":""},"class_list":["post-4099","page","type-page","status-publish","hentry"],"yoast_head":"<!-- This site is optimized with the Yoast SEO Premium plugin v27.4 (Yoast SEO v27.4) - https:\/\/yoast.com\/product\/yoast-seo-premium-wordpress\/ -->\n<title>Dobre praktyki - Fundusze zewn\u0119trzne PANS w Kro\u015bnie<\/title>\n<meta name=\"robots\" content=\"index, follow, max-snippet:-1, max-image-preview:large, max-video-preview:-1\" \/>\n<link rel=\"canonical\" href=\"https:\/\/pans.krosno.pl\/fundusze-zewnetrzne\/miejsca-i-nie-miejsca-edukacji\/dobre-praktyki\/\" \/>\n<meta property=\"og:locale\" content=\"pl_PL\" \/>\n<meta property=\"og:type\" content=\"article\" \/>\n<meta property=\"og:title\" content=\"Dobre praktyki\" \/>\n<meta property=\"og:description\" content=\"Kanon dobrych praktyk, wynikaj\u0105cych z prowadzonych bada\u0144:\" \/>\n<meta property=\"og:url\" content=\"https:\/\/pans.krosno.pl\/fundusze-zewnetrzne\/miejsca-i-nie-miejsca-edukacji\/dobre-praktyki\/\" \/>\n<meta property=\"og:site_name\" content=\"Fundusze zewn\u0119trzne PANS w Kro\u015bnie\" \/>\n<meta property=\"article:modified_time\" content=\"2024-10-07T08:48:56+00:00\" \/>\n<meta name=\"twitter:card\" content=\"summary_large_image\" \/>\n<meta name=\"twitter:label1\" content=\"Szacowany czas czytania\" \/>\n\t<meta name=\"twitter:data1\" content=\"5 minut\" \/>\n<script type=\"application\/ld+json\" class=\"yoast-schema-graph\">{\"@context\":\"https:\\\/\\\/schema.org\",\"@graph\":[{\"@type\":\"WebPage\",\"@id\":\"https:\\\/\\\/pans.krosno.pl\\\/fundusze-zewnetrzne\\\/miejsca-i-nie-miejsca-edukacji\\\/dobre-praktyki\\\/\",\"url\":\"https:\\\/\\\/pans.krosno.pl\\\/fundusze-zewnetrzne\\\/miejsca-i-nie-miejsca-edukacji\\\/dobre-praktyki\\\/\",\"name\":\"Dobre praktyki - Fundusze zewn\u0119trzne PANS w Kro\u015bnie\",\"isPartOf\":{\"@id\":\"https:\\\/\\\/pans.krosno.pl\\\/fundusze-zewnetrzne\\\/#website\"},\"datePublished\":\"2024-10-07T08:48:55+00:00\",\"dateModified\":\"2024-10-07T08:48:56+00:00\",\"breadcrumb\":{\"@id\":\"https:\\\/\\\/pans.krosno.pl\\\/fundusze-zewnetrzne\\\/miejsca-i-nie-miejsca-edukacji\\\/dobre-praktyki\\\/#breadcrumb\"},\"inLanguage\":\"pl-PL\",\"potentialAction\":[{\"@type\":\"ReadAction\",\"target\":[\"https:\\\/\\\/pans.krosno.pl\\\/fundusze-zewnetrzne\\\/miejsca-i-nie-miejsca-edukacji\\\/dobre-praktyki\\\/\"]}]},{\"@type\":\"BreadcrumbList\",\"@id\":\"https:\\\/\\\/pans.krosno.pl\\\/fundusze-zewnetrzne\\\/miejsca-i-nie-miejsca-edukacji\\\/dobre-praktyki\\\/#breadcrumb\",\"itemListElement\":[{\"@type\":\"ListItem\",\"position\":1,\"name\":\"Strona g\u0142\u00f3wna\",\"item\":\"https:\\\/\\\/pans.krosno.pl\\\/fundusze-zewnetrzne\\\/\"},{\"@type\":\"ListItem\",\"position\":2,\"name\":\"\u201eMiejsca i nie-miejsca edukacji\u201d\",\"item\":\"https:\\\/\\\/pans.krosno.pl\\\/fundusze-zewnetrzne\\\/miejsca-i-nie-miejsca-edukacji\\\/\"},{\"@type\":\"ListItem\",\"position\":3,\"name\":\"Dobre praktyki\"}]},{\"@type\":\"WebSite\",\"@id\":\"https:\\\/\\\/pans.krosno.pl\\\/fundusze-zewnetrzne\\\/#website\",\"url\":\"https:\\\/\\\/pans.krosno.pl\\\/fundusze-zewnetrzne\\\/\",\"name\":\"Fundusze zewn\u0119trzne PANS w Kro\u015bnie\",\"description\":\"Fundusze zewn\u0119trzne  - Pa\u0144stwowa Akademia Nauk Stosowanych\",\"publisher\":{\"@id\":\"https:\\\/\\\/pans.krosno.pl\\\/fundusze-zewnetrzne\\\/#organization\"},\"potentialAction\":[{\"@type\":\"SearchAction\",\"target\":{\"@type\":\"EntryPoint\",\"urlTemplate\":\"https:\\\/\\\/pans.krosno.pl\\\/fundusze-zewnetrzne\\\/?s={search_term_string}\"},\"query-input\":{\"@type\":\"PropertyValueSpecification\",\"valueRequired\":true,\"valueName\":\"search_term_string\"}}],\"inLanguage\":\"pl-PL\"},{\"@type\":\"Organization\",\"@id\":\"https:\\\/\\\/pans.krosno.pl\\\/fundusze-zewnetrzne\\\/#organization\",\"name\":\"Fundusze zewn\u0119trzne PANS w Kro\u015bnie\",\"url\":\"https:\\\/\\\/pans.krosno.pl\\\/fundusze-zewnetrzne\\\/\",\"logo\":{\"@type\":\"ImageObject\",\"inLanguage\":\"pl-PL\",\"@id\":\"https:\\\/\\\/pans.krosno.pl\\\/fundusze-zewnetrzne\\\/#\\\/schema\\\/logo\\\/image\\\/\",\"url\":\"https:\\\/\\\/pans.krosno.pl\\\/fundusze-zewnetrzne\\\/wp-content\\\/uploads\\\/sites\\\/14\\\/2023\\\/01\\\/Logo-PANS-2022-pelne.png\",\"contentUrl\":\"https:\\\/\\\/pans.krosno.pl\\\/fundusze-zewnetrzne\\\/wp-content\\\/uploads\\\/sites\\\/14\\\/2023\\\/01\\\/Logo-PANS-2022-pelne.png\",\"width\":3096,\"height\":696,\"caption\":\"Fundusze zewn\u0119trzne PANS w Kro\u015bnie\"},\"image\":{\"@id\":\"https:\\\/\\\/pans.krosno.pl\\\/fundusze-zewnetrzne\\\/#\\\/schema\\\/logo\\\/image\\\/\"}}]}<\/script>\n<!-- \/ Yoast SEO Premium plugin. -->","yoast_head_json":{"title":"Dobre praktyki - Fundusze zewn\u0119trzne PANS w Kro\u015bnie","robots":{"index":"index","follow":"follow","max-snippet":"max-snippet:-1","max-image-preview":"max-image-preview:large","max-video-preview":"max-video-preview:-1"},"canonical":"https:\/\/pans.krosno.pl\/fundusze-zewnetrzne\/miejsca-i-nie-miejsca-edukacji\/dobre-praktyki\/","og_locale":"pl_PL","og_type":"article","og_title":"Dobre praktyki","og_description":"Kanon dobrych praktyk, wynikaj\u0105cych z prowadzonych bada\u0144:","og_url":"https:\/\/pans.krosno.pl\/fundusze-zewnetrzne\/miejsca-i-nie-miejsca-edukacji\/dobre-praktyki\/","og_site_name":"Fundusze zewn\u0119trzne PANS w Kro\u015bnie","article_modified_time":"2024-10-07T08:48:56+00:00","twitter_card":"summary_large_image","twitter_misc":{"Szacowany czas czytania":"5 minut"},"schema":{"@context":"https:\/\/schema.org","@graph":[{"@type":"WebPage","@id":"https:\/\/pans.krosno.pl\/fundusze-zewnetrzne\/miejsca-i-nie-miejsca-edukacji\/dobre-praktyki\/","url":"https:\/\/pans.krosno.pl\/fundusze-zewnetrzne\/miejsca-i-nie-miejsca-edukacji\/dobre-praktyki\/","name":"Dobre praktyki - Fundusze zewn\u0119trzne PANS w Kro\u015bnie","isPartOf":{"@id":"https:\/\/pans.krosno.pl\/fundusze-zewnetrzne\/#website"},"datePublished":"2024-10-07T08:48:55+00:00","dateModified":"2024-10-07T08:48:56+00:00","breadcrumb":{"@id":"https:\/\/pans.krosno.pl\/fundusze-zewnetrzne\/miejsca-i-nie-miejsca-edukacji\/dobre-praktyki\/#breadcrumb"},"inLanguage":"pl-PL","potentialAction":[{"@type":"ReadAction","target":["https:\/\/pans.krosno.pl\/fundusze-zewnetrzne\/miejsca-i-nie-miejsca-edukacji\/dobre-praktyki\/"]}]},{"@type":"BreadcrumbList","@id":"https:\/\/pans.krosno.pl\/fundusze-zewnetrzne\/miejsca-i-nie-miejsca-edukacji\/dobre-praktyki\/#breadcrumb","itemListElement":[{"@type":"ListItem","position":1,"name":"Strona g\u0142\u00f3wna","item":"https:\/\/pans.krosno.pl\/fundusze-zewnetrzne\/"},{"@type":"ListItem","position":2,"name":"\u201eMiejsca i nie-miejsca edukacji\u201d","item":"https:\/\/pans.krosno.pl\/fundusze-zewnetrzne\/miejsca-i-nie-miejsca-edukacji\/"},{"@type":"ListItem","position":3,"name":"Dobre praktyki"}]},{"@type":"WebSite","@id":"https:\/\/pans.krosno.pl\/fundusze-zewnetrzne\/#website","url":"https:\/\/pans.krosno.pl\/fundusze-zewnetrzne\/","name":"Fundusze zewn\u0119trzne PANS w Kro\u015bnie","description":"Fundusze zewn\u0119trzne  - Pa\u0144stwowa Akademia Nauk Stosowanych","publisher":{"@id":"https:\/\/pans.krosno.pl\/fundusze-zewnetrzne\/#organization"},"potentialAction":[{"@type":"SearchAction","target":{"@type":"EntryPoint","urlTemplate":"https:\/\/pans.krosno.pl\/fundusze-zewnetrzne\/?s={search_term_string}"},"query-input":{"@type":"PropertyValueSpecification","valueRequired":true,"valueName":"search_term_string"}}],"inLanguage":"pl-PL"},{"@type":"Organization","@id":"https:\/\/pans.krosno.pl\/fundusze-zewnetrzne\/#organization","name":"Fundusze zewn\u0119trzne PANS w Kro\u015bnie","url":"https:\/\/pans.krosno.pl\/fundusze-zewnetrzne\/","logo":{"@type":"ImageObject","inLanguage":"pl-PL","@id":"https:\/\/pans.krosno.pl\/fundusze-zewnetrzne\/#\/schema\/logo\/image\/","url":"https:\/\/pans.krosno.pl\/fundusze-zewnetrzne\/wp-content\/uploads\/sites\/14\/2023\/01\/Logo-PANS-2022-pelne.png","contentUrl":"https:\/\/pans.krosno.pl\/fundusze-zewnetrzne\/wp-content\/uploads\/sites\/14\/2023\/01\/Logo-PANS-2022-pelne.png","width":3096,"height":696,"caption":"Fundusze zewn\u0119trzne PANS w Kro\u015bnie"},"image":{"@id":"https:\/\/pans.krosno.pl\/fundusze-zewnetrzne\/#\/schema\/logo\/image\/"}}]}},"_links":{"self":[{"href":"https:\/\/pans.krosno.pl\/fundusze-zewnetrzne\/wp-json\/wp\/v2\/pages\/4099","targetHints":{"allow":["GET"]}}],"collection":[{"href":"https:\/\/pans.krosno.pl\/fundusze-zewnetrzne\/wp-json\/wp\/v2\/pages"}],"about":[{"href":"https:\/\/pans.krosno.pl\/fundusze-zewnetrzne\/wp-json\/wp\/v2\/types\/page"}],"author":[{"embeddable":true,"href":"https:\/\/pans.krosno.pl\/fundusze-zewnetrzne\/wp-json\/wp\/v2\/users\/53"}],"replies":[{"embeddable":true,"href":"https:\/\/pans.krosno.pl\/fundusze-zewnetrzne\/wp-json\/wp\/v2\/comments?post=4099"}],"version-history":[{"count":1,"href":"https:\/\/pans.krosno.pl\/fundusze-zewnetrzne\/wp-json\/wp\/v2\/pages\/4099\/revisions"}],"predecessor-version":[{"id":4100,"href":"https:\/\/pans.krosno.pl\/fundusze-zewnetrzne\/wp-json\/wp\/v2\/pages\/4099\/revisions\/4100"}],"up":[{"embeddable":true,"href":"https:\/\/pans.krosno.pl\/fundusze-zewnetrzne\/wp-json\/wp\/v2\/pages\/3748"}],"wp:attachment":[{"href":"https:\/\/pans.krosno.pl\/fundusze-zewnetrzne\/wp-json\/wp\/v2\/media?parent=4099"}],"curies":[{"name":"wp","href":"https:\/\/api.w.org\/{rel}","templated":true}]}}