{"id":4059,"date":"2024-09-10T13:21:41","date_gmt":"2024-09-10T11:21:41","guid":{"rendered":"https:\/\/pans.krosno.pl\/fundusze-zewnetrzne\/?page_id=4059"},"modified":"2024-09-10T13:23:42","modified_gmt":"2024-09-10T11:23:42","slug":"program","status":"publish","type":"page","link":"https:\/\/pans.krosno.pl\/fundusze-zewnetrzne\/miedzynarodowy-tydzien-symulacji-w-opiece-zdrowotnej\/program\/","title":{"rendered":"Program"},"content":{"rendered":"\n<hr class=\"wp-block-separator has-alpha-channel-opacity\" \/>\n\n\n\n<p><strong>Program Mi\u0119dzynarodowego Tygodnia Symulacji w Opiece Zdrowotnej<\/strong><\/p>\n\n\n\n<p class=\"has-text-align-center\"><strong><u>16 IX 2024<\/u><\/strong><\/p>\n\n\n\n<p>Miejsce: aula przy ul. Kazimierza Wielkiego 6 w Kro\u015bnie<\/p>\n\n\n\n<p>10.00 \u2013 10.30 \u2013 rozpocz\u0119cie wydarzenia przez JM Rektora PANS w Kro\u015bnie dr. hab. Zbigniewa Barabasza prof. PANS, przem\u00f3wienia zaproszonych go\u015bci, sprawy organizacyjne.<\/p>\n\n\n\n<p>10.30 \u2013 11.00 Wyk\u0142ad &#8211; <strong>\u201e\u0141a\u0144cuch prze\u017cycia \u2013 r\u00f3\u017cne perspektywy, jeden cel\u201d &#8211; <em>dr hab. Tomasz Ilczak prof. UBB<\/em><\/strong> \u2013 piel\u0119gniarz, ratownik medyczny, instruktor Europejskiej Rady Resuscytacji. Obecnie Przewodnicz\u0105cy Komitetu Polskiej Rady Resuscytacji d.s. ALS. Aktualnie piel\u0119gniarz Szpitalnego Oddzia\u0142u Ratunkowego, G\u00f3rno\u015bl\u0105skiego Centrum Medycznego im. prof. Leszka Gieca<br>w Katowicach.<\/p>\n\n\n\n<p>11.00 \u2013 11.30 Przerwa kawowa<\/p>\n\n\n\n<p>11.30 \u2013 12.00 Wyk\u0142ad &#8211; <strong>\u201eObra\u017cenia kr\u0119gos\u0142upa w opiece przedszpitalnej. Wyzwania w ograniczaniu ruchomo\u015bci i wentylacji\u201d<\/strong> &#8211; <strong><em>dr Pawe\u0142 Kukla<\/em><\/strong> \u2013 ratownik medyczny w zawodzie od 1999 r. Dyrektor oraz instruktor ALS, ITLS, ACLS, PALS, ILS. Wyk\u0142adowca UJ CM WNoZ Zak\u0142ad Ratownictwa Medycznego.<\/p>\n\n\n\n<p>12.00 \u2013 12.45 Zwiedzanie Centrum Symulacji Medycznej PANS w Kro\u015bnie<\/p>\n\n\n\n<p>12.45 Obiad i zako\u0144czenie dnia<\/p>\n\n\n\n<p class=\"has-text-align-center\"><strong><u>17 IX 2024<\/u><\/strong><\/p>\n\n\n\n<p>Miejsce: Centrum Symulacji Medycznej PANS w Kro\u015bnie przy ul. Kazimierza Wielkiego 6<\/p>\n\n\n\n<p>9.00 \u2013 9.45 Wprowadzenie w warsztaty \u201ePor\u00f3d nag\u0142y w warunkach ZRM\u201d.<br>dr Joanna Grzesik \u2013 G\u0105sior, po\u0142o\u017cna, wyk\u0142adowca PANS w Kro\u015bnie, Kierownik Zak\u0142adu Po\u0142o\u017cnictwa.<\/p>\n\n\n\n<p>9.45 \u2013 10.30 Wprowadzenie w warsztaty \u201eUSG w warunkach ZRM\u201d<br>mgr Adam Ubych, ratownik medyczny, trener symulacji medycznej, wyk\u0142adowca \u015al\u0105skiego Uniwersytetu Medycznego. Z USG zwi\u0105zany od prawie 10 lat.<\/p>\n\n\n\n<p>10.30 \u2013 11.00 Przerwa kawowa<br>11.00 \u2013 13.15 Warsztaty USG\/Por\u00f3d<br>13.15 \u2013 13.45 Przerwa kawowa<br>13.45 \u2013 16.00 Warsztaty USG\/Por\u00f3d<br>16.00 \u2013 16.45 Obiad<br>16.45 \u2013 17.00 Zako\u0144czenie<\/p>\n\n\n\n<p class=\"has-text-align-center\"><strong><u>18 IX 2024<\/u><\/strong><\/p>\n\n\n\n<p>Miejsce: Centrum Symulacji Medycznej PANS w Kro\u015bnie przy ul. Kazimierza Wielkiego 6<\/p>\n\n\n\n<p>9.00 \u2013 9.45 Wprowadzenie w warsztaty \u201eIzolowane zdarzenia medyczne\u201d.<br>Jakub Zalewski, ratownik medyczny, trener symulacji medycznej, wyk\u0142adowca PANS w Kro\u015bnie, Kierownik Zak\u0142adu Ratownictwa Medycznego<\/p>\n\n\n\n<p>9.45 \u2013 10.30 Wprowadzenie w warsztaty \u201eVR w doskonaleniu zawodowym stra\u017cak\u00f3w ratownik\u00f3w\u201d<br>Krzysztof Patelak, ratownik medyczny, wieloletni pracownik SP ZOZ Lotnicze Pogotowie Ratunkowe &#8211; Instruktor Ratownictwa Medycznego\/Cz\u0142onek Za\u0142ogi HEMS, SimArt Center &#8211; instruktor wirtualnej symulacji medycznej VMS VR&nbsp;<\/p>\n\n\n\n<p>10.30 \u2013 11.00 Przerwa kawowa<br>11.00 \u2013 13.15 Warsztaty<br>13.15 \u2013 13.45 Przerwa kawowa<br>13.45 \u2013 16.00 Warsztaty<br>16.00 \u2013 16.45 Obiad<br>16.45 \u2013 17.00 Zako\u0144czenie<\/p>\n\n\n\n<p class=\"has-text-align-center\"><strong><u>19 IX 2024<\/u><\/strong><\/p>\n\n\n\n<p>Miejsce: Centrum Symulacji Medycznej PANS w Kro\u015bnie przy ul. Kazimierza Wielkiego 6<\/p>\n\n\n\n<p>9.00 \u2013 9.45 Wprowadzenie w warsztaty \u201eIzolowane zdarzenia medyczne\u201d.<br>Jakub Zalewski, ratownik medyczny, trener symulacji medycznej, wyk\u0142adowca PANS w Kro\u015bnie, Kierownik Zak\u0142adu Ratownictwa Medycznego<\/p>\n\n\n\n<p>9.45 \u2013 10.30 Wprowadzenie w warsztaty \u201eOpieka nad poszkodowanym w warunkach zagro\u017cenia \u2013 podstawy TCCC\u201d<br>mgr asp. Marcin T\u0119cza, operator SPKP w Rzeszowie, ratownik medyczny,&nbsp;ratownik pola walki TCCC Combat Trauma&nbsp;Managment&nbsp;Medical&nbsp;Provider,&nbsp;wyk\u0142adowca Akademii Policji w Szczytnie oraz Szko\u0142y Policji w Katowicach<\/p>\n\n\n\n<p>10.30 \u2013 11.00 Przerwa kawowa<br>11.00 \u2013 13.15 Warsztaty<br>13.15 \u2013 13.45 Przerwa kawowa<br>13.45 \u2013 16.00 Warsztaty<br>16.00 \u2013 16.45 Obiad<br>16.45 \u2013 17.00 Zako\u0144czenie<strong> &nbsp;<\/strong><\/p>\n\n\n\n<hr class=\"wp-block-separator has-alpha-channel-opacity\" \/>\n","protected":false},"excerpt":{"rendered":"<p>Program Mi\u0119dzynarodowego Tygodnia Symulacji w Opiece Zdrowotnej 16 IX 2024 Miejsce: aula przy ul. Kazimierza Wielkiego 6 w Kro\u015bnie 10.00 \u2013 10.30 \u2013 rozpocz\u0119cie wydarzenia przez JM Rektora PANS w Kro\u015bnie dr. hab. Zbigniewa Barabasza prof. PANS, przem\u00f3wienia zaproszonych go\u015bci, sprawy organizacyjne. 10.30 \u2013 11.00 Wyk\u0142ad &#8211; \u201e\u0141a\u0144cuch prze\u017cycia \u2013 [\u2026] <\/p>\n<div class=\"clear\"><\/div>\n<p><a class=\"more_link clearfix\" href=\"https:\/\/pans.krosno.pl\/fundusze-zewnetrzne\/miedzynarodowy-tydzien-symulacji-w-opiece-zdrowotnej\/program\/\" rel=\"nofollow\">Read More<\/a><\/p>\n","protected":false},"author":53,"featured_media":0,"parent":3751,"menu_order":0,"comment_status":"closed","ping_status":"closed","template":"","meta":{"ngg_post_thumbnail":0,"footnotes":""},"class_list":["post-4059","page","type-page","status-publish","hentry"],"yoast_head":"<!-- This site is optimized with the Yoast SEO Premium plugin v27.3 (Yoast SEO v27.3) - https:\/\/yoast.com\/product\/yoast-seo-premium-wordpress\/ -->\n<title>Program - Fundusze zewn\u0119trzne PANS w Kro\u015bnie<\/title>\n<meta name=\"robots\" content=\"index, follow, max-snippet:-1, max-image-preview:large, max-video-preview:-1\" \/>\n<link rel=\"canonical\" href=\"https:\/\/pans.krosno.pl\/fundusze-zewnetrzne\/miedzynarodowy-tydzien-symulacji-w-opiece-zdrowotnej\/program\/\" \/>\n<meta property=\"og:locale\" content=\"pl_PL\" \/>\n<meta property=\"og:type\" content=\"article\" \/>\n<meta property=\"og:title\" content=\"Program\" \/>\n<meta property=\"og:description\" content=\"Program Mi\u0119dzynarodowego Tygodnia Symulacji w Opiece Zdrowotnej 16 IX 2024 Miejsce: aula przy ul. Kazimierza Wielkiego 6 w Kro\u015bnie 10.00 \u2013 10.30 \u2013 rozpocz\u0119cie wydarzenia przez JM Rektora PANS w Kro\u015bnie dr. hab. Zbigniewa Barabasza prof. PANS, przem\u00f3wienia zaproszonych go\u015bci, sprawy organizacyjne. 10.30 \u2013 11.00 Wyk\u0142ad &#8211; \u201e\u0141a\u0144cuch prze\u017cycia \u2013 [\u2026] Read More\" \/>\n<meta property=\"og:url\" content=\"https:\/\/pans.krosno.pl\/fundusze-zewnetrzne\/miedzynarodowy-tydzien-symulacji-w-opiece-zdrowotnej\/program\/\" \/>\n<meta property=\"og:site_name\" content=\"Fundusze zewn\u0119trzne PANS w Kro\u015bnie\" \/>\n<meta property=\"article:modified_time\" content=\"2024-09-10T11:23:42+00:00\" \/>\n<meta name=\"twitter:card\" content=\"summary_large_image\" \/>\n<script type=\"application\/ld+json\" class=\"yoast-schema-graph\">{\"@context\":\"https:\\\/\\\/schema.org\",\"@graph\":[{\"@type\":\"WebPage\",\"@id\":\"https:\\\/\\\/pans.krosno.pl\\\/fundusze-zewnetrzne\\\/miedzynarodowy-tydzien-symulacji-w-opiece-zdrowotnej\\\/program\\\/\",\"url\":\"https:\\\/\\\/pans.krosno.pl\\\/fundusze-zewnetrzne\\\/miedzynarodowy-tydzien-symulacji-w-opiece-zdrowotnej\\\/program\\\/\",\"name\":\"Program - Fundusze zewn\u0119trzne PANS w Kro\u015bnie\",\"isPartOf\":{\"@id\":\"https:\\\/\\\/pans.krosno.pl\\\/fundusze-zewnetrzne\\\/#website\"},\"datePublished\":\"2024-09-10T11:21:41+00:00\",\"dateModified\":\"2024-09-10T11:23:42+00:00\",\"breadcrumb\":{\"@id\":\"https:\\\/\\\/pans.krosno.pl\\\/fundusze-zewnetrzne\\\/miedzynarodowy-tydzien-symulacji-w-opiece-zdrowotnej\\\/program\\\/#breadcrumb\"},\"inLanguage\":\"pl-PL\",\"potentialAction\":[{\"@type\":\"ReadAction\",\"target\":[\"https:\\\/\\\/pans.krosno.pl\\\/fundusze-zewnetrzne\\\/miedzynarodowy-tydzien-symulacji-w-opiece-zdrowotnej\\\/program\\\/\"]}]},{\"@type\":\"BreadcrumbList\",\"@id\":\"https:\\\/\\\/pans.krosno.pl\\\/fundusze-zewnetrzne\\\/miedzynarodowy-tydzien-symulacji-w-opiece-zdrowotnej\\\/program\\\/#breadcrumb\",\"itemListElement\":[{\"@type\":\"ListItem\",\"position\":1,\"name\":\"Strona g\u0142\u00f3wna\",\"item\":\"https:\\\/\\\/pans.krosno.pl\\\/fundusze-zewnetrzne\\\/\"},{\"@type\":\"ListItem\",\"position\":2,\"name\":\"&#8222;Mi\u0119dzynarodowy Tydzie\u0144 Symulacji w Opiece Zdrowotnej&#8221;\",\"item\":\"https:\\\/\\\/pans.krosno.pl\\\/fundusze-zewnetrzne\\\/miedzynarodowy-tydzien-symulacji-w-opiece-zdrowotnej\\\/\"},{\"@type\":\"ListItem\",\"position\":3,\"name\":\"Program\"}]},{\"@type\":\"WebSite\",\"@id\":\"https:\\\/\\\/pans.krosno.pl\\\/fundusze-zewnetrzne\\\/#website\",\"url\":\"https:\\\/\\\/pans.krosno.pl\\\/fundusze-zewnetrzne\\\/\",\"name\":\"Fundusze zewn\u0119trzne PANS w Kro\u015bnie\",\"description\":\"Fundusze zewn\u0119trzne  - Pa\u0144stwowa Akademia Nauk Stosowanych\",\"publisher\":{\"@id\":\"https:\\\/\\\/pans.krosno.pl\\\/fundusze-zewnetrzne\\\/#organization\"},\"potentialAction\":[{\"@type\":\"SearchAction\",\"target\":{\"@type\":\"EntryPoint\",\"urlTemplate\":\"https:\\\/\\\/pans.krosno.pl\\\/fundusze-zewnetrzne\\\/?s={search_term_string}\"},\"query-input\":{\"@type\":\"PropertyValueSpecification\",\"valueRequired\":true,\"valueName\":\"search_term_string\"}}],\"inLanguage\":\"pl-PL\"},{\"@type\":\"Organization\",\"@id\":\"https:\\\/\\\/pans.krosno.pl\\\/fundusze-zewnetrzne\\\/#organization\",\"name\":\"Fundusze zewn\u0119trzne PANS w Kro\u015bnie\",\"url\":\"https:\\\/\\\/pans.krosno.pl\\\/fundusze-zewnetrzne\\\/\",\"logo\":{\"@type\":\"ImageObject\",\"inLanguage\":\"pl-PL\",\"@id\":\"https:\\\/\\\/pans.krosno.pl\\\/fundusze-zewnetrzne\\\/#\\\/schema\\\/logo\\\/image\\\/\",\"url\":\"https:\\\/\\\/pans.krosno.pl\\\/fundusze-zewnetrzne\\\/wp-content\\\/uploads\\\/sites\\\/14\\\/2023\\\/01\\\/Logo-PANS-2022-pelne.png\",\"contentUrl\":\"https:\\\/\\\/pans.krosno.pl\\\/fundusze-zewnetrzne\\\/wp-content\\\/uploads\\\/sites\\\/14\\\/2023\\\/01\\\/Logo-PANS-2022-pelne.png\",\"width\":3096,\"height\":696,\"caption\":\"Fundusze zewn\u0119trzne PANS w Kro\u015bnie\"},\"image\":{\"@id\":\"https:\\\/\\\/pans.krosno.pl\\\/fundusze-zewnetrzne\\\/#\\\/schema\\\/logo\\\/image\\\/\"}}]}<\/script>\n<!-- \/ Yoast SEO Premium plugin. -->","yoast_head_json":{"title":"Program - Fundusze zewn\u0119trzne PANS w Kro\u015bnie","robots":{"index":"index","follow":"follow","max-snippet":"max-snippet:-1","max-image-preview":"max-image-preview:large","max-video-preview":"max-video-preview:-1"},"canonical":"https:\/\/pans.krosno.pl\/fundusze-zewnetrzne\/miedzynarodowy-tydzien-symulacji-w-opiece-zdrowotnej\/program\/","og_locale":"pl_PL","og_type":"article","og_title":"Program","og_description":"Program Mi\u0119dzynarodowego Tygodnia Symulacji w Opiece Zdrowotnej 16 IX 2024 Miejsce: aula przy ul. Kazimierza Wielkiego 6 w Kro\u015bnie 10.00 \u2013 10.30 \u2013 rozpocz\u0119cie wydarzenia przez JM Rektora PANS w Kro\u015bnie dr. hab. Zbigniewa Barabasza prof. PANS, przem\u00f3wienia zaproszonych go\u015bci, sprawy organizacyjne. 10.30 \u2013 11.00 Wyk\u0142ad &#8211; \u201e\u0141a\u0144cuch prze\u017cycia \u2013 [\u2026] Read More","og_url":"https:\/\/pans.krosno.pl\/fundusze-zewnetrzne\/miedzynarodowy-tydzien-symulacji-w-opiece-zdrowotnej\/program\/","og_site_name":"Fundusze zewn\u0119trzne PANS w Kro\u015bnie","article_modified_time":"2024-09-10T11:23:42+00:00","twitter_card":"summary_large_image","schema":{"@context":"https:\/\/schema.org","@graph":[{"@type":"WebPage","@id":"https:\/\/pans.krosno.pl\/fundusze-zewnetrzne\/miedzynarodowy-tydzien-symulacji-w-opiece-zdrowotnej\/program\/","url":"https:\/\/pans.krosno.pl\/fundusze-zewnetrzne\/miedzynarodowy-tydzien-symulacji-w-opiece-zdrowotnej\/program\/","name":"Program - Fundusze zewn\u0119trzne PANS w Kro\u015bnie","isPartOf":{"@id":"https:\/\/pans.krosno.pl\/fundusze-zewnetrzne\/#website"},"datePublished":"2024-09-10T11:21:41+00:00","dateModified":"2024-09-10T11:23:42+00:00","breadcrumb":{"@id":"https:\/\/pans.krosno.pl\/fundusze-zewnetrzne\/miedzynarodowy-tydzien-symulacji-w-opiece-zdrowotnej\/program\/#breadcrumb"},"inLanguage":"pl-PL","potentialAction":[{"@type":"ReadAction","target":["https:\/\/pans.krosno.pl\/fundusze-zewnetrzne\/miedzynarodowy-tydzien-symulacji-w-opiece-zdrowotnej\/program\/"]}]},{"@type":"BreadcrumbList","@id":"https:\/\/pans.krosno.pl\/fundusze-zewnetrzne\/miedzynarodowy-tydzien-symulacji-w-opiece-zdrowotnej\/program\/#breadcrumb","itemListElement":[{"@type":"ListItem","position":1,"name":"Strona g\u0142\u00f3wna","item":"https:\/\/pans.krosno.pl\/fundusze-zewnetrzne\/"},{"@type":"ListItem","position":2,"name":"&#8222;Mi\u0119dzynarodowy Tydzie\u0144 Symulacji w Opiece Zdrowotnej&#8221;","item":"https:\/\/pans.krosno.pl\/fundusze-zewnetrzne\/miedzynarodowy-tydzien-symulacji-w-opiece-zdrowotnej\/"},{"@type":"ListItem","position":3,"name":"Program"}]},{"@type":"WebSite","@id":"https:\/\/pans.krosno.pl\/fundusze-zewnetrzne\/#website","url":"https:\/\/pans.krosno.pl\/fundusze-zewnetrzne\/","name":"Fundusze zewn\u0119trzne PANS w Kro\u015bnie","description":"Fundusze zewn\u0119trzne  - Pa\u0144stwowa Akademia Nauk Stosowanych","publisher":{"@id":"https:\/\/pans.krosno.pl\/fundusze-zewnetrzne\/#organization"},"potentialAction":[{"@type":"SearchAction","target":{"@type":"EntryPoint","urlTemplate":"https:\/\/pans.krosno.pl\/fundusze-zewnetrzne\/?s={search_term_string}"},"query-input":{"@type":"PropertyValueSpecification","valueRequired":true,"valueName":"search_term_string"}}],"inLanguage":"pl-PL"},{"@type":"Organization","@id":"https:\/\/pans.krosno.pl\/fundusze-zewnetrzne\/#organization","name":"Fundusze zewn\u0119trzne PANS w Kro\u015bnie","url":"https:\/\/pans.krosno.pl\/fundusze-zewnetrzne\/","logo":{"@type":"ImageObject","inLanguage":"pl-PL","@id":"https:\/\/pans.krosno.pl\/fundusze-zewnetrzne\/#\/schema\/logo\/image\/","url":"https:\/\/pans.krosno.pl\/fundusze-zewnetrzne\/wp-content\/uploads\/sites\/14\/2023\/01\/Logo-PANS-2022-pelne.png","contentUrl":"https:\/\/pans.krosno.pl\/fundusze-zewnetrzne\/wp-content\/uploads\/sites\/14\/2023\/01\/Logo-PANS-2022-pelne.png","width":3096,"height":696,"caption":"Fundusze zewn\u0119trzne PANS w Kro\u015bnie"},"image":{"@id":"https:\/\/pans.krosno.pl\/fundusze-zewnetrzne\/#\/schema\/logo\/image\/"}}]}},"_links":{"self":[{"href":"https:\/\/pans.krosno.pl\/fundusze-zewnetrzne\/wp-json\/wp\/v2\/pages\/4059","targetHints":{"allow":["GET"]}}],"collection":[{"href":"https:\/\/pans.krosno.pl\/fundusze-zewnetrzne\/wp-json\/wp\/v2\/pages"}],"about":[{"href":"https:\/\/pans.krosno.pl\/fundusze-zewnetrzne\/wp-json\/wp\/v2\/types\/page"}],"author":[{"embeddable":true,"href":"https:\/\/pans.krosno.pl\/fundusze-zewnetrzne\/wp-json\/wp\/v2\/users\/53"}],"replies":[{"embeddable":true,"href":"https:\/\/pans.krosno.pl\/fundusze-zewnetrzne\/wp-json\/wp\/v2\/comments?post=4059"}],"version-history":[{"count":3,"href":"https:\/\/pans.krosno.pl\/fundusze-zewnetrzne\/wp-json\/wp\/v2\/pages\/4059\/revisions"}],"predecessor-version":[{"id":4066,"href":"https:\/\/pans.krosno.pl\/fundusze-zewnetrzne\/wp-json\/wp\/v2\/pages\/4059\/revisions\/4066"}],"up":[{"embeddable":true,"href":"https:\/\/pans.krosno.pl\/fundusze-zewnetrzne\/wp-json\/wp\/v2\/pages\/3751"}],"wp:attachment":[{"href":"https:\/\/pans.krosno.pl\/fundusze-zewnetrzne\/wp-json\/wp\/v2\/media?parent=4059"}],"curies":[{"name":"wp","href":"https:\/\/api.w.org\/{rel}","templated":true}]}}